Data-Model v0.00008 Perl 5 v5.43.5 amd64-freebsd

Status
Fail
From
Carlos Guevara
Dist
Data-Model v0.00008
Platform
Perl 5 v5.43.5 amd64-freebsd
Date
2025-11-02 14:38:46
ID
a3569d1a-b7f9-11f0-8f0f-c500f50ab9f4
This distribution has been tested as part of the CPAN Testers
project, supporting the Perl programming language.  See
http://wiki.cpantesters.org/ for more information or email
questions to cpan-testers-discuss@perl.org


--
Dear Kazuhiro Osawa,

This is a computer-generated report for Data-Model-0.00008
on perl 5.43.5, created by CPAN-Reporter-1.2020.

Thank you for uploading your work to CPAN.  However, there was a problem
testing your distribution.

If you think this report is invalid, please consult the CPAN Testers Wiki
for suggestions on how to avoid getting FAIL reports for missing library
or binary dependencies, unsupported operating systems, and so on:

http://wiki.cpantesters.org/wiki/CPANAuthorNotes

Sections of this report:

    * Tester comments
    * Program output
    * Prerequisites
    * Environment and other context

------------------------------
TESTER COMMENTS
------------------------------

Additional comments from tester:

this report is from an automated smoke testing program
and was not reviewed by a human for accuracy

------------------------------
PROGRAM OUTPUT
------------------------------

Output from './Build test':

t/00_compile.t ...................................................................................... ok
t/010_core/add_method.t ............................................................................. ok
t/010_core/iterator.t ............................................................................... ok
t/010_core/set_base_driver.t ........................................................................ ok
Redundant argument in sprintf at /home/cpan/.cpan/build/Data-Model-0.00008-0/blib/lib/Data/Model/SQL.pm line 172.
t/010_core/sql.t .................................................................................... ok
t/010_core/validate_column_options-pp.t ............................................................. ok
t/010_core/validate_column_options.t ................................................................ ok
t/010_core/validate_query_param-pp.t ................................................................ ok
t/010_core/validate_query_param.t ................................................................... ok
t/020_mock/cache-driver-memcached.t ................................................................. skipped: Cache::Memcached::Fast required for testing memcached driver
t/020_mock/create-mysql-sql.t ....................................................................... skipped: Set TEST_MYSQL environment variable to run this test
t/020_mock/create-sql.t ............................................................................. ok
t/020_mock/dbi-mysql-OnDuplicateKeyUpdate.t ......................................................... skipped: Set TEST_MYSQL environment variable to run this test
t/020_mock/dbi-mysql/alias_column-suger-rename.t .................................................... skipped: Set TEST_MYSQL environment variable to run this test
t/020_mock/dbi-mysql/alias_column-suger.t ........................................................... skipped: Set TEST_MYSQL environment variable to run this test
t/020_mock/dbi-mysql/alias_column.t ................................................................. skipped: Set TEST_MYSQL environment variable to run this test
t/020_mock/dbi-mysql/basic.t ........................................................................ skipped: Set TEST_MYSQL environment variable to run this test
t/020_mock/dbi-mysql/bigint.t ....................................................................... skipped: Set TEST_MYSQL environment variable to run this test
t/020_mock/dbi-mysql/binary.t ....................................................................... skipped: Set TEST_MYSQL environment variable to run this test
t/020_mock/dbi-mysql/cache-alias_column-suger-rename.t .............................................. skipped: Set TEST_MYSQL environment variable to run this test
t/020_mock/dbi-mysql/cache-alias_column-suger.t ..................................................... skipped: Set TEST_MYSQL environment variable to run this test
t/020_mock/dbi-mysql/cache-alias_column.t ........................................................... skipped: Set TEST_MYSQL environment variable to run this test
t/020_mock/dbi-mysql/cache-basic.t .................................................................. skipped: Set TEST_MYSQL environment variable to run this test
t/020_mock/dbi-mysql/cache-bigint.t ................................................................. skipped: Set TEST_MYSQL environment variable to run this test
t/020_mock/dbi-mysql/cache-binary.t ................................................................. skipped: Set TEST_MYSQL environment variable to run this test
t/020_mock/dbi-mysql/cache-default.t ................................................................ skipped: Set TEST_MYSQL environment variable to run this test
t/020_mock/dbi-mysql/cache-for_cache.t .............................................................. skipped: Set TEST_MYSQL environment variable to run this test
t/020_mock/dbi-mysql/cache-index.t .................................................................. skipped: Set TEST_MYSQL environment variable to run this test
t/020_mock/dbi-mysql/cache-inflate.t ................................................................ skipped: Set TEST_MYSQL environment variable to run this test
t/020_mock/dbi-mysql/cache-inflate_column-suger.t ................................................... skipped: Set TEST_MYSQL environment variable to run this test
t/020_mock/dbi-mysql/cache-iterator.t ............................................................... skipped: Set TEST_MYSQL environment variable to run this test
t/020_mock/dbi-mysql/cache-memcached-alias_column-suger-rename.t .................................... skipped: Set TEST_MYSQL environment variable to run this test
t/020_mock/dbi-mysql/cache-memcached-alias_column-suger.t ........................................... skipped: Set TEST_MYSQL environment variable to run this test
t/020_mock/dbi-mysql/cache-memcached-alias_column.t ................................................. skipped: Set TEST_MYSQL environment variable to run this test
t/020_mock/dbi-mysql/cache-memcached-basic.t ........................................................ skipped: Set TEST_MYSQL environment variable to run this test
t/020_mock/dbi-mysql/cache-memcached-bigint.t ....................................................... skipped: Set TEST_MYSQL environment variable to run this test
t/020_mock/dbi-mysql/cache-memcached-binary.t ....................................................... skipped: Set TEST_MYSQL environment variable to run this test
t/020_mock/dbi-mysql/cache-memcached-default.t ...................................................... skipped: Set TEST_MYSQL environment variable to run this test
t/020_mock/dbi-mysql/cache-memcached-for_cache.t .................................................... skipped: Set TEST_MYSQL environment variable to run this test
t/020_mock/dbi-mysql/cache-memcached-index.t ........................................................ skipped: Set TEST_MYSQL environment variable to run this test
t/020_mock/dbi-mysql/cache-memcached-inflate.t ...................................................... skipped: Set TEST_MYSQL environment variable to run this test
t/020_mock/dbi-mysql/cache-memcached-inflate_column-suger.t ......................................... skipped: Set TEST_MYSQL environment variable to run this test
t/020_mock/dbi-mysql/cache-memcached-iterator.t ..................................................... skipped: Set TEST_MYSQL environment variable to run this test
t/020_mock/dbi-mysql/cache-memcached-no_key.t ....................................................... skipped: Set TEST_MYSQL environment variable to run this test
t/020_mock/dbi-mysql/cache-memcached-transaction.t .................................................. skipped: Set TEST_MYSQL environment variable to run this test
t/020_mock/dbi-mysql/cache-no_key.t ................................................................. skipped: Set TEST_MYSQL environment variable to run this test
t/020_mock/dbi-mysql/cache-transaction.t ............................................................ skipped: Set TEST_MYSQL environment variable to run this test
t/020_mock/dbi-mysql/default.t ...................................................................... skipped: Set TEST_MYSQL environment variable to run this test
t/020_mock/dbi-mysql/for_cache.t .................................................................... skipped: Set TEST_MYSQL environment variable to run this test
t/020_mock/dbi-mysql/index.t ........................................................................ skipped: Set TEST_MYSQL environment variable to run this test
t/020_mock/dbi-mysql/inflate.t ...................................................................... skipped: Set TEST_MYSQL environment variable to run this test
t/020_mock/dbi-mysql/inflate_column-suger.t ......................................................... skipped: Set TEST_MYSQL environment variable to run this test
t/020_mock/dbi-mysql/iterator.t ..................................................................... skipped: Set TEST_MYSQL environment variable to run this test
t/020_mock/dbi-mysql/no_key.t ....................................................................... skipped: Set TEST_MYSQL environment variable to run this test
t/020_mock/dbi-mysql/transaction.t .................................................................. skipped: Set TEST_MYSQL environment variable to run this test
t/020_mock/dbi/alias_column-suger-rename.t .......................................................... ok
t/020_mock/dbi/alias_column-suger.t ................................................................. ok
t/020_mock/dbi/alias_column.t ....................................................................... ok
t/020_mock/dbi/basic.t .............................................................................. ok
t/020_mock/dbi/bigint.t ............................................................................. ok
t/020_mock/dbi/binary.t ............................................................................. ok
t/020_mock/dbi/cache-alias_column-suger-rename.t .................................................... ok
t/020_mock/dbi/cache-alias_column-suger.t ........................................................... ok
t/020_mock/dbi/cache-alias_column.t ................................................................. ok
t/020_mock/dbi/cache-basic.t ........................................................................ ok
t/020_mock/dbi/cache-bigint.t ....................................................................... ok
t/020_mock/dbi/cache-binary.t ....................................................................... ok
t/020_mock/dbi/cache-default.t ...................................................................... ok
t/020_mock/dbi/cache-for_cache.t .................................................................... ok

#   Failed test 't 09 duped primary key'
#   at t/lib/Mock/Tests/Index.pm line 210.
#   (in Mock::Tests::Index->t_09_duped_primary_key)
#                   '    **** { Data::Model::Driver::DBI 's Exception ****
# Reason : DBD::SQLite::st execute failed: UNIQUE constraint failed: multi_keys.key1, multi_keys.key2, multi_keys.key3 at /home/cpan/.cpan/build/Data-Model-0.00008-0/blib/lib/Data/Model/Driver/DBI.pm line 323.
# 
# SQL     : INSERT INTO multi_keys
#           (key3, key2, key1)
#           VALUES (?, ?, ?)
#           
#     **** BINDS DUMP ****
# $VAR1 = [
#           [
#             'key3',
#             'c001'
#           ],
#           [
#             'key2',
#             'b001'
#           ],
#           [
#             'key1',
#             'a001'
#           ]
#         ];
# 
#     **** Data::Model::Driver::DBI 's Exception } ****
#  at t/lib/Mock/Tests/Index.pm line 209.
# '
#     doesn't match '(?^:(?:columns key1, key2, key3 are not unique|not unique columns|Duplicate entry 'a001-b001-c001' for key 'PRIMARY'))'

#   Failed test 't 09 duped unique'
#   at t/lib/Mock/Tests/Index.pm line 215.
#   (in Mock::Tests::Index->t_09_duped_unique)
#                   '    **** { Data::Model::Driver::DBI 's Exception ****
# Reason : DBD::SQLite::st execute failed: UNIQUE constraint failed: multi_unique.unq1, multi_unique.unq2, multi_unique.unq3 at /home/cpan/.cpan/build/Data-Model-0.00008-0/blib/lib/Data/Model/Driver/DBI.pm line 323.
# 
# SQL     : INSERT INTO multi_unique
#           (unq3, unq1, unq2)
#           VALUES (?, ?, ?)
#           
#     **** BINDS DUMP ****
# $VAR1 = [
#           [
#             'unq3',
#             'c001'
#           ],
#           [
#             'unq1',
#             'a001'
#           ],
#           [
#             'unq2',
#             'b001'
#           ]
#         ];
# 
#     **** Data::Model::Driver::DBI 's Exception } ****
#  at t/lib/Mock/Tests/Index.pm line 214.
# '
#     doesn't match '(?^:(?:columns unq1, unq2, unq3|not unique columns|Duplicate entry 'a001-b001-c001' for key 'unq'))'
# Looks like you failed 2 tests of 160.
t/020_mock/dbi/cache-index.t ........................................................................ 
Dubious, test returned 2 (wstat 512, 0x200)
Failed 2/160 subtests 
t/020_mock/dbi/cache-inflate.t ...................................................................... ok
t/020_mock/dbi/cache-inflate_column-suger.t ......................................................... ok
t/020_mock/dbi/cache-iterator.t ..................................................................... ok
t/020_mock/dbi/cache-memcached-alias_column-suger-rename.t .......................................... skipped: Cache::Memcached::Fast required for testing memcached driver
t/020_mock/dbi/cache-memcached-alias_column-suger.t ................................................. skipped: Cache::Memcached::Fast required for testing memcached driver
t/020_mock/dbi/cache-memcached-alias_column.t ....................................................... skipped: Cache::Memcached::Fast required for testing memcached driver
t/020_mock/dbi/cache-memcached-basic.t .............................................................. skipped: Cache::Memcached::Fast required for testing memcached driver
t/020_mock/dbi/cache-memcached-bigint.t ............................................................. skipped: Cache::Memcached::Fast required for testing memcached driver
t/020_mock/dbi/cache-memcached-binary.t ............................................................. skipped: Cache::Memcached::Fast required for testing memcached driver
t/020_mock/dbi/cache-memcached-default.t ............................................................ skipped: Cache::Memcached::Fast required for testing memcached driver
t/020_mock/dbi/cache-memcached-for_cache.t .......................................................... skipped: Cache::Memcached::Fast required for testing memcached driver
t/020_mock/dbi/cache-memcached-index.t .............................................................. skipped: Cache::Memcached::Fast required for testing memcached driver
t/020_mock/dbi/cache-memcached-inflate.t ............................................................ skipped: Cache::Memcached::Fast required for testing memcached driver
t/020_mock/dbi/cache-memcached-inflate_column-suger.t ............................................... skipped: Cache::Memcached::Fast required for testing memcached driver
t/020_mock/dbi/cache-memcached-iterator.t ........................................................... skipped: Cache::Memcached::Fast required for testing memcached driver
t/020_mock/dbi/cache-memcached-no_key.t ............................................................. skipped: Cache::Memcached::Fast required for testing memcached driver
t/020_mock/dbi/cache-memcached-transaction.t ........................................................ skipped: Cache::Memcached::Fast required for testing memcached driver
t/020_mock/dbi/cache-no_key.t ....................................................................... ok
t/020_mock/dbi/cache-transaction.t .................................................................. ok
t/020_mock/dbi/default.t ............................................................................ ok
t/020_mock/dbi/for_cache.t .......................................................................... ok

#   Failed test 't 09 duped primary key'
#   at t/lib/Mock/Tests/Index.pm line 210.
#   (in Mock::Tests::Index->t_09_duped_primary_key)
#                   '    **** { Data::Model::Driver::DBI 's Exception ****
# Reason : DBD::SQLite::st execute failed: UNIQUE constraint failed: multi_keys.key1, multi_keys.key2, multi_keys.key3 at /home/cpan/.cpan/build/Data-Model-0.00008-0/blib/lib/Data/Model/Driver/DBI.pm line 323.
# 
# SQL     : INSERT INTO multi_keys
#           (key3, key1, key2)
#           VALUES (?, ?, ?)
#           
#     **** BINDS DUMP ****
# $VAR1 = [
#           [
#             'key3',
#             'c001'
#           ],
#           [
#             'key1',
#             'a001'
#           ],
#           [
#             'key2',
#             'b001'
#           ]
#         ];
# 
#     **** Data::Model::Driver::DBI 's Exception } ****
#  at t/lib/Mock/Tests/Index.pm line 209.
# '
#     doesn't match '(?^:(?:columns key1, key2, key3 are not unique|not unique columns|Duplicate entry 'a001-b001-c001' for key 'PRIMARY'))'

#   Failed test 't 09 duped unique'
#   at t/lib/Mock/Tests/Index.pm line 215.
#   (in Mock::Tests::Index->t_09_duped_unique)
#                   '    **** { Data::Model::Driver::DBI 's Exception ****
# Reason : DBD::SQLite::st execute failed: UNIQUE constraint failed: multi_unique.unq1, multi_unique.unq2, multi_unique.unq3 at /home/cpan/.cpan/build/Data-Model-0.00008-0/blib/lib/Data/Model/Driver/DBI.pm line 323.
# 
# SQL     : INSERT INTO multi_unique
#           (unq2, unq3, unq1)
#           VALUES (?, ?, ?)
#           
#     **** BINDS DUMP ****
# $VAR1 = [
#           [
#             'unq2',
#             'b001'
#           ],
#           [
#             'unq3',
#             'c001'
#           ],
#           [
#             'unq1',
#             'a001'
#           ]
#         ];
# 
#     **** Data::Model::Driver::DBI 's Exception } ****
#  at t/lib/Mock/Tests/Index.pm line 214.
# '
#     doesn't match '(?^:(?:columns unq1, unq2, unq3|not unique columns|Duplicate entry 'a001-b001-c001' for key 'unq'))'
# Looks like you failed 2 tests of 160.
t/020_mock/dbi/index.t .............................................................................. 
Dubious, test returned 2 (wstat 512, 0x200)
Failed 2/160 subtests 
t/020_mock/dbi/inflate.t ............................................................................ ok
t/020_mock/dbi/inflate_column-suger.t ............................................................... ok
t/020_mock/dbi/iterator.t ........................................................................... ok
t/020_mock/dbi/no_key.t ............................................................................. ok
t/020_mock/dbi/transaction.t ........................................................................ ok
t/020_mock/driver-memcached/basic.t ................................................................. skipped: Cache::Memcached::Fast required for testing memcached driver
t/020_mock/driver-memcached/changed-serializer-with-ignore_undef_value.t ............................ skipped: Cache::Memcached::Fast required for testing memcached driver
t/020_mock/driver-memcached/changed-serializer-with-strip-ignore_undef_value.t ...................... skipped: Cache::Memcached::Fast required for testing memcached driver
t/020_mock/driver-memcached/changed-serializer-with-strip.t ......................................... skipped: Cache::Memcached::Fast required for testing memcached driver
t/020_mock/driver-memcached/changed-serializer.t .................................................... skipped: Cache::Memcached::Fast required for testing memcached driver
t/020_mock/driver-memcached/column_model_rename-changed-serializer-with-ignore_undef_value.t ........ skipped: Cache::Memcached::Fast required for testing memcached driver
t/020_mock/driver-memcached/column_model_rename-changed-serializer-with-strip-ignore_undef_value.t .. skipped: Cache::Memcached::Fast required for testing memcached driver
t/020_mock/driver-memcached/column_model_rename-changed-serializer-with-strip.t ..................... skipped: Cache::Memcached::Fast required for testing memcached driver
t/020_mock/driver-memcached/column_model_rename-changed-serializer.t ................................ skipped: Cache::Memcached::Fast required for testing memcached driver
t/020_mock/driver-memcached/column_model_rename-ignore_undef_value.t ................................ skipped: Cache::Memcached::Fast required for testing memcached driver
t/020_mock/driver-memcached/column_model_rename-strip-ignore_undef_value.t .......................... skipped: Cache::Memcached::Fast required for testing memcached driver
t/020_mock/driver-memcached/column_model_rename-strip.t ............................................. skipped: Cache::Memcached::Fast required for testing memcached driver
t/020_mock/driver-memcached/column_model_rename.t ................................................... skipped: Cache::Memcached::Fast required for testing memcached driver
t/020_mock/driver-memcached/column_rename-changed-serializer-with-ignore_undef_value.t .............. skipped: Cache::Memcached::Fast required for testing memcached driver
t/020_mock/driver-memcached/column_rename-changed-serializer-with-strip-ignore_undef_value.t ........ skipped: Cache::Memcached::Fast required for testing memcached driver
t/020_mock/driver-memcached/column_rename-changed-serializer-with-strip.t ........................... skipped: Cache::Memcached::Fast required for testing memcached driver
t/020_mock/driver-memcached/column_rename-changed-serializer.t ...................................... skipped: Cache::Memcached::Fast required for testing memcached driver
t/020_mock/driver-memcached/column_rename-ignore_undef_value.t ...................................... skipped: Cache::Memcached::Fast required for testing memcached driver
t/020_mock/driver-memcached/column_rename-strip-ignore_undef_value.t ................................ skipped: Cache::Memcached::Fast required for testing memcached driver
t/020_mock/driver-memcached/column_rename-strip.t ................................................... skipped: Cache::Memcached::Fast required for testing memcached driver
t/020_mock/driver-memcached/column_rename.t ......................................................... skipped: Cache::Memcached::Fast required for testing memcached driver
t/020_mock/driver-memcached/ignore_undef_value.t .................................................... skipped: Cache::Memcached::Fast required for testing memcached driver
t/020_mock/driver-memcached/model_rename-changed-serializer-with-ignore_undef_value.t ............... skipped: Cache::Memcached::Fast required for testing memcached driver
t/020_mock/driver-memcached/model_rename-changed-serializer-with-strip-ignore_undef_value.t ......... skipped: Cache::Memcached::Fast required for testing memcached driver
t/020_mock/driver-memcached/model_rename-changed-serializer-with-strip.t ............................ skipped: Cache::Memcached::Fast required for testing memcached driver
t/020_mock/driver-memcached/model_rename-changed-serializer.t ....................................... skipped: Cache::Memcached::Fast required for testing memcached driver
t/020_mock/driver-memcached/model_rename-ignore_undef_value.t ....................................... skipped: Cache::Memcached::Fast required for testing memcached driver
t/020_mock/driver-memcached/model_rename-strip-ignore_undef_value.t ................................. skipped: Cache::Memcached::Fast required for testing memcached driver
t/020_mock/driver-memcached/model_rename-strip.t .................................................... skipped: Cache::Memcached::Fast required for testing memcached driver
t/020_mock/driver-memcached/model_rename.t .......................................................... skipped: Cache::Memcached::Fast required for testing memcached driver
t/020_mock/driver-memcached/strip-ignore_undef_value.t .............................................. skipped: Cache::Memcached::Fast required for testing memcached driver
t/020_mock/driver-memcached/strip.t ................................................................. skipped: Cache::Memcached::Fast required for testing memcached driver
t/020_mock/instance.t ............................................................................... ok
t/020_mock/logic-simple.t ........................................................................... ok
t/020_mock/memcached/bigint.t ....................................................................... skipped: Cache::Memcached::Fast required for testing memcached driver
t/020_mock/memcached/cache-bigint.t ................................................................. skipped: Cache::Memcached::Fast required for testing memcached driver
t/020_mock/memcached/cache-memcached-bigint.t ....................................................... skipped: Cache::Memcached::Fast required for testing memcached driver
t/020_mock/memory/alias_column-suger-rename.t ....................................................... ok
t/020_mock/memory/alias_column-suger.t .............................................................. ok
t/020_mock/memory/alias_column.t .................................................................... ok
t/020_mock/memory/basic.t ........................................................................... ok
t/020_mock/memory/bigint.t .......................................................................... ok
t/020_mock/memory/binary.t .......................................................................... ok
t/020_mock/memory/cache-alias_column-suger-rename.t ................................................. ok
t/020_mock/memory/cache-alias_column-suger.t ........................................................ ok
t/020_mock/memory/cache-alias_column.t .............................................................. ok
t/020_mock/memory/cache-basic.t ..................................................................... ok
t/020_mock/memory/cache-bigint.t .................................................................... ok
t/020_mock/memory/cache-binary.t .................................................................... ok
t/020_mock/memory/cache-default.t ................................................................... ok
t/020_mock/memory/cache-for_cache.t ................................................................. ok
t/020_mock/memory/cache-index.t ..................................................................... ok
t/020_mock/memory/cache-inflate.t ................................................................... ok
t/020_mock/memory/cache-inflate_column-suger.t ...................................................... ok
t/020_mock/memory/cache-iterator.t .................................................................. ok
t/020_mock/memory/cache-memcached-alias_column-suger-rename.t ....................................... skipped: Cache::Memcached::Fast required for testing memcached driver
t/020_mock/memory/cache-memcached-alias_column-suger.t .............................................. skipped: Cache::Memcached::Fast required for testing memcached driver
t/020_mock/memory/cache-memcached-alias_column.t .................................................... skipped: Cache::Memcached::Fast required for testing memcached driver
t/020_mock/memory/cache-memcached-basic.t ........................................................... skipped: Cache::Memcached::Fast required for testing memcached driver
t/020_mock/memory/cache-memcached-bigint.t .......................................................... skipped: Cache::Memcached::Fast required for testing memcached driver
t/020_mock/memory/cache-memcached-binary.t .......................................................... skipped: Cache::Memcached::Fast required for testing memcached driver
t/020_mock/memory/cache-memcached-default.t ......................................................... skipped: Cache::Memcached::Fast required for testing memcached driver
t/020_mock/memory/cache-memcached-for_cache.t ....................................................... skipped: Cache::Memcached::Fast required for testing memcached driver
t/020_mock/memory/cache-memcached-index.t ........................................................... skipped: Cache::Memcached::Fast required for testing memcached driver
t/020_mock/memory/cache-memcached-inflate.t ......................................................... skipped: Cache::Memcached::Fast required for testing memcached driver
t/020_mock/memory/cache-memcached-inflate_column-suger.t ............................................ skipped: Cache::Memcached::Fast required for testing memcached driver
t/020_mock/memory/cache-memcached-iterator.t ........................................................ skipped: Cache::Memcached::Fast required for testing memcached driver
t/020_mock/memory/cache-memcached-no_key.t .......................................................... skipped: Cache::Memcached::Fast required for testing memcached driver
t/020_mock/memory/cache-no_key.t .................................................................... ok
t/020_mock/memory/default.t ......................................................................... ok
t/020_mock/memory/for_cache.t ....................................................................... ok
t/020_mock/memory/index.t ........................................................................... ok
t/020_mock/memory/inflate.t ......................................................................... ok
t/020_mock/memory/inflate_column-suger.t ............................................................ ok
t/020_mock/memory/iterator.t ........................................................................ ok
t/020_mock/memory/no_key.t .......................................................................... ok
t/030_dbi/master_slave.t ............................................................................ ok
t/030_dbi/q4m.t ..................................................................................... skipped: Set TEST_Q4M environment variable to run this test
t/030_dbi/reuse_dbh-with-mysql_auto_reconnect.t ..................................................... skipped: Set TEST_MYSQL environment variable to run this test
t/030_dbi/reuse_dbh.t ............................................................................... ok
t/030_dbi/sqlite_collate_binary.t ................................................................... ok
t/030_dbi/stack_trace.t ............................................................................. ok
t/030_dbi/update-scalarref.t ........................................................................ ok
t/040_inflate/uuid.t ................................................................................ ok
t/050_mixin/base.t .................................................................................. ok
t/050_mixin/find_or_create.t ........................................................................ ok
t/060_driver/memcached/column_name-rename.t ......................................................... skipped: Cache::Memcached::Fast required for testing memcached driver
t/060_driver/memcached/ignore_undef_value.t ......................................................... ok
t/060_driver/memcached/model_name-rename.t .......................................................... skipped: Cache::Memcached::Fast required for testing memcached driver
t/060_driver/memcached/serializer.t ................................................................. ok
t/060_driver/memcached/strip_keys.t ................................................................. ok
t/060_driver/memcached/with_server.t ................................................................ skipped: Cache::Memcached::Fast required for testing memcached driver
t/release-pod-syntax.t .............................................................................. skipped: these tests are for release candidate testing

Test Summary Report
-------------------
t/020_mock/dbi/cache-index.t                                                                      (Wstat: 512 (exited 2) Tests: 160 Failed: 2)
  Failed tests:  159-160
  Non-zero exit status: 2
t/020_mock/dbi/index.t                                                                            (Wstat: 512 (exited 2) Tests: 160 Failed: 2)
  Failed tests:  159-160
  Non-zero exit status: 2
Files=190, Tests=5345, 16 wallclock secs ( 0.53 usr  0.20 sys + 12.68 cusr  2.44 csys = 15.84 CPU)
Result: FAIL

------------------------------
PREREQUISITES
------------------------------

Prerequisite modules loaded:

requires:

    Module              Need     Have    
    ------------------- -------- --------
    Carp                0        1.54    
    Class::Trigger      0        0.15    
    DBD::SQLite         0        1.76    
    DBI                 0        1.647   
    Encode              0        3.21    
    Params::Validate    0        1.31    
    perl                5.008005 5.043005
    Storable            0        3.39    
    URI                 0        5.34    

build_requires:

    Module              Need     Have    
    ------------------- -------- --------
    IO::Socket::INET    0        1.55    
    Path::Class         0        0.37    
    Test::Class         0.34     0.52    
    Test::Exception     0        0.43    
    Test::More          0        1.302214

configure_requires:

    Module              Need     Have    
    ------------------- -------- --------
    Module::Build::Tiny 0.020    0.052   


------------------------------
ENVIRONMENT AND OTHER CONTEXT
------------------------------

Environment variables:

    AUTOMATED_TESTING = 1
    CJG_PERL_COMMIT = 4092daf53e
    DATE_MANIP_TEST_DM5 = 1
    LANG = C.UTF-8
    LC_ALL = C
    NONINTERACTIVE_TESTING = 1
    NO_NETWORK_TESTING = 1
    PATH = /home/cpan/bin/perl/bin:/home/cpan/bin:/sbin:/bin:/usr/sbin:/usr/bin:/usr/local/sbin:/usr/local/bin:/home/cpan/bin
    PERL5LIB = 
    PERL5OPT = 
    PERL5_CPANPLUS_IS_RUNNING = 69469
    PERL5_CPAN_IS_RUNNING = 69469
    PERL_MM_USE_DEFAULT = 1
    PERL_PERTURB_KEYS = 0
    PERL_USE_UNSAFE_INC = 1
    SHELL = /usr/local/bin/bash
    TERM = screen
    TMPDIR = /home/cpan/tmp

Perl special variables (and OS-specific diagnostics, for MSWin32):

    $^X = /home/cpan/bin/perl/bin/perl5.43.5
    $UID/$EUID = 1002 / 1002
    $GID = 1002 1002
    $EGID = 1002 1002

Perl module toolchain versions installed:

    Module              Have    
    ------------------- --------
    CPAN                2.38    
    CPAN::Meta          2.150010
    Cwd                 3.94    
    ExtUtils::CBuilder  0.280242
    ExtUtils::Command   7.76    
    ExtUtils::Install   2.22    
    ExtUtils::MakeMaker 7.76    
    ExtUtils::Manifest  1.75    
    ExtUtils::ParseXS   3.60    
    File::Spec          3.94    
    JSON                4.10    
    JSON::PP            4.16    
    Module::Build       0.4234  
    Module::Signature   n/a     
    Parse::CPAN::Meta   2.150010
    Test2               1.302214
    Test::Harness       3.52    
    Test::More          1.302214
    YAML                1.31    
    YAML::Syck          1.36    
    version             0.9933  


--

Summary of my perl5 (revision 5 version 43 subversion 5) configuration:
  Commit id: 4092daf53e7ff6fd3e52d7398574c5f1d1f22d80
  Platform:
    osname=freebsd
    osvers=14.3-release-p5
    archname=amd64-freebsd
    uname='freebsd cjg-freebsd14 14.3-release-p5 freebsd 14.3-release-p5 generic amd64 '
    config_args='-des -Dprefix=/home/cpan/bin/perl -Dscriptdir=/home/cpan/bin/perl/bin -Dusedevel -Duse64bitall'
    hint=recommended
    useposix=true
    d_sigaction=define
    useithreads=undef
    usemultiplicity=undef
    use64bitint=define
    use64bitall=define
    uselongdouble=undef
    usemymalloc=n
    default_inc_excludes_dot=define
  Compiler:
    cc='cc'
    ccflags ='-DHAS_FPSETMASK -DHAS_FLOATINGPOINT_H -DNO_POSIX_2008_LOCALE -fno-strict-aliasing -pipe -fstack-protector-strong -I/usr/local/include'
    optimize='-O2'
    cppflags='-DHAS_FPSETMASK -DHAS_FLOATINGPOINT_H -DNO_POSIX_2008_LOCALE -fno-strict-aliasing -pipe -fstack-protector-strong -I/usr/local/include'
    ccversion=''
    gccversion='FreeBSD Clang 19.1.7 (https://github.com/llvm/llvm-project.git llvmorg-19.1.7-0-gcd708029e0b2)'
    gccosandvers=''
    intsize=4
    longsize=8
    ptrsize=8
    doublesize=8
    byteorder=12345678
    doublekind=3
    d_longlong=define
    longlongsize=8
    d_longdbl=define
    longdblsize=16
    longdblkind=3
    ivtype='long'
    ivsize=8
    nvtype='double'
    nvsize=8
    Off_t='off_t'
    lseeksize=8
    alignbytes=8
    prototype=define
  Linker and Libraries:
    ld='cc'
    ldflags ='-Wl,-E  -fstack-protector-strong -L/usr/local/lib'
    libpth=/usr/lib /usr/local/lib /usr/lib/clang/19/lib
    libs=-lpthread -lgdbm -ldl -lm -lcrypt -lutil -lc
    perllibs=-lpthread -ldl -lm -lcrypt -lutil -lc
    libc=
    so=so
    useshrplib=false
    libperl=libperl.a
    gnulibc_version=''
  Dynamic Linking:
    dlsrc=dl_dlopen.xs
    dlext=so
    d_dlsymun=undef
    ccdlflags=' '
    cccdlflags='-DPIC -fPIC'
    lddlflags='-shared  -L/usr/local/lib -fstack-protector-strong'


Characteristics of this binary (from libperl): 
  Compile-time options:
    HAS_LONG_DOUBLE
    HAS_STRTOLD
    HAS_TIMES
    PERLIO_LAYERS
    PERL_COPY_ON_WRITE
    PERL_DONT_CREATE_GVSV
    PERL_HASH_FUNC_SIPHASH13
    PERL_HASH_USE_SBOX32
    PERL_MALLOC_WRAP
    PERL_OP_PARENT
    PERL_PRESERVE_IVUV
    PERL_USE_DEVEL
    PERL_USE_SAFE_PUTENV
    USE_64_BIT_ALL
    USE_64_BIT_INT
    USE_LARGE_FILES
    USE_LOCALE
    USE_LOCALE_COLLATE
    USE_LOCALE_CTYPE
    USE_LOCALE_NUMERIC
    USE_LOCALE_TIME
    USE_PERLIO
    USE_PERL_ATOF
  Built under freebsd
  Compiled at Nov  2 2025 02:18:21
  %ENV:
    PERL5LIB=""
    PERL5OPT=""
    PERL5_CPANPLUS_IS_RUNNING="69469"
    PERL5_CPAN_IS_RUNNING="69469"
    PERL_MM_USE_DEFAULT="1"
    PERL_PERTURB_KEYS="0"
    PERL_USE_UNSAFE_INC="1"
  @INC:
    /home/cpan/bin/perl/lib/site_perl/5.43.5/amd64-freebsd
    /home/cpan/bin/perl/lib/site_perl/5.43.5
    /home/cpan/bin/perl/lib/5.43.5/amd64-freebsd
    /home/cpan/bin/perl/lib/5.43.5
    .