Pinto-Remote-SelfContained v0.901 Perl 5 v5.32.1 x86_64-linux-thread-multi

Status
Fail
From
David Cantrell (DCANTRELL)
Dist
Pinto-Remote-SelfContained v0.901
Platform
Perl 5 v5.32.1 x86_64-linux-thread-multi
Date
2021-03-09 10:46:00
ID
a3560b8c-80c4-11eb-9200-a8b61fc893fc
This distribution has been tested as part of the CPAN Testers
project, supporting the Perl programming language.  See
http://wiki.cpantesters.org/ for more information or email
questions to cpan-testers-discuss@perl.org


--
Dear Aaron Crane,

This is a computer-generated report for Pinto-Remote-SelfContained-0.901
on perl 5.32.1, created by CPAN-Reporter-1.2018.

Thank you for uploading your work to CPAN.  However, there was a problem
testing your distribution.

If you think this report is invalid, please consult the CPAN Testers Wiki
for suggestions on how to avoid getting FAIL reports for missing library
or binary dependencies, unsupported operating systems, and so on:

http://wiki.cpantesters.org/wiki/CPANAuthorNotes

Sections of this report:

    * Tester comments
    * Program output
    * Prerequisites
    * Environment and other context

------------------------------
TESTER COMMENTS
------------------------------

Additional comments from tester:

this report is from an automated smoke testing program
and was not reviewed by a human for accuracy

------------------------------
PROGRAM OUTPUT
------------------------------

Output from './Build test':

t/action.t ... ok
t/add.t ...... ok

    #   Failed test 'install with --local-lib and --cpanm-options and a target'
    #   at t/app.t line 453.
    # Compared $data->[1]
    #    got : 'Option cpanm-options, key "--notest", requires a value
    # '
    # expect : ''
    # [
    #   '',
    #   'Option cpanm-options, key "--notest", requires a value
    # ',
    #   {},
    #   'app.t install [-?LlMmopqrsuv] [long options...] TARGET... - install stuff from the repository
    # 	--cascade                                 Always pick latest upstream
    # 	                                          package
    # 	--cpanm STR --cpanm-exe STR               Path to the cpanm executable
    # 	-o KEY=STR... --cpanm-options KEY=STR...  name=value pairs of cpanm
    # 	                                          options
    # 	--diff-style STR                          Set style of diff reports
    # 	-l STR --local-lib STR                    install into a local lib
    # 	                                          directory
    # 	-L STR --local-lib-contained STR          install into a contained
    # 	                                          local lib directory
    # 	-m STR --message STR                      Message to describe the
    # 	                                          change
    # 	--do-pull                                 pull missing prereqs onto
    # 	                                          the stack first
    # 	-s STR --stack STR                        Install modules from this
    # 	                                          stack
    # 	-M --use-default-message                  Use the generated message
    # 
    # 	-r STR --root STR                         Path to your repository
    # 	                                          root directory (required)
    # 	--[no-]colour --[no-]color                (Currently ignored)
    # 	-p STR --password STR                     Password for server
    # 	                                          authentication
    # 	-q --quiet                                Only report fatal errors
    # 	-u STR --username STR                     Username for server
    # 	                                          authentication
    # 	-v --verbose                              More diagnostic output
    # 	                                          (repeatable)
    # 
    # 	-? --help                                 Print usage message and exit
    # '
    # ]
    # Looks like you failed 1 test of 4.

#   Failed test 'parse install command'
#   at t/app.t line 473.

#   Failed test 'no (unexpected) warnings'
#   at t/app.t line 475.
# Looks like you failed 2 tests of 11.
t/app.t ...... 
Dubious, test returned 2 (wstat 512, 0x200)
Failed 2/11 subtests 
t/install.t .. ok
t/result.t ... ok
t/types.t .... ok
t/util.t ..... ok

Test Summary Report
-------------------
t/app.t    (Wstat: 512 Tests: 11 Failed: 2)
  Failed tests:  10-11
  Non-zero exit status: 2
Files=7, Tests=38, 21 wallclock secs ( 0.14 usr  0.01 sys +  5.73 cusr  0.83 csys =  6.71 CPU)
Result: FAIL

------------------------------
PREREQUISITES
------------------------------

Prerequisite modules loaded:

requires:

    Module                    Need  Have    
    ------------------------- ----- --------
    Carp                      0     1.50    
    Getopt::Long::Descriptive 0     0.105   
    HTTP::Tiny                0     0.076   
    JSON::MaybeXS             0     1.004003
    List::Util                1.29  1.55    
    MIME::Base64              0     3.15    
    Module::Runtime           0     0.016   
    Moo                       0     2.004004
    MooX::HandlesVia          0     0.001009
    namespace::clean          0     0.27    
    Path::Tiny                0     0.116   
    perl                      5.010 5.032001
    Time::Moment              0     0.44    
    Type::Library             0     1.012001
    Type::Utils               0     1.012001
    Types::Standard           0     1.012001
    URI                       0     5.06    

build_requires:

    Module                    Need  Have    
    ------------------------- ----- --------
    Capture::Tiny             0     0.48    
    Test::Deep                0     1.130   
    Test::Fatal               0     0.016   
    Test::More                0.96  1.302183
    Test::Warnings            0     0.030   

configure_requires:

    Module                    Need  Have    
    ------------------------- ----- --------
    Module::Build::Tiny       0.034 0.039   


------------------------------
ENVIRONMENT AND OTHER CONTEXT
------------------------------

Environment variables:

    AUTOMATED_TESTING = 1
    LANG = en_GB.UTF-8
    LANGUAGE = en_GB:en
    LC_TERMINAL = iTerm2
    LC_TERMINAL_VERSION = 3.4.4
    NONINTERACTIVE_TESTING = 1
    PATH = /home/david/perl5/perlbrew/bin:/home/david/perl5/perlbrew/perls/perl-5.30.2/bin:/usr/local/bin:/usr/bin:/bin:/usr/local/games:/usr/games
    PERL = 5.32.1
    PERL5LIB = 
    PERL5OPT = 
    PERL5_CPANPLUS_IS_RUNNING = 1407
    PERL5_CPAN_IS_RUNNING = 1407
    PERLBREW_HOME = /home/david/.perlbrew
    PERLBREW_MANPATH = /home/david/perl5/perlbrew/perls/perl-5.30.2/man
    PERLBREW_PATH = /home/david/perl5/perlbrew/bin:/home/david/perl5/perlbrew/perls/perl-5.30.2/bin
    PERLBREW_PERL = perl-5.30.2
    PERLBREW_ROOT = /home/david/perl5/perlbrew
    PERLBREW_SHELLRC_VERSION = 0.89
    PERLBREW_VERSION = 0.89
    PERLVER = 5.32.1
    PERL_INLINE_DIRECTORY = /home/david/.Inline-5.32.1
    PERL_MM_USE_DEFAULT = 1
    PERL_USE_UNSAFE_INC = 0
    SHELL = /bin/bash
    TERM = screen

Perl special variables (and OS-specific diagnostics, for MSWin32):

    $^X = /home/david/cpantesting/perl-5.32.1/bin/perl
    $UID/$EUID = 1000 / 1000
    $GID = 1000 24 25 27 29 30 44 46 109 1000
    $EGID = 1000 24 25 27 29 30 44 46 109 1000

Perl module toolchain versions installed:

    Module              Have    
    ------------------- --------
    CPAN                2.27    
    CPAN::Meta          2.150010
    Cwd                 3.78    
    ExtUtils::CBuilder  0.280234
    ExtUtils::Command   7.44    
    ExtUtils::Install   2.14    
    ExtUtils::MakeMaker 7.44    
    ExtUtils::Manifest  1.72    
    ExtUtils::ParseXS   3.40    
    File::Spec          3.78    
    JSON                n/a     
    JSON::PP            4.04    
    Module::Build       0.4231  
    Module::Signature   n/a     
    Parse::CPAN::Meta   2.150010
    Test::Harness       3.42    
    Test::More          1.302183
    YAML                n/a     
    YAML::Syck          n/a     
    version             0.9924  


--

Summary of my perl5 (revision 5 version 32 subversion 1) configuration:
   
  Platform:
    osname=linux
    osvers=4.19.0-12-amd64
    archname=x86_64-linux-thread-multi
    uname='linux cpantesting-linux 4.19.0-12-amd64 #1 smp debian 4.19.152-1 (2020-10-18) x86_64 gnulinux '
    config_args='-de -Dprefix=/home/david/cpantesting/perl-5.32.1 -Dusethreads'
    hint=recommended
    useposix=true
    d_sigaction=define
    useithreads=define
    usemultiplicity=define
    use64bitint=define
    use64bitall=define
    uselongdouble=undef
    usemymalloc=n
    default_inc_excludes_dot=define
    bincompat5005=undef
  Compiler:
    cc='cc'
    ccflags ='-D_REENTRANT -D_GNU_SOURCE -fwrapv -fno-strict-aliasing -pipe -fstack-protector-strong -I/usr/local/include -D_LARGEFILE_SOURCE -D_FILE_OFFSET_BITS=64 -D_FORTIFY_SOURCE=2'
    optimize='-O2'
    cppflags='-D_REENTRANT -D_GNU_SOURCE -fwrapv -fno-strict-aliasing -pipe -fstack-protector-strong -I/usr/local/include'
    ccversion=''
    gccversion='8.3.0'
    gccosandvers=''
    intsize=4
    longsize=8
    ptrsize=8
    doublesize=8
    byteorder=12345678
    doublekind=3
    d_longlong=define
    longlongsize=8
    d_longdbl=define
    longdblsize=16
    longdblkind=3
    ivtype='long'
    ivsize=8
    nvtype='double'
    nvsize=8
    Off_t='off_t'
    lseeksize=8
    alignbytes=8
    prototype=define
  Linker and Libraries:
    ld='cc'
    ldflags =' -fstack-protector-strong -L/usr/local/lib'
    libpth=/usr/local/lib /usr/lib/gcc/x86_64-linux-gnu/8/include-fixed /usr/include/x86_64-linux-gnu /usr/lib /lib/x86_64-linux-gnu /lib/../lib /usr/lib/x86_64-linux-gnu /usr/lib/../lib /lib /lib64 /usr/lib64
    libs=-lpthread -lnsl -ldl -lm -lcrypt -lutil -lc
    perllibs=-lpthread -lnsl -ldl -lm -lcrypt -lutil -lc
    libc=libc-2.28.so
    so=so
    useshrplib=false
    libperl=libperl.a
    gnulibc_version='2.28'
  Dynamic Linking:
    dlsrc=dl_dlopen.xs
    dlext=so
    d_dlsymun=undef
    ccdlflags='-Wl,-E'
    cccdlflags='-fPIC'
    lddlflags='-shared -O2 -L/usr/local/lib -fstack-protector-strong'


Characteristics of this binary (from libperl): 
  Compile-time options:
    HAS_TIMES
    MULTIPLICITY
    PERLIO_LAYERS
    PERL_COPY_ON_WRITE
    PERL_DONT_CREATE_GVSV
    PERL_IMPLICIT_CONTEXT
    PERL_MALLOC_WRAP
    PERL_OP_PARENT
    PERL_PRESERVE_IVUV
    USE_64_BIT_ALL
    USE_64_BIT_INT
    USE_ITHREADS
    USE_LARGE_FILES
    USE_LOCALE
    USE_LOCALE_COLLATE
    USE_LOCALE_CTYPE
    USE_LOCALE_NUMERIC
    USE_LOCALE_TIME
    USE_PERLIO
    USE_PERL_ATOF
    USE_REENTRANT_API
    USE_THREAD_SAFE_LOCALE
  Built under linux
  Compiled at Jan 25 2021 19:39:03
  %ENV:
    PERL="5.32.1"
    PERL5LIB=""
    PERL5OPT=""
    PERL5_CPANPLUS_IS_RUNNING="1407"
    PERL5_CPAN_IS_RUNNING="1407"
    PERLBREW_HOME="/home/david/.perlbrew"
    PERLBREW_MANPATH="/home/david/perl5/perlbrew/perls/perl-5.30.2/man"
    PERLBREW_PATH="/home/david/perl5/perlbrew/bin:/home/david/perl5/perlbrew/perls/perl-5.30.2/bin"
    PERLBREW_PERL="perl-5.30.2"
    PERLBREW_ROOT="/home/david/perl5/perlbrew"
    PERLBREW_SHELLRC_VERSION="0.89"
    PERLBREW_VERSION="0.89"
    PERLVER="5.32.1"
    PERL_INLINE_DIRECTORY="/home/david/.Inline-5.32.1"
    PERL_MM_USE_DEFAULT="1"
    PERL_USE_UNSAFE_INC="0"
  @INC:
    /home/david/cpantesting/perl-5.32.1/lib/site_perl/5.32.1/x86_64-linux-thread-multi
    /home/david/cpantesting/perl-5.32.1/lib/site_perl/5.32.1
    /home/david/cpantesting/perl-5.32.1/lib/5.32.1/x86_64-linux-thread-multi
    /home/david/cpantesting/perl-5.32.1/lib/5.32.1