WebSocket vv0.1.1 Perl 5 v5.12.3 i86pc-solaris-thread-multi-64

Status
Fail
From
Chris Williams (BINGOS)
Dist
WebSocket vv0.1.1
Platform
Perl 5 v5.12.3 i86pc-solaris-thread-multi-64
Date
2021-10-18 17:27:15
ID
a34430fa-3038-11ec-bc66-57723b537541
This distribution has been tested as part of the CPAN Testers
project, supporting the Perl programming language.  See
http://wiki.cpantesters.org/ for more information or email
questions to cpan-testers-discuss@perl.org


--

Dear JDEGUEST,

This is a computer-generated error report created automatically by
CPANPLUS, version 0.9912. Testers personal comments may appear
at the end of this report.


Thank you for uploading your work to CPAN.  However, it appears that
there were some problems testing your distribution.

TEST RESULTS:

Below is the error stack from stage 'make test':

PERL_DL_NONLAZY=1 "/home/cpan/pit/thr/perl-5.12.3/bin/perl" "-MExtUtils::Command::MM" "-MTest::Harness" "-e" "undef *Test::Harness::Switches; test_harness(0, 'blib/lib', 'blib/arch')" t/*.t

#   Failed test 'use WebSocket;'
#   at t/001_load.t line 25.
#     Tried to use 'WebSocket'.
#     Error:  Can't locate Module/Generic.pm in @INC (@INC contains: ./lib /home/cpan/pit/thr/conf/perl-5.12.3/.cpanplus/5.12.3/build/L3E1FQB_m_/WebSocket-v0.1.1/blib/lib /home/cpan/pit/thr/conf/perl-5.12.3/.cpanplus/5.12.3/build/L3E1FQB_m_/WebSocket-v0.1.1/blib/arch /home/cpan/pit/jail/xhLB6WGN5K/lib/perl5/5.12.3/i86pc-solaris-thread-multi-64 /home/cpan/pit/jail/xhLB6WGN5K/lib/perl5/5.12.3 /home/cpan/pit/jail/xhLB6WGN5K/lib/perl5/i86pc-solaris-thread-multi-64 /home/cpan/pit/jail/xhLB6WGN5K/lib/perl5 /home/cpan/pit/thr/perl-5.12.3/lib/site_perl/5.12.3/i86pc-solaris-thread-multi-64 /home/cpan/pit/thr/perl-5.12.3/lib/site_perl/5.12.3 /home/cpan/pit/thr/perl-5.12.3/lib/5.12.3/i86pc-solaris-thread-multi-64 /home/cpan/pit/thr/perl-5.12.3/lib/5.12.3 .) at /home/cpan/pit/thr/perl-5.12.3/lib/5.12.3/parent.pm line 20.
# BEGIN failed--compilation aborted at lib/WebSocket.pm line 16.
# Compilation failed in require at t/001_load.t line 25.
# BEGIN failed--compilation aborted at t/001_load.t line 25.

#   Failed test 'use WebSocket::Client;'
#   at t/001_load.t line 25.
#     Tried to use 'WebSocket::Client'.
#     Error:  Attempt to reload WebSocket.pm aborted.
# Compilation failed in require at lib/WebSocket/Client.pm line 20.
# BEGIN failed--compilation aborted at lib/WebSocket/Client.pm line 20.
# Compilation failed in require at t/001_load.t line 25.
# BEGIN failed--compilation aborted at t/001_load.t line 25.

#   Failed test 'use WebSocket::Common;'
#   at t/001_load.t line 25.
#     Tried to use 'WebSocket::Common'.
#     Error:  Attempt to reload WebSocket.pm aborted.
# Compilation failed in require at lib/WebSocket/Common.pm line 18.
# BEGIN failed--compilation aborted at lib/WebSocket/Common.pm line 18.
# Compilation failed in require at t/001_load.t line 25.
# BEGIN failed--compilation aborted at t/001_load.t line 25.

#   Failed test 'use WebSocket::Connection;'
#   at t/001_load.t line 25.
#     Tried to use 'WebSocket::Connection'.
#     Error:  Attempt to reload WebSocket.pm aborted.
# Compilation failed in require at lib/WebSocket/Connection.pm line 19.
# BEGIN failed--compilation aborted at lib/WebSocket/Connection.pm line 19.
# Compilation failed in require at t/001_load.t line 25.
# BEGIN failed--compilation aborted at t/001_load.t line 25.

#   Failed test 'use WebSocket::Extension;'
#   at t/001_load.t line 25.
#     Tried to use 'WebSocket::Extension'.
#     Error:  Can't locate Module/Generic.pm in @INC (@INC contains: ./lib /home/cpan/pit/thr/conf/perl-5.12.3/.cpanplus/5.12.3/build/L3E1FQB_m_/WebSocket-v0.1.1/blib/lib /home/cpan/pit/thr/conf/perl-5.12.3/.cpanplus/5.12.3/build/L3E1FQB_m_/WebSocket-v0.1.1/blib/arch /home/cpan/pit/jail/xhLB6WGN5K/lib/perl5/5.12.3/i86pc-solaris-thread-multi-64 /home/cpan/pit/jail/xhLB6WGN5K/lib/perl5/5.12.3 /home/cpan/pit/jail/xhLB6WGN5K/lib/perl5/i86pc-solaris-thread-multi-64 /home/cpan/pit/jail/xhLB6WGN5K/lib/perl5 /home/cpan/pit/thr/perl-5.12.3/lib/site_perl/5.12.3/i86pc-solaris-thread-multi-64 /home/cpan/pit/thr/perl-5.12.3/lib/site_perl/5.12.3 /home/cpan/pit/thr/perl-5.12.3/lib/5.12.3/i86pc-solaris-thread-multi-64 /home/cpan/pit/thr/perl-5.12.3/lib/5.12.3 .) at /home/cpan/pit/thr/perl-5.12.3/lib/5.12.3/parent.pm line 20.
# BEGIN failed--compilation aborted at lib/WebSocket/HeaderValue.pm line 16.
# Compilation failed in require at /home/cpan/pit/thr/perl-5.12.3/lib/5.12.3/parent.pm line 20.
# BEGIN failed--compilation aborted at lib/WebSocket/Extension.pm line 16.
# Compilation failed in require at t/001_load.t line 25.
# BEGIN failed--compilation aborted at t/001_load.t line 25.

#   Failed test 'use WebSocket::Frame;'
#   at t/001_load.t line 25.
#     Tried to use 'WebSocket::Frame'.
#     Error:  Attempt to reload WebSocket.pm aborted.
# Compilation failed in require at lib/WebSocket/Frame.pm line 18.
# BEGIN failed--compilation aborted at lib/WebSocket/Frame.pm line 18.
# Compilation failed in require at t/001_load.t line 25.
# BEGIN failed--compilation aborted at t/001_load.t line 25.

#   Failed test 'use WebSocket::Handshake;'
#   at t/001_load.t line 25.
#     Tried to use 'WebSocket::Handshake'.
#     Error:  Attempt to reload WebSocket.pm aborted.
# Compilation failed in require at /home/cpan/pit/thr/perl-5.12.3/lib/5.12.3/parent.pm line 20.
# BEGIN failed--compilation aborted at lib/WebSocket/Handshake.pm line 16.
# Compilation failed in require at t/001_load.t line 25.
# BEGIN failed--compilation aborted at t/001_load.t line 25.

#   Failed test 'use WebSocket::Handshake::Client;'
#   at t/001_load.t line 25.
#     Tried to use 'WebSocket::Handshake::Client'.
#     Error:  Attempt to reload WebSocket/Handshake.pm aborted.
# Compilation failed in require at /home/cpan/pit/thr/perl-5.12.3/lib/5.12.3/parent.pm line 20.
# BEGIN failed--compilation aborted at lib/WebSocket/Handshake/Client.pm line 16.
# Compilation failed in require at t/001_load.t line 25.
# BEGIN failed--compilation aborted at t/001_load.t line 25.

#   Failed test 'use WebSocket::Handshake::Server;'
#   at t/001_load.t line 25.
#     Tried to use 'WebSocket::Handshake::Server'.
#     Error:  Attempt to reload WebSocket/Handshake.pm aborted.
# Compilation failed in require at /home/cpan/pit/thr/perl-5.12.3/lib/5.12.3/parent.pm line 20.
# BEGIN failed--compilation aborted at lib/WebSocket/Handshake/Server.pm line 16.
# Compilation failed in require at t/001_load.t line 25.
# BEGIN failed--compilation aborted at t/001_load.t line 25.

#   Failed test 'use WebSocket::HeaderValue;'
#   at t/001_load.t line 25.
#     Tried to use 'WebSocket::HeaderValue'.
#     Error:  Attempt to reload WebSocket/HeaderValue.pm aborted.
# Compilation failed in require at t/001_load.t line 25.
# BEGIN failed--compilation aborted at t/001_load.t line 25.

#   Failed test 'use WebSocket::Headers;'
#   at t/001_load.t line 25.
#     Tried to use 'WebSocket::Headers'.
#     Error:  Can't locate HTTP/Headers.pm in @INC (@INC contains: ./lib /home/cpan/pit/thr/conf/perl-5.12.3/.cpanplus/5.12.3/build/L3E1FQB_m_/WebSocket-v0.1.1/blib/lib /home/cpan/pit/thr/conf/perl-5.12.3/.cpanplus/5.12.3/build/L3E1FQB_m_/WebSocket-v0.1.1/blib/arch /home/cpan/pit/jail/xhLB6WGN5K/lib/perl5/5.12.3/i86pc-solaris-thread-multi-64 /home/cpan/pit/jail/xhLB6WGN5K/lib/perl5/5.12.3 /home/cpan/pit/jail/xhLB6WGN5K/lib/perl5/i86pc-solaris-thread-multi-64 /home/cpan/pit/jail/xhLB6WGN5K/lib/perl5 /home/cpan/pit/thr/perl-5.12.3/lib/site_perl/5.12.3/i86pc-solaris-thread-multi-64 /home/cpan/pit/thr/perl-5.12.3/lib/site_perl/5.12.3 /home/cpan/pit/thr/perl-5.12.3/lib/5.12.3/i86pc-solaris-thread-multi-64 /home/cpan/pit/thr/perl-5.12.3/lib/5.12.3 .) at /home/cpan/pit/thr/perl-5.12.3/lib/5.12.3/parent.pm line 20.
# BEGIN failed--compilation aborted at lib/WebSocket/Headers.pm line 16.
# Compilation failed in require at t/001_load.t line 25.
# BEGIN failed--compilation aborted at t/001_load.t line 25.

#   Failed test 'use WebSocket::Request;'
#   at t/001_load.t line 25.
#     Tried to use 'WebSocket::Request'.
#     Error:  Attempt to reload WebSocket/Common.pm aborted.
# Compilation failed in require at lib/WebSocket/Request.pm line 18.
# BEGIN failed--compilation aborted at lib/WebSocket/Request.pm line 18.
# Compilation failed in require at t/001_load.t line 25.
# BEGIN failed--compilation aborted at t/001_load.t line 25.

#   Failed test 'use WebSocket::Response;'
#   at t/001_load.t line 25.
#     Tried to use 'WebSocket::Response'.
#     Error:  Attempt to reload WebSocket/Common.pm aborted.
# Compilation failed in require at lib/WebSocket/Response.pm line 18.
# BEGIN failed--compilation aborted at lib/WebSocket/Response.pm line 18.
# Compilation failed in require at t/001_load.t line 25.
# BEGIN failed--compilation aborted at t/001_load.t line 25.

#   Failed test 'use WebSocket::Server;'
#   at t/001_load.t line 25.
#     Tried to use 'WebSocket::Server'.
#     Error:  Attempt to reload WebSocket.pm aborted.
# Compilation failed in require at lib/WebSocket/Server.pm line 20.
# BEGIN failed--compilation aborted at lib/WebSocket/Server.pm line 20.
# Compilation failed in require at t/001_load.t line 25.
# BEGIN failed--compilation aborted at t/001_load.t line 25.

#   Failed test 'use WebSocket::Version;'
#   at t/001_load.t line 25.
#     Tried to use 'WebSocket::Version'.
#     Error:  Can't locate Module/Generic.pm in @INC (@INC contains: ./lib /home/cpan/pit/thr/conf/perl-5.12.3/.cpanplus/5.12.3/build/L3E1FQB_m_/WebSocket-v0.1.1/blib/lib /home/cpan/pit/thr/conf/perl-5.12.3/.cpanplus/5.12.3/build/L3E1FQB_m_/WebSocket-v0.1.1/blib/arch /home/cpan/pit/jail/xhLB6WGN5K/lib/perl5/5.12.3/i86pc-solaris-thread-multi-64 /home/cpan/pit/jail/xhLB6WGN5K/lib/perl5/5.12.3 /home/cpan/pit/jail/xhLB6WGN5K/lib/perl5/i86pc-solaris-thread-multi-64 /home/cpan/pit/jail/xhLB6WGN5K/lib/perl5 /home/cpan/pit/thr/perl-5.12.3/lib/site_perl/5.12.3/i86pc-solaris-thread-multi-64 /home/cpan/pit/thr/perl-5.12.3/lib/site_perl/5.12.3 /home/cpan/pit/thr/perl-5.12.3/lib/5.12.3/i86pc-solaris-thread-multi-64 /home/cpan/pit/thr/perl-5.12.3/lib/5.12.3 .) at /home/cpan/pit/thr/perl-5.12.3/lib/5.12.3/parent.pm line 20.
# BEGIN failed--compilation aborted at lib/WebSocket/Version.pm line 17.
# Compilation failed in require at t/001_load.t line 25.
# BEGIN failed--compilation aborted at t/001_load.t line 25.
# Looks like you failed 15 tests of 15.
t/001_load.t .......... 
Dubious, test returned 15 (wstat 3840, 0xf00)
Failed 15/15 subtests 

#   Failed test 'use WebSocket::Frame;'
#   at t/002_frame.t line 11.
#     Tried to use 'WebSocket::Frame'.
#     Error:  Can't locate Module/Generic.pm in @INC (@INC contains: ./lib /home/cpan/pit/thr/conf/perl-5.12.3/.cpanplus/5.12.3/build/L3E1FQB_m_/WebSocket-v0.1.1/blib/lib /home/cpan/pit/thr/conf/perl-5.12.3/.cpanplus/5.12.3/build/L3E1FQB_m_/WebSocket-v0.1.1/blib/arch /home/cpan/pit/jail/xhLB6WGN5K/lib/perl5/5.12.3/i86pc-solaris-thread-multi-64 /home/cpan/pit/jail/xhLB6WGN5K/lib/perl5/5.12.3 /home/cpan/pit/jail/xhLB6WGN5K/lib/perl5/i86pc-solaris-thread-multi-64 /home/cpan/pit/jail/xhLB6WGN5K/lib/perl5 /home/cpan/pit/thr/perl-5.12.3/lib/site_perl/5.12.3/i86pc-solaris-thread-multi-64 /home/cpan/pit/thr/perl-5.12.3/lib/site_perl/5.12.3 /home/cpan/pit/thr/perl-5.12.3/lib/5.12.3/i86pc-solaris-thread-multi-64 /home/cpan/pit/thr/perl-5.12.3/lib/5.12.3 .) at /home/cpan/pit/thr/perl-5.12.3/lib/5.12.3/parent.pm line 20.
# BEGIN failed--compilation aborted at lib/WebSocket.pm line 16.
# Compilation failed in require at lib/WebSocket/Frame.pm line 18.
# BEGIN failed--compilation aborted at lib/WebSocket/Frame.pm line 18.
# Compilation failed in require at t/002_frame.t line 11.
# BEGIN failed--compilation aborted at t/002_frame.t line 11.
Can't locate object method "new" via package "WebSocket::Frame" at t/002_frame.t line 13.
# Tests were run but no plan was declared and done_testing() was not seen.
# Looks like your test exited with 255 just after 1.
t/002_frame.t ......... 
Dubious, test returned 255 (wstat 65280, 0xff00)
Failed 1/1 subtests 

#   Failed test 'use WebSocket::Frame;'
#   at t/003_rsv.t line 15.
#     Tried to use 'WebSocket::Frame'.
#     Error:  Can't locate Module/Generic.pm in @INC (@INC contains: /home/cpan/pit/thr/conf/perl-5.12.3/.cpanplus/5.12.3/build/L3E1FQB_m_/WebSocket-v0.1.1/t/../t /home/cpan/pit/thr/conf/perl-5.12.3/.cpanplus/5.12.3/build/L3E1FQB_m_/WebSocket-v0.1.1/t/../lib /home/cpan/pit/thr/conf/perl-5.12.3/.cpanplus/5.12.3/build/L3E1FQB_m_/WebSocket-v0.1.1/blib/lib /home/cpan/pit/thr/conf/perl-5.12.3/.cpanplus/5.12.3/build/L3E1FQB_m_/WebSocket-v0.1.1/blib/arch /home/cpan/pit/jail/xhLB6WGN5K/lib/perl5/5.12.3/i86pc-solaris-thread-multi-64 /home/cpan/pit/jail/xhLB6WGN5K/lib/perl5/5.12.3 /home/cpan/pit/jail/xhLB6WGN5K/lib/perl5/i86pc-solaris-thread-multi-64 /home/cpan/pit/jail/xhLB6WGN5K/lib/perl5 /home/cpan/pit/thr/perl-5.12.3/lib/site_perl/5.12.3/i86pc-solaris-thread-multi-64 /home/cpan/pit/thr/perl-5.12.3/lib/site_perl/5.12.3 /home/cpan/pit/thr/perl-5.12.3/lib/5.12.3/i86pc-solaris-thread-multi-64 /home/cpan/pit/thr/perl-5.12.3/lib/5.12.3 .) at /home/cpan/pit/thr/perl-5.12.3/lib/5.12.3/parent.pm line 20.
# BEGIN failed--compilation aborted at /home/cpan/pit/thr/conf/perl-5.12.3/.cpanplus/5.12.3/build/L3E1FQB_m_/WebSocket-v0.1.1/t/../lib/WebSocket.pm line 16.
# Compilation failed in require at /home/cpan/pit/thr/conf/perl-5.12.3/.cpanplus/5.12.3/build/L3E1FQB_m_/WebSocket-v0.1.1/t/../lib/WebSocket/Frame.pm line 18.
# BEGIN failed--compilation aborted at /home/cpan/pit/thr/conf/perl-5.12.3/.cpanplus/5.12.3/build/L3E1FQB_m_/WebSocket-v0.1.1/t/../lib/WebSocket/Frame.pm line 18.
# Compilation failed in require at t/003_rsv.t line 15.
# BEGIN failed--compilation aborted at t/003_rsv.t line 15.
Can't locate object method "new" via package "WebSocket::Frame" at t/003_rsv.t line 17.
# Tests were run but no plan was declared and done_testing() was not seen.
# Looks like your test exited with 255 just after 1.
t/003_rsv.t ........... 
Dubious, test returned 255 (wstat 65280, 0xff00)
Failed 1/1 subtests 
Can't locate Module/Generic.pm in @INC (@INC contains: ./lib /home/cpan/pit/thr/conf/perl-5.12.3/.cpanplus/5.12.3/build/L3E1FQB_m_/WebSocket-v0.1.1/blib/lib /home/cpan/pit/thr/conf/perl-5.12.3/.cpanplus/5.12.3/build/L3E1FQB_m_/WebSocket-v0.1.1/blib/arch /home/cpan/pit/jail/xhLB6WGN5K/lib/perl5/5.12.3/i86pc-solaris-thread-multi-64 /home/cpan/pit/jail/xhLB6WGN5K/lib/perl5/5.12.3 /home/cpan/pit/jail/xhLB6WGN5K/lib/perl5/i86pc-solaris-thread-multi-64 /home/cpan/pit/jail/xhLB6WGN5K/lib/perl5 /home/cpan/pit/thr/perl-5.12.3/lib/site_perl/5.12.3/i86pc-solaris-thread-multi-64 /home/cpan/pit/thr/perl-5.12.3/lib/site_perl/5.12.3 /home/cpan/pit/thr/perl-5.12.3/lib/5.12.3/i86pc-solaris-thread-multi-64 /home/cpan/pit/thr/perl-5.12.3/lib/5.12.3 .) at /home/cpan/pit/thr/perl-5.12.3/lib/5.12.3/parent.pm line 20.
BEGIN failed--compilation aborted at lib/WebSocket.pm line 16.
Compilation failed in require at lib/WebSocket/Common.pm line 18.
BEGIN failed--compilation aborted at lib/WebSocket/Common.pm line 18.
Compilation failed in require at t/004_parse_chunk.t line 9.
BEGIN failed--compilation aborted at t/004_parse_chunk.t line 9.
t/004_parse_chunk.t ... 
Dubious, test returned 2 (wstat 512, 0x200)
No subtests run 

#   Failed test 'use WebSocket::Request;'
#   at t/005_request.t line 11.
#     Tried to use 'WebSocket::Request'.
#     Error:  Can't locate Module/Generic.pm in @INC (@INC contains: ./lib /home/cpan/pit/thr/conf/perl-5.12.3/.cpanplus/5.12.3/build/L3E1FQB_m_/WebSocket-v0.1.1/blib/lib /home/cpan/pit/thr/conf/perl-5.12.3/.cpanplus/5.12.3/build/L3E1FQB_m_/WebSocket-v0.1.1/blib/arch /home/cpan/pit/jail/xhLB6WGN5K/lib/perl5/5.12.3/i86pc-solaris-thread-multi-64 /home/cpan/pit/jail/xhLB6WGN5K/lib/perl5/5.12.3 /home/cpan/pit/jail/xhLB6WGN5K/lib/perl5/i86pc-solaris-thread-multi-64 /home/cpan/pit/jail/xhLB6WGN5K/lib/perl5 /home/cpan/pit/thr/perl-5.12.3/lib/site_perl/5.12.3/i86pc-solaris-thread-multi-64 /home/cpan/pit/thr/perl-5.12.3/lib/site_perl/5.12.3 /home/cpan/pit/thr/perl-5.12.3/lib/5.12.3/i86pc-solaris-thread-multi-64 /home/cpan/pit/thr/perl-5.12.3/lib/5.12.3 .) at /home/cpan/pit/thr/perl-5.12.3/lib/5.12.3/parent.pm line 20.
# BEGIN failed--compilation aborted at lib/WebSocket.pm line 16.
# Compilation failed in require at lib/WebSocket/Common.pm line 18.
# BEGIN failed--compilation aborted at lib/WebSocket/Common.pm line 18.
# Compilation failed in require at lib/WebSocket/Request.pm line 18.
# BEGIN failed--compilation aborted at lib/WebSocket/Request.pm line 18.
# Compilation failed in require at t/005_request.t line 11.
# BEGIN failed--compilation aborted at t/005_request.t line 11.
Can't locate object method "new" via package "WebSocket::Request" at t/005_request.t line 12.
# Tests were run but no plan was declared and done_testing() was not seen.
# Looks like your test exited with 255 just after 1.
t/005_request.t ....... 
Dubious, test returned 255 (wstat 65280, 0xff00)
Failed 1/1 subtests 

#   Failed test 'use WebSocket::Response;'
#   at t/006_response.t line 11.
#     Tried to use 'WebSocket::Response'.
#     Error:  Can't locate Module/Generic.pm in @INC (@INC contains: ./lib /home/cpan/pit/thr/conf/perl-5.12.3/.cpanplus/5.12.3/build/L3E1FQB_m_/WebSocket-v0.1.1/blib/lib /home/cpan/pit/thr/conf/perl-5.12.3/.cpanplus/5.12.3/build/L3E1FQB_m_/WebSocket-v0.1.1/blib/arch /home/cpan/pit/jail/xhLB6WGN5K/lib/perl5/5.12.3/i86pc-solaris-thread-multi-64 /home/cpan/pit/jail/xhLB6WGN5K/lib/perl5/5.12.3 /home/cpan/pit/jail/xhLB6WGN5K/lib/perl5/i86pc-solaris-thread-multi-64 /home/cpan/pit/jail/xhLB6WGN5K/lib/perl5 /home/cpan/pit/thr/perl-5.12.3/lib/site_perl/5.12.3/i86pc-solaris-thread-multi-64 /home/cpan/pit/thr/perl-5.12.3/lib/site_perl/5.12.3 /home/cpan/pit/thr/perl-5.12.3/lib/5.12.3/i86pc-solaris-thread-multi-64 /home/cpan/pit/thr/perl-5.12.3/lib/5.12.3 .) at /home/cpan/pit/thr/perl-5.12.3/lib/5.12.3/parent.pm line 20.
# BEGIN failed--compilation aborted at lib/WebSocket.pm line 16.
# Compilation failed in require at lib/WebSocket/Common.pm line 18.
# BEGIN failed--compilation aborted at lib/WebSocket/Common.pm line 18.
# Compilation failed in require at lib/WebSocket/Response.pm line 18.
# BEGIN failed--compilation aborted at lib/WebSocket/Response.pm line 18.
# Compilation failed in require at t/006_response.t line 11.
# BEGIN failed--compilation aborted at t/006_response.t line 11.
Can't locate object method "new" via package "WebSocket::Response" at t/006_response.t line 15.
# Tests were run but no plan was declared and done_testing() was not seen.
# Looks like your test exited with 255 just after 1.
t/006_response.t ...... 
Dubious, test returned 255 (wstat 65280, 0xff00)
Failed 1/1 subtests 
Can't locate Module/Generic.pm in @INC (@INC contains: ./lib /home/cpan/pit/thr/conf/perl-5.12.3/.cpanplus/5.12.3/build/L3E1FQB_m_/WebSocket-v0.1.1/blib/lib /home/cpan/pit/thr/conf/perl-5.12.3/.cpanplus/5.12.3/build/L3E1FQB_m_/WebSocket-v0.1.1/blib/arch /home/cpan/pit/jail/xhLB6WGN5K/lib/perl5/5.12.3/i86pc-solaris-thread-multi-64 /home/cpan/pit/jail/xhLB6WGN5K/lib/perl5/5.12.3 /home/cpan/pit/jail/xhLB6WGN5K/lib/perl5/i86pc-solaris-thread-multi-64 /home/cpan/pit/jail/xhLB6WGN5K/lib/perl5 /home/cpan/pit/thr/perl-5.12.3/lib/site_perl/5.12.3/i86pc-solaris-thread-multi-64 /home/cpan/pit/thr/perl-5.12.3/lib/site_perl/5.12.3 /home/cpan/pit/thr/perl-5.12.3/lib/5.12.3/i86pc-solaris-thread-multi-64 /home/cpan/pit/thr/perl-5.12.3/lib/5.12.3 .) at /home/cpan/pit/thr/perl-5.12.3/lib/5.12.3/parent.pm line 20.
BEGIN failed--compilation aborted at lib/WebSocket.pm line 16.
Compilation failed in require at /home/cpan/pit/thr/perl-5.12.3/lib/5.12.3/parent.pm line 20.
BEGIN failed--compilation aborted at lib/WebSocket/Handshake.pm line 16.
Compilation failed in require at /home/cpan/pit/thr/perl-5.12.3/lib/5.12.3/parent.pm line 20.
BEGIN failed--compilation aborted at lib/WebSocket/Handshake/Client.pm line 16.
Compilation failed in require at t/007_server.t line 8.
BEGIN failed--compilation aborted at t/007_server.t line 8.
t/007_server.t ........ 
Dubious, test returned 2 (wstat 512, 0x200)
No subtests run 
Can't locate Module/Generic/File.pm in @INC (@INC contains: ./lib /home/cpan/pit/thr/conf/perl-5.12.3/.cpanplus/5.12.3/build/L3E1FQB_m_/WebSocket-v0.1.1/blib/lib /home/cpan/pit/thr/conf/perl-5.12.3/.cpanplus/5.12.3/build/L3E1FQB_m_/WebSocket-v0.1.1/blib/arch /home/cpan/pit/jail/xhLB6WGN5K/lib/perl5/5.12.3/i86pc-solaris-thread-multi-64 /home/cpan/pit/jail/xhLB6WGN5K/lib/perl5/5.12.3 /home/cpan/pit/jail/xhLB6WGN5K/lib/perl5/i86pc-solaris-thread-multi-64 /home/cpan/pit/jail/xhLB6WGN5K/lib/perl5 /home/cpan/pit/thr/perl-5.12.3/lib/site_perl/5.12.3/i86pc-solaris-thread-multi-64 /home/cpan/pit/thr/perl-5.12.3/lib/site_perl/5.12.3 /home/cpan/pit/thr/perl-5.12.3/lib/5.12.3/i86pc-solaris-thread-multi-64 /home/cpan/pit/thr/perl-5.12.3/lib/5.12.3 .) at t/008_client.t line 11.
BEGIN failed--compilation aborted at t/008_client.t line 11.
t/008_client.t ........ 
Dubious, test returned 2 (wstat 512, 0x200)
No subtests run 
Can't locate Module/Generic.pm in @INC (@INC contains: ./lib /home/cpan/pit/thr/conf/perl-5.12.3/.cpanplus/5.12.3/build/L3E1FQB_m_/WebSocket-v0.1.1/blib/lib /home/cpan/pit/thr/conf/perl-5.12.3/.cpanplus/5.12.3/build/L3E1FQB_m_/WebSocket-v0.1.1/blib/arch /home/cpan/pit/jail/xhLB6WGN5K/lib/perl5/5.12.3/i86pc-solaris-thread-multi-64 /home/cpan/pit/jail/xhLB6WGN5K/lib/perl5/5.12.3 /home/cpan/pit/jail/xhLB6WGN5K/lib/perl5/i86pc-solaris-thread-multi-64 /home/cpan/pit/jail/xhLB6WGN5K/lib/perl5 /home/cpan/pit/thr/perl-5.12.3/lib/site_perl/5.12.3/i86pc-solaris-thread-multi-64 /home/cpan/pit/thr/perl-5.12.3/lib/site_perl/5.12.3 /home/cpan/pit/thr/perl-5.12.3/lib/5.12.3/i86pc-solaris-thread-multi-64 /home/cpan/pit/thr/perl-5.12.3/lib/5.12.3 .) at /home/cpan/pit/thr/perl-5.12.3/lib/5.12.3/parent.pm line 20.
BEGIN failed--compilation aborted at lib/WebSocket.pm line 16.
Compilation failed in require at lib/WebSocket/Common.pm line 18.
BEGIN failed--compilation aborted at lib/WebSocket/Common.pm line 18.
Compilation failed in require at lib/WebSocket/Request.pm line 18.
BEGIN failed--compilation aborted at lib/WebSocket/Request.pm line 18.
Compilation failed in require at t/009_version.t line 8.
BEGIN failed--compilation aborted at t/009_version.t line 8.
t/009_version.t ....... 
Dubious, test returned 2 (wstat 512, 0x200)
No subtests run 
t/090_pod.t ........... skipped: Test::Pod 1.00 required for testing POD
t/091_pod_coverage.t .. skipped: These tests are for author or release candidate testing
t/099_kwalitee.t ...... skipped: These tests are for author or release candidate testing

Test Summary Report
-------------------
t/001_load.t        (Wstat: 3840 Tests: 15 Failed: 15)
  Failed tests:  1-15
  Non-zero exit status: 15
t/002_frame.t       (Wstat: 65280 Tests: 1 Failed: 1)
  Failed test:  1
  Non-zero exit status: 255
  Parse errors: No plan found in TAP output
t/003_rsv.t         (Wstat: 65280 Tests: 1 Failed: 1)
  Failed test:  1
  Non-zero exit status: 255
  Parse errors: No plan found in TAP output
t/004_parse_chunk.t (Wstat: 512 Tests: 0 Failed: 0)
  Non-zero exit status: 2
  Parse errors: No plan found in TAP output
t/005_request.t     (Wstat: 65280 Tests: 1 Failed: 1)
  Failed test:  1
  Non-zero exit status: 255
  Parse errors: No plan found in TAP output
t/006_response.t    (Wstat: 65280 Tests: 1 Failed: 1)
  Failed test:  1
  Non-zero exit status: 255
  Parse errors: No plan found in TAP output
t/007_server.t      (Wstat: 512 Tests: 0 Failed: 0)
  Non-zero exit status: 2
  Parse errors: No plan found in TAP output
t/008_client.t      (Wstat: 512 Tests: 0 Failed: 0)
  Non-zero exit status: 2
  Parse errors: No plan found in TAP output
t/009_version.t     (Wstat: 512 Tests: 0 Failed: 0)
  Non-zero exit status: 2
  Parse errors: No plan found in TAP output
Files=12, Tests=19,  2 wallclock secs ( 0.08 usr  0.06 sys +  1.39 cusr  0.37 csys =  1.89 CPU)
Result: FAIL
Failed 9/12 test programs. 19/19 subtests failed.
*** Error code 255
make: Fatal error: Command failed for target `test_dynamic'



MISSING PREREQUISITES:

It was observed that the test suite seem to fail without these modules:

Module::Generic
HTTP::Headers
Module::Generic::File

As such, adding the prerequisite module(s) to 'PREREQ_PM' in your
Makefile.PL should solve this problem.  For example:

WriteMakefile(
    AUTHOR      => 'JDEGUEST (cpanplus-info@lists.sf.net)',
    ... # other information
    PREREQ_PM   => {
	'Module::Generic'	=> '0', # or a minimum working version
	'HTTP::Headers'	=> '0', # or a minimum working version
	'Module::Generic::File'	=> '0', # or a minimum working version
    }
);

Thanks! :-)

PREREQUISITES:

Here is a list of prerequisites you specified and versions we
managed to load:

	  Module Name                        Have     Want
	  ExtUtils::MakeMaker                7.62        0
	  Test::Simple                   1.302186     0.44

Perl module toolchain versions installed:
	Module Name                        Have
	CPANPLUS                         0.9912
	CPANPLUS::Dist::Build              0.90
	Cwd                                3.75
	ExtUtils::CBuilder             0.280236
	ExtUtils::Command                  7.62
	ExtUtils::Install                  2.20
	ExtUtils::MakeMaker                7.62
	ExtUtils::Manifest                 1.73
	ExtUtils::ParseXS                  3.35
	File::Spec                         3.75
	Module::Build                    0.4231
	Pod::Parser                        1.37
	Pod::Simple                        3.14
	Test2                          1.302186
	Test::Harness                      3.42
	Test::More                     1.302186
	version                          0.9929

******************************** NOTE ********************************
The comments above are created mechanically, possibly without manual
checking by the sender.  As there are many people performing automatic
tests on each upload to CPAN, it is likely that you will receive
identical messages about the same problem.

If you believe that the message is mistaken, please reply to the first
one with correction and/or additional informations, and do not take
it personally.  We appreciate your patience. :)
**********************************************************************

Additional comments:


This report was machine-generated by CPANPLUS::Dist::YACSmoke 1.08.
Powered by minismokebox version 0.68

CPANPLUS is prefering Build.PL

------------------------------
ENVIRONMENT AND OTHER CONTEXT
------------------------------

Environment variables:

    AUTOMATED_TESTING = 1
    LANG = en_GB.UTF-8
    NONINTERACTIVE_TESTING = 1
    PATH = /home/cpan/pit/jail/xhLB6WGN5K/bin:/usr/bin:/usr/sbin:/sbin:/opt/ooce/bin:/usr/gnu/bin
    PERL5LIB = /home/cpan/pit/jail/xhLB6WGN5K/lib/perl5:/home/cpan/pit/thr/conf/perl-5.12.3/.cpanplus/5.12.3/build/L3E1FQB_m_/WebSocket-v0.1.1/blib/lib:/home/cpan/pit/thr/conf/perl-5.12.3/.cpanplus/5.12.3/build/L3E1FQB_m_/WebSocket-v0.1.1/blib/arch
    PERL5_CPANPLUS_IS_RUNNING = 9995
    PERL5_CPANPLUS_IS_VERSION = 0.9912
    PERL5_MINISMOKEBOX = 0.68
    PERL5_YACSMOKE_BASE = /home/cpan/pit/thr/conf/perl-5.12.3
    PERL_EXTUTILS_AUTOINSTALL = --defaultdeps
    PERL_LOCAL_LIB_ROOT = /home/cpan/pit/jail/xhLB6WGN5K
    PERL_MB_OPT = --install_base "/home/cpan/pit/jail/xhLB6WGN5K"
    PERL_MM_OPT = INSTALL_BASE=/home/cpan/pit/jail/xhLB6WGN5K
    PERL_MM_USE_DEFAULT = 1
    SHELL = /bin/bash
    TERM = screen.xterm-256color

Perl special variables (and OS-specific diagnostics, for MSWin32):

    Perl: $^X = /home/cpan/pit/thr/perl-5.12.3/bin/perl
    UID:  $<  = 101
    EUID: $>  = 101
    GID:  $(  = 101 101
    EGID: $)  = 101 101


-------------------------------


--

Summary of my perl5 (revision 5 version 12 subversion 3) configuration:
   
  Platform:
    osname=solaris, osvers=2.11, archname=i86pc-solaris-thread-multi-64
    uname='sunos ouzel 5.11 omnios-r151034-0d278a0cc5 i86pc i386 i86pc '
    config_args='-des -Dprefix=/home/cpan/pit/thr/perl-5.12.3 -Dusethreads -Duse64bitall -Dcc=gcc'
    hint=recommended, useposix=true, d_sigaction=define
    useithreads=define, usemultiplicity=define
    useperlio=define, d_sfio=undef, uselargefiles=define, usesocks=undef
    use64bitint=define, use64bitall=define, uselongdouble=undef
    usemymalloc=n, bincompat5005=undef
  Compiler:
    cc='gcc', ccflags ='-D_REENTRANT -m64 -fwrapv -fno-strict-aliasing -pipe -fstack-protector -D_LARGEFILE_SOURCE -D_FILE_OFFSET_BITS=64 -DPERL_USE_SAFE_PUTENV',
    optimize='-O',
    cppflags='-D_REENTRANT -m64 -fwrapv -fno-strict-aliasing -pipe -fstack-protector'
    ccversion='', gccversion='9.3.0', gccosandvers=''
    intsize=4, longsize=8, ptrsize=8, doublesize=8, byteorder=12345678
    d_longlong=define, longlongsize=8, d_longdbl=define, longdblsize=16
    ivtype='long', ivsize=8, nvtype='double', nvsize=8, Off_t='off_t', lseeksize=8
    alignbytes=8, prototype=define
  Linker and Libraries:
    ld='gcc', ldflags =' -m64 -fstack-protector -L/usr/gnu/lib '
    libpth=/usr/gnu/lib /usr/lib /usr/ccs/lib
    libs=-lsocket -lnsl -ldl -lm -lpthread -lc
    perllibs=-lsocket -lnsl -ldl -lm -lpthread -lc
    libc=/lib/libc.so, so=so, useshrplib=true, libperl=libperl.so
    gnulibc_version=''
  Dynamic Linking:
    dlsrc=dl_dlopen.xs, dlext=so, d_dlsymun=undef, ccdlflags='  -R /home/cpan/pit/thr/perl-5.12.3/lib/5.12.3/i86pc-solaris-thread-multi-64/CORE'
    cccdlflags='-fPIC', lddlflags=' -shared -m64 -L/usr/gnu/lib -fstack-protector'


Characteristics of this binary (from libperl): 
  Compile-time options: MULTIPLICITY PERL_DONT_CREATE_GVSV
                        PERL_IMPLICIT_CONTEXT PERL_MALLOC_WRAP
                        PERL_USE_SAFE_PUTENV USE_64_BIT_ALL USE_64_BIT_INT
                        USE_ITHREADS USE_LARGE_FILES USE_PERLIO USE_PERL_ATOF
                        USE_REENTRANT_API
  Locally applied patches:
	Devel::PatchPerl 2.00
  Built under solaris
  Compiled at Aug 19 2020 22:14:01
  %ENV:
    PERL5LIB="/home/cpan/pit/jail/xhLB6WGN5K/lib/perl5:/home/cpan/pit/thr/conf/perl-5.12.3/.cpanplus/5.12.3/build/L3E1FQB_m_/WebSocket-v0.1.1/blib/lib:/home/cpan/pit/thr/conf/perl-5.12.3/.cpanplus/5.12.3/build/L3E1FQB_m_/WebSocket-v0.1.1/blib/arch"
    PERL5_CPANPLUS_IS_RUNNING="9995"
    PERL5_CPANPLUS_IS_VERSION="0.9912"
    PERL5_MINISMOKEBOX="0.68"
    PERL5_YACSMOKE_BASE="/home/cpan/pit/thr/conf/perl-5.12.3"
    PERL_EXTUTILS_AUTOINSTALL="--defaultdeps"
    PERL_LOCAL_LIB_ROOT="/home/cpan/pit/jail/xhLB6WGN5K"
    PERL_MB_OPT="--install_base "/home/cpan/pit/jail/xhLB6WGN5K""
    PERL_MM_OPT="INSTALL_BASE=/home/cpan/pit/jail/xhLB6WGN5K"
    PERL_MM_USE_DEFAULT="1"
  @INC:
    /home/cpan/pit/jail/xhLB6WGN5K/lib/perl5/5.12.3/i86pc-solaris-thread-multi-64
    /home/cpan/pit/jail/xhLB6WGN5K/lib/perl5/5.12.3
    /home/cpan/pit/jail/xhLB6WGN5K/lib/perl5/i86pc-solaris-thread-multi-64
    /home/cpan/pit/jail/xhLB6WGN5K/lib/perl5
    /home/cpan/pit/thr/conf/perl-5.12.3/.cpanplus/5.12.3/build/L3E1FQB_m_/WebSocket-v0.1.1/blib/lib
    /home/cpan/pit/thr/conf/perl-5.12.3/.cpanplus/5.12.3/build/L3E1FQB_m_/WebSocket-v0.1.1/blib/arch
    /home/cpan/pit/thr/perl-5.12.3/lib/site_perl/5.12.3/i86pc-solaris-thread-multi-64
    /home/cpan/pit/thr/perl-5.12.3/lib/site_perl/5.12.3
    /home/cpan/pit/thr/perl-5.12.3/lib/5.12.3/i86pc-solaris-thread-multi-64
    /home/cpan/pit/thr/perl-5.12.3/lib/5.12.3
    .