Web-Components v0.12.5 Perl 5 v5.30.0 i686-linux-64int

Status
Fail
From
Chris Williams (BINGOS)
Dist
Web-Components v0.12.5
Platform
Perl 5 v5.30.0 i686-linux-64int
Date
2024-12-02 07:04:13
ID
a2ff039c-b07b-11ef-98b0-b3c3213a625c
This distribution has been tested as part of the CPAN Testers
project, supporting the Perl programming language.  See
http://wiki.cpantesters.org/ for more information or email
questions to cpan-testers-discuss@perl.org


--

Dear PJFL,

This is a computer-generated error report created automatically by
CPANPLUS, version 0.9914. Testers personal comments may appear
at the end of this report.


Thank you for uploading your work to CPAN.  However, it appears that
there were some problems testing your distribution.

TEST RESULTS:

Below is the error stack from stage 'make test':


OS: linux, Host: dagobah

=== Environment variables ===

    $AUTHOR_TESTING                   undef
    $AUTOMATED_TESTING                1
    $EXTENDED_TESTING                 undef
    $NONINTERACTIVE_TESTING           1
    $PERL_CPAN_REPORTER_CONFIG        undef
    $PERL_CR_SMOKER_CURRENT           undef
    $PERL5_CPAN_IS_RUNNING            undef
    $PERL5_CPANPLUS_IS_VERSION        0.9914
    $TEST_CRITIC                      undef
    $TEST_SPELLING                    undef

Versions for all modules listed in MYMETA.json (including optional ones):

=== Configure Requires ===

    Module          Want   Have
    ------------- ------ ------
    Module::Build 0.4004 0.4234
    version         0.88 0.9932

=== Build Requires ===

    Module          Want   Have
    ------------- ------ ------
    Module::Build 0.4004 0.4234
    version         0.88 0.9932

=== Test Requires ===

    Module              Want     Have
    ---------------- ------- --------
    Class::Null          any 2.110730
    Class::Usul      v0.65.0   0.84.1
    File::Spec           any     3.78
    Module::Build     0.4004   0.4234
    Module::Metadata     any 1.000036
    Sys::Hostname        any     1.22
    Test::Requires      0.06     0.11
    version             0.88   0.9932

=== Test Recommends ===

    Module         Want     Have
    ---------- -------- --------
    CPAN::Meta 2.120900 2.150010

=== Runtime Requires ===

    Module                     Want     Have
    ---------------------- -------- --------
    Exporter::Tiny         1.006000 1.006002
    File::DataClass         v0.73.1   0.73.1
    HTML::Tiny                 1.08     1.08
    HTTP::Message              6.44     7.00
    JSON::MaybeXS          1.004004 1.004008
    List::Util                 1.61     1.68
    Module::Pluggable           5.1      5.2
    Moo                    2.005005 2.005005
    Ref::Util                 0.204    0.204
    Try::Tiny                  0.31     0.32
    Type::Tiny             2.002001 2.006000
    Unexpected               v1.0.1    1.0.1
    Web::ComposableRequest  v0.20.1   0.20.1
    Web::Simple               0.033    0.033
    namespace::autoclean       0.29     0.31
    strictures                    2 2.000006

t/00report-metadata.t .. ok
t/02pod.t .............. skipped: POD test only for developers
t/03podcoverage.t ...... skipped: POD coverage test only for developers
t/05kwalitee.t ......... skipped: Kwalitee test only for developers
t/06yaml.t ............. skipped: YAML test only for developers
t/07podspelling.t ...... skipped: POD spelling test only for developers
Could not find sub 'BadCSRFToken' exported by Unexpected::Functions at /home/cpan/pit/64bit/conf/perl-5.30.0/.cpanplus/5.30.0/build/bfkaaA3diF/Web-Components-0.12.5/t/../lib/Web/Components/Model.pm line 7.
BEGIN failed--compilation aborted at /home/cpan/pit/64bit/conf/perl-5.30.0/.cpanplus/5.30.0/build/bfkaaA3diF/Web-Components-0.12.5/t/../lib/Web/Components/Model.pm line 7.
Compilation failed in require at t/10test_script.t line 29.
# Tests were run but no plan was declared and done_testing() was not seen.
# Looks like your test exited with 255 just after 1.
t/10test_script.t ...... 
Dubious, test returned 255 (wstat 65280, 0xff00)
All 1 subtests passed 

Test Summary Report
-------------------
t/10test_script.t    (Wstat: 65280 (exited 255) Tests: 1 Failed: 0)
  Non-zero exit status: 255
  Parse errors: No plan found in TAP output
Files=7, Tests=2,  1 wallclock secs ( 0.03 usr  0.01 sys +  0.56 cusr  0.11 csys =  0.71 CPU)
Result: FAIL
Failed 1/7 test programs. 0/2 subtests failed.


PREREQUISITES:

Here is a list of prerequisites you specified and versions we
managed to load:

	  Module Name                        Have     Want
	  Class::Null                    2.110730        0
	  Class::Usul                      0.84.1  v0.65.0
	  Exporter::Tiny                 1.006002 1.006000
	  File::DataClass                  0.73.1  v0.73.1
	  File::Spec                         3.78        0
	  HTML::Tiny                         1.08     1.08
	  HTTP::Message                      7.00     6.44
	  JSON::MaybeXS                  1.004008 1.004004
	  List::Util                         1.68     1.61
	  Module::Build                    0.4234   0.4004
	  Module::Metadata               1.000036        0
	  Module::Pluggable                   5.2      5.1
	  Moo                            2.005005 2.005005
	  Ref::Util                         0.204    0.204
	  Sys::Hostname                      1.22        0
	  Test::Requires                     0.11     0.06
	  Try::Tiny                          0.32     0.31
	  Type::Tiny                     2.006000 2.002001
	  Unexpected                        1.0.1   v1.0.1
	  Web::ComposableRequest           0.20.1  v0.20.1
	  Web::Simple                       0.033    0.033
	  namespace::autoclean               0.31     0.29
	  strictures                     2.000006        2
	  version                          0.9932     0.88

Perl module toolchain versions installed:
	Module Name                        Have
	CPANPLUS                         0.9914
	CPANPLUS::Dist::Build              0.90
	Cwd                                3.78
	ExtUtils::CBuilder             0.280236
	ExtUtils::Command                  7.70
	ExtUtils::Install                  2.22
	ExtUtils::MakeMaker                7.70
	ExtUtils::Manifest                 1.75
	ExtUtils::ParseXS                  3.51
	File::Spec                         3.78
	Module::Build                    0.4234
	Pod::Parser                        1.63
	Pod::Simple                        3.35
	Test2                          1.302204
	Test::Harness                      3.48
	Test::More                     1.302204
	version                          0.9932

******************************** NOTE ********************************
The comments above are created mechanically, possibly without manual
checking by the sender.  As there are many people performing automatic
tests on each upload to CPAN, it is likely that you will receive
identical messages about the same problem.

If you believe that the message is mistaken, please reply to the first
one with correction and/or additional informations, and do not take
it personally.  We appreciate your patience. :)
**********************************************************************

Additional comments:


This report was machine-generated by CPANPLUS::Dist::YACSmoke 1.08.
Powered by minismokebox version 0.68

CPANPLUS is prefering Build.PL

------------------------------
ENVIRONMENT AND OTHER CONTEXT
------------------------------

Environment variables:

    AUTOMATED_TESTING = 1
    LANG = en_GB.UTF-8
    LANGUAGE = en_GB:en
    NONINTERACTIVE_TESTING = 1
    PATH = /usr/local/bin:/usr/bin:/bin:/usr/local/games:/usr/games
    PERL5LIB = /home/cpan/pit/jail/1FkBKeuFKR/lib/perl5:/home/cpan/pit/64bit/conf/perl-5.30.0/.cpanplus/5.30.0/build/bfkaaA3diF/Web-Components-0.12.5/blib/lib:/home/cpan/pit/64bit/conf/perl-5.30.0/.cpanplus/5.30.0/build/bfkaaA3diF/Web-Components-0.12.5/blib/arch
    PERL5_CPANPLUS_IS_RUNNING = 9965
    PERL5_CPANPLUS_IS_VERSION = 0.9914
    PERL5_MINISMOKEBOX = 0.68
    PERL5_YACSMOKE_BASE = /home/cpan/pit/64bit/conf/perl-5.30.0
    PERL_EXTUTILS_AUTOINSTALL = --defaultdeps
    PERL_LOCAL_LIB_ROOT = /home/cpan/pit/jail/1FkBKeuFKR
    PERL_MB_OPT = --install_base "/home/cpan/pit/jail/1FkBKeuFKR"
    PERL_MM_OPT = INSTALL_BASE=/home/cpan/pit/jail/1FkBKeuFKR
    PERL_MM_USE_DEFAULT = 1
    SHELL = /bin/bash
    TERM = screen.xterm-256color

Perl special variables (and OS-specific diagnostics, for MSWin32):

    Perl: $^X = /home/cpan/pit/64bit/perl-5.30.0/bin/perl
    UID:  $<  = 1001
    EUID: $>  = 1001
    GID:  $(  = 1001 1001
    EGID: $)  = 1001 1001


-------------------------------


--

Summary of my perl5 (revision 5 version 30 subversion 0) configuration:
   
  Platform:
    osname=linux
    osvers=5.10.0-12-686
    archname=i686-linux-64int
    uname='linux dagobah 5.10.0-12-686 #1 smp debian 5.10.103-1 (2022-03-07) i686 gnulinux '
    config_args='-des -Dprefix=/home/cpan/pit/64bit/perl-5.30.0 -Duse64bitint'
    hint=recommended
    useposix=true
    d_sigaction=define
    useithreads=undef
    usemultiplicity=undef
    use64bitint=define
    use64bitall=undef
    uselongdouble=undef
    usemymalloc=n
    default_inc_excludes_dot=define
    bincompat5005=undef
  Compiler:
    cc='cc'
    ccflags ='-fwrapv -fno-strict-aliasing -pipe -fstack-protector-strong -I/usr/local/include -D_LARGEFILE_SOURCE -D_FILE_OFFSET_BITS=64 -D_FORTIFY_SOURCE=2'
    optimize='-O2'
    cppflags='-fwrapv -fno-strict-aliasing -pipe -fstack-protector-strong -I/usr/local/include'
    ccversion=''
    gccversion='10.2.1 20210110'
    gccosandvers=''
    intsize=4
    longsize=4
    ptrsize=4
    doublesize=8
    byteorder=12345678
    doublekind=3
    d_longlong=define
    longlongsize=8
    d_longdbl=define
    longdblsize=12
    longdblkind=3
    ivtype='long long'
    ivsize=8
    nvtype='double'
    nvsize=8
    Off_t='off_t'
    lseeksize=8
    alignbytes=4
    prototype=define
  Linker and Libraries:
    ld='cc'
    ldflags =' -fstack-protector-strong -L/usr/local/lib'
    libpth=/usr/local/lib /usr/include/i386-linux-gnu /usr/lib /lib/i386-linux-gnu /lib/../lib /usr/lib/i386-linux-gnu /usr/lib/../lib /lib /lib64 /usr/lib64
    libs=-lpthread -lnsl -lgdbm -ldl -lm -lcrypt -lutil -lc
    perllibs=-lpthread -lnsl -ldl -lm -lcrypt -lutil -lc
    libc=libc-2.31.so
    so=so
    useshrplib=false
    libperl=libperl.a
    gnulibc_version='2.31'
  Dynamic Linking:
    dlsrc=dl_dlopen.xs
    dlext=so
    d_dlsymun=undef
    ccdlflags='-Wl,-E'
    cccdlflags='-fPIC'
    lddlflags='-shared -O2 -L/usr/local/lib -fstack-protector-strong'


Characteristics of this binary (from libperl): 
  Compile-time options:
    HAS_TIMES
    PERLIO_LAYERS
    PERL_COPY_ON_WRITE
    PERL_DONT_CREATE_GVSV
    PERL_MALLOC_WRAP
    PERL_OP_PARENT
    PERL_PRESERVE_IVUV
    USE_64_BIT_INT
    USE_LARGE_FILES
    USE_LOCALE
    USE_LOCALE_COLLATE
    USE_LOCALE_CTYPE
    USE_LOCALE_NUMERIC
    USE_LOCALE_TIME
    USE_PERLIO
    USE_PERL_ATOF
  Locally applied patches:
    Devel::PatchPerl 2.08
  Built under linux
  Compiled at Mar 19 2022 00:33:59
  %ENV:
    PERL5LIB="/home/cpan/pit/jail/1FkBKeuFKR/lib/perl5:/home/cpan/pit/64bit/conf/perl-5.30.0/.cpanplus/5.30.0/build/bfkaaA3diF/Web-Components-0.12.5/blib/lib:/home/cpan/pit/64bit/conf/perl-5.30.0/.cpanplus/5.30.0/build/bfkaaA3diF/Web-Components-0.12.5/blib/arch"
    PERL5_CPANPLUS_IS_RUNNING="9965"
    PERL5_CPANPLUS_IS_VERSION="0.9914"
    PERL5_MINISMOKEBOX="0.68"
    PERL5_YACSMOKE_BASE="/home/cpan/pit/64bit/conf/perl-5.30.0"
    PERL_EXTUTILS_AUTOINSTALL="--defaultdeps"
    PERL_LOCAL_LIB_ROOT="/home/cpan/pit/jail/1FkBKeuFKR"
    PERL_MB_OPT="--install_base "/home/cpan/pit/jail/1FkBKeuFKR""
    PERL_MM_OPT="INSTALL_BASE=/home/cpan/pit/jail/1FkBKeuFKR"
    PERL_MM_USE_DEFAULT="1"
  @INC:
    /home/cpan/pit/jail/1FkBKeuFKR/lib/perl5/5.30.0/i686-linux-64int
    /home/cpan/pit/jail/1FkBKeuFKR/lib/perl5/5.30.0
    /home/cpan/pit/jail/1FkBKeuFKR/lib/perl5/i686-linux-64int
    /home/cpan/pit/jail/1FkBKeuFKR/lib/perl5
    /home/cpan/pit/64bit/conf/perl-5.30.0/.cpanplus/5.30.0/build/bfkaaA3diF/Web-Components-0.12.5/blib/lib
    /home/cpan/pit/64bit/conf/perl-5.30.0/.cpanplus/5.30.0/build/bfkaaA3diF/Web-Components-0.12.5/blib/arch
    /home/cpan/pit/64bit/perl-5.30.0/lib/site_perl/5.30.0/i686-linux-64int
    /home/cpan/pit/64bit/perl-5.30.0/lib/site_perl/5.30.0
    /home/cpan/pit/64bit/perl-5.30.0/lib/5.30.0/i686-linux-64int
    /home/cpan/pit/64bit/perl-5.30.0/lib/5.30.0