CGI-Wiki-Formatter-UseMod v0.18 Perl 5 v5.14.4 x86_64-linux
- Status
- Fail
- From
- Andreas J. König (ANDK)
- Dist
-
CGI-Wiki-Formatter-UseMod v0.18
- Platform
- Perl 5 v5.14.4 x86_64-linux
- Date
- 2017-11-07 08:49:59
- ID
- a2ec94b4-c398-11e7-a9d4-4eee52f67ea8
This distribution has been tested as part of the CPAN Testers
project, supporting the Perl programming language. See
http://wiki.cpantesters.org/ for more information or email
questions to cpan-testers-discuss@perl.org
--
Dear Kake,
This is a computer-generated report for CGI-Wiki-Formatter-UseMod-0.18
on perl 5.14.4, created by CPAN-Reporter-1.2018.
Thank you for uploading your work to CPAN. However, there was a problem
testing your distribution.
If you think this report is invalid, please consult the CPAN Testers Wiki
for suggestions on how to avoid getting FAIL reports for missing library
or binary dependencies, unsupported operating systems, and so on:
http://wiki.cpantesters.org/wiki/CPANAuthorNotes
Sections of this report:
* Tester comments
* Program output
* Prerequisites
* Environment and other context
------------------------------
TESTER COMMENTS
------------------------------
Additional comments from tester:
this report is from an automated smoke testing program
and was not reviewed by a human for accuracy
------------------------------
PROGRAM OUTPUT
------------------------------
Output from '/usr/bin/make test':
PERL_DL_NONLAZY=1 "/home/sand/src/perl/repoperls/installed-perls/host/k93msid/v5.14.4/d2d1/bin/perl" "-MExtUtils::Command::MM" "-MTest::Harness" "-e" "undef *Test::Harness::Switches; test_harness(0, 'blib/lib', 'blib/arch')" t/*.t
t/default_links.t ............ ok
t/encode-node-names.t ........ ok
t/linebreaks.t ............... ok
t/links.t .................... ok
t/lists.t .................... ok
t/macros.t ................... ok
Can't locate CGI/Wiki.pm in @INC (@INC contains: /tmp/loop_over_bdir-19170-H46YRe/CGI-Wiki-Formatter-UseMod-0.18-0/blib/lib /tmp/loop_over_bdir-19170-H46YRe/CGI-Wiki-Formatter-UseMod-0.18-0/blib/arch /tmp/loop_over_bdir-19170-H46YRe/URI-Find-Delimited-0.03-0/blib/arch /tmp/loop_over_bdir-19170-H46YRe/URI-Find-Delimited-0.03-0/blib/lib /tmp/loop_over_bdir-19170-H46YRe/Text-WikiFormat-0.81-0/blib/arch /tmp/loop_over_bdir-19170-H46YRe/Text-WikiFormat-0.81-0/blib/lib /tmp/loop_over_bdir-19170-H46YRe/Algorithm-Merge-0.08-0/blib/arch /tmp/loop_over_bdir-19170-H46YRe/Algorithm-Merge-0.08-0/blib/lib /tmp/loop_over_bdir-19170-H46YRe/URI-Find-Delimited-0.03-0/blib/arch /tmp/loop_over_bdir-19170-H46YRe/URI-Find-Delimited-0.03-0/blib/lib /tmp/loop_over_bdir-19170-H46YRe/Text-WikiFormat-0.81-0/blib/arch /tmp/loop_over_bdir-19170-H46YRe/Text-WikiFormat-0.81-0/blib/lib /tmp/loop_over_bdir-19170-H46YRe/Algorithm-Merge-0.08-0/blib/arch /tmp/loop_over_bdir-19170-H46YRe/Algorithm-Merge-0.08-0/blib/lib /home/sand/src/perl/repoperls/installed-perls/host/k93msid/v5.14.4/d2d1/lib/site_perl/5.14.4/x86_64-linux /home/sand/src/perl/repoperls/installed-perls/host/k93msid/v5.14.4/d2d1/lib/site_perl/5.14.4 /home/sand/src/perl/repoperls/installed-perls/host/k93msid/v5.14.4/d2d1/lib/5.14.4/x86_64-linux /home/sand/src/perl/repoperls/installed-perls/host/k93msid/v5.14.4/d2d1/lib/5.14.4 .) at t/macros_with_wiki_passed.t line 2.
BEGIN failed--compilation aborted at t/macros_with_wiki_passed.t line 2.
t/macros_with_wiki_passed.t ..
Dubious, test returned 2 (wstat 512, 0x200)
No subtests run
t/munge_node_name.t .......... ok
t/node-suffix.t .............. ok
t/paragraphs.t ............... ok
t/tables.t ................... ok
t/twf-bug.t .................. ok
# Failed test 'extended links work'
# at t/usemod.t line 107.
# '<p>This is an <a href="wiki.pl?[Extended_Link]<a href="wiki.pl?action=edit;id=Extended_Link">?</a>">Extended Link</a>.</p>
# <p>This is a lower-case <a href="wiki.pl?[Extended_Link]<a href="wiki.pl?action=edit;id=Extended_Link">?</a>">extended link</a>.</p>
# <p>This is a <a href="wiki.pl?[Extended_Link]<a href="wiki.pl?action=edit;id=Extended_Link">?</a>">titled extended link</a>.</p>
# <p>This is a <a href="wiki.pl?[Extended_Link_Two]<a href="wiki.pl?action=edit;id=Extended_Link_Two">?</a>">title with leading whitespace</a>.</p>
# <p>This is <a href="wiki.pl?[Another_Link]<a href="wiki.pl?action=edit;id=Another_Link">?</a>">another titled link</a>.</p>
# '
# doesn't match '(?^:<a href="wiki.pl\?Extended_Link">Extended Link</a>)'
# Failed test '...and are forced ucfirst'
# at t/usemod.t line 109.
# '<p>This is an <a href="wiki.pl?[Extended_Link]<a href="wiki.pl?action=edit;id=Extended_Link">?</a>">Extended Link</a>.</p>
# <p>This is a lower-case <a href="wiki.pl?[Extended_Link]<a href="wiki.pl?action=edit;id=Extended_Link">?</a>">extended link</a>.</p>
# <p>This is a <a href="wiki.pl?[Extended_Link]<a href="wiki.pl?action=edit;id=Extended_Link">?</a>">titled extended link</a>.</p>
# <p>This is a <a href="wiki.pl?[Extended_Link_Two]<a href="wiki.pl?action=edit;id=Extended_Link_Two">?</a>">title with leading whitespace</a>.</p>
# <p>This is <a href="wiki.pl?[Another_Link]<a href="wiki.pl?action=edit;id=Another_Link">?</a>">another titled link</a>.</p>
# '
# doesn't match '(?^:<a href="wiki.pl\?Extended_Link">extended link</a>)'
# Failed test '...and titles work'
# at t/usemod.t line 111.
# '<p>This is an <a href="wiki.pl?[Extended_Link]<a href="wiki.pl?action=edit;id=Extended_Link">?</a>">Extended Link</a>.</p>
# <p>This is a lower-case <a href="wiki.pl?[Extended_Link]<a href="wiki.pl?action=edit;id=Extended_Link">?</a>">extended link</a>.</p>
# <p>This is a <a href="wiki.pl?[Extended_Link]<a href="wiki.pl?action=edit;id=Extended_Link">?</a>">titled extended link</a>.</p>
# <p>This is a <a href="wiki.pl?[Extended_Link_Two]<a href="wiki.pl?action=edit;id=Extended_Link_Two">?</a>">title with leading whitespace</a>.</p>
# <p>This is <a href="wiki.pl?[Another_Link]<a href="wiki.pl?action=edit;id=Another_Link">?</a>">another titled link</a>.</p>
# '
# doesn't match '(?^:<a href="wiki.pl\?Extended_Link">titled extended link</a>)'
# Failed test '...and titled nodes with trailing whitespace are munged correctly before formatting'
# at t/usemod.t line 115.
# '<p>This is an <a href="wiki.pl?[Extended_Link]<a href="wiki.pl?action=edit;id=Extended_Link">?</a>">Extended Link</a>.</p>
# <p>This is a lower-case <a href="wiki.pl?[Extended_Link]<a href="wiki.pl?action=edit;id=Extended_Link">?</a>">extended link</a>.</p>
# <p>This is a <a href="wiki.pl?[Extended_Link]<a href="wiki.pl?action=edit;id=Extended_Link">?</a>">titled extended link</a>.</p>
# <p>This is a <a href="wiki.pl?[Extended_Link_Two]<a href="wiki.pl?action=edit;id=Extended_Link_Two">?</a>">title with leading whitespace</a>.</p>
# <p>This is <a href="wiki.pl?[Another_Link]<a href="wiki.pl?action=edit;id=Another_Link">?</a>">another titled link</a>.</p>
# '
# doesn't match '(?^:<a href="wiki.pl\?Extended_Link_Two">)'
# Looks like you failed 4 tests of 25.
t/usemod.t ...................
Dubious, test returned 4 (wstat 1024, 0x400)
Failed 4/25 subtests
Test Summary Report
-------------------
t/macros_with_wiki_passed.t (Wstat: 512 Tests: 0 Failed: 0)
Non-zero exit status: 2
Parse errors: No plan found in TAP output
t/usemod.t (Wstat: 1024 Tests: 25 Failed: 4)
Failed tests: 15-17, 19
Non-zero exit status: 4
Files=13, Tests=65, 2 wallclock secs ( 0.06 usr 0.04 sys + 0.78 cusr 0.26 csys = 1.14 CPU)
Result: FAIL
Failed 2/13 test programs. 4/65 subtests failed.
Makefile:848: recipe for target 'test_dynamic' failed
make: *** [test_dynamic] Error 4
------------------------------
PREREQUISITES
------------------------------
Prerequisite modules loaded:
requires:
Module Need Have
-------------------- ---- ----------
HTML::PullParser 0 3.57
Test::MockObject 0.07 1.20161202
Test::More 0 1.302106
Text::WikiFormat 0.71 0.81
URI::Escape 0 3.31
URI::Find::Delimited 0.02 0.03
build_requires:
Module Need Have
-------------------- ---- ----------
ExtUtils::MakeMaker 0 7.30
------------------------------
ENVIRONMENT AND OTHER CONTEXT
------------------------------
Environment variables:
AUTOMATED_TESTING = 1
LANG = en_US.UTF-8
PATH = /home/sand/bin:/usr/local/bin:/usr/bin:/bin:/usr/games:/usr/local/perl/bin:/usr/X11/bin:/sbin:/usr/sbin
PERL5LIB = /tmp/loop_over_bdir-19170-H46YRe/URI-Find-Delimited-0.03-0/blib/arch:/tmp/loop_over_bdir-19170-H46YRe/URI-Find-Delimited-0.03-0/blib/lib:/tmp/loop_over_bdir-19170-H46YRe/Text-WikiFormat-0.81-0/blib/arch:/tmp/loop_over_bdir-19170-H46YRe/Text-WikiFormat-0.81-0/blib/lib:/tmp/loop_over_bdir-19170-H46YRe/Algorithm-Merge-0.08-0/blib/arch:/tmp/loop_over_bdir-19170-H46YRe/Algorithm-Merge-0.08-0/blib/lib
PERL5OPT =
PERL5_CPANPLUS_IS_RUNNING = 19172
PERL5_CPAN_IS_RUNNING = 19172
PERL5_CPAN_IS_RUNNING_IN_RECURSION = 16107,19172
PERL_CANARY_STABILITY_NOPROMPT = 1
PERL_MM_USE_DEFAULT = 1
PERL_USE_UNSAFE_INC = 1
SHELL = /usr/bin/zsh
TERM = screen
Perl special variables (and OS-specific diagnostics, for MSWin32):
$^X = /home/sand/src/perl/repoperls/installed-perls/host/k93msid/v5.14.4/d2d1/bin/perl
$UID/$EUID = 1005 / 1005
$GID = 1005 1005
$EGID = 1005 1005
Perl module toolchain versions installed:
Module Have
------------------- --------
CPAN 2.19
CPAN::Meta 2.150010
Cwd 3.62
ExtUtils::CBuilder 0.280226
ExtUtils::Command 7.30
ExtUtils::Install 2.06
ExtUtils::MakeMaker 7.30
ExtUtils::Manifest 1.70
ExtUtils::ParseXS 3.35
File::Spec 3.62
JSON 2.94
JSON::PP 2.94
Module::Build 0.4224
Module::Signature 0.81
Parse::CPAN::Meta 2.150010
Test::Harness 3.39
Test::More 1.302106
YAML 1.24
YAML::Syck 1.30
version 0.9918
--
Summary of my perl5 (revision 5 version 14 subversion 4) configuration:
Derived from: 26c5c13a4ece9084f310610bb17fb2f24c72a73e
Platform:
osname=linux, osvers=4.12.0-2-amd64, archname=x86_64-linux
uname='linux k93msid 4.12.0-2-amd64 #1 smp debian 4.12.13-1 (2017-09-19) x86_64 gnulinux '
config_args='-Dprefix=/home/sand/src/perl/repoperls/installed-perls/host/k93msid/v5.14.4/d2d1 -Dmyhostname=k93msid -Dinstallusrbinperl=n -Uversiononly -Dusedevel -des -Ui_db -Dlibswanted=cl pthread socket inet nsl gdbm dbm malloc dl ld sun m crypt sec util c cposix posix ucb BSD gdbm_compat -Uuseithreads -Uuselongdouble -DDEBUGGING=both'
hint=recommended, useposix=true, d_sigaction=define
useithreads=undef, usemultiplicity=undef
useperlio=define, d_sfio=undef, uselargefiles=define, usesocks=undef
use64bitint=define, use64bitall=define, uselongdouble=undef
usemymalloc=n, bincompat5005=undef
Compiler:
cc='cc', ccflags ='-DDEBUGGING -fno-strict-aliasing -pipe -fstack-protector -I/usr/local/include -D_LARGEFILE_SOURCE -D_FILE_OFFSET_BITS=64',
optimize='-O2 -g',
cppflags='-DDEBUGGING -fno-strict-aliasing -pipe -fstack-protector -I/usr/local/include'
ccversion='', gccversion='7.2.0', gccosandvers=''
intsize=4, longsize=8, ptrsize=8, doublesize=8, byteorder=12345678
d_longlong=define, longlongsize=8, d_longdbl=define, longdblsize=16
ivtype='long', ivsize=8, nvtype='double', nvsize=8, Off_t='off_t', lseeksize=8
alignbytes=8, prototype=define
Linker and Libraries:
ld='cc', ldflags =' -fstack-protector -L/usr/local/lib'
libpth=/usr/local/lib /lib/x86_64-linux-gnu /lib/../lib /usr/lib/x86_64-linux-gnu /usr/lib/../lib /lib /usr/lib
libs=-lpthread -lnsl -ldl -lm -lcrypt -lutil -lc
perllibs=-lpthread -lnsl -ldl -lm -lcrypt -lutil -lc
libc=libc-2.24.so, so=so, useshrplib=false, libperl=libperl.a
gnulibc_version='2.24'
Dynamic Linking:
dlsrc=dl_dlopen.xs, dlext=so, d_dlsymun=undef, ccdlflags='-Wl,-E'
cccdlflags='-fPIC', lddlflags='-shared -O2 -g -L/usr/local/lib -fstack-protector'
Characteristics of this binary (from libperl):
Compile-time options: DEBUGGING PERL_DONT_CREATE_GVSV PERL_MALLOC_WRAP
PERL_PRESERVE_IVUV PERL_USE_DEVEL USE_64_BIT_ALL
USE_64_BIT_INT USE_LARGE_FILES USE_PERLIO
USE_PERL_ATOF
Locally applied patches:
uncommitted-changes
Built under linux
Compiled at Oct 3 2017 20:50:35
%ENV:
PERL5LIB="/tmp/loop_over_bdir-19170-H46YRe/URI-Find-Delimited-0.03-0/blib/arch:/tmp/loop_over_bdir-19170-H46YRe/URI-Find-Delimited-0.03-0/blib/lib:/tmp/loop_over_bdir-19170-H46YRe/Text-WikiFormat-0.81-0/blib/arch:/tmp/loop_over_bdir-19170-H46YRe/Text-WikiFormat-0.81-0/blib/lib:/tmp/loop_over_bdir-19170-H46YRe/Algorithm-Merge-0.08-0/blib/arch:/tmp/loop_over_bdir-19170-H46YRe/Algorithm-Merge-0.08-0/blib/lib"
PERL5OPT=""
PERL5_CPANPLUS_IS_RUNNING="19172"
PERL5_CPAN_IS_RUNNING="19172"
PERL5_CPAN_IS_RUNNING_IN_RECURSION="16107,19172"
PERL_CANARY_STABILITY_NOPROMPT="1"
PERL_MM_USE_DEFAULT="1"
PERL_USE_UNSAFE_INC="1"
@INC:
/tmp/loop_over_bdir-19170-H46YRe/URI-Find-Delimited-0.03-0/blib/arch
/tmp/loop_over_bdir-19170-H46YRe/URI-Find-Delimited-0.03-0/blib/lib
/tmp/loop_over_bdir-19170-H46YRe/Text-WikiFormat-0.81-0/blib/arch
/tmp/loop_over_bdir-19170-H46YRe/Text-WikiFormat-0.81-0/blib/lib
/tmp/loop_over_bdir-19170-H46YRe/Algorithm-Merge-0.08-0/blib/arch
/tmp/loop_over_bdir-19170-H46YRe/Algorithm-Merge-0.08-0/blib/lib
/home/sand/src/perl/repoperls/installed-perls/host/k93msid/v5.14.4/d2d1/lib/site_perl/5.14.4/x86_64-linux
/home/sand/src/perl/repoperls/installed-perls/host/k93msid/v5.14.4/d2d1/lib/site_perl/5.14.4
/home/sand/src/perl/repoperls/installed-perls/host/k93msid/v5.14.4/d2d1/lib/5.14.4/x86_64-linux
/home/sand/src/perl/repoperls/installed-perls/host/k93msid/v5.14.4/d2d1/lib/5.14.4
.