Win32-Security v0.60 Perl 5 v5.38.2 MSWin32-x86-multi-thread-64int
- Status
- Fail
- From
- gregor herrmann
- Dist
-
Win32-Security v0.60
- Platform
- Perl 5 v5.38.2 MSWin32-x86-multi-thread-64int
- Date
- 2024-09-21 11:53:05
- ID
- a2e796b0-6bfd-1014-8b1d-8775b58e61d7
This distribution has been tested as part of the CPAN Testers
project, supporting the Perl programming language. See
http://wiki.cpantesters.org/ for more information or email
questions to cpan-testers-discuss@perl.org
--
Dear Toby Ovod-Everett,
This is a computer-generated report for Win32-Security-0.60
on perl 5.38.2, created by CPAN-Reporter-1.2020.
Thank you for uploading your work to CPAN. However, there was a problem
testing your distribution.
If you think this report is invalid, please consult the CPAN Testers Wiki
for suggestions on how to avoid getting FAIL reports for missing library
or binary dependencies, unsupported operating systems, and so on:
http://wiki.cpantesters.org/wiki/CPANAuthorNotes
Sections of this report:
* Tester comments
* Program output
* Prerequisites
* Environment and other context
------------------------------
TESTER COMMENTS
------------------------------
Additional comments from tester:
this report is from an automated smoke testing program
and was not reviewed by a human for accuracy
------------------------------
PROGRAM OUTPUT
------------------------------
Output from 'C:\Strawberry\perl\bin\perl.exe ./Build test':
Unable to parse Trustee/SID value 'BUILTIN\Administrators'. at C:\cpan\build\Win32-Security-0.60-1\blib\lib/Win32/Security/ACE.pm line 796.
t\ace.t .......
Dubious, test returned 255 (wstat 65280, 0xff00)
Failed 74/74 subtests
t\extended.t requires cacls.exe to function. Unable to find cacls.exe so testing has halted.
t\extended.t ..
Dubious, test returned 160 (wstat 40960, 0xa000)
Failed 7607/7607 subtests
# Test 20 got: "LookupPrivilegeValue: Ein angegebenes Recht ist nicht vorhanden. at t\\raw.t line 122.\n" (t\raw.t at line 125)
# Expected: "(?^:LookupPrivilegeValue: A specified privilege does not exist)" (Attempt to LookupPrivilegeValue invalid privilege name SHOULD result in an error message)
# t\raw.t line 125 is: ok( $@,
# Test 33 got: "AdjustTokenPrivileges: Dem Aufrufer wurden nicht alle angegebenen Berechtigungen und Gruppen zugewiesen." (t\raw.t at line 192)
# Expected: "(?^:AdjustTokenPrivileges: Not all privileges or groups referenced are assigned to the caller)" (Call to AdjustTokenPrivileges with SeRestorePrivilege when running without Admin SHOULD return error)
# t\raw.t line 192 is: ok( $err,
# Test 36 got: "AdjustTokenPrivileges: Dem Aufrufer wurden nicht alle angegebenen Berechtigungen und Gruppen zugewiesen." (t\raw.t at line 213)
# Expected: "(?^:AdjustTokenPrivileges: Not all privileges or groups referenced are assigned to the caller)" (Call to AdjustTokenPrivileges with SeRestorePrivilege when running without Admin SHOULD return error)
# t\raw.t line 213 is: ok( $err,
t\raw.t .......
Failed 3/75 subtests
t\scripts.t requires cacls.exe to function. Unable to find cacls.exe so testing has halted.
t\scripts.t ...
Dubious, test returned 160 (wstat 40960, 0xa000)
Failed 381/381 subtests
Test Summary Report
-------------------
t\ace.t (Wstat: 65280 (exited 255) Tests: 0 Failed: 0)
Non-zero exit status: 255
Parse errors: Bad plan. You planned 74 tests but ran 0.
t\extended.t (Wstat: 40960 (exited 160) Tests: 0 Failed: 0)
Non-zero exit status: 160
Parse errors: Bad plan. You planned 7607 tests but ran 0.
t\raw.t (Wstat: 0 Tests: 75 Failed: 3)
Failed tests: 20, 33, 36
t\scripts.t (Wstat: 40960 (exited 160) Tests: 0 Failed: 0)
Non-zero exit status: 160
Parse errors: Bad plan. You planned 381 tests but ran 0.
Files=4, Tests=75, 3 wallclock secs ( 0.22 usr + 0.09 sys = 0.31 CPU)
Result: FAIL
Failed 4/4 test programs. 3/75 subtests failed.
------------------------------
PREREQUISITES
------------------------------
Prerequisite modules loaded:
requires:
Module Need Have
----------------- ---- ------
Class::Prototyped 0.98 1.15
Data::BitMask 0.13 1.00
Win32::API 0 0.84
configure_requires:
Module Need Have
----------------- ---- ------
Module::Build 0.4 0.4234
------------------------------
ENVIRONMENT AND OTHER CONTEXT
------------------------------
Environment variables:
AUTOMATED_TESTING = 1
COMSPEC = C:\WINDOWS\system32\cmd.exe
NONINTERACTIVE_TESTING = 1
NUMBER_OF_PROCESSORS = 2
PATH = C:\WINDOWS\system32;C:\strawberry\c\bin;C:\strawberry\perl\site\bin;C:\strawberry\perl\bin
PERL5LIB =
PERL5OPT =
PERL5_CPANPLUS_IS_RUNNING = 5824
PERL5_CPAN_IS_RUNNING = 5824
PERL5_CPAN_IS_RUNNING_IN_RECURSION = 8544,5824
PERL_CR_SMOKER_CURRENT = Win32-Security-0.60
PERL_EXTUTILS_AUTOINSTALL = --defaultdeps
PERL_MM_USE_DEFAULT = 1
PERL_USE_UNSAFE_INC = 1
PROCESSOR_IDENTIFIER = x86 Family 6 Model 15 Stepping 11, GenuineIntel
TEMP = C:\Users\smoker\AppData\Local\Temp
Perl special variables (and OS-specific diagnostics, for MSWin32):
$^X = C:\Strawberry\perl\bin\perl.exe
$UID/$EUID = 0 / 0
$GID = 0
$EGID = 0
Win32::GetOSName = Win10
Win32::GetOSVersion = , 10, 0, 19045, 2, 0, 0, 256, 1
Win32::FsType = NTFS
Win32::IsAdminUser = 0
Perl module toolchain versions installed:
Module Have
------------------- --------
CPAN 2.37
CPAN::Meta 2.150010
Cwd 3.89
ExtUtils::CBuilder 0.280238
ExtUtils::Command 7.71_01
ExtUtils::Install 2.22
ExtUtils::MakeMaker 7.71_01
ExtUtils::Manifest 1.75
ExtUtils::ParseXS 3.51
File::Spec 3.88
JSON 4.10
JSON::PP 4.16
Module::Build 0.4234
Module::Signature n/a
Parse::CPAN::Meta 2.150010
Test2 1.302204
Test::Harness 3.50
Test::More 1.302204
YAML 1.31
YAML::Syck 1.34
version 0.9933
--
Summary of my perl5 (revision 5 version 38 subversion 2) configuration:
Platform:
osname=MSWin32
osvers=10.0.19045.4291
archname=MSWin32-x86-multi-thread-64int
uname='Win32 strawberry-perl 5.38.2.2 # 14:58:40 Sun April 21 2024 x32'
config_args='undef'
hint=recommended
useposix=true
d_sigaction=undef
useithreads=define
usemultiplicity=define
use64bitint=define
use64bitall=undef
uselongdouble=undef
usemymalloc=n
default_inc_excludes_dot=define
Compiler:
cc='gcc'
ccflags =' -DWIN32 -DPERL_TEXTMODE_SCRIPTS -DMULTIPLICITY -DPERL_IMPLICIT_SYS -DUSE_PERLIO -D__USE_MINGW_ANSI_STDIO -fwrapv -fno-strict-aliasing -mms-bitfields'
optimize='-Os -falign-functions -falign-jumps -falign-labels -falign-loops -freorder-blocks -freorder-blocks-algorithm=stc -freorder-blocks-and-partition'
cppflags='-DWIN32'
ccversion=''
gccversion='8.3.0'
gccosandvers=''
intsize=4
longsize=4
ptrsize=4
doublesize=8
byteorder=12345678
doublekind=3
d_longlong=define
longlongsize=8
d_longdbl=define
longdblsize=12
longdblkind=3
ivtype='long long'
ivsize=8
nvtype='double'
nvsize=8
Off_t='long long'
lseeksize=8
alignbytes=8
prototype=define
Linker and Libraries:
ld='g++'
ldflags ='-s -L"C:\strawberry\perl\lib\CORE" -L"C:\strawberry\c\lib" -L"C:\strawberry\c\i686-w64-mingw32\lib" -L"C:\strawberry\c\lib\gcc\i686-w64-mingw32\8.3.0"'
libpth=C:\strawberry\c\lib C:\strawberry\c\i686-w64-mingw32\lib C:\strawberry\c\lib\gcc\i686-w64-mingw32\8.3.0 C:\strawberry\c\i686-w64-mingw32\lib C:\strawberry\c\lib\gcc\i686-w64-mingw32\8.3.0
libs= -lmoldname -lkernel32 -luser32 -lgdi32 -lwinspool -lcomdlg32 -ladvapi32 -lshell32 -lole32 -loleaut32 -lnetapi32 -luuid -lws2_32 -lmpr -lwinmm -lversion -lodbc32 -lodbccp32 -lcomctl32
perllibs= -lmoldname -lkernel32 -luser32 -lgdi32 -lwinspool -lcomdlg32 -ladvapi32 -lshell32 -lole32 -loleaut32 -lnetapi32 -luuid -lws2_32 -lmpr -lwinmm -lversion -lodbc32 -lodbccp32 -lcomctl32
libc=
so=dll
useshrplib=true
libperl=libperl538.a
gnulibc_version=''
Dynamic Linking:
dlsrc=dl_win32.xs
dlext=xs.dll
d_dlsymun=undef
ccdlflags=' '
cccdlflags=' '
lddlflags='-shared -s -L"C:\strawberry\perl\lib\CORE" -L"C:\strawberry\c\lib" -L"C:\strawberry\c\i686-w64-mingw32\lib" -L"C:\strawberry\c\lib\gcc\i686-w64-mingw32\8.3.0"'
Characteristics of this binary (from libperl):
Compile-time options:
HAS_LONG_DOUBLE
HAS_TIMES
HAVE_INTERP_INTERN
MULTIPLICITY
PERLIO_LAYERS
PERL_COPY_ON_WRITE
PERL_DONT_CREATE_GVSV
PERL_HASH_FUNC_SIPHASH13
PERL_HASH_USE_SBOX32
PERL_IMPLICIT_SYS
PERL_MALLOC_WRAP
PERL_OP_PARENT
PERL_PRESERVE_IVUV
PERL_USE_SAFE_PUTENV
USE_64_BIT_INT
USE_ITHREADS
USE_LARGE_FILES
USE_LOCALE
USE_LOCALE_COLLATE
USE_LOCALE_CTYPE
USE_LOCALE_NUMERIC
USE_LOCALE_TIME
USE_PERLIO
USE_PERL_ATOF
Built under MSWin32
Compiled at Apr 21 2024 17:11:56
%ENV:
PERL5_CPANPLUS_IS_RUNNING="5824"
PERL5_CPAN_IS_RUNNING="5824"
PERL5_CPAN_IS_RUNNING_IN_RECURSION="8544,5824"
PERL_CR_SMOKER_CURRENT="Win32-Security-0.60"
PERL_EXTUTILS_AUTOINSTALL="--defaultdeps"
PERL_MM_USE_DEFAULT="1"
PERL_USE_UNSAFE_INC="1"
@INC:
C:/Strawberry/perl/site/lib/MSWin32-x86-multi-thread-64int
C:/Strawberry/perl/site/lib
C:/Strawberry/perl/vendor/lib
C:/Strawberry/perl/lib
.