Net-Stripe-Simple v0.004 Perl 5 v5.27.11 x86_64-linux

Status
Fail
From
Slaven Rezić (SREZIC)
Dist
Net-Stripe-Simple v0.004
Platform
Perl 5 v5.27.11 x86_64-linux
Date
2018-04-22 20:13:34
ID
a2a7c2ea-4669-11e8-ab46-bc50ebf0b8d4
This distribution has been tested as part of the CPAN Testers
project, supporting the Perl programming language.  See
http://wiki.cpantesters.org/ for more information or email
questions to cpan-testers-discuss@perl.org


--
Dear Grant Street Group,

This is a computer-generated report for Net-Stripe-Simple-0.004
on perl 5.27.11, created by CPAN-Reporter-1.2018.

Thank you for uploading your work to CPAN.  However, there was a problem
testing your distribution.

If you think this report is invalid, please consult the CPAN Testers Wiki
for suggestions on how to avoid getting FAIL reports for missing library
or binary dependencies, unsupported operating systems, and so on:

http://wiki.cpantesters.org/wiki/CPANAuthorNotes

Sections of this report:

    * Tester comments
    * Program output
    * Prerequisites
    * Environment and other context

------------------------------
TESTER COMMENTS
------------------------------

Additional comments from tester:

none provided

------------------------------
PROGRAM OUTPUT
------------------------------

Output from '/usr/bin/make test':

PERL_DL_NONLAZY=1 "/opt/perl-5.27.11/bin/perl5.27.11" "-MExtUtils::Command::MM" "-MTest::Harness" "-e" "undef *Test::Harness::Switches; test_harness(0, 'blib/lib', 'blib/arch')" t/*.t
t/00-compile.t ........... ok
# 
# Versions for all modules listed in MYMETA.json (including optional ones):
# 
# === Configure Requires ===
# 
#     Module              Want Have
#     ------------------- ---- ----
#     ExtUtils::MakeMaker  any 7.34
# 
# === Build Requires ===
# 
#     Module              Want Have
#     ------------------- ---- ----
#     ExtUtils::MakeMaker  any 7.34
# 
# === Test Requires ===
# 
#     Module              Want     Have
#     ------------------- ---- --------
#     DateTime             any     1.48
#     ExtUtils::MakeMaker  any     7.34
#     File::Spec           any     3.74
#     IO::Handle           any     1.39
#     IPC::Open3           any     1.20
#     Test::Exception      any     0.43
#     Test::More           any 1.302136
#     autodie              any     2.29
#     blib                1.01     1.07
# 
# === Test Recommends ===
# 
#     Module         Want     Have
#     ---------- -------- --------
#     CPAN::Meta 2.120900 2.150010
# 
# === Runtime Requires ===
# 
#     Module                Want    Have
#     --------------------- ---- -------
#     Devel::StackTrace      any    2.03
#     Exporter               any    5.73
#     HTTP::Request::Common  any    6.16
#     JSON                   any 2.97001
#     LWP::Protocol::https   any    6.07
#     LWP::UserAgent         any    6.33
#     MIME::Base64           any    3.15
#     Scalar::Util           any    1.50
#     URI::Escape            any    3.31
#     constant               any    1.33
#     overload               any    1.30
#     parent                 any   0.236
#     strict                 any    1.11
#     warnings               any    1.42
# 
t/00-report-prereqs.t .... ok
t/author-pod-coverage.t .. skipped: these tests are for testing by the author
t/author-pod-syntax.t .... skipped: these tests are for testing by the author
    # No tests run!

#   Failed test 'No tests run for subtest "Recipients"'
#   at t/basic.t line 685.
Error: invalid_request_error - Recipients have been deprecated and are no longer available. They have been replaced by Custom accounts (see https://stripe.com/docs/connect/custom-accounts), which you should use if you're creating a new platform. Please contact support@stripe.com if you have any questions.# Looks like your test exited with 255 just after 14.
t/basic.t ................ 
Dubious, test returned 255 (wstat 65280, 0xff00)
Failed 7/20 subtests 
t/data.t ................. ok
t/errors.t ............... ok
t/release-unused-vars.t .. skipped: these tests are for release candidate testing

Test Summary Report
-------------------
t/basic.t              (Wstat: 65280 Tests: 14 Failed: 1)
  Failed test:  14
  Non-zero exit status: 255
  Parse errors: Bad plan.  You planned 20 tests but ran 14.
Files=8, Tests=29, 73 wallclock secs ( 0.06 usr  0.02 sys +  1.62 cusr  0.14 csys =  1.84 CPU)
Result: FAIL
Failed 1/8 test programs. 1/29 subtests failed.
Makefile:901: die Regel für Ziel „test_dynamic“ scheiterte
make: *** [test_dynamic] Fehler 255

------------------------------
PREREQUISITES
------------------------------

Prerequisite modules loaded:

requires:

    Module                Need     Have    
    --------------------- -------- --------
    constant              0        1.33    
    Devel::StackTrace     0        2.03    
    Exporter              0        5.73    
    HTTP::Request::Common 0        6.16    
    JSON                  0        2.97001 
    LWP::Protocol::https  0        6.07    
    LWP::UserAgent        0        6.33    
    MIME::Base64          0        3.15    
    overload              0        1.30    
    parent                0        0.236   
    perl                  5.010000 5.027011
    Scalar::Util          0        1.50    
    strict                0        1.11    
    URI::Escape           0        3.31    
    warnings              0        1.42    

build_requires:

    Module                Need     Have    
    --------------------- -------- --------
    autodie               0        2.29    
    blib                  1.01     1.07    
    DateTime              0        1.48    
    ExtUtils::MakeMaker   0        7.34    
    File::Spec            0        3.74    
    IO::Handle            0        1.39    
    IPC::Open3            0        1.20    
    Test::Exception       0        0.43    
    Test::More            0        1.302136

configure_requires:

    Module                Need     Have    
    --------------------- -------- --------
    ExtUtils::MakeMaker   0        7.34    
    perl                  v5.10.0  5.027011


------------------------------
ENVIRONMENT AND OTHER CONTEXT
------------------------------

Environment variables:

    LANG = C
    LC_ALL = de_DE.UTF-8
    PATH = /usr/local/bin:/usr/bin:/bin:/usr/local/sbin:/usr/sbin:/sbin:/home/cpansand/bin/linux-gnu:/home/cpansand/bin/sh:/home/cpansand/bin:/usr/games:/home/cpansand/devel:/home/eserte/src/srezic-misc/scripts
    PERL5LIB = 
    PERL5OPT = 
    PERL5_CPANPLUS_IS_RUNNING = 20592
    PERL5_CPAN_IS_RUNNING = 20592
    PERL5_CPAN_IS_RUNNING_IN_RECURSION = 9447,20592
    PERLDOC = -MPod::Perldoc::ToTextOverstrike
    PERL_BATCH = yes
    PERL_CANARY_STABILITY_NOPROMPT = 1
    PERL_CPAN_REPORTER_CONFIG = /var/tmp/cpansmoker-1023/2018042215/cpanreporter_000_config.ini
    PERL_EXTUTILS_AUTOINSTALL = --defaultdeps
    PERL_PARALLEL_SMOKER = yes
    PERL_USE_UNSAFE_INC = 1
    SHELL = /usr/bin/zsh
    TERM = screen
    TMPDIR = /var/tmp/cpansmoker-1023/2018042215

Perl special variables (and OS-specific diagnostics, for MSWin32):

    $^X = /opt/perl-5.27.11/bin/perl5.27.11
    $UID/$EUID = 1023 / 1023
    $GID = 1023 1023
    $EGID = 1023 1023

Perl module toolchain versions installed:

    Module              Have    
    ------------------- --------
    CPAN                2.20    
    CPAN::Meta          2.150010
    Cwd                 3.74    
    ExtUtils::CBuilder  0.280230
    ExtUtils::Command   7.34    
    ExtUtils::Install   2.14    
    ExtUtils::MakeMaker 7.34    
    ExtUtils::Manifest  1.70    
    ExtUtils::ParseXS   3.39    
    File::Spec          3.74    
    JSON                2.97001 
    JSON::PP            2.97001 
    Module::Build       0.4224  
    Module::Signature   0.81    
    Parse::CPAN::Meta   2.150010
    Test::Harness       3.42    
    Test::More          1.302136
    YAML                1.24    
    YAML::Syck          1.30    
    version             0.9924  


--

Summary of my perl5 (revision 5 version 27 subversion 11) configuration:
   
  Platform:
    osname=linux
    osvers=4.9.0-3-amd64
    archname=x86_64-linux
    uname='linux debian9 4.9.0-3-amd64 #1 smp debian 4.9.30-2+deb9u5 (2017-09-19) x86_64 gnulinux '
    config_args='-ds -e -Dprefix=/opt/perl-5.27.11 -Dusedevel -Dusemallocwrap=no -Dcf_email=srezic@cpan.org'
    hint=recommended
    useposix=true
    d_sigaction=define
    useithreads=undef
    usemultiplicity=undef
    use64bitint=define
    use64bitall=define
    uselongdouble=undef
    usemymalloc=n
    default_inc_excludes_dot=define
    bincompat5005=undef
  Compiler:
    cc='cc'
    ccflags ='-fwrapv -fno-strict-aliasing -pipe -fstack-protector-strong -I/usr/local/include -D_LARGEFILE_SOURCE -D_FILE_OFFSET_BITS=64 -D_FORTIFY_SOURCE=2'
    optimize='-O2'
    cppflags='-fwrapv -fno-strict-aliasing -pipe -fstack-protector-strong -I/usr/local/include'
    ccversion=''
    gccversion='6.3.0 20170516'
    gccosandvers=''
    intsize=4
    longsize=8
    ptrsize=8
    doublesize=8
    byteorder=12345678
    doublekind=3
    d_longlong=define
    longlongsize=8
    d_longdbl=define
    longdblsize=16
    longdblkind=3
    ivtype='long'
    ivsize=8
    nvtype='double'
    nvsize=8
    Off_t='off_t'
    lseeksize=8
    alignbytes=8
    prototype=define
  Linker and Libraries:
    ld='cc'
    ldflags =' -fstack-protector-strong -L/usr/local/lib'
    libpth=/usr/local/lib /usr/lib/gcc/x86_64-linux-gnu/6/include-fixed /usr/include/x86_64-linux-gnu /usr/lib /lib/x86_64-linux-gnu /lib/../lib /usr/lib/x86_64-linux-gnu /usr/lib/../lib /lib
    libs=-lpthread -lnsl -lgdbm -ldb -ldl -lm -lcrypt -lutil -lc -lgdbm_compat
    perllibs=-lpthread -lnsl -ldl -lm -lcrypt -lutil -lc
    libc=libc-2.24.so
    so=so
    useshrplib=false
    libperl=libperl.a
    gnulibc_version='2.24'
  Dynamic Linking:
    dlsrc=dl_dlopen.xs
    dlext=so
    d_dlsymun=undef
    ccdlflags='-Wl,-E'
    cccdlflags='-fPIC'
    lddlflags='-shared -O2 -L/usr/local/lib -fstack-protector-strong'


Characteristics of this binary (from libperl): 
  Compile-time options:
    HAS_TIMES
    PERLIO_LAYERS
    PERL_COPY_ON_WRITE
    PERL_DONT_CREATE_GVSV
    PERL_OP_PARENT
    PERL_PRESERVE_IVUV
    PERL_USE_DEVEL
    USE_64_BIT_ALL
    USE_64_BIT_INT
    USE_LARGE_FILES
    USE_LOCALE
    USE_LOCALE_COLLATE
    USE_LOCALE_CTYPE
    USE_LOCALE_NUMERIC
    USE_LOCALE_TIME
    USE_PERLIO
    USE_PERL_ATOF
  Built under linux
  Compiled at Apr 20 2018 20:12:12
  %ENV:
    PERL5LIB=""
    PERL5OPT=""
    PERL5_CPANPLUS_IS_RUNNING="20592"
    PERL5_CPAN_IS_RUNNING="20592"
    PERL5_CPAN_IS_RUNNING_IN_RECURSION="9447,20592"
    PERLDOC="-MPod::Perldoc::ToTextOverstrike"
    PERL_BATCH="yes"
    PERL_CANARY_STABILITY_NOPROMPT="1"
    PERL_CPAN_REPORTER_CONFIG="/var/tmp/cpansmoker-1023/2018042215/cpanreporter_000_config.ini"
    PERL_EXTUTILS_AUTOINSTALL="--defaultdeps"
    PERL_PARALLEL_SMOKER="yes"
    PERL_USE_UNSAFE_INC="1"
  @INC:
    /opt/perl-5.27.11/lib/site_perl/5.27.11/x86_64-linux
    /opt/perl-5.27.11/lib/site_perl/5.27.11
    /opt/perl-5.27.11/lib/5.27.11/x86_64-linux
    /opt/perl-5.27.11/lib/5.27.11
    .