Report for SDL-2.544

Back
From: metabase:user:320bfe00-2aae-11df-837a-5e0a49663a4f
Subject: FAIL SDL-2.544 v5.8.5 GNU/Linux
Date: 2017-03-08T03:09:25Z

This distribution has been tested as part of the CPAN Testers
project, supporting the Perl programming language.  See
http://wiki.cpantesters.org/ for more information or email
questions to cpan-testers-discuss@perl.org


--
Dear Tobias Leich,

This is a computer-generated report for SDL-2.544
on perl 5.8.5, created by CPAN-Reporter-1.2018.

Thank you for uploading your work to CPAN.  However, there was a problem
testing your distribution.

If you think this report is invalid, please consult the CPAN Testers Wiki
for suggestions on how to avoid getting FAIL reports for missing library
or binary dependencies, unsupported operating systems, and so on:

http://wiki.cpantesters.org/wiki/CPANAuthorNotes

Sections of this report:

    * Tester comments
    * Program output
    * Prerequisites
    * Environment and other context

------------------------------
TESTER COMMENTS
------------------------------

Additional comments from tester:

this report is from an automated smoke testing program
and was not reviewed by a human for accuracy

------------------------------
PROGRAM OUTPUT
------------------------------

Output from './Build test':

[Alien::SDL] Build option used:
	Source code build
    SDL(v1.2.15) SDL_image(v1.2.11) ogg(v1.3.0) vorbis(v1.3.3) SDL_mixer(v1.2.12) SDL_ttf(v2.0.11) SDL_gfx(v2.0.25) SDL_Pango(v1.2) 
Building SDL
t/00-load.t ..................... ok
t/colorpm.t ..................... ok
t/config.t ...................... ok
t/core.t ........................ ok
t/core_audio.t .................. ok
t/core_audiospec.t .............. skipped: (no reason given)
t/core_cd.t ..................... ok
t/core_error.t .................. ok
t/core_events.t ................. ok
t/core_joystick.t ............... ok
t/core_mouse.t .................. ok
t/core_multi.t .................. ok
t/core_overlay.t ................ ok
t/core_palette.t ................ ok
t/core_rect.t ................... ok
t/core_rwops.t .................. ok
t/core_surface.t ................ ok
t/core_timer.t .................. ok
t/core_version.t ................ ok
t/core_video.t .................. ok
t/core_video_convert_surface.t .. ok
t/core_video_gamma.t ............ ok
t/extendingrect.t ............... ok
t/gfx.t ......................... ok
t/gfx_fpsmanager.t .............. ok
t/gfx_framerate.t ............... ok
t/gfx_imagefilter.t ............. ok
t/gfx_primitives.t .............. ok
t/gfx_primitives2.t ............. ok
t/gfx_rotozoom.t ................ ok
t/image.t ....................... ok
t/image_xpm_array.t ............. ok
t/mixer.t ....................... ok
t/mixer_channels.t .............. ok
t/mixer_effects.t ............... ok
t/mixer_groups.t ................ ok
t/mixer_mixchunk.t .............. ok
t/mixer_mixmusic.t .............. ok
t/mixer_music.t ................. ok
t/mixer_samples.t ............... ok
t/pango.t ....................... skipped: SDL_Pango support not compiled
t/sdlgamerect.t ................. ok
t/sdlx_app.t .................... ok
t/sdlx_controller.t ............. ok
t/sdlx_controller_interface.t ... ok
t/sdlx_fps.t .................... ok
t/sdlx_layermanager.t ........... ok
t/sdlx_music.t .................. ok
t/sdlx_rect.t ................... ok
t/sdlx_sfont.t .................. ok
t/sdlx_sound.t .................. ok
t/sdlx_sprite.t ................. ok
t/sdlx_sprite_animated.t ........ ok
t/sdlx_surface.t ................ ok
t/sdlx_text.t ................... ok
t/sdlx_validate.t ............... ok
t/smpeg.t ....................... skipped: smpeg support not compiled
Can't locate auto/Unicode/String/utf16be.al in @INC (@INC contains: t/lib /tmp/loop_over_bdir-27938-hDHuJ0/SDL-2.544-0/blib/lib /tmp/loop_over_bdir-27938-hDHuJ0/SDL-2.544-0/blib/arch inc /home/sand/src/perl/repoperls/installed-perls/host/k93msid/perl-5.8.5/a927/lib/5.8.5/x86_64-linux-thread-multi /home/sand/src/perl/repoperls/installed-perls/host/k93msid/perl-5.8.5/a927/lib/5.8.5 /home/sand/src/perl/repoperls/installed-perls/host/k93msid/perl-5.8.5/a927/lib/site_perl/5.8.5/x86_64-linux-thread-multi /home/sand/src/perl/repoperls/installed-perls/host/k93msid/perl-5.8.5/a927/lib/site_perl/5.8.5 /home/sand/src/perl/repoperls/installed-perls/host/k93msid/perl-5.8.5/a927/lib/site_perl .) at t/ttf.t line 231.
# Looks like your test exited with 2 just after 63.
t/ttf.t ......................... 
Dubious, test returned 2 (wstat 512, 0x200)
All 63 subtests passed 
	(less 3 skipped subtests: 60 okay)
t/ttf_font.t .................... ok

Test Summary Report
-------------------
t/core.t                      (Wstat: 0 Tests: 28 Failed: 0)
  TODO passed:   21-22, 27
t/core_audiospec.t            (Wstat: 65280 Tests: 10 Failed: 0)
  Non-zero exit status: 255
  Parse errors: Bad plan.  You planned 0 tests but ran 10.
t/core_multi.t                (Wstat: 0 Tests: 4 Failed: 0)
  TODO passed:   3
t/core_timer.t                (Wstat: 0 Tests: 6 Failed: 0)
  TODO passed:   6
t/core_video.t                (Wstat: 0 Tests: 110 Failed: 0)
  TODO passed:   57, 59
t/gfx_imagefilter.t           (Wstat: 0 Tests: 8 Failed: 0)
  TODO passed:   7
t/ttf.t                       (Wstat: 512 Tests: 63 Failed: 0)
  Non-zero exit status: 2
Files=59, Tests=3800, 164 wallclock secs ( 0.30 usr  0.77 sys + 63.96 cusr 11.02 csys = 76.05 CPU)
Result: FAIL
Failed 2/59 test programs. 0/3800 subtests failed.

------------------------------
PREREQUISITES
------------------------------

Prerequisite modules loaded:

requires:

    Module             Need     Have    
    ------------------ -------- --------
    CPAN               1.92     2.17    
    File::ShareDir     1.0      1.102   
    perl               5.008000 5.008005
    Scalar::Util       0        1.47    
    Tie::Simple        0        1.04    

build_requires:

    Module             Need     Have    
    ------------------ -------- --------
    Alien::SDL         1.444    1.446   
    Capture::Tiny      0        0.44    
    ExtUtils::CBuilder 0        0.280224
    File::Find         0        1.07    
    File::ShareDir     1.0      1.102   
    Scalar::Util       0        1.47    
    Test::Most         0.21     0.35    
    Test::Simple       0.88     1.302078
    Tie::Simple        0        1.04    

configure_requires:

    Module             Need     Have    
    ------------------ -------- --------
    Alien::SDL         1.444    1.446   
    Capture::Tiny      0        0.44    
    ExtUtils::CBuilder 0.260301 0.280224
    File::Find         0        1.07    
    File::ShareDir     1.0      1.102   
    Module::Build      0.40     0.4220  
    Tie::Simple        0        1.04    


------------------------------
ENVIRONMENT AND OTHER CONTEXT
------------------------------

Environment variables:

    AUTOMATED_TESTING = 1
    LANG = en_US.UTF-8
    PATH = /home/sand/bin:/usr/local/bin:/usr/bin:/bin:/usr/games:/usr/local/perl/bin:/usr/X11/bin:/sbin:/usr/sbin
    PERL5LIB = 
    PERL5OPT = 
    PERL5_CPANPLUS_IS_RUNNING = 27945
    PERL5_CPAN_IS_RUNNING = 27945
    PERL_CANARY_STABILITY_NOPROMPT = 1
    PERL_MM_USE_DEFAULT = 1
    PERL_USE_UNSAFE_INC = 1
    SHELL = /usr/bin/zsh
    TERM = screen

Perl special variables (and OS-specific diagnostics, for MSWin32):

    $^X = /home/sand/src/perl/repoperls/installed-perls/host/k93msid/perl-5.8.5/a927/bin/perl
    $UID/$EUID = 1005 / 1005
    $GID = 1005 1005
    $EGID = 1005 1005

Perl module toolchain versions installed:

    Module              Have    
    ------------------- --------
    CPAN                2.17    
    CPAN::Meta          2.150010
    Cwd                 3.62    
    ExtUtils::CBuilder  0.280224
    ExtUtils::Command   7.25_01 
    ExtUtils::Install   1.54    
    ExtUtils::MakeMaker 7.25_01 
    ExtUtils::Manifest  1.70    
    ExtUtils::ParseXS   3.30    
    File::Spec          3.62    
    JSON                2.91_04 
    JSON::PP            2.91_04 
    Module::Build       0.4220  
    Module::Signature   0.81    
    Parse::CPAN::Meta   2.150010
    Test::Harness       3.37_01 
    Test::More          1.302078
    YAML                n/a     
    YAML::Syck          1.29    
    version             0.9917  


--

Summary of my perl5 (revision 5 version 8 subversion 5) configuration:
  Platform:
    osname=linux, osvers=4.8.0-2-amd64, archname=x86_64-linux-thread-multi
    uname='linux k93msid 4.8.0-2-amd64 #1 smp debian 4.8.11-1 (2016-12-02) x86_64 gnulinux '
    config_args='-Dprefix=/home/sand/src/perl/repoperls/installed-perls/host/k93msid/perl-5.8.5/a927 -Dmyhostname=k93msid -Dinstallusrbinperl=n -Uversiononly -Dusedevel -des -Ui_db -Dlibswanted=cl pthread socket inet nsl gdbm dbm malloc dl ld sun m crypt sec util c cposix posix ucb BSD gdbm_compat -Duseithreads -Uuselongdouble'
    hint=recommended, useposix=true, d_sigaction=define
    usethreads=define use5005threads=undef useithreads=define usemultiplicity=define
    useperlio=define d_sfio=undef uselargefiles=define usesocks=undef
    use64bitint=define use64bitall=define uselongdouble=undef
    usemymalloc=n, bincompat5005=undef
  Compiler:
    cc='cc', ccflags ='-D_REENTRANT -D_GNU_SOURCE -fno-strict-aliasing -pipe -I/usr/local/include -D_LARGEFILE_SOURCE -D_FILE_OFFSET_BITS=64',
    optimize='-O2',
    cppflags='-D_REENTRANT -D_GNU_SOURCE -fno-strict-aliasing -pipe -I/usr/local/include'
    ccversion='', gccversion='6.2.1 20161124', gccosandvers=''
    intsize=4, longsize=8, ptrsize=8, doublesize=8, byteorder=12345678
    d_longlong=define, longlongsize=8, d_longdbl=define, longdblsize=16
    ivtype='long', ivsize=8, nvtype='double', nvsize=8, Off_t='off_t', lseeksize=8
    alignbytes=8, prototype=define
  Linker and Libraries:
    ld='cc', ldflags =' -L/usr/local/lib'
    libpth=/usr/local/lib /lib/x86_64-linux-gnu /lib/../lib /usr/lib/x86_64-linux-gnu /usr/lib/../lib /lib /usr/lib
    libs=-lpthread -lnsl -ldl -lm -lcrypt -lutil -lc
    perllibs=-lpthread -lnsl -ldl -lm -lcrypt -lutil -lc
    libc=libc-2.24.so, so=so, useshrplib=false, libperl=libperl.a
    gnulibc_version='2.24'
  Dynamic Linking:
    dlsrc=dl_dlopen.xs, dlext=so, d_dlsymun=undef, ccdlflags='-Wl,-E'
    cccdlflags='-fpic', lddlflags='-shared -L/usr/local/lib'


Characteristics of this binary (from libperl): 
  Compile-time options: MULTIPLICITY USE_ITHREADS USE_64_BIT_INT USE_64_BIT_ALL USE_LARGE_FILES PERL_IMPLICIT_CONTEXT
  Locally applied patches:
	MAINT23136
  Built under linux
  Compiled at Dec 18 2016 16:35:41
  %ENV:
    PERL5LIB=""
    PERL5OPT=""
    PERL5_CPANPLUS_IS_RUNNING="27945"
    PERL5_CPAN_IS_RUNNING="27945"
    PERL_CANARY_STABILITY_NOPROMPT="1"
    PERL_MM_USE_DEFAULT="1"
    PERL_USE_UNSAFE_INC="1"
  @INC:
    /home/sand/src/perl/repoperls/installed-perls/host/k93msid/perl-5.8.5/a927/lib/5.8.5/x86_64-linux-thread-multi
    /home/sand/src/perl/repoperls/installed-perls/host/k93msid/perl-5.8.5/a927/lib/5.8.5
    /home/sand/src/perl/repoperls/installed-perls/host/k93msid/perl-5.8.5/a927/lib/site_perl/5.8.5/x86_64-linux-thread-multi
    /home/sand/src/perl/repoperls/installed-perls/host/k93msid/perl-5.8.5/a927/lib/site_perl/5.8.5
    /home/sand/src/perl/repoperls/installed-perls/host/k93msid/perl-5.8.5/a927/lib/site_perl
    .