Ethereum-RPC-Client v0.05 Perl 5 v5.30.1 amd64-freebsd

Status
Fail
From
Chris Williams (BINGOS)
Dist
Ethereum-RPC-Client v0.05
Platform
Perl 5 v5.30.1 amd64-freebsd
Date
2023-03-06 11:47:12
ID
a236b0ac-bc14-11ed-aba6-9a79f339625c
This distribution has been tested as part of the CPAN Testers
project, supporting the Perl programming language.  See
http://wiki.cpantesters.org/ for more information or email
questions to cpan-testers-discuss@perl.org


--

Dear BINARY,

This is a computer-generated error report created automatically by
CPANPLUS, version 0.9914. Testers personal comments may appear
at the end of this report.


Thank you for uploading your work to CPAN.  However, it appears that
there were some problems testing your distribution.

TEST RESULTS:

Below is the error stack from stage 'make test':

PERL_DL_NONLAZY=1 "/usr/home/cpan/pit/bare/perl-5.30.1/bin/perl" "-MExtUtils::Command::MM" "-MTest::Harness" "-e" "undef *Test::Harness::Switches; test_harness(0, 'blib/lib', 'blib/arch')" t/*.t

#   Failed test 'Mojolicious satisfies '== 7.29''
#   at t/00-check-deps.t line 9.
# Installed version (9.31) of Mojolicious is not in range '== 7.29'
# Looks like you failed 1 test of 25.
t/00-check-deps.t .......... 
Dubious, test returned 1 (wstat 256, 0x100)
Failed 1/25 subtests 
t/00-compile.t ............. ok
# 
# Versions for all modules listed in MYMETA.json (including optional ones):
# 
# === Configure Requires ===
# 
#     Module              Want Have
#     ------------------- ---- ----
#     ExtUtils::MakeMaker 7.64 7.64
# 
# === Build Requires ===
# 
#     Module              Want Have
#     ------------------- ---- ----
#     ExtUtils::MakeMaker  any 7.64
# 
# === Test Requires ===
# 
#     Module                 Want     Have
#     ------------------- ------- --------
#     ExtUtils::MakeMaker     any     7.64
#     File::Spec              any     3.78
#     IO::Handle              any     1.40
#     IPC::Open3              any     1.20
#     JSON                2.97001     4.10
#     Test::CheckDeps       0.010    0.010
#     Test::More             0.96 1.302191
# 
# === Test Recommends ===
# 
#     Module         Want     Have
#     ---------- -------- --------
#     CPAN::Meta 2.120900 2.150010
# 
# === Runtime Requires ===
# 
#     Module              Want     Have
#     --------------- -------- --------
#     Digest::Keccak      0.05     0.05
#     Encode               any     3.01
#     Future              0.37     0.49
#     JSON             2.97001     4.10
#     JSON::MaybeXS   1.003008 1.004004
#     List::Util           any     1.50
#     Math::BigFloat  1.999814 1.999816
#     Math::BigInt    1.999814 1.999816
#     Mojo::UserAgent      any    undef
#     Mojolicious      == 7.29     9.31
#     Moo                  any 2.005005
#     Path::Tiny           any    0.144
#     Scalar::Util         any     1.50
#     strict               any     1.11
#     warnings             any     1.44
# 
# 
# *** WARNING WARNING WARNING WARNING WARNING WARNING WARNING WARNING ***
# 
# The following REQUIRED prerequisites were not satisfied:
# 
# Mojolicious version '9.31' is not in required range '== 7.29'
# 
t/00-report-prereqs.t ...... ok
t/00_web3_clientVersion.t .. skipped: Needs Circle setup
t/ABI_encoding.t ........... skipped: Needs Travis setup
t/Crowdsale.t .............. skipped: Needs Travis setup
t/ERC20.t .................. skipped: Needs Travis setup

Test Summary Report
-------------------
t/00-check-deps.t        (Wstat: 256 (exited 1) Tests: 25 Failed: 1)
  Failed test:  19
  Non-zero exit status: 1
Files=7, Tests=32, 10 wallclock secs ( 0.10 usr  0.02 sys +  8.46 cusr  1.45 csys = 10.03 CPU)
Result: FAIL
Failed 1/7 test programs. 1/32 subtests failed.
*** Error code 255

Stop.
make: stopped in /usr/home/cpan/pit/bare/conf/perl-5.30.1/.cpanplus/5.30.1/build/RsDKMDdjiO/Ethereum-RPC-Client-0.05


PREREQUISITES:

Here is a list of prerequisites you specified and versions we
managed to load:

	  Module Name                        Have     Want
	  Digest::Keccak                     0.05     0.05
	  Encode                             3.01        0
	  ExtUtils::MakeMaker                7.64        0
	  File::Spec                         3.78        0
	  Future                             0.49     0.37
	  IO::Handle                         1.40        0
	  IPC::Open3                         1.20        0
	  JSON                               4.10  2.97001
	  JSON::MaybeXS                  1.004004 1.003008
	  List::Util                         1.50        0
	  Math::BigFloat                 1.999816 1.999814
	  Math::BigInt                   1.999816 1.999814
	  Mojo::UserAgent                       0        0
	! Mojolicious                        9.31  == 7.29
	  Moo                            2.005005        0
	  Path::Tiny                        0.144        0
	  Scalar::Util                       1.50        0
	  Test::CheckDeps                   0.010    0.010
	  Test::More                     1.302191     0.96
	  strict                             1.11        0
	  warnings                           1.44        0

Perl module toolchain versions installed:
	Module Name                        Have
	CPANPLUS                         0.9914
	CPANPLUS::Dist::Build              0.90
	Cwd                                3.78
	ExtUtils::CBuilder             0.280236
	ExtUtils::Command                  7.64
	ExtUtils::Install                  2.20
	ExtUtils::MakeMaker                7.64
	ExtUtils::Manifest                 1.73
	ExtUtils::ParseXS                  3.44
	File::Spec                         3.78
	Module::Build                    0.4231
	Pod::Parser                        1.63
	Pod::Simple                        3.35
	Test2                          1.302191
	Test::Harness                      3.44
	Test::More                     1.302191
	version                          0.9929

******************************** NOTE ********************************
The comments above are created mechanically, possibly without manual
checking by the sender.  As there are many people performing automatic
tests on each upload to CPAN, it is likely that you will receive
identical messages about the same problem.

If you believe that the message is mistaken, please reply to the first
one with correction and/or additional informations, and do not take
it personally.  We appreciate your patience. :)
**********************************************************************

Additional comments:


This report was machine-generated by CPANPLUS::Dist::YACSmoke 1.08.
Powered by minismokebox version 0.68

CPANPLUS is prefering Build.PL

------------------------------
ENVIRONMENT AND OTHER CONTEXT
------------------------------

Environment variables:

    AUTOMATED_TESTING = 1
    LANG = C.UTF-8
    NONINTERACTIVE_TESTING = 1
    PATH = /sbin:/bin:/usr/sbin:/usr/bin:/usr/local/sbin:/usr/local/bin:/home/cpan/bin
    PERL5LIB = /usr/home/cpan/pit/jail/gjFrHvpe7_/lib/perl5:/usr/home/cpan/pit/bare/conf/perl-5.30.1/.cpanplus/5.30.1/build/RsDKMDdjiO/Ethereum-RPC-Client-0.05/blib/lib:/usr/home/cpan/pit/bare/conf/perl-5.30.1/.cpanplus/5.30.1/build/RsDKMDdjiO/Ethereum-RPC-Client-0.05/blib/arch
    PERL5_CPANPLUS_IS_RUNNING = 37924
    PERL5_CPANPLUS_IS_VERSION = 0.9914
    PERL5_MINISMOKEBOX = 0.68
    PERL5_YACSMOKE_BASE = /usr/home/cpan/pit/bare/conf/perl-5.30.1
    PERL_EXTUTILS_AUTOINSTALL = --defaultdeps
    PERL_LOCAL_LIB_ROOT = /usr/home/cpan/pit/jail/gjFrHvpe7_
    PERL_MB_OPT = --install_base "/usr/home/cpan/pit/jail/gjFrHvpe7_"
    PERL_MM_OPT = INSTALL_BASE=/usr/home/cpan/pit/jail/gjFrHvpe7_
    PERL_MM_USE_DEFAULT = 1
    SHELL = /usr/local/bin/bash
    TERM = screen

Perl special variables (and OS-specific diagnostics, for MSWin32):

    Perl: $^X = /usr/home/cpan/pit/bare/perl-5.30.1/bin/perl
    UID:  $<  = 1002
    EUID: $>  = 1002
    GID:  $(  = 1002 1002
    EGID: $)  = 1002 1002


-------------------------------


--

Summary of my perl5 (revision 5 version 30 subversion 1) configuration:
   
  Platform:
    osname=freebsd
    osvers=13.1-release-p2
    archname=amd64-freebsd
    uname='freebsd fever 13.1-release-p2 freebsd 13.1-release-p2 generic amd64 '
    config_args='-des -Dprefix=/usr/home/cpan/pit/bare/perl-5.30.1'
    hint=recommended
    useposix=true
    d_sigaction=define
    useithreads=undef
    usemultiplicity=undef
    use64bitint=define
    use64bitall=define
    uselongdouble=undef
    usemymalloc=n
    default_inc_excludes_dot=define
    bincompat5005=undef
  Compiler:
    cc='cc'
    ccflags ='-DHAS_FPSETMASK -DHAS_FLOATINGPOINT_H -fno-strict-aliasing -pipe -fstack-protector-strong -I/usr/local/include'
    optimize='-O2'
    cppflags='-DHAS_FPSETMASK -DHAS_FLOATINGPOINT_H -fno-strict-aliasing -pipe -fstack-protector-strong -I/usr/local/include'
    ccversion=''
    gccversion='FreeBSD Clang 13.0.0 (git@github.com:llvm/llvm-project.git llvmorg-13.0.0-0-gd7b669b3a303)'
    gccosandvers=''
    intsize=4
    longsize=8
    ptrsize=8
    doublesize=8
    byteorder=12345678
    doublekind=3
    d_longlong=define
    longlongsize=8
    d_longdbl=define
    longdblsize=16
    longdblkind=3
    ivtype='long'
    ivsize=8
    nvtype='double'
    nvsize=8
    Off_t='off_t'
    lseeksize=8
    alignbytes=8
    prototype=define
  Linker and Libraries:
    ld='cc'
    ldflags ='-Wl,-E  -fstack-protector-strong -L/usr/local/lib'
    libpth=/usr/lib /usr/local/lib /usr/lib/clang/13.0.0/lib /usr/lib
    libs=-lpthread -lgdbm -ldl -lm -lcrypt -lutil -lc
    perllibs=-lpthread -ldl -lm -lcrypt -lutil -lc
    libc=
    so=so
    useshrplib=false
    libperl=libperl.a
    gnulibc_version=''
  Dynamic Linking:
    dlsrc=dl_dlopen.xs
    dlext=so
    d_dlsymun=undef
    ccdlflags=' '
    cccdlflags='-DPIC -fPIC'
    lddlflags='-shared  -L/usr/local/lib -fstack-protector-strong'


Characteristics of this binary (from libperl): 
  Compile-time options:
    HAS_TIMES
    PERLIO_LAYERS
    PERL_COPY_ON_WRITE
    PERL_DONT_CREATE_GVSV
    PERL_MALLOC_WRAP
    PERL_OP_PARENT
    PERL_PRESERVE_IVUV
    USE_64_BIT_ALL
    USE_64_BIT_INT
    USE_LARGE_FILES
    USE_LOCALE
    USE_LOCALE_COLLATE
    USE_LOCALE_CTYPE
    USE_LOCALE_NUMERIC
    USE_LOCALE_TIME
    USE_PERLIO
    USE_PERL_ATOF
  Locally applied patches:
    Devel::PatchPerl 2.08
  Built under freebsd
  Compiled at Oct  8 2022 05:12:47
  %ENV:
    PERL5LIB="/usr/home/cpan/pit/jail/gjFrHvpe7_/lib/perl5:/usr/home/cpan/pit/bare/conf/perl-5.30.1/.cpanplus/5.30.1/build/RsDKMDdjiO/Ethereum-RPC-Client-0.05/blib/lib:/usr/home/cpan/pit/bare/conf/perl-5.30.1/.cpanplus/5.30.1/build/RsDKMDdjiO/Ethereum-RPC-Client-0.05/blib/arch"
    PERL5_CPANPLUS_IS_RUNNING="37924"
    PERL5_CPANPLUS_IS_VERSION="0.9914"
    PERL5_MINISMOKEBOX="0.68"
    PERL5_YACSMOKE_BASE="/usr/home/cpan/pit/bare/conf/perl-5.30.1"
    PERL_EXTUTILS_AUTOINSTALL="--defaultdeps"
    PERL_LOCAL_LIB_ROOT="/usr/home/cpan/pit/jail/gjFrHvpe7_"
    PERL_MB_OPT="--install_base "/usr/home/cpan/pit/jail/gjFrHvpe7_""
    PERL_MM_OPT="INSTALL_BASE=/usr/home/cpan/pit/jail/gjFrHvpe7_"
    PERL_MM_USE_DEFAULT="1"
  @INC:
    /usr/home/cpan/pit/jail/gjFrHvpe7_/lib/perl5/5.30.1/amd64-freebsd
    /usr/home/cpan/pit/jail/gjFrHvpe7_/lib/perl5/5.30.1
    /usr/home/cpan/pit/jail/gjFrHvpe7_/lib/perl5/amd64-freebsd
    /usr/home/cpan/pit/jail/gjFrHvpe7_/lib/perl5
    /usr/home/cpan/pit/bare/conf/perl-5.30.1/.cpanplus/5.30.1/build/RsDKMDdjiO/Ethereum-RPC-Client-0.05/blib/lib
    /usr/home/cpan/pit/bare/conf/perl-5.30.1/.cpanplus/5.30.1/build/RsDKMDdjiO/Ethereum-RPC-Client-0.05/blib/arch
    /usr/home/cpan/pit/bare/perl-5.30.1/lib/site_perl/5.30.1/amd64-freebsd
    /usr/home/cpan/pit/bare/perl-5.30.1/lib/site_perl/5.30.1
    /usr/home/cpan/pit/bare/perl-5.30.1/lib/5.30.1/amd64-freebsd
    /usr/home/cpan/pit/bare/perl-5.30.1/lib/5.30.1