Report for IPC-MorseSignals-0.17

Back
From: metabase:user:322078bc-2aae-11df-837a-5e0a49663a4f
Subject: FAIL IPC-MorseSignals-0.17 v5.22.2 NetBSD
Date: 2017-07-29T03:47:23Z

This distribution has been tested as part of the CPAN Testers
project, supporting the Perl programming language.  See
http://wiki.cpantesters.org/ for more information or email
questions to cpan-testers-discuss@perl.org


--

Dear VPIT,

This is a computer-generated error report created automatically by
CPANPLUS, version 0.9168. Testers personal comments may appear
at the end of this report.


Thank you for uploading your work to CPAN.  However, it appears that
there were some problems testing your distribution.

TEST RESULTS:

Below is the error stack from stage 'make test':

PERL_DL_NONLAZY=1 "/home/cpan/pit/thr/perl-5.22.2/bin/perl" "-MExtUtils::Command::MM" "-MTest::Harness" "-e" "undef *Test::Harness::Switches; test_harness(0, 'blib/lib', 'blib/arch')" t/*.t
# Testing IPC::MorseSignals 0.17, Perl 5.022002, /home/cpan/pit/thr/perl-5.22.2/bin/perl
t/00-load.t ........... ok
t/02-can.t ............ ok
t/10-sigusr.t ......... ok
t/20-emitter-obj.t .... ok
t/30-receiver-obj.t ... ok
t/50-self-plain.t ..... ok
t/51-self-utf8.t ...... ok
t/52-self-storable.t .. ok
# respawn (5 lives left)
# respawn (4 lives left)
# respawn (3 lives left)
# respawn (2 lives left)
# respawn (1 lives left)
# respawn (0 lives left)

t/60-fork-plain.t ..... 
Dubious, test returned 12 (wstat 3072, 0xc00)
Failed 6/7 subtests 
#   Failed test 'plain 2 (died : forked too many times at t/lib/IPC/MorseSignals/TestSuite.pm line 27.
# )'
#   at t/60-fork-plain.t line 19.
Use of uninitialized value $len in concatenation (.) or string at t/60-fork-plain.t line 20.
Use of uninitialized value $speed in concatenation (.) or string at t/60-fork-plain.t line 20.

#   Failed test 'plain 2 ( bits @  bauds)'
#   at t/60-fork-plain.t line 20.
# respawn (-1 lives left)

#   Failed test 'plain 3 (died : forked too many times at t/lib/IPC/MorseSignals/TestSuite.pm line 27.
# )'
#   at t/60-fork-plain.t line 19.
Use of uninitialized value $len in concatenation (.) or string at t/60-fork-plain.t line 20.
Use of uninitialized value $speed in concatenation (.) or string at t/60-fork-plain.t line 20.

#   Failed test 'plain 3 ( bits @  bauds)'
#   at t/60-fork-plain.t line 20.
# respawn (-2 lives left)

#   Failed test 'plain 4 (died : forked too many times at t/lib/IPC/MorseSignals/TestSuite.pm line 27.
# )'
#   at t/60-fork-plain.t line 19.
Use of uninitialized value $len in concatenation (.) or string at t/60-fork-plain.t line 20.
Use of uninitialized value $speed in concatenation (.) or string at t/60-fork-plain.t line 20.

#   Failed test 'plain 4 ( bits @  bauds)'
#   at t/60-fork-plain.t line 20.
# respawn (-3 lives left)

#   Failed test 'plain 5 (died : forked too many times at t/lib/IPC/MorseSignals/TestSuite.pm line 27.
# )'
#   at t/60-fork-plain.t line 19.
Use of uninitialized value $len in concatenation (.) or string at t/60-fork-plain.t line 20.
Use of uninitialized value $speed in concatenation (.) or string at t/60-fork-plain.t line 20.

#   Failed test 'plain 5 ( bits @  bauds)'
#   at t/60-fork-plain.t line 20.
# respawn (-4 lives left)

#   Failed test 'plain 6 (died : forked too many times at t/lib/IPC/MorseSignals/TestSuite.pm line 27.
# )'
#   at t/60-fork-plain.t line 19.
Use of uninitialized value $len in concatenation (.) or string at t/60-fork-plain.t line 20.
Use of uninitialized value $speed in concatenation (.) or string at t/60-fork-plain.t line 20.

#   Failed test 'plain 6 ( bits @  bauds)'
#   at t/60-fork-plain.t line 20.
# respawn (-5 lives left)

#   Failed test 'plain 7 (died : forked too many times at t/lib/IPC/MorseSignals/TestSuite.pm line 27.
# )'
#   at t/60-fork-plain.t line 19.
Use of uninitialized value $len in concatenation (.) or string at t/60-fork-plain.t line 20.
Use of uninitialized value $speed in concatenation (.) or string at t/60-fork-plain.t line 20.

#   Failed test 'plain 7 ( bits @  bauds)'
#   at t/60-fork-plain.t line 20.
# Looks like you planned 7 tests but ran 13.
# Looks like you failed 12 tests of 13 run.
t/61-fork-utf8.t ...... ok
# respawn (5 lives left)
# respawn (4 lives left)
# respawn (3 lives left)
# respawn (2 lives left)
# respawn (1 lives left)
# respawn (0 lives left)

t/62-fork-storable.t .. 
Dubious, test returned 16 (wstat 4096, 0x1000)
Failed 8/8 subtests 
#   Failed test 'storable 1 (died : forked too many times at t/lib/IPC/MorseSignals/TestSuite.pm line 27.
# )'
#   at t/62-fork-storable.t line 21.
Use of uninitialized value $len in concatenation (.) or string at t/62-fork-storable.t line 22.
Use of uninitialized value $speed in concatenation (.) or string at t/62-fork-storable.t line 22.

#   Failed test 'storable 1 ( bits @  bauds)'
#   at t/62-fork-storable.t line 22.
# respawn (-1 lives left)

#   Failed test 'storable 2 (died : forked too many times at t/lib/IPC/MorseSignals/TestSuite.pm line 27.
# )'
#   at t/62-fork-storable.t line 21.
Use of uninitialized value $len in concatenation (.) or string at t/62-fork-storable.t line 22.
Use of uninitialized value $speed in concatenation (.) or string at t/62-fork-storable.t line 22.

#   Failed test 'storable 2 ( bits @  bauds)'
#   at t/62-fork-storable.t line 22.
# respawn (-2 lives left)

#   Failed test 'storable 3 (died : forked too many times at t/lib/IPC/MorseSignals/TestSuite.pm line 27.
# )'
#   at t/62-fork-storable.t line 21.
Use of uninitialized value $len in concatenation (.) or string at t/62-fork-storable.t line 22.
Use of uninitialized value $speed in concatenation (.) or string at t/62-fork-storable.t line 22.

#   Failed test 'storable 3 ( bits @  bauds)'
#   at t/62-fork-storable.t line 22.
# respawn (-3 lives left)

#   Failed test 'storable 4 (died : forked too many times at t/lib/IPC/MorseSignals/TestSuite.pm line 27.
# )'
#   at t/62-fork-storable.t line 21.
Use of uninitialized value $len in concatenation (.) or string at t/62-fork-storable.t line 22.
Use of uninitialized value $speed in concatenation (.) or string at t/62-fork-storable.t line 22.

#   Failed test 'storable 4 ( bits @  bauds)'
#   at t/62-fork-storable.t line 22.
# respawn (-4 lives left)

#   Failed test 'storable 5 (died : forked too many times at t/lib/IPC/MorseSignals/TestSuite.pm line 27.
# )'
#   at t/62-fork-storable.t line 21.
Use of uninitialized value $len in concatenation (.) or string at t/62-fork-storable.t line 22.
Use of uninitialized value $speed in concatenation (.) or string at t/62-fork-storable.t line 22.

#   Failed test 'storable 5 ( bits @  bauds)'
#   at t/62-fork-storable.t line 22.
# respawn (-5 lives left)

#   Failed test 'storable 6 (died : forked too many times at t/lib/IPC/MorseSignals/TestSuite.pm line 27.
# )'
#   at t/62-fork-storable.t line 21.
Use of uninitialized value $len in concatenation (.) or string at t/62-fork-storable.t line 22.
Use of uninitialized value $speed in concatenation (.) or string at t/62-fork-storable.t line 22.

#   Failed test 'storable 6 ( bits @  bauds)'
#   at t/62-fork-storable.t line 22.
# respawn (-6 lives left)

#   Failed test 'storable 7 (died : forked too many times at t/lib/IPC/MorseSignals/TestSuite.pm line 27.
# )'
#   at t/62-fork-storable.t line 21.
Use of uninitialized value $len in concatenation (.) or string at t/62-fork-storable.t line 22.
Use of uninitialized value $speed in concatenation (.) or string at t/62-fork-storable.t line 22.

#   Failed test 'storable 7 ( bits @  bauds)'
#   at t/62-fork-storable.t line 22.
# respawn (-7 lives left)

#   Failed test 'storable 8 (died : forked too many times at t/lib/IPC/MorseSignals/TestSuite.pm line 27.
# )'
#   at t/62-fork-storable.t line 21.
Use of uninitialized value $len in concatenation (.) or string at t/62-fork-storable.t line 22.
Use of uninitialized value $speed in concatenation (.) or string at t/62-fork-storable.t line 22.

#   Failed test 'storable 8 ( bits @  bauds)'
#   at t/62-fork-storable.t line 22.
# Looks like you planned 8 tests but ran 16.
# Looks like you failed 16 tests of 16 run.
forked too many times at t/lib/IPC/MorseSignals/TestSuite.pm line 27.
t/70-speed.t .......... 
Dubious, test returned 29 (wstat 7424, 0x1d00)
Failed 6/6 subtests 

Test Summary Report
-------------------
t/60-fork-plain.t   (Wstat: 3072 Tests: 13 Failed: 12)
  Failed tests:  2-13
  Non-zero exit status: 12
  Parse errors: Bad plan.  You planned 7 tests but ran 13.
t/62-fork-storable.t (Wstat: 4096 Tests: 16 Failed: 16)
  Failed tests:  1-16
  Non-zero exit status: 16
  Parse errors: Bad plan.  You planned 8 tests but ran 16.
t/70-speed.t        (Wstat: 7424 Tests: 0 Failed: 0)
  Non-zero exit status: 29
  Parse errors: Bad plan.  You planned 6 tests but ran 0.
Files=12, Tests=107, 148 wallclock secs ( 0.03 usr  0.06 sys +  1.29 cusr  0.67 csys =  2.05 CPU)
Result: FAIL
*** Error code 29

Stop.
make: stopped in /home/cpan/pit/thr/conf/perl-5.22.2/.cpanplus/5.22.2/build/T2DoQofX77/IPC-MorseSignals-0.17
# Looks like your test exited with 29 before it could output anything.
Failed 3/12 test programs. 28/107 subtests failed.


PREREQUISITES:

Here is a list of prerequisites you specified and versions we
managed to load:

	  Module Name                        Have     Want
	  Bit::MorseSignals                  0.08     0.05
	  Carp                               1.36        0
	  ExtUtils::MakeMaker                7.30        0
	  POSIX                           1.53_01        0
	  Time::HiRes                      1.9726        0
	  base                               2.22        0

Perl module toolchain versions installed:
	Module Name                        Have
	CPANPLUS                         0.9168
	CPANPLUS::Dist::Build              0.88
	Cwd                                3.62
	ExtUtils::CBuilder             0.280226
	ExtUtils::Command                  7.30
	ExtUtils::Install                  2.14
	ExtUtils::MakeMaker                7.30
	ExtUtils::Manifest                 1.70
	ExtUtils::ParseXS                  3.30
	File::Spec                         3.62
	Module::Build                    0.4224
	Pod::Parser                        1.63
	Pod::Simple                        3.29
	Test2                          1.302086
	Test::Harness                      3.39
	Test::More                     1.302086
	version                          0.9918

******************************** NOTE ********************************
The comments above are created mechanically, possibly without manual
checking by the sender.  As there are many people performing automatic
tests on each upload to CPAN, it is likely that you will receive
identical messages about the same problem.

If you believe that the message is mistaken, please reply to the first
one with correction and/or additional informations, and do not take
it personally.  We appreciate your patience. :)
**********************************************************************

Additional comments:


This report was machine-generated by CPANPLUS::Dist::YACSmoke 1.02.
Powered by minismokebox version 0.68

------------------------------
ENVIRONMENT AND OTHER CONTEXT
------------------------------

Environment variables:

    AUTOMATED_TESTING = 1
    NONINTERACTIVE_TESTING = 1
    PATH = /home/cpan/bin:/bin:/sbin:/usr/bin:/usr/sbin:/usr/X11R7/bin:/usr/X11R6/bin:/usr/pkg/bin:/usr/pkg/sbin:/usr/games:/usr/local/bin:/usr/local/sbin
    PERL5LIB = :/home/cpan/pit/thr/conf/perl-5.22.2/.cpanplus/5.22.2/build/PiCSdBWGlS/Bit-MorseSignals-0.08/blib/lib:/home/cpan/pit/thr/conf/perl-5.22.2/.cpanplus/5.22.2/build/PiCSdBWGlS/Bit-MorseSignals-0.08/blib/arch:/home/cpan/pit/thr/conf/perl-5.22.2/.cpanplus/5.22.2/build/T2DoQofX77/IPC-MorseSignals-0.17/blib/lib:/home/cpan/pit/thr/conf/perl-5.22.2/.cpanplus/5.22.2/build/T2DoQofX77/IPC-MorseSignals-0.17/blib/arch
    PERL5_CPANPLUS_IS_RUNNING = 18612
    PERL5_CPANPLUS_IS_VERSION = 0.9168
    PERL5_MINISMOKEBOX = 0.68
    PERL5_YACSMOKE_BASE = /home/cpan/pit/thr/conf/perl-5.22.2
    PERL_EXTUTILS_AUTOINSTALL = --defaultdeps
    PERL_MM_USE_DEFAULT = 1
    SHELL = /usr/pkg/bin/bash
    TERM = screen

Perl special variables (and OS-specific diagnostics, for MSWin32):

    Perl: $^X = /home/cpan/pit/thr/perl-5.22.2/bin/perl
    UID:  $<  = 1002
    EUID: $>  = 1002
    GID:  $(  = 100 100
    EGID: $)  = 100 100


-------------------------------


--

Summary of my perl5 (revision 5 version 22 subversion 2) configuration:
   
  Platform:
    osname=netbsd, osvers=7.0.1, archname=amd64-netbsd-thread-multi
    uname='netbsd niwed.bingosnet.co.uk 7.0.1 netbsd 7.0.1 (generic.201605221355z) amd64 '
    config_args='-des -Dprefix=/home/cpan/pit/thr/perl-5.22.2 -Dusethreads'
    hint=recommended, useposix=true, d_sigaction=define
    useithreads=define, usemultiplicity=define
    use64bitint=define, use64bitall=define, uselongdouble=undef
    usemymalloc=n, bincompat5005=undef
  Compiler:
    cc='cc', ccflags ='-fwrapv -fno-strict-aliasing -pipe -fstack-protector -I/usr/pkg/include -D_FORTIFY_SOURCE=2',
    optimize='-O',
    cppflags='-fwrapv -fno-strict-aliasing -pipe -fstack-protector -I/usr/pkg/include'
    ccversion='', gccversion='4.8.4', gccosandvers=''
    intsize=4, longsize=8, ptrsize=8, doublesize=8, byteorder=12345678, doublekind=3
    d_longlong=define, longlongsize=8, d_longdbl=define, longdblsize=16, longdblkind=3
    ivtype='long', ivsize=8, nvtype='double', nvsize=8, Off_t='off_t', lseeksize=8
    alignbytes=8, prototype=define
  Linker and Libraries:
    ld='cc', ldflags =' -Wl,-rpath,/usr/pkg/lib -Wl,-rpath,/usr/local/lib -fstack-protector -L/usr/pkg/lib'
    libpth=/usr/include/gcc-4.8 /usr/lib /usr/pkg/lib /lib
    libs=-lpthread -lgdbm -lm -lcrypt -lutil -lc -lposix
    perllibs=-lpthread -lm -lcrypt -lutil -lc -lposix
    libc=/lib/libc.so, so=so, useshrplib=false, libperl=libperl.a
    gnulibc_version=''
  Dynamic Linking:
    dlsrc=dl_dlopen.xs, dlext=so, d_dlsymun=undef, ccdlflags='-Wl,-E '
    cccdlflags='-DPIC -fPIC ', lddlflags='-shared  -L/usr/pkg/lib -fstack-protector'


Characteristics of this binary (from libperl): 
  Compile-time options: HAS_TIMES MULTIPLICITY PERLIO_LAYERS
                        PERL_DONT_CREATE_GVSV
                        PERL_HASH_FUNC_ONE_AT_A_TIME_HARD
                        PERL_IMPLICIT_CONTEXT PERL_MALLOC_WRAP
                        PERL_NEW_COPY_ON_WRITE PERL_PRESERVE_IVUV
                        USE_64_BIT_ALL USE_64_BIT_INT USE_ITHREADS
                        USE_LARGE_FILES USE_LOCALE USE_LOCALE_COLLATE
                        USE_LOCALE_CTYPE USE_LOCALE_NUMERIC USE_LOCALE_TIME
                        USE_PERLIO USE_PERL_ATOF USE_REENTRANT_API
  Locally applied patches:
	Devel::PatchPerl 1.42
  Built under netbsd
  Compiled at Jun  2 2016 08:59:51
  %ENV:
    PERL5LIB=":/home/cpan/pit/thr/conf/perl-5.22.2/.cpanplus/5.22.2/build/PiCSdBWGlS/Bit-MorseSignals-0.08/blib/lib:/home/cpan/pit/thr/conf/perl-5.22.2/.cpanplus/5.22.2/build/PiCSdBWGlS/Bit-MorseSignals-0.08/blib/arch:/home/cpan/pit/thr/conf/perl-5.22.2/.cpanplus/5.22.2/build/T2DoQofX77/IPC-MorseSignals-0.17/blib/lib:/home/cpan/pit/thr/conf/perl-5.22.2/.cpanplus/5.22.2/build/T2DoQofX77/IPC-MorseSignals-0.17/blib/arch"
    PERL5_CPANPLUS_IS_RUNNING="18612"
    PERL5_CPANPLUS_IS_VERSION="0.9168"
    PERL5_MINISMOKEBOX="0.68"
    PERL5_YACSMOKE_BASE="/home/cpan/pit/thr/conf/perl-5.22.2"
    PERL_EXTUTILS_AUTOINSTALL="--defaultdeps"
    PERL_MM_USE_DEFAULT="1"
  @INC:
    /home/cpan/pit/thr/conf/perl-5.22.2/.cpanplus/5.22.2/build/PiCSdBWGlS/Bit-MorseSignals-0.08/blib/lib
    /home/cpan/pit/thr/conf/perl-5.22.2/.cpanplus/5.22.2/build/PiCSdBWGlS/Bit-MorseSignals-0.08/blib/arch
    /home/cpan/pit/thr/conf/perl-5.22.2/.cpanplus/5.22.2/build/T2DoQofX77/IPC-MorseSignals-0.17/blib/lib
    /home/cpan/pit/thr/conf/perl-5.22.2/.cpanplus/5.22.2/build/T2DoQofX77/IPC-MorseSignals-0.17/blib/arch
    /home/cpan/pit/thr/perl-5.22.2/lib/site_perl/5.22.2/amd64-netbsd-thread-multi
    /home/cpan/pit/thr/perl-5.22.2/lib/site_perl/5.22.2
    /home/cpan/pit/thr/perl-5.22.2/lib/5.22.2/amd64-netbsd-thread-multi
    /home/cpan/pit/thr/perl-5.22.2/lib/5.22.2
    .