Shell-Cmd v3.03 Perl 5 v5.12.2 MSWin32-x86-multi-thread

Status
Fail
From
Alexandr Ciornii (CHORNY)
Dist
Shell-Cmd v3.03
Platform
Perl 5 v5.12.2 MSWin32-x86-multi-thread
Date
2019-10-23 19:18:51
ID
a189ab04-6c0e-1014-a6fa-ada8d4b11295
This distribution has been tested as part of the CPAN Testers
project, supporting the Perl programming language.  See
http://wiki.cpantesters.org/ for more information or email
questions to cpan-testers-discuss@perl.org


--
Dear Sullivan Beck,

This is a computer-generated report for Shell-Cmd-3.03
on perl 5.12.2, created by CPAN-Reporter-1.2018.

Thank you for uploading your work to CPAN.  However, there was a problem
testing your distribution.

If you think this report is invalid, please consult the CPAN Testers Wiki
for suggestions on how to avoid getting FAIL reports for missing library
or binary dependencies, unsupported operating systems, and so on:

http://wiki.cpantesters.org/wiki/CPANAuthorNotes

Sections of this report:

    * Tester comments
    * Program output
    * Prerequisites
    * Environment and other context

------------------------------
TESTER COMMENTS
------------------------------

Additional comments from tester:

this report is from an automated smoke testing program
and was not reviewed by a human for accuracy

------------------------------
PROGRAM OUTPUT
------------------------------

Output from 'C:\strawberry\c\bin\dmake.EXE test':

C:\strawberry\perl\bin\perl.exe "-MExtUtils::Command::MM" "-MTest::Harness" "-e" "undef *Test::Harness::Switches; test_harness(0, 'blib\lib', 'blib\arch')" t/*.t
Системе не удается найти указанный путь.
"pwd" не является внутренней или внешней
командой, исполняемой программой или пакетным файлом.
t/00-errflow_check-run.t ............... 
Dubious, test returned 1 (wstat 256, 0x100)
No subtests run 
Системе не удается найти указанный путь.
"pwd" не является внутренней или внешней
командой, исполняемой программой или пакетным файлом.
t/00-errflow_dire-run.t ................ 
Dubious, test returned 1 (wstat 256, 0x100)
No subtests run 
Системе не удается найти указанный путь.
"pwd" не является внутренней или внешней
командой, исполняемой программой или пакетным файлом.
t/00-errflow_mix1-run.t ................ 
Dubious, test returned 1 (wstat 256, 0x100)
No subtests run 
Системе не удается найти указанный путь.
"pwd" не является внутренней или внешней
командой, исполняемой программой или пакетным файлом.
t/00-errflow_mix2-run.t ................ 
Dubious, test returned 1 (wstat 256, 0x100)
No subtests run 
Системе не удается найти указанный путь.
"pwd" не является внутренней или внешней
командой, исполняемой программой или пакетным файлом.
t/00-errflow_redir-run.t ............... 
Dubious, test returned 1 (wstat 256, 0x100)
No subtests run 
Системе не удается найти указанный путь.
"pwd" не является внутренней или внешней
командой, исполняемой программой или пакетным файлом.
t/00-errflow_retry-run.t ............... 
Dubious, test returned 1 (wstat 256, 0x100)
No subtests run 
Системе не удается найти указанный путь.
"pwd" не является внутренней или внешней
командой, исполняемой программой или пакетным файлом.
t/00-errflow_unclosed-run.t ............ 
Dubious, test returned 1 (wstat 256, 0x100)
No subtests run 
Системе не удается найти указанный путь.
"pwd" не является внутренней или внешней
командой, исполняемой программой или пакетным файлом.
t/00-error-run.t ....................... 
Dubious, test returned 1 (wstat 256, 0x100)
No subtests run 
t/00-obj.t ............................. ok
Системе не удается найти указанный путь.
"pwd" не является внутренней или внешней
командой, исполняемой программой или пакетным файлом.
t/00-simple-dire.t ..................... 
Dubious, test returned 1 (wstat 256, 0x100)
No subtests run 
Системе не удается найти указанный путь.
t/00s-errflow_mix1-run.t ............... skipped: SSH testing disabled.  Set SSH_TESTING to a list of hosts to enable.
Системе не удается найти указанный путь.
t/00s-errflow_mix2-run.t ............... skipped: SSH testing disabled.  Set SSH_TESTING to a list of hosts to enable.
Системе не удается найти указанный путь.
t/00s-errflow_unclosed-run.t ........... skipped: SSH testing disabled.  Set SSH_TESTING to a list of hosts to enable.
Системе не удается найти указанный путь.
"pwd" не является внутренней или внешней
командой, исполняемой программой или пакетным файлом.
t/01-simple-fail1.t .................... 
Dubious, test returned 1 (wstat 256, 0x100)
No subtests run 
Системе не удается найти указанный путь.
"pwd" не является внутренней или внешней
командой, исполняемой программой или пакетным файлом.
t/01-simple-fail2.t .................... 
Dubious, test returned 1 (wstat 256, 0x100)
No subtests run 
Системе не удается найти указанный путь.
"pwd" не является внутренней или внешней
командой, исполняемой программой или пакетным файлом.
t/01-simple-fail3.t .................... 
Dubious, test returned 1 (wstat 256, 0x100)
No subtests run 
Системе не удается найти указанный путь.
"pwd" не является внутренней или внешней
командой, исполняемой программой или пакетным файлом.
t/01-simple-run-echo.t ................. 
Dubious, test returned 1 (wstat 256, 0x100)
No subtests run 
Системе не удается найти указанный путь.
"pwd" не является внутренней или внешней
командой, исполняемой программой или пакетным файлом.
t/01-simple-run-merge.t ................ 
Dubious, test returned 1 (wstat 256, 0x100)
No subtests run 
Системе не удается найти указанный путь.
"pwd" не является внутренней или внешней
командой, исполняемой программой или пакетным файлом.
t/01-simple-run-opts.t ................. 
Dubious, test returned 1 (wstat 256, 0x100)
No subtests run 
Системе не удается найти указанный путь.
"pwd" не является внутренней или внешней
командой, исполняемой программой или пакетным файлом.
t/01-simple-run-quiet.t ................ 
Dubious, test returned 1 (wstat 256, 0x100)
No subtests run 
Системе не удается найти указанный путь.
"pwd" не является внутренней или внешней
командой, исполняемой программой или пакетным файлом.
t/01-simple-run-stderr.t ............... 
Dubious, test returned 1 (wstat 256, 0x100)
No subtests run 
Системе не удается найти указанный путь.
"pwd" не является внутренней или внешней
командой, исполняемой программой или пакетным файлом.
t/01-simple-run-stdout.t ............... 
Dubious, test returned 1 (wstat 256, 0x100)
No subtests run 
Системе не удается найти указанный путь.
"pwd" не является внутренней или внешней
командой, исполняемой программой или пакетным файлом.
t/01-simple-run.t ...................... 
Dubious, test returned 1 (wstat 256, 0x100)
No subtests run 
Системе не удается найти указанный путь.
"pwd" не является внутренней или внешней
командой, исполняемой программой или пакетным файлом.
t/01-simple-script=run-quiet.t ......... 
Dubious, test returned 1 (wstat 256, 0x100)
No subtests run 
Системе не удается найти указанный путь.
"pwd" не является внутренней или внешней
командой, исполняемой программой или пакетным файлом.
t/01-simple-script=run.t ............... 
Dubious, test returned 1 (wstat 256, 0x100)
No subtests run 
Системе не удается найти указанный путь.
"pwd" не является внутренней или внешней
командой, исполняемой программой или пакетным файлом.
t/01-simple-script=script.t ............ 
Dubious, test returned 1 (wstat 256, 0x100)
No subtests run 
Системе не удается найти указанный путь.
"pwd" не является внутренней или внешней
командой, исполняемой программой или пакетным файлом.
t/01-simple-script=simple-quiet.t ...... 
Dubious, test returned 1 (wstat 256, 0x100)
No subtests run 
Системе не удается найти указанный путь.
"pwd" не является внутренней или внешней
командой, исполняемой программой или пакетным файлом.
t/01-simple-script=simple.t ............ 
Dubious, test returned 1 (wstat 256, 0x100)
No subtests run 
Системе не удается найти указанный путь.
t/01s-simple-fail3.t ................... skipped: SSH testing disabled.  Set SSH_TESTING to a list of hosts to enable.
Системе не удается найти указанный путь.
t/01s-simple-script=run.t .............. skipped: SSH testing disabled.  Set SSH_TESTING to a list of hosts to enable.
Системе не удается найти указанный путь.
t/01s-simplessh-fail2.t ................ skipped: SSH testing disabled.  Set SSH_TESTING to a list of hosts to enable.
Системе не удается найти указанный путь.
t/01s-simplessh-nohosts.t .............. skipped: SSH testing disabled.  Set SSH_TESTING to a list of hosts to enable.
Системе не удается найти указанный путь.
t/01s-simplessh-run-opts.t ............. skipped: SSH testing disabled.  Set SSH_TESTING to a list of hosts to enable.
Системе не удается найти указанный путь.
t/01s-simplessh-run.t .................. skipped: SSH testing disabled.  Set SSH_TESTING to a list of hosts to enable.
Системе не удается найти указанный путь.
t/01s-simplessh2-quiet.t ............... skipped: SSH testing disabled.  Set SSH_TESTING to a list of hosts to enable.
Системе не удается найти указанный путь.
t/01s-simplessh2-run.t ................. skipped: SSH testing disabled.  Set SSH_TESTING to a list of hosts to enable.
Системе не удается найти указанный путь.
t/01s-simplessh2-run2.t ................ skipped: SSH testing disabled.  Set SSH_TESTING to a list of hosts to enable.
Системе не удается найти указанный путь.
t/01s-simplessh2-stderr.t .............. skipped: SSH testing disabled.  Set SSH_TESTING to a list of hosts to enable.
Системе не удается найти указанный путь.
t/01s-simplessh2-stdout.t .............. skipped: SSH testing disabled.  Set SSH_TESTING to a list of hosts to enable.
Системе не удается найти указанный путь.
"pwd" не является внутренней или внешней
командой, исполняемой программой или пакетным файлом.
t/02-special_characters-run.t .......... 
Dubious, test returned 1 (wstat 256, 0x100)
No subtests run 
Системе не удается найти указанный путь.
"pwd" не является внутренней или внешней
командой, исполняемой программой или пакетным файлом.
t/02-special_characters-script=run.t ... 
Dubious, test returned 1 (wstat 256, 0x100)
No subtests run 
Системе не удается найти указанный путь.
"pwd" не является внутренней или внешней
командой, исполняемой программой или пакетным файлом.
t/10-fail-run-continue.t ............... 
Dubious, test returned 1 (wstat 256, 0x100)
No subtests run 
Системе не удается найти указанный путь.
"pwd" не является внутренней или внешней
командой, исполняемой программой или пакетным файлом.
t/10-fail-run-display.t ................ 
Dubious, test returned 1 (wstat 256, 0x100)
No subtests run 
Системе не удается найти указанный путь.
"pwd" не является внутренней или внешней
командой, исполняемой программой или пакетным файлом.
t/10-fail-run.t ........................ 
Dubious, test returned 1 (wstat 256, 0x100)
No subtests run 
Системе не удается найти указанный путь.
"pwd" не является внутренней или внешней
командой, исполняемой программой или пакетным файлом.
t/10-fail-script=run-continue.t ........ 
Dubious, test returned 1 (wstat 256, 0x100)
No subtests run 
Системе не удается найти указанный путь.
"pwd" не является внутренней или внешней
командой, исполняемой программой или пакетным файлом.
t/10-fail-script=run-display.t ......... 
Dubious, test returned 1 (wstat 256, 0x100)
No subtests run 
Системе не удается найти указанный путь.
"pwd" не является внутренней или внешней
командой, исполняемой программой или пакетным файлом.
t/10-fail-script=run.t ................. 
Dubious, test returned 1 (wstat 256, 0x100)
No subtests run 
Системе не удается найти указанный путь.
"pwd" не является внутренней или внешней
командой, исполняемой программой или пакетным файлом.
t/20-check-run.t ....................... 
Dubious, test returned 1 (wstat 256, 0x100)
No subtests run 
Системе не удается найти указанный путь.
"pwd" не является внутренней или внешней
командой, исполняемой программой или пакетным файлом.
t/20-check-script=run.t ................ 
Dubious, test returned 1 (wstat 256, 0x100)
No subtests run 
Системе не удается найти указанный путь.
"pwd" не является внутренней или внешней
командой, исполняемой программой или пакетным файлом.
t/30-retry-run.t ....................... 
Dubious, test returned 1 (wstat 256, 0x100)
No subtests run 
Системе не удается найти указанный путь.
"pwd" не является внутренней или внешней
командой, исполняемой программой или пакетным файлом.
t/30-retry-script=run.t ................ 
Dubious, test returned 1 (wstat 256, 0x100)
No subtests run 
Системе не удается найти указанный путь.
"pwd" не является внутренней или внешней
командой, исполняемой программой или пакетным файлом.
t/30-retry-script=script.t ............. 
Dubious, test returned 1 (wstat 256, 0x100)
No subtests run 
Системе не удается найти указанный путь.
"pwd" не является внутренней или внешней
командой, исполняемой программой или пакетным файлом.
t/30-retry_sleep-run.t ................. 
Dubious, test returned 1 (wstat 256, 0x100)
No subtests run 
Системе не удается найти указанный путь.
"pwd" не является внутренней или внешней
командой, исполняемой программой или пакетным файлом.
t/31-retry_fail-run-continue.t ......... 
Dubious, test returned 1 (wstat 256, 0x100)
No subtests run 
Системе не удается найти указанный путь.
"pwd" не является внутренней или внешней
командой, исполняемой программой или пакетным файлом.
t/31-retry_fail-run-display.t .......... 
Dubious, test returned 1 (wstat 256, 0x100)
No subtests run 
Системе не удается найти указанный путь.
"pwd" не является внутренней или внешней
командой, исполняемой программой или пакетным файлом.
t/31-retry_fail-run.t .................. 
Dubious, test returned 1 (wstat 256, 0x100)
No subtests run 
Системе не удается найти указанный путь.
"pwd" не является внутренней или внешней
командой, исполняемой программой или пакетным файлом.
t/31-retry_fail-script=run-continue.t .. 
Dubious, test returned 1 (wstat 256, 0x100)
No subtests run 
Системе не удается найти указанный путь.
"pwd" не является внутренней или внешней
командой, исполняемой программой или пакетным файлом.
t/31-retry_fail-script=run-display.t ... 
Dubious, test returned 1 (wstat 256, 0x100)
No subtests run 
Системе не удается найти указанный путь.
"pwd" не является внутренней или внешней
командой, исполняемой программой или пакетным файлом.
t/31-retry_fail-script=run.t ........... 
Dubious, test returned 1 (wstat 256, 0x100)
No subtests run 
Системе не удается найти указанный путь.
"pwd" не является внутренней или внешней
командой, исполняемой программой или пакетным файлом.
t/40-if-run.t .......................... 
Dubious, test returned 1 (wstat 256, 0x100)
No subtests run 
Системе не удается найти указанный путь.
"pwd" не является внутренней или внешней
командой, исполняемой программой или пакетным файлом.
t/40-if-script=run.t ................... 
Dubious, test returned 1 (wstat 256, 0x100)
No subtests run 
Системе не удается найти указанный путь.
"pwd" не является внутренней или внешней
командой, исполняемой программой или пакетным файлом.
t/41-for-run.t ......................... 
Dubious, test returned 1 (wstat 256, 0x100)
No subtests run 
Системе не удается найти указанный путь.
"pwd" не является внутренней или внешней
командой, исполняемой программой или пакетным файлом.
t/41-for-script=run.t .................. 
Dubious, test returned 1 (wstat 256, 0x100)
No subtests run 
Системе не удается найти указанный путь.
"pwd" не является внутренней или внешней
командой, исполняемой программой или пакетным файлом.
t/42-until-run.t ....................... 
Dubious, test returned 1 (wstat 256, 0x100)
No subtests run 
Системе не удается найти указанный путь.
"pwd" не является внутренней или внешней
командой, исполняемой программой или пакетным файлом.
t/42-until-script=run.t ................ 
Dubious, test returned 1 (wstat 256, 0x100)
No subtests run 
Системе не удается найти указанный путь.
"pwd" не является внутренней или внешней
командой, исполняемой программой или пакетным файлом.
t/43-while-run.t ....................... 
Dubious, test returned 1 (wstat 256, 0x100)
No subtests run 
Системе не удается найти указанный путь.
"pwd" не является внутренней или внешней
командой, исполняемой программой или пакетным файлом.
t/43-while-script=run.t ................ 
Dubious, test returned 1 (wstat 256, 0x100)
No subtests run 
Системе не удается найти указанный путь.
"pwd" не является внутренней или внешней
командой, исполняемой программой или пакетным файлом.
t/50-for_fail-run-continue.t ........... 
Dubious, test returned 1 (wstat 256, 0x100)
No subtests run 
Системе не удается найти указанный путь.
"pwd" не является внутренней или внешней
командой, исполняемой программой или пакетным файлом.
t/50-for_fail-run.t .................... 
Dubious, test returned 1 (wstat 256, 0x100)
No subtests run 
Системе не удается найти указанный путь.
"pwd" не является внутренней или внешней
командой, исполняемой программой или пакетным файлом.
t/50-for_fail-script=run.t ............. 
Dubious, test returned 1 (wstat 256, 0x100)
No subtests run 
Системе не удается найти указанный путь.
"pwd" не является внутренней или внешней
командой, исполняемой программой или пакетным файлом.
t/50-for_fail-script=script.t .......... 
Dubious, test returned 1 (wstat 256, 0x100)
No subtests run 
Системе не удается найти указанный путь.
"pwd" не является внутренней или внешней
командой, исполняемой программой или пакетным файлом.
t/60-check_retry-run.t ................. 
Dubious, test returned 1 (wstat 256, 0x100)
No subtests run 
Системе не удается найти указанный путь.
"pwd" не является внутренней или внешней
командой, исполняемой программой или пакетным файлом.
t/60-check_retry-script=run.t .......... 
Dubious, test returned 1 (wstat 256, 0x100)
No subtests run 
Системе не удается найти указанный путь.
"pwd" не является внутренней или внешней
командой, исполняемой программой или пакетным файлом.
t/60-check_retry-script=script.t ....... 
Dubious, test returned 1 (wstat 256, 0x100)
No subtests run 
Системе не удается найти указанный путь.
"pwd" не является внутренней или внешней
командой, исполняемой программой или пакетным файлом.
t/61-check_fail-run.t .................. 
Dubious, test returned 1 (wstat 256, 0x100)
No subtests run 
Системе не удается найти указанный путь.
"pwd" не является внутренней или внешней
командой, исполняемой программой или пакетным файлом.
t/62-check_succ-run-continue.t ......... 
Dubious, test returned 1 (wstat 256, 0x100)
No subtests run 
Системе не удается найти указанный путь.
"pwd" не является внутренней или внешней
командой, исполняемой программой или пакетным файлом.
t/62-check_succ-run.t .................. 
Dubious, test returned 1 (wstat 256, 0x100)
No subtests run 
Системе не удается найти указанный путь.
"pwd" не является внутренней или внешней
командой, исполняемой программой или пакетным файлом.
t/70-alt-run.t ......................... 
Dubious, test returned 1 (wstat 256, 0x100)
No subtests run 
Системе не удается найти указанный путь.
"pwd" не является внутренней или внешней
командой, исполняемой программой или пакетным файлом.
t/70-alt-script=run.t .................. 
Dubious, test returned 1 (wstat 256, 0x100)
No subtests run 
Системе не удается найти указанный путь.
"pwd" не является внутренней или внешней
командой, исполняемой программой или пакетным файлом.
t/70-alt2-run.t ........................ 
Dubious, test returned 1 (wstat 256, 0x100)
No subtests run 
Системе не удается найти указанный путь.
"pwd" не является внутренней или внешней
командой, исполняемой программой или пакетным файлом.
t/71-alt_retry-run.t ................... 
Dubious, test returned 1 (wstat 256, 0x100)
No subtests run 
Системе не удается найти указанный путь.
"pwd" не является внутренней или внешней
командой, исполняемой программой или пакетным файлом.
t/71-alt_retry-script=run.t ............ 
Dubious, test returned 1 (wstat 256, 0x100)
No subtests run 
Системе не удается найти указанный путь.
"pwd" не является внутренней или внешней
командой, исполняемой программой или пакетным файлом.
t/71-alt_retry-script=script.t ......... 
Dubious, test returned 1 (wstat 256, 0x100)
No subtests run 
Системе не удается найти указанный путь.
Системе не удается найти указанный путь.
"pwd" не является внутренней или внешней
командой, исполняемой программой или пакетным файлом.
# ERROR: Missing command header in STDOUT: "." не является внутренней или внешней
Can't use an undefined value as an ARRAY reference at C:/strawberry/cpan/build/Shell-Cmd-3.03-0/lib/Shell/Cmd.pm line 1800.
t/72-alt_retry-script.t ................ 
Dubious, test returned 1 (wstat 256, 0x100)
No subtests run 
Системе не удается найти указанный путь.
Системе не удается найти указанный путь.
"pwd" не является внутренней или внешней
командой, исполняемой программой или пакетным файлом.
# ERROR: Missing command header in STDOUT: "." не является внутренней или внешней
Can't use an undefined value as an ARRAY reference at C:/strawberry/cpan/build/Shell-Cmd-3.03-0/lib/Shell/Cmd.pm line 1800.
t/90-alt_retry-script.t ................ 
Dubious, test returned 1 (wstat 256, 0x100)
No subtests run 
Системе не удается найти указанный путь.
Системе не удается найти указанный путь.
"pwd" не является внутренней или внешней
командой, исполняемой программой или пакетным файлом.
# ERROR: Missing command header in STDOUT: "." не является внутренней или внешней
Can't use an undefined value as an ARRAY reference at C:/strawberry/cpan/build/Shell-Cmd-3.03-0/lib/Shell/Cmd.pm line 1800.
t/90-fail-script.t ..................... 
Dubious, test returned 1 (wstat 256, 0x100)
No subtests run 
Системе не удается найти указанный путь.
Системе не удается найти указанный путь.
"pwd" не является внутренней или внешней
командой, исполняемой программой или пакетным файлом.
# ERROR: Missing command header in STDOUT: "." не является внутренней или внешней
Can't use an undefined value as an ARRAY reference at C:/strawberry/cpan/build/Shell-Cmd-3.03-0/lib/Shell/Cmd.pm line 1800.
t/90-for_fail-script.t ................. 
Dubious, test returned 1 (wstat 256, 0x100)
No subtests run 
Системе не удается найти указанный путь.
Системе не удается найти указанный путь.
"pwd" не является внутренней или внешней
командой, исполняемой программой или пакетным файлом.
"." не является внутренней или внешней
командой, исполняемой программой или пакетным файлом.
Use of uninitialized value $n in hash element at C:/strawberry/cpan/build/Shell-Cmd-3.03-0/lib/Shell/Cmd.pm line 1928.
Use of uninitialized value $n in hash element at C:/strawberry/cpan/build/Shell-Cmd-3.03-0/lib/Shell/Cmd.pm line 1910.
t/90-simple-script-quiet.t ............. 
Failed 16/25 subtests 
Системе не удается найти указанный путь.
Системе не удается найти указанный путь.
"pwd" не является внутренней или внешней
командой, исполняемой программой или пакетным файлом.
# ERROR: Missing command header in STDOUT: "." не является внутренней или внешней
Can't use an undefined value as an ARRAY reference at C:/strawberry/cpan/build/Shell-Cmd-3.03-0/lib/Shell/Cmd.pm line 1800.
t/90-simple-script-stderr.t ............ 
Dubious, test returned 1 (wstat 256, 0x100)
No subtests run 
Системе не удается найти указанный путь.
Системе не удается найти указанный путь.
"pwd" не является внутренней или внешней
командой, исполняемой программой или пакетным файлом.
"." не является внутренней или внешней
командой, исполняемой программой или пакетным файлом.
Use of uninitialized value $n in hash element at C:/strawberry/cpan/build/Shell-Cmd-3.03-0/lib/Shell/Cmd.pm line 1928.
Use of uninitialized value $n in hash element at C:/strawberry/cpan/build/Shell-Cmd-3.03-0/lib/Shell/Cmd.pm line 1910.
t/90-simple-script-stdout.t ............ 
Failed 16/25 subtests 
Системе не удается найти указанный путь.
Системе не удается найти указанный путь.
"pwd" не является внутренней или внешней
командой, исполняемой программой или пакетным файлом.
# ERROR: Missing command header in STDOUT: "." не является внутренней или внешней
Can't use an undefined value as an ARRAY reference at C:/strawberry/cpan/build/Shell-Cmd-3.03-0/lib/Shell/Cmd.pm line 1800.
t/90-simple-script.t ................... 
Dubious, test returned 1 (wstat 256, 0x100)
No subtests run 
Системе не удается найти указанный путь.
"pwd" не является внутренней или внешней
командой, исполняемой программой или пакетным файлом.
t/91-long-run.t ........................ 
Dubious, test returned 1 (wstat 256, 0x100)
No subtests run 
t/_pod.t ............................... skipped: Author tests not required for installation (set RELEASE_TESTING to test)
t/_pod_coverage.t ...................... skipped: Author tests not required for installation (set RELEASE_TESTING to test)
t/_version.t ........................... skipped: Author tests not required for installation (set RELEASE_TESTING to test)
Системе не удается найти указанный путь.
"pwd" не является внутренней или внешней
командой, исполняемой программой или пакетным файлом.
t/ZZ-cleanup-run.t ..................... 
Dubious, test returned 1 (wstat 256, 0x100)
No subtests run 

Test Summary Report
-------------------
t/00-errflow_check-run.t             (Wstat: 256 Tests: 0 Failed: 0)
  Non-zero exit status: 1
  Parse errors: No plan found in TAP output
t/00-errflow_dire-run.t              (Wstat: 256 Tests: 0 Failed: 0)
  Non-zero exit status: 1
  Parse errors: No plan found in TAP output
t/00-errflow_mix1-run.t              (Wstat: 256 Tests: 0 Failed: 0)
  Non-zero exit status: 1
  Parse errors: No plan found in TAP output
t/00-errflow_mix2-run.t              (Wstat: 256 Tests: 0 Failed: 0)
  Non-zero exit status: 1
  Parse errors: No plan found in TAP output
t/00-errflow_redir-run.t             (Wstat: 256 Tests: 0 Failed: 0)
  Non-zero exit status: 1
  Parse errors: No plan found in TAP output
t/00-errflow_retry-run.t             (Wstat: 256 Tests: 0 Failed: 0)
  Non-zero exit status: 1
  Parse errors: No plan found in TAP output
t/00-errflow_unclosed-run.t          (Wstat: 256 Tests: 0 Failed: 0)
  Non-zero exit status: 1
  Parse errors: No plan found in TAP output
t/00-error-run.t                     (Wstat: 256 Tests: 0 Failed: 0)
  Non-zero exit status: 1
  Parse errors: No plan found in TAP output
t/00-simple-dire.t                   (Wstat: 256 Tests: 0 Failed: 0)
  Non-zero exit status: 1
  Parse errors: No plan found in TAP output
t/01-simple-fail1.t                  (Wstat: 256 Tests: 0 Failed: 0)
  Non-zero exit status: 1
  Parse errors: No plan found in TAP output
t/01-simple-fail2.t                  (Wstat: 256 Tests: 0 Failed: 0)
  Non-zero exit status: 1
  Parse errors: No plan found in TAP output
t/01-simple-fail3.t                  (Wstat: 256 Tests: 0 Failed: 0)
  Non-zero exit status: 1
  Parse errors: No plan found in TAP output
t/01-simple-run-echo.t               (Wstat: 256 Tests: 0 Failed: 0)
  Non-zero exit status: 1
  Parse errors: No plan found in TAP output
t/01-simple-run-merge.t              (Wstat: 256 Tests: 0 Failed: 0)
  Non-zero exit status: 1
  Parse errors: No plan found in TAP output
t/01-simple-run-opts.t               (Wstat: 256 Tests: 0 Failed: 0)
  Non-zero exit status: 1
  Parse errors: No plan found in TAP output
t/01-simple-run-quiet.t              (Wstat: 256 Tests: 0 Failed: 0)
  Non-zero exit status: 1
  Parse errors: No plan found in TAP output
t/01-simple-run-stderr.t             (Wstat: 256 Tests: 0 Failed: 0)
  Non-zero exit status: 1
  Parse errors: No plan found in TAP output
t/01-simple-run-stdout.t             (Wstat: 256 Tests: 0 Failed: 0)
  Non-zero exit status: 1
  Parse errors: No plan found in TAP output
t/01-simple-run.t                    (Wstat: 256 Tests: 0 Failed: 0)
  Non-zero exit status: 1
  Parse errors: No plan found in TAP output
t/01-simple-script=run-quiet.t       (Wstat: 256 Tests: 0 Failed: 0)
  Non-zero exit status: 1
  Parse errors: No plan found in TAP output
t/01-simple-script=run.t             (Wstat: 256 Tests: 0 Failed: 0)
  Non-zero exit status: 1
  Parse errors: No plan found in TAP output
t/01-simple-script=script.t          (Wstat: 256 Tests: 0 Failed: 0)
  Non-zero exit status: 1
  Parse errors: No plan found in TAP output
t/01-simple-script=simple-quiet.t    (Wstat: 256 Tests: 0 Failed: 0)
  Non-zero exit status: 1
  Parse errors: No plan found in TAP output
t/01-simple-script=simple.t          (Wstat: 256 Tests: 0 Failed: 0)
  Non-zero exit status: 1
  Parse errors: No plan found in TAP output
t/02-special_characters-run.t        (Wstat: 256 Tests: 0 Failed: 0)
  Non-zero exit status: 1
  Parse errors: No plan found in TAP output
t/02-special_characters-script=run.t (Wstat: 256 Tests: 0 Failed: 0)
  Non-zero exit status: 1
  Parse errors: No plan found in TAP output
t/10-fail-run-continue.t             (Wstat: 256 Tests: 0 Failed: 0)
  Non-zero exit status: 1
  Parse errors: No plan found in TAP output
t/10-fail-run-display.t              (Wstat: 256 Tests: 0 Failed: 0)
  Non-zero exit status: 1
  Parse errors: No plan found in TAP output
t/10-fail-run.t                      (Wstat: 256 Tests: 0 Failed: 0)
  Non-zero exit status: 1
  Parse errors: No plan found in TAP output
t/10-fail-script=run-continue.t      (Wstat: 256 Tests: 0 Failed: 0)
  Non-zero exit status: 1
  Parse errors: No plan found in TAP output
t/10-fail-script=run-display.t       (Wstat: 256 Tests: 0 Failed: 0)
  Non-zero exit status: 1
  Parse errors: No plan found in TAP output
t/10-fail-script=run.t               (Wstat: 256 Tests: 0 Failed: 0)
  Non-zero exit status: 1
  Parse errors: No plan found in TAP output
t/20-check-run.t                     (Wstat: 256 Tests: 0 Failed: 0)
  Non-zero exit status: 1
  Parse errors: No plan found in TAP output
t/20-check-script=run.t              (Wstat: 256 Tests: 0 Failed: 0)
  Non-zero exit status: 1
  Parse errors: No plan found in TAP output
t/30-retry-run.t                     (Wstat: 256 Tests: 0 Failed: 0)
  Non-zero exit status: 1
  Parse errors: No plan found in TAP output
t/30-retry-script=run.t              (Wstat: 256 Tests: 0 Failed: 0)
  Non-zero exit status: 1
  Parse errors: No plan found in TAP output
t/30-retry-script=script.t           (Wstat: 256 Tests: 0 Failed: 0)
  Non-zero exit status: 1
  Parse errors: No plan found in TAP output
t/30-retry_sleep-run.t               (Wstat: 256 Tests: 0 Failed: 0)
  Non-zero exit status: 1
  Parse errors: No plan found in TAP output
t/31-retry_fail-run-continue.t       (Wstat: 256 Tests: 0 Failed: 0)
  Non-zero exit status: 1
  Parse errors: No plan found in TAP output
t/31-retry_fail-run-display.t        (Wstat: 256 Tests: 0 Failed: 0)
  Non-zero exit status: 1
  Parse errors: No plan found in TAP output
t/31-retry_fail-run.t                (Wstat: 256 Tests: 0 Failed: 0)
  Non-zero exit status: 1
  Parse errors: No plan found in TAP output
t/31-retry_fail-script=run-continue.t (Wstat: 256 Tests: 0 Failed: 0)
  Non-zero exit status: 1
  Parse errors: No plan found in TAP output
t/31-retry_fail-script=run-display.t (Wstat: 256 Tests: 0 Failed: 0)
  Non-zero exit status: 1
  Parse errors: No plan found in TAP output
t/31-retry_fail-script=run.t         (Wstat: 256 Tests: 0 Failed: 0)
  Non-zero exit status: 1
  Parse errors: No plan found in TAP output
t/40-if-run.t                        (Wstat: 256 Tests: 0 Failed: 0)
  Non-zero exit status: 1
  Parse errors: No plan found in TAP output
t/40-if-script=run.t                 (Wstat: 256 Tests: 0 Failed: 0)
  Non-zero exit status: 1
  Parse errors: No plan found in TAP output
t/41-for-run.t                       (Wstat: 256 Tests: 0 Failed: 0)
  Non-zero exit status: 1
  Parse errors: No plan found in TAP output
t/41-for-script=run.t                (Wstat: 256 Tests: 0 Failed: 0)
  Non-zero exit status: 1
  Parse errors: No plan found in TAP output
t/42-until-run.t                     (Wstat: 256 Tests: 0 Failed: 0)
  Non-zero exit status: 1
  Parse errors: No plan found in TAP output
t/42-until-script=run.t              (Wstat: 256 Tests: 0 Failed: 0)
  Non-zero exit status: 1
  Parse errors: No plan found in TAP output
t/43-while-run.t                     (Wstat: 256 Tests: 0 Failed: 0)
  Non-zero exit status: 1
  Parse errors: No plan found in TAP output
t/43-while-script=run.t              (Wstat: 256 Tests: 0 Failed: 0)
  Non-zero exit status: 1
  Parse errors: No plan found in TAP output
t/50-for_fail-run-continue.t         (Wstat: 256 Tests: 0 Failed: 0)
  Non-zero exit status: 1
  Parse errors: No plan found in TAP output
t/50-for_fail-run.t                  (Wstat: 256 Tests: 0 Failed: 0)
  Non-zero exit status: 1
  Parse errors: No plan found in TAP output
t/50-for_fail-script=run.t           (Wstat: 256 Tests: 0 Failed: 0)
  Non-zero exit status: 1
  Parse errors: No plan found in TAP output
t/50-for_fail-script=script.t        (Wstat: 256 Tests: 0 Failed: 0)
  Non-zero exit status: 1
  Parse errors: No plan found in TAP output
t/60-check_retry-run.t               (Wstat: 256 Tests: 0 Failed: 0)
  Non-zero exit status: 1
  Parse errors: No plan found in TAP output
t/60-check_retry-script=run.t        (Wstat: 256 Tests: 0 Failed: 0)
  Non-zero exit status: 1
  Parse errors: No plan found in TAP output
t/60-check_retry-script=script.t     (Wstat: 256 Tests: 0 Failed: 0)
  Non-zero exit status: 1
  Parse errors: No plan found in TAP output
t/61-check_fail-run.t                (Wstat: 256 Tests: 0 Failed: 0)
  Non-zero exit status: 1
  Parse errors: No plan found in TAP output
t/62-check_succ-run-continue.t       (Wstat: 256 Tests: 0 Failed: 0)
  Non-zero exit status: 1
  Parse errors: No plan found in TAP output
t/62-check_succ-run.t                (Wstat: 256 Tests: 0 Failed: 0)
  Non-zero exit status: 1
  Parse errors: No plan found in TAP output
t/70-alt-run.t                       (Wstat: 256 Tests: 0 Failed: 0)
  Non-zero exit status: 1
  Parse errors: No plan found in TAP output
t/70-alt-script=run.t                (Wstat: 256 Tests: 0 Failed: 0)
  Non-zero exit status: 1
  Parse errors: No plan found in TAP output
t/70-alt2-run.t                      (Wstat: 256 Tests: 0 Failed: 0)
  Non-zero exit status: 1
  Parse errors: No plan found in TAP output
t/71-alt_retry-run.t                 (Wstat: 256 Tests: 0 Failed: 0)
  Non-zero exit status: 1
  Parse errors: No plan found in TAP output
t/71-alt_retry-script=run.t          (Wstat: 256 Tests: 0 Failed: 0)
  Non-zero exit status: 1
  Parse errors: No plan found in TAP output
t/71-alt_retry-script=script.t       (Wstat: 256 Tests: 0 Failed: 0)
  Non-zero exit status: 1
  Parse errors: No plan found in TAP output
t/72-alt_retry-script.t              (Wstat: 256 Tests: 0 Failed: 0)
  Non-zero exit status: 1
  Parse errors: No plan found in TAP output
t/90-alt_retry-script.t              (Wstat: 256 Tests: 0 Failed: 0)
  Non-zero exit status: 1
  Parse errors: No plan found in TAP output
t/90-fail-script.t                   (Wstat: 256 Tests: 0 Failed: 0)
  Non-zero exit status: 1
  Parse errors: No plan found in TAP output
t/90-for_fail-script.t               (Wstat: 256 Tests: 0 Failed: 0)
  Non-zero exit status: 1
  Parse errors: No plan found in TAP output
t/90-simple-script-quiet.t           (Wstat: 0 Tests: 25 Failed: 16)
  Failed tests:  1-4, 6-8, 10-12, 14-16, 18-20
t/90-simple-script-stderr.t          (Wstat: 256 Tests: 0 Failed: 0)
  Non-zero exit status: 1
  Parse errors: No plan found in TAP output
t/90-simple-script-stdout.t          (Wstat: 0 Tests: 25 Failed: 16)
  Failed tests:  1-4, 6-8, 10-12, 14-16, 18-20
t/90-simple-script.t                 (Wstat: 256 Tests: 0 Failed: 0)
  Non-zero exit status: 1
  Parse errors: No plan found in TAP output
t/91-long-run.t                      (Wstat: 256 Tests: 0 Failed: 0)
  Non-zero exit status: 1
  Parse errors: No plan found in TAP output
t/ZZ-cleanup-run.t                   (Wstat: 256 Tests: 0 Failed: 0)
  Non-zero exit status: 1
  Parse errors: No plan found in TAP output
Files=96, Tests=108, 23 wallclock secs ( 0.24 usr +  0.15 sys =  0.39 CPU)
Result: FAIL
Failed 78/96 test programs. 32/108 subtests failed.
dmake.EXE:  Error code 129, while making 'test_dynamic'

------------------------------
PREREQUISITES
------------------------------

Prerequisite modules loaded:

requires:

    Module                Need  Have    
    --------------------- ----- --------
    Capture::Tiny         0     0.24    
    Cwd                   0     3.47    
    IO::File              0     1.14    
    Net::OpenSSH          0     0.78    
    Parallel::ForkManager 0     1.06    
    perl                  5.008 5.012002

build_requires:

    Module                Need  Have    
    --------------------- ----- --------
    ExtUtils::MakeMaker   0     6.98    
    Test::Inter           1.09  1.09    
    Test::More            0     1.001003

configure_requires:

    Module                Need  Have    
    --------------------- ----- --------
    ExtUtils::MakeMaker   6.30  6.98    


------------------------------
ENVIRONMENT AND OTHER CONTEXT
------------------------------

Environment variables:

    AUTOMATED_TESTING = 1
    COMSPEC = C:\WINDOWS\system32\cmd.exe
    NUMBER_OF_PROCESSORS = 1
    PATH = c:\Windows\system32;c:\Windows\System32\Wbem;C:\Git\cmd;C:\strawberry\c\bin;C:\strawberry\perl\site\bin;C:\strawberry\perl\bin
    PERL5LIB = C:\strawberry\cpan\build\Test-Inter-1.09-0/blib/arch;C:\strawberry\cpan\build\Test-Inter-1.09-0/blib/lib;C:\strawberry\cpan\build\Net-OpenSSH-0.78-0/blib/arch;C:\strawberry\cpan\build\Net-OpenSSH-0.78-0/blib/lib
    PERL5OPT = 
    PERL5_CPANPLUS_IS_RUNNING = 192
    PERL5_CPAN_IS_RUNNING = 192
    PERL5_CPAN_IS_RUNNING_IN_RECURSION = 1132,192
    PERL_CR_SMOKER_CURRENT = Shell-Cmd-3.03
    PERL_CR_SMOKER_RUNONCE = 1
    PERL_EXTUTILS_AUTOINSTALL = --defaultdeps
    PERL_MM_USE_DEFAULT = 1
    PROCESSOR_IDENTIFIER = x86 Family 18 Model 1 Stepping 0, AuthenticAMD
    TEMP = C:\DOCUME~1\c\LOCALS~1\Temp
    TERM = dumb

Perl special variables (and OS-specific diagnostics, for MSWin32):

    $^X = C:\strawberry\perl\bin\perl.exe
    $UID/$EUID = 0 / 0
    $GID = 0
    $EGID = 0
    Win32::GetOSName = WinXP/.Net
    Win32::GetOSVersion = Service Pack 3, 5, 1, 2600, 2, 3, 0, 256, 1
    Win32::FsType = NTFS
    Win32::IsAdminUser = 1

Perl module toolchain versions installed:

    Module              Have    
    ------------------- --------
    CPAN                2.16    
    CPAN::Meta          2.141520
    Cwd                 3.47    
    ExtUtils::CBuilder  0.280216
    ExtUtils::Command   1.16    
    ExtUtils::Install   1.55    
    ExtUtils::MakeMaker 6.98    
    ExtUtils::Manifest  1.60    
    ExtUtils::ParseXS   3.24    
    File::Spec          3.47    
    JSON                2.90    
    JSON::PP            2.27203 
    Module::Build       0.4206  
    Module::Signature   0.66    
    Parse::CPAN::Meta   1.4414  
    Test::Harness       3.32    
    Test::More          1.001003
    YAML                0.98    
    YAML::Syck          1.27    
    version             0.9908  


--

Summary of my perl5 (revision 5 version 12 subversion 2) configuration:
   
  Platform:
    osname=MSWin32, osvers=5.1, archname=MSWin32-x86-multi-thread
    uname='Win32 strawberryperl 5.12.2.0 #1 Fri Nov  5 05:17:27 2010 i386'
    config_args='undef'
    hint=recommended, useposix=true, d_sigaction=undef
    useithreads=define, usemultiplicity=define
    useperlio=define, d_sfio=undef, uselargefiles=define, usesocks=undef
    use64bitint=undef, use64bitall=undef, uselongdouble=undef
    usemymalloc=n, bincompat5005=undef
  Compiler:
    cc='gcc', ccflags =' -s -O2 -DWIN32 -DHAVE_DES_FCRYPT  -DUSE_SITECUSTOMIZE -DPERL_IMPLICIT_CONTEXT -DPERL_IMPLICIT_SYS -fno-strict-aliasing -mms-bitfields -DPERL_MSVCRT_READFIX',
    optimize='-s -O2',
    cppflags='-DWIN32'
    ccversion='', gccversion='4.4.3', gccosandvers=''
    intsize=4, longsize=4, ptrsize=4, doublesize=8, byteorder=1234
    d_longlong=undef, longlongsize=8, d_longdbl=define, longdblsize=12
    ivtype='long', ivsize=4, nvtype='double', nvsize=8, Off_t='long long', lseeksize=8
    alignbytes=8, prototype=define
  Linker and Libraries:
    ld='g++', ldflags ='-s -L"C:\strawberry\perl\lib\CORE" -L"C:\strawberry\c\lib"'
    libpth=C:\strawberry\c\lib C:\strawberry\c\i686-w64-mingw32\lib
    libs=-lmoldname -lkernel32 -luser32 -lgdi32 -lwinspool -lcomdlg32 -ladvapi32 -lshell32 -lole32 -loleaut32 -lnetapi32 -luuid -lws2_32 -lmpr -lwinmm -lversion -lodbc32 -lodbccp32 -lcomctl32
    perllibs=-lmoldname -lkernel32 -luser32 -lgdi32 -lwinspool -lcomdlg32 -ladvapi32 -lshell32 -lole32 -loleaut32 -lnetapi32 -luuid -lws2_32 -lmpr -lwinmm -lversion -lodbc32 -lodbccp32 -lcomctl32
    libc=, so=dll, useshrplib=true, libperl=libperl512.a
    gnulibc_version=''
  Dynamic Linking:
    dlsrc=dl_win32.xs, dlext=dll, d_dlsymun=undef, ccdlflags=' '
    cccdlflags=' ', lddlflags='-mdll -s -L"C:\strawberry\perl\lib\CORE" -L"C:\strawberry\c\lib"'


Characteristics of this binary (from libperl): 
  Compile-time options: MULTIPLICITY PERL_DONT_CREATE_GVSV
                        PERL_IMPLICIT_CONTEXT PERL_IMPLICIT_SYS
                        PERL_MALLOC_WRAP PL_OP_SLAB_ALLOC USE_ITHREADS
                        USE_LARGE_FILES USE_PERLIO USE_PERL_ATOF
                        USE_SITECUSTOMIZE
  Built under MSWin32
  Compiled at Nov  5 2010 08:39:08
  %ENV:
    PERL5LIB="C:\strawberry\cpan\build\Test-Inter-1.09-0/blib/arch;C:\strawberry\cpan\build\Test-Inter-1.09-0/blib/lib;C:\strawberry\cpan\build\Net-OpenSSH-0.78-0/blib/arch;C:\strawberry\cpan\build\Net-OpenSSH-0.78-0/blib/lib"
    PERL5_CPANPLUS_IS_RUNNING="192"
    PERL5_CPAN_IS_RUNNING="192"
    PERL5_CPAN_IS_RUNNING_IN_RECURSION="1132,192"
    PERL_CR_SMOKER_CURRENT="Shell-Cmd-3.03"
    PERL_CR_SMOKER_RUNONCE="1"
    PERL_EXTUTILS_AUTOINSTALL="--defaultdeps"
    PERL_MM_USE_DEFAULT="1"
  @INC:
    C:\strawberry\cpan\build\Test-Inter-1.09-0/blib/arch
    C:\strawberry\cpan\build\Test-Inter-1.09-0/blib/lib
    C:\strawberry\cpan\build\Net-OpenSSH-0.78-0/blib/arch
    C:\strawberry\cpan\build\Net-OpenSSH-0.78-0/blib/lib
    C:/strawberry/perl/site/lib
    C:/strawberry/perl/vendor/lib
    C:/strawberry/perl/lib
    .