Geo-OSM-MapFeatures v0.10 Perl 5 v5.8.9 amd64-freebsd

Status
Fail
From
Slaven Rezić (SREZIC)
Dist
Geo-OSM-MapFeatures v0.10
Platform
Perl 5 v5.8.9 amd64-freebsd
Date
2019-02-23 20:28:50
ID
a158b91c-37a9-11e9-9173-f482de2ac5b2
This distribution has been tested as part of the CPAN Testers
project, supporting the Perl programming language.  See
http://wiki.cpantesters.org/ for more information or email
questions to cpan-testers-discuss@perl.org


--
Dear Knut Arne Bjorndal,

This is a computer-generated report for Geo-OSM-MapFeatures-0.10
on perl 5.8.9, created by CPAN-Reporter-1.2018.

Thank you for uploading your work to CPAN.  However, there was a problem
testing your distribution.

If you think this report is invalid, please consult the CPAN Testers Wiki
for suggestions on how to avoid getting FAIL reports for missing library
or binary dependencies, unsupported operating systems, and so on:

http://wiki.cpantesters.org/wiki/CPANAuthorNotes

Sections of this report:

    * Tester comments
    * Program output
    * Prerequisites
    * Environment and other context

------------------------------
TESTER COMMENTS
------------------------------

Additional comments from tester:

none provided

------------------------------
PROGRAM OUTPUT
------------------------------

Output from '/usr/bin/make test':

PERL_DL_NONLAZY=1 "/usr/perl5.8.9/bin/perl" "-MExtUtils::Command::MM" "-MTest::Harness" "-e" "undef *Test::Harness::Switches; test_harness(0, 'blib/lib', 'blib/arch')" t/*.t
# Testing Geo::OSM::MapFeatures 0.10, Perl 5.008009, /usr/perl5.8.9/bin/perl
t/00-load.t ....... ok
t/pod-coverage.t .. ok

#   Failed test 'POD test for blib/lib/Geo/OSM/MapFeatures.pm'
#   at /usr/perl5.8.9/lib/site_perl/5.8.9/Test/Pod.pm line 184.
# blib/lib/Geo/OSM/MapFeatures.pm (455): Non-ASCII character seen before =encoding in 'Bjørndal,'. Assuming UTF-8

#   Failed test 'POD test for blib/lib/Geo/OSM/MapFeatures/Feature.pm'
#   at /usr/perl5.8.9/lib/site_perl/5.8.9/Test/Pod.pm line 184.
# blib/lib/Geo/OSM/MapFeatures/Feature.pm (105): Non-ASCII character seen before =encoding in 'Bjørndal,'. Assuming UTF-8

#   Failed test 'POD test for blib/lib/Geo/OSM/MapFeatures/Feature/Value.pm'
#   at /usr/perl5.8.9/lib/site_perl/5.8.9/Test/Pod.pm line 184.
# blib/lib/Geo/OSM/MapFeatures/Feature/Value.pm (154): Non-ASCII character seen before =encoding in 'Bjørndal,'. Assuming UTF-8

#   Failed test 'POD test for blib/lib/Geo/OSM/MapFeatures/Feature/Key.pm'
#   at /usr/perl5.8.9/lib/site_perl/5.8.9/Test/Pod.pm line 184.
# blib/lib/Geo/OSM/MapFeatures/Feature/Key.pm (52): Non-ASCII character seen before =encoding in 'Bjørndal,'. Assuming UTF-8

#   Failed test 'POD test for blib/lib/Geo/OSM/MapFeatures/Feature/Type.pm'
#   at /usr/perl5.8.9/lib/site_perl/5.8.9/Test/Pod.pm line 184.
# blib/lib/Geo/OSM/MapFeatures/Feature/Type.pm (54): Non-ASCII character seen before =encoding in 'Bjørndal,'. Assuming UTF-8

#   Failed test 'POD test for blib/lib/Geo/OSM/MapFeatures/Feature/Value/List.pm'
#   at /usr/perl5.8.9/lib/site_perl/5.8.9/Test/Pod.pm line 184.
# blib/lib/Geo/OSM/MapFeatures/Feature/Value/List.pm (56): Non-ASCII character seen before =encoding in 'Bjørndal,'. Assuming UTF-8

#   Failed test 'POD test for blib/lib/Geo/OSM/MapFeatures/Feature/Value/Date.pm'
#   at /usr/perl5.8.9/lib/site_perl/5.8.9/Test/Pod.pm line 184.
# blib/lib/Geo/OSM/MapFeatures/Feature/Value/Date.pm (38): Non-ASCII character seen before =encoding in 'Bjørndal,'. Assuming UTF-8

#   Failed test 'POD test for blib/lib/Geo/OSM/MapFeatures/Feature/Value/Time.pm'
#   at /usr/perl5.8.9/lib/site_perl/5.8.9/Test/Pod.pm line 184.
# blib/lib/Geo/OSM/MapFeatures/Feature/Value/Time.pm (37): Non-ASCII character seen before =encoding in 'Bjørndal,'. Assuming UTF-8

#   Failed test 'POD test for blib/lib/Geo/OSM/MapFeatures/Feature/Value/Num.pm'
#   at /usr/perl5.8.9/lib/site_perl/5.8.9/Test/Pod.pm line 184.
# blib/lib/Geo/OSM/MapFeatures/Feature/Value/Num.pm (37): Non-ASCII character seen before =encoding in 'Bjørndal,'. Assuming UTF-8

#   Failed test 'POD test for blib/lib/Geo/OSM/MapFeatures/Feature/Value/NumWithUnit.pm'
#   at /usr/perl5.8.9/lib/site_perl/5.8.9/Test/Pod.pm line 184.
# blib/lib/Geo/OSM/MapFeatures/Feature/Value/NumWithUnit.pm (58): Non-ASCII character seen before =encoding in 'Bjørndal,'. Assuming UTF-8

#   Failed test 'POD test for blib/lib/Geo/OSM/MapFeatures/Feature/Value/Userdef.pm'
#   at /usr/perl5.8.9/lib/site_perl/5.8.9/Test/Pod.pm line 184.
# blib/lib/Geo/OSM/MapFeatures/Feature/Value/Userdef.pm (39): Non-ASCII character seen before =encoding in 'Bjørndal,'. Assuming UTF-8

#   Failed test 'POD test for blib/lib/Geo/OSM/MapFeatures/Feature/Value/Range.pm'
#   at /usr/perl5.8.9/lib/site_perl/5.8.9/Test/Pod.pm line 184.
# blib/lib/Geo/OSM/MapFeatures/Feature/Value/Range.pm (54): Non-ASCII character seen before =encoding in 'Bjørndal,'. Assuming UTF-8
# Looks like you failed 12 tests of 12.
t/pod.t ........... 
Dubious, test returned 12 (wstat 3072, 0xc00)
Failed 12/12 subtests 

Test Summary Report
-------------------
t/pod.t         (Wstat: 3072 Tests: 12 Failed: 12)
  Failed tests:  1-12
  Non-zero exit status: 12
Files=3, Tests=36,  1 wallclock secs ( 0.01 usr  0.02 sys +  0.28 cusr  0.07 csys =  0.38 CPU)
Result: FAIL
Failed 1/3 test programs. 12/36 subtests failed.
*** [test_dynamic] Error code 12

Stop in /usr/home/eserte/.cpan/build/2019022321/Geo-OSM-MapFeatures-0.10-3.

------------------------------
PREREQUISITES
------------------------------

Prerequisite modules loaded:

requires:

    Module              Need Have    
    ------------------- ---- --------
    Class::Accessor     0    0.51    
    Class::Factory      0    1.06    
    Error               0    0.17027 
    HTML::TableExtract  0    2.13    
    LWP::UserAgent      0    6.36    
    Test::More          0    1.302160
    URI::Escape         0    3.31    
    XML::Simple         0    2.25    

build_requires:

    Module              Need Have    
    ------------------- ---- --------
    ExtUtils::MakeMaker 0    7.34    


------------------------------
ENVIRONMENT AND OTHER CONTEXT
------------------------------

Environment variables:

    LC_ALL = de_DE.ISO8859-1
    PATH = /usr/local/bin:/usr/bin:/bin:/usr/local/sbin:/usr/sbin:/sbin:/home/cpansand/bin/freebsd9.3:/home/cpansand/bin/sh:/home/cpansand/bin:/usr/games:/home/cpansand/devel:/usr/home/eserte/src/srezic-misc/scripts
    PERL5LIB = 
    PERL5OPT = 
    PERL5_CPANPLUS_IS_RUNNING = 26971
    PERL5_CPAN_IS_RUNNING = 26971
    PERL5_CPAN_IS_RUNNING_IN_RECURSION = 26725,26971
    PERLDOC = -MPod::Perldoc::ToTextOverstrike
    PERL_BATCH = yes
    PERL_CANARY_STABILITY_NOPROMPT = 1
    PERL_CPAN_REPORTER_CONFIG = /var/tmp/cpansmoker-1023/2019022321/cpanreporter_001_config.ini
    PERL_EXTUTILS_AUTOINSTALL = --defaultdeps
    PERL_USE_UNSAFE_INC = 1
    SHELL = /usr/local/bin/zsh
    TERM = screen
    TMPDIR = /var/tmp/cpansmoker-1023/2019022321

Perl special variables (and OS-specific diagnostics, for MSWin32):

    $^X = /usr/perl5.8.9/bin/perl
    $UID/$EUID = 1023 / 1023
    $GID = 1023 1023
    $EGID = 1023 1023

Perl module toolchain versions installed:

    Module              Have    
    ------------------- --------
    CPAN                2.22    
    CPAN::Meta          2.150010
    Cwd                 3.75    
    ExtUtils::CBuilder  0.280230
    ExtUtils::Command   7.34    
    ExtUtils::Install   2.14    
    ExtUtils::MakeMaker 7.34    
    ExtUtils::Manifest  1.71    
    ExtUtils::ParseXS   3.35    
    File::Spec          3.75    
    JSON                4.02    
    JSON::PP            4.02    
    Module::Build       0.4224  
    Module::Signature   0.81    
    Parse::CPAN::Meta   2.150010
    Test::Harness       3.41    
    Test::More          1.302160
    YAML                1.27    
    YAML::Syck          1.31    
    version             0.9924  


--

Summary of my perl5 (revision 5 version 8 subversion 9) configuration:
  Platform:
    osname=freebsd, osvers=9.2-release-p4, archname=amd64-freebsd
    uname='freebsd cvrsnica-freebsd-92 9.2-release-p4 freebsd 9.2-release-p4 #0: tue apr 8 18:08:22 utc 2014 root@amd64-builder.daemonology.net:usrobjusrsrcsysgeneric amd64 '
    config_args='-ds -e -Dprefix=/usr/perl5.8.9'
    hint=recommended, useposix=true, d_sigaction=define
    usethreads=undef use5005threads=undef useithreads=undef usemultiplicity=undef
    useperlio=define d_sfio=undef uselargefiles=define usesocks=undef
    use64bitint=define use64bitall=define uselongdouble=undef
    usemymalloc=n, bincompat5005=undef
  Compiler:
    cc='cc', ccflags ='-DHAS_FPSETMASK -DHAS_FLOATINGPOINT_H -fno-strict-aliasing -pipe -I/usr/local/include',
    optimize='-O',
    cppflags='-DHAS_FPSETMASK -DHAS_FLOATINGPOINT_H -fno-strict-aliasing -pipe -I/usr/local/include'
    ccversion='', gccversion='4.2.1 20070831 patched [FreeBSD]', gccosandvers=''
    intsize=4, longsize=8, ptrsize=8, doublesize=8, byteorder=12345678
    d_longlong=define, longlongsize=8, d_longdbl=define, longdblsize=16
    ivtype='long', ivsize=8, nvtype='double', nvsize=8, Off_t='off_t', lseeksize=8
    alignbytes=8, prototype=define
  Linker and Libraries:
    ld='cc', ldflags ='-Wl,-E  -L/usr/local/lib'
    libpth=/usr/lib /usr/local/lib
    libs=-lgdbm -lm -lcrypt -lutil -lc
    perllibs=-lm -lcrypt -lutil -lc
    libc=, so=so, useshrplib=false, libperl=libperl.a
    gnulibc_version=''
  Dynamic Linking:
    dlsrc=dl_dlopen.xs, dlext=so, d_dlsymun=undef, ccdlflags=' '
    cccdlflags='-DPIC -fPIC', lddlflags='-shared  -L/usr/local/lib'


Characteristics of this binary (from libperl): 
  Compile-time options: PERL_MALLOC_WRAP USE_64_BIT_ALL USE_64_BIT_INT
                        USE_FAST_STDIO USE_LARGE_FILES USE_PERLIO
  Built under freebsd
  Compiled at May 15 2014 22:27:57
  %ENV:
    PERL5LIB=""
    PERL5OPT=""
    PERL5_CPANPLUS_IS_RUNNING="26971"
    PERL5_CPAN_IS_RUNNING="26971"
    PERL5_CPAN_IS_RUNNING_IN_RECURSION="26725,26971"
    PERLDOC="-MPod::Perldoc::ToTextOverstrike"
    PERL_BATCH="yes"
    PERL_CANARY_STABILITY_NOPROMPT="1"
    PERL_CPAN_REPORTER_CONFIG="/var/tmp/cpansmoker-1023/2019022321/cpanreporter_001_config.ini"
    PERL_EXTUTILS_AUTOINSTALL="--defaultdeps"
    PERL_USE_UNSAFE_INC="1"
  @INC:
    /usr/perl5.8.9/lib/5.8.9/amd64-freebsd
    /usr/perl5.8.9/lib/5.8.9
    /usr/perl5.8.9/lib/site_perl/5.8.9/amd64-freebsd
    /usr/perl5.8.9/lib/site_perl/5.8.9
    .