Report for MooseX-Net-API-0.12

Back
From: metabase:user:320bfe00-2aae-11df-837a-5e0a49663a4f
Subject: FAIL MooseX-Net-API-0.12 v5.23.8 GNU/Linux
Date: 2016-01-25T14:12:12Z

This distribution has been tested as part of the CPAN Testers
project, supporting the Perl programming language.  See
http://wiki.cpantesters.org/ for more information or email
questions to cpan-testers-discuss@perl.org


--
Dear Franck Cuny,

This is a computer-generated report for MooseX-Net-API-0.12
on perl 5.23.8, created by CPAN-Reporter-1.2015.

Thank you for uploading your work to CPAN.  However, there was a problem
testing your distribution.

If you think this report is invalid, please consult the CPAN Testers Wiki
for suggestions on how to avoid getting FAIL reports for missing library
or binary dependencies, unsupported operating systems, and so on:

http://wiki.cpantesters.org/wiki/CPANAuthorNotes

Sections of this report:

    * Tester comments
    * Program output
    * Prerequisites
    * Environment and other context

------------------------------
TESTER COMMENTS
------------------------------

Additional comments from tester:

this report is from an automated smoke testing program
and was not reviewed by a human for accuracy

------------------------------
PROGRAM OUTPUT
------------------------------

Output from '/usr/bin/make test':

PERL_DL_NONLAZY=1 "/tmp/basesmoker-reloperl-ajm4/bin/perl" "-MExtUtils::Command::MM" "-MTest::Harness" "-e" "undef *Test::Harness::Switches; test_harness(0, 'blib/lib', 'blib/arch')" t/*.t
The MooseX::Net::API module is being deprecated in favour of Net::HTTP::API. Please don't use it. at /tmp/loop_over_bdir-3114-lTQgDy/MooseX-Net-API-0.12-h5ElZ2/blib/lib/MooseX/Net/API.pm line 8.
Passing a list of values to enum is deprecated. Enum values should be wrapped in an arrayref. at /home/sand/src/perl/repoperls/installed-perls/perl/v5.23.7-14-g2641c7e/79cc/lib/site_perl/5.23.8/x86_64-linux/Moose/Util/TypeConstraints.pm line 437.
	Moose::Util::TypeConstraints::enum("Method", "HEAD", "GET", "POST", "PUT", "DELETE") called at /home/sand/src/perl/repoperls/installed-perls/perl/v5.23.7-14-g2641c7e/79cc/lib/site_perl/5.23.8/Net/HTTP/API/Meta/Method.pm line 21
	require Net/HTTP/API/Meta/Method.pm called at /home/sand/src/perl/repoperls/installed-perls/perl/v5.23.7-14-g2641c7e/79cc/lib/site_perl/5.23.8/Net/HTTP/API/Meta/Method/APIMethod.pm line 10
	Net::HTTP::API::Meta::Method::APIMethod::BEGIN() called at /home/sand/src/perl/repoperls/installed-perls/perl/v5.23.7-14-g2641c7e/79cc/lib/site_perl/5.23.8/Net/HTTP/API/Meta/Method.pm line 0
	eval {...} called at /home/sand/src/perl/repoperls/installed-perls/perl/v5.23.7-14-g2641c7e/79cc/lib/site_perl/5.23.8/Net/HTTP/API/Meta/Method.pm line 0
	require Net/HTTP/API/Meta/Method/APIMethod.pm called at /home/sand/src/perl/repoperls/installed-perls/perl/v5.23.7-14-g2641c7e/79cc/lib/site_perl/5.23.8/Module/Runtime.pm line 317
	Module::Runtime::require_module("Net::HTTP::API::Meta::Method::APIMethod") called at /home/sand/src/perl/repoperls/installed-perls/perl/v5.23.7-14-g2641c7e/79cc/lib/site_perl/5.23.8/Module/Runtime.pm line 348
	Module::Runtime::use_module("Net::HTTP::API::Meta::Method::APIMethod") called at /home/sand/src/perl/repoperls/installed-perls/perl/v5.23.7-14-g2641c7e/79cc/lib/site_perl/5.23.8/x86_64-linux/Moose/Util.pm line 147
	Moose::Util::_apply_all_roles(Moose::Meta::Role=HASH(0x2ddca08), undef, "Net::HTTP::API::Meta::Method::APIMethod", "Net::HTTP::API::Meta::Method::APIDeclare") called at /home/sand/src/perl/repoperls/installed-perls/perl/v5.23.7-14-g2641c7e/79cc/lib/site_perl/5.23.8/x86_64-linux/Moose/Util.pm line 114
	Moose::Util::apply_all_roles(Moose::Meta::Role=HASH(0x2ddca08), "Net::HTTP::API::Meta::Method::APIMethod", "Net::HTTP::API::Meta::Method::APIDeclare") called at /home/sand/src/perl/repoperls/installed-perls/perl/v5.23.7-14-g2641c7e/79cc/lib/site_perl/5.23.8/x86_64-linux/Moose/Role.pm line 25
	Moose::Role::with(Moose::Meta::Role=HASH(0x2ddca08), "Net::HTTP::API::Meta::Method::APIMethod", "Net::HTTP::API::Meta::Method::APIDeclare") called at /home/sand/src/perl/repoperls/installed-perls/perl/v5.23.7-14-g2641c7e/79cc/lib/site_perl/5.23.8/x86_64-linux/Moose/Exporter.pm line 419
	Moose::Role::with("Net::HTTP::API::Meta::Method::APIMethod", "Net::HTTP::API::Meta::Method::APIDeclare") called at /home/sand/src/perl/repoperls/installed-perls/perl/v5.23.7-14-g2641c7e/79cc/lib/site_perl/5.23.8/Net/HTTP/API/Meta/Class.pm line 10
	require Net/HTTP/API/Meta/Class.pm called at /home/sand/src/perl/repoperls/installed-perls/perl/v5.23.7-14-g2641c7e/79cc/lib/site_perl/5.23.8/Module/Runtime.pm line 317
	Module::Runtime::require_module("Net::HTTP::API::Meta::Class") called at /home/sand/src/perl/repoperls/installed-perls/perl/v5.23.7-14-g2641c7e/79cc/lib/site_perl/5.23.8/Module/Runtime.pm line 348
	Module::Runtime::use_module("Net::HTTP::API::Meta::Class") called at /home/sand/src/perl/repoperls/installed-perls/perl/v5.23.7-14-g2641c7e/79cc/lib/site_perl/5.23.8/x86_64-linux/Moose/Util.pm line 147
	Moose::Util::_apply_all_roles(Moose::Meta::Class=HASH(0x2dd06b0), undef, "Net::HTTP::API::Meta::Class") called at /home/sand/src/perl/repoperls/installed-perls/perl/v5.23.7-14-g2641c7e/79cc/lib/site_perl/5.23.8/x86_64-linux/Moose/Util.pm line 114
	Moose::Util::apply_all_roles(Moose::Meta::Class=HASH(0x2dd06b0), "Net::HTTP::API::Meta::Class") called at /home/sand/src/perl/repoperls/installed-perls/perl/v5.23.7-14-g2641c7e/79cc/lib/site_perl/5.23.8/x86_64-linux/Moose/Meta/Class.pm line 89
	Moose::Meta::Class::create("Moose::Meta::Class", "Moose::Meta::Class::__ANON__::SERIAL::1", "roles", ARRAY(0x2daf640), "superclasses", ARRAY(0x2dc9048), "weaken", "") called at /home/sand/src/perl/repoperls/installed-perls/perl/v5.23.7-14-g2641c7e/79cc/lib/site_perl/5.23.8/x86_64-linux/Class/MOP/Package.pm line 120
	Class::MOP::Package::create_anon("Moose::Meta::Class", "superclasses", ARRAY(0x2dc9048), "roles", ARRAY(0x2daf640), "cache", 1) called at /home/sand/src/perl/repoperls/installed-perls/perl/v5.23.7-14-g2641c7e/79cc/lib/site_perl/5.23.8/x86_64-linux/Class/MOP/Class.pm line 472
	Class::MOP::Class::create_anon_class("Moose::Meta::Class", "superclasses", ARRAY(0x2dc9048), "roles", ARRAY(0x2daf640), "cache", 1) called at /home/sand/src/perl/repoperls/installed-perls/perl/v5.23.7-14-g2641c7e/79cc/lib/site_perl/5.23.8/x86_64-linux/Moose/Util/MetaRole.pm line 108
	Moose::Util::MetaRole::_make_new_class("Moose::Meta::Class", ARRAY(0x2daf640)) called at /home/sand/src/perl/repoperls/installed-perls/perl/v5.23.7-14-g2641c7e/79cc/lib/site_perl/5.23.8/x86_64-linux/Moose/Util/MetaRole.pm line 53
	Moose::Util::MetaRole::_make_new_metaclass(Moose::Meta::Class=HASH(0x2c54cb8), HASH(0x2c5a230), "class") called at /home/sand/src/perl/repoperls/installed-perls/perl/v5.23.7-14-g2641c7e/79cc/lib/site_perl/5.23.8/x86_64-linux/Moose/Util/MetaRole.pm line 21
	Moose::Util::MetaRole::apply_metaroles("for", "main", "class_metaroles", HASH(0x2c5a230)) called at /home/sand/src/perl/repoperls/installed-perls/perl/v5.23.7-14-g2641c7e/79cc/lib/site_perl/5.23.8/Net/HTTP/API.pm line 34
	Net::HTTP::API::init_meta("Net::HTTP::API", "for_class", "MooseX::Types::Moose", "metaclass", undef, "meta_name", "meta") called at /home/sand/src/perl/repoperls/installed-perls/perl/v5.23.7-14-g2641c7e/79cc/lib/site_perl/5.23.8/x86_64-linux/Moose/Exporter.pm line 484
	Net::HTTP::API::import("MooseX::Net::API") called at t/00_compile.t line 4
	main::BEGIN() called at /home/sand/src/perl/repoperls/installed-perls/perl/v5.23.7-14-g2641c7e/79cc/lib/site_perl/5.23.8/Net/HTTP/API/Meta/Method.pm line 0
	eval {...} called at /home/sand/src/perl/repoperls/installed-perls/perl/v5.23.7-14-g2641c7e/79cc/lib/site_perl/5.23.8/Net/HTTP/API/Meta/Method.pm line 0
	eval 'package main;

#line 4 t/00_compile.t
use MooseX::Net::API @{$args[0]};
1;
' called at /home/sand/src/perl/repoperls/installed-perls/perl/v5.23.7-14-g2641c7e/79cc/lib/5.23.8/Test/More.pm line 993
	Test::More::_eval("package main;\x{a}\x{a}#line 4 t/00_compile.t\x{a}use MooseX::Net::API \@{"..., ARRAY(0x1f62408)) called at /home/sand/src/perl/repoperls/installed-perls/perl/v5.23.7-14-g2641c7e/79cc/lib/5.23.8/Test/More.pm line 968
	Test::More::use_ok("MooseX::Net::API") called at t/00_compile.t line 4
	main::BEGIN() called at /home/sand/src/perl/repoperls/installed-perls/perl/v5.23.7-14-g2641c7e/79cc/lib/site_perl/5.23.8/Net/HTTP/API/Meta/Method.pm line 0
	eval {...} called at /home/sand/src/perl/repoperls/installed-perls/perl/v5.23.7-14-g2641c7e/79cc/lib/site_perl/5.23.8/Net/HTTP/API/Meta/Method.pm line 0
Passing a list of values to enum is deprecated. Enum values should be wrapped in an arrayref. at /home/sand/src/perl/repoperls/installed-perls/perl/v5.23.7-14-g2641c7e/79cc/lib/site_perl/5.23.8/x86_64-linux/Moose/Util/TypeConstraints.pm line 437.
	Moose::Util::TypeConstraints::enum("FormatMode", "content-type", "append") called at /home/sand/src/perl/repoperls/installed-perls/perl/v5.23.7-14-g2641c7e/79cc/lib/site_perl/5.23.8/Net/HTTP/API/Role/Format.pm line 23
	require Net/HTTP/API/Role/Format.pm called at /home/sand/src/perl/repoperls/installed-perls/perl/v5.23.7-14-g2641c7e/79cc/lib/site_perl/5.23.8/Module/Runtime.pm line 317
	Module::Runtime::require_module("Net::HTTP::API::Role::Format") called at /home/sand/src/perl/repoperls/installed-perls/perl/v5.23.7-14-g2641c7e/79cc/lib/site_perl/5.23.8/Module/Runtime.pm line 348
	Module::Runtime::use_module("Net::HTTP::API::Role::Format") called at /home/sand/src/perl/repoperls/installed-perls/perl/v5.23.7-14-g2641c7e/79cc/lib/site_perl/5.23.8/x86_64-linux/Moose/Util.pm line 147
	Moose::Util::_apply_all_roles(Moose::Meta::Class=HASH(0x2dd0a70), undef, "Net::HTTP::API::Role::UserAgent", "Net::HTTP::API::Role::Format", "Net::HTTP::API::Role::Authentication", "Net::HTTP::API::Role::Serialization", "Net::HTTP::API::Role::Request") called at /home/sand/src/perl/repoperls/installed-perls/perl/v5.23.7-14-g2641c7e/79cc/lib/site_perl/5.23.8/x86_64-linux/Moose/Util.pm line 114
	Moose::Util::apply_all_roles(Moose::Meta::Class=HASH(0x2dd0a70), "Net::HTTP::API::Role::UserAgent", "Net::HTTP::API::Role::Format", "Net::HTTP::API::Role::Authentication", "Net::HTTP::API::Role::Serialization", "Net::HTTP::API::Role::Request") called at /home/sand/src/perl/repoperls/installed-perls/perl/v5.23.7-14-g2641c7e/79cc/lib/site_perl/5.23.8/x86_64-linux/Moose/Meta/Class.pm line 89
	Moose::Meta::Class::create("Moose::Meta::Class", "Moose::Meta::Class::__ANON__::SERIAL::10", "roles", ARRAY(0x2c5aa58), "superclasses", ARRAY(0x31e8268), "weaken", "") called at /home/sand/src/perl/repoperls/installed-perls/perl/v5.23.7-14-g2641c7e/79cc/lib/site_perl/5.23.8/x86_64-linux/Class/MOP/Package.pm line 120
	Class::MOP::Package::create_anon("Moose::Meta::Class", "superclasses", ARRAY(0x31e8268), "roles", ARRAY(0x2c5aa58), "cache", 1) called at /home/sand/src/perl/repoperls/installed-perls/perl/v5.23.7-14-g2641c7e/79cc/lib/site_perl/5.23.8/x86_64-linux/Class/MOP/Class.pm line 472
	Class::MOP::Class::create_anon_class("Moose::Meta::Class", "superclasses", ARRAY(0x31e8268), "roles", ARRAY(0x2c5aa58), "cache", 1) called at /home/sand/src/perl/repoperls/installed-perls/perl/v5.23.7-14-g2641c7e/79cc/lib/site_perl/5.23.8/x86_64-linux/Moose/Util/MetaRole.pm line 108
	Moose::Util::MetaRole::_make_new_class("main", ARRAY(0x2c5aa58), ARRAY(0x31e8268)) called at /home/sand/src/perl/repoperls/installed-perls/perl/v5.23.7-14-g2641c7e/79cc/lib/site_perl/5.23.8/x86_64-linux/Moose/Util/MetaRole.pm line 88
	Moose::Util::MetaRole::apply_base_class_roles("for", "main", "roles", ARRAY(0x2c5aa58)) called at /home/sand/src/perl/repoperls/installed-perls/perl/v5.23.7-14-g2641c7e/79cc/lib/site_perl/5.23.8/Net/HTTP/API.pm line 41
	Net::HTTP::API::init_meta("Net::HTTP::API", "for_class", "Net::HTTP::API::Role::Format", "metaclass", undef, "meta_name", "meta") called at /home/sand/src/perl/repoperls/installed-perls/perl/v5.23.7-14-g2641c7e/79cc/lib/site_perl/5.23.8/x86_64-linux/Moose/Exporter.pm line 484
	Net::HTTP::API::import("MooseX::Net::API") called at t/00_compile.t line 4
	main::BEGIN() called at /home/sand/src/perl/repoperls/installed-perls/perl/v5.23.7-14-g2641c7e/79cc/lib/site_perl/5.23.8/Net/HTTP/API/Role/Format.pm line 0
	eval {...} called at /home/sand/src/perl/repoperls/installed-perls/perl/v5.23.7-14-g2641c7e/79cc/lib/site_perl/5.23.8/Net/HTTP/API/Role/Format.pm line 0
	eval 'package main;

#line 4 t/00_compile.t
use MooseX::Net::API @{$args[0]};
1;
' called at /home/sand/src/perl/repoperls/installed-perls/perl/v5.23.7-14-g2641c7e/79cc/lib/5.23.8/Test/More.pm line 993
	Test::More::_eval("package main;\x{a}\x{a}#line 4 t/00_compile.t\x{a}use MooseX::Net::API \@{"..., ARRAY(0x1f62408)) called at /home/sand/src/perl/repoperls/installed-perls/perl/v5.23.7-14-g2641c7e/79cc/lib/5.23.8/Test/More.pm line 968
	Test::More::use_ok("MooseX::Net::API") called at t/00_compile.t line 4
	main::BEGIN() called at /home/sand/src/perl/repoperls/installed-perls/perl/v5.23.7-14-g2641c7e/79cc/lib/site_perl/5.23.8/Net/HTTP/API/Role/Format.pm line 0
	eval {...} called at /home/sand/src/perl/repoperls/installed-perls/perl/v5.23.7-14-g2641c7e/79cc/lib/site_perl/5.23.8/Net/HTTP/API/Role/Format.pm line 0
t/00_compile.t ............ ok
The MooseX::Net::API module is being deprecated in favour of Net::HTTP::API. Please don't use it. at /tmp/loop_over_bdir-3114-lTQgDy/MooseX-Net-API-0.12-h5ElZ2/blib/lib/MooseX/Net/API.pm line 8.
Passing a list of values to enum is deprecated. Enum values should be wrapped in an arrayref. at /home/sand/src/perl/repoperls/installed-perls/perl/v5.23.7-14-g2641c7e/79cc/lib/site_perl/5.23.8/x86_64-linux/Moose/Util/TypeConstraints.pm line 437.
	Moose::Util::TypeConstraints::enum("Method", "HEAD", "GET", "POST", "PUT", "DELETE") called at /home/sand/src/perl/repoperls/installed-perls/perl/v5.23.7-14-g2641c7e/79cc/lib/site_perl/5.23.8/Net/HTTP/API/Meta/Method.pm line 21
	require Net/HTTP/API/Meta/Method.pm called at /home/sand/src/perl/repoperls/installed-perls/perl/v5.23.7-14-g2641c7e/79cc/lib/site_perl/5.23.8/Net/HTTP/API/Meta/Method/APIMethod.pm line 10
	Net::HTTP::API::Meta::Method::APIMethod::BEGIN() called at /home/sand/src/perl/repoperls/installed-perls/perl/v5.23.7-14-g2641c7e/79cc/lib/site_perl/5.23.8/Net/HTTP/API/Meta/Method.pm line 0
	eval {...} called at /home/sand/src/perl/repoperls/installed-perls/perl/v5.23.7-14-g2641c7e/79cc/lib/site_perl/5.23.8/Net/HTTP/API/Meta/Method.pm line 0
	require Net/HTTP/API/Meta/Method/APIMethod.pm called at /home/sand/src/perl/repoperls/installed-perls/perl/v5.23.7-14-g2641c7e/79cc/lib/site_perl/5.23.8/Module/Runtime.pm line 317
	Module::Runtime::require_module("Net::HTTP::API::Meta::Method::APIMethod") called at /home/sand/src/perl/repoperls/installed-perls/perl/v5.23.7-14-g2641c7e/79cc/lib/site_perl/5.23.8/Module/Runtime.pm line 348
	Module::Runtime::use_module("Net::HTTP::API::Meta::Method::APIMethod") called at /home/sand/src/perl/repoperls/installed-perls/perl/v5.23.7-14-g2641c7e/79cc/lib/site_perl/5.23.8/x86_64-linux/Moose/Util.pm line 147
	Moose::Util::_apply_all_roles(Moose::Meta::Role=HASH(0x1c406a0), undef, "Net::HTTP::API::Meta::Method::APIMethod", "Net::HTTP::API::Meta::Method::APIDeclare") called at /home/sand/src/perl/repoperls/installed-perls/perl/v5.23.7-14-g2641c7e/79cc/lib/site_perl/5.23.8/x86_64-linux/Moose/Util.pm line 114
	Moose::Util::apply_all_roles(Moose::Meta::Role=HASH(0x1c406a0), "Net::HTTP::API::Meta::Method::APIMethod", "Net::HTTP::API::Meta::Method::APIDeclare") called at /home/sand/src/perl/repoperls/installed-perls/perl/v5.23.7-14-g2641c7e/79cc/lib/site_perl/5.23.8/x86_64-linux/Moose/Role.pm line 25
	Moose::Role::with(Moose::Meta::Role=HASH(0x1c406a0), "Net::HTTP::API::Meta::Method::APIMethod", "Net::HTTP::API::Meta::Method::APIDeclare") called at /home/sand/src/perl/repoperls/installed-perls/perl/v5.23.7-14-g2641c7e/79cc/lib/site_perl/5.23.8/x86_64-linux/Moose/Exporter.pm line 419
	Moose::Role::with("Net::HTTP::API::Meta::Method::APIMethod", "Net::HTTP::API::Meta::Method::APIDeclare") called at /home/sand/src/perl/repoperls/installed-perls/perl/v5.23.7-14-g2641c7e/79cc/lib/site_perl/5.23.8/Net/HTTP/API/Meta/Class.pm line 10
	require Net/HTTP/API/Meta/Class.pm called at /home/sand/src/perl/repoperls/installed-perls/perl/v5.23.7-14-g2641c7e/79cc/lib/site_perl/5.23.8/Module/Runtime.pm line 317
	Module::Runtime::require_module("Net::HTTP::API::Meta::Class") called at /home/sand/src/perl/repoperls/installed-perls/perl/v5.23.7-14-g2641c7e/79cc/lib/site_perl/5.23.8/Module/Runtime.pm line 348
	Module::Runtime::use_module("Net::HTTP::API::Meta::Class") called at /home/sand/src/perl/repoperls/installed-perls/perl/v5.23.7-14-g2641c7e/79cc/lib/site_perl/5.23.8/x86_64-linux/Moose/Util.pm line 147
	Moose::Util::_apply_all_roles(Moose::Meta::Class=HASH(0x1c194f0), undef, "Net::HTTP::API::Meta::Class") called at /home/sand/src/perl/repoperls/installed-perls/perl/v5.23.7-14-g2641c7e/79cc/lib/site_perl/5.23.8/x86_64-linux/Moose/Util.pm line 114
	Moose::Util::apply_all_roles(Moose::Meta::Class=HASH(0x1c194f0), "Net::HTTP::API::Meta::Class") called at /home/sand/src/perl/repoperls/installed-perls/perl/v5.23.7-14-g2641c7e/79cc/lib/site_perl/5.23.8/x86_64-linux/Moose/Meta/Class.pm line 89
	Moose::Meta::Class::create("Moose::Meta::Class", "Moose::Meta::Class::__ANON__::SERIAL::1", "weaken", "", "superclasses", ARRAY(0xe003c8), "roles", ARRAY(0xf62da0)) called at /home/sand/src/perl/repoperls/installed-perls/perl/v5.23.7-14-g2641c7e/79cc/lib/site_perl/5.23.8/x86_64-linux/Class/MOP/Package.pm line 120
	Class::MOP::Package::create_anon("Moose::Meta::Class", "superclasses", ARRAY(0xe003c8), "roles", ARRAY(0xf62da0), "cache", 1) called at /home/sand/src/perl/repoperls/installed-perls/perl/v5.23.7-14-g2641c7e/79cc/lib/site_perl/5.23.8/x86_64-linux/Class/MOP/Class.pm line 472
	Class::MOP::Class::create_anon_class("Moose::Meta::Class", "superclasses", ARRAY(0xe003c8), "roles", ARRAY(0xf62da0), "cache", 1) called at /home/sand/src/perl/repoperls/installed-perls/perl/v5.23.7-14-g2641c7e/79cc/lib/site_perl/5.23.8/x86_64-linux/Moose/Util/MetaRole.pm line 108
	Moose::Util::MetaRole::_make_new_class("Moose::Meta::Class", ARRAY(0xf62da0)) called at /home/sand/src/perl/repoperls/installed-perls/perl/v5.23.7-14-g2641c7e/79cc/lib/site_perl/5.23.8/x86_64-linux/Moose/Util/MetaRole.pm line 53
	Moose::Util::MetaRole::_make_new_metaclass(Moose::Meta::Class=HASH(0x1bdc6c8), HASH(0xf62e60), "class") called at /home/sand/src/perl/repoperls/installed-perls/perl/v5.23.7-14-g2641c7e/79cc/lib/site_perl/5.23.8/x86_64-linux/Moose/Util/MetaRole.pm line 21
	Moose::Util::MetaRole::apply_metaroles("for", "TestAPI", "class_metaroles", HASH(0xf62e60)) called at /home/sand/src/perl/repoperls/installed-perls/perl/v5.23.7-14-g2641c7e/79cc/lib/site_perl/5.23.8/Net/HTTP/API.pm line 34
	Net::HTTP::API::init_meta("Net::HTTP::API", "for_class", "MooseX::Types::Moose", "metaclass", undef, "meta_name", "meta") called at /home/sand/src/perl/repoperls/installed-perls/perl/v5.23.7-14-g2641c7e/79cc/lib/site_perl/5.23.8/x86_64-linux/Moose/Exporter.pm line 484
	Net::HTTP::API::import("MooseX::Net::API") called at t/lib/TestAPI.pm line 2
	TestAPI::BEGIN() called at /home/sand/src/perl/repoperls/installed-perls/perl/v5.23.7-14-g2641c7e/79cc/lib/site_perl/5.23.8/Net/HTTP/API/Meta/Method.pm line 0
	eval {...} called at /home/sand/src/perl/repoperls/installed-perls/perl/v5.23.7-14-g2641c7e/79cc/lib/site_perl/5.23.8/Net/HTTP/API/Meta/Method.pm line 0
	require TestAPI.pm called at t/01_basic.t line 9
	main::BEGIN() called at /home/sand/src/perl/repoperls/installed-perls/perl/v5.23.7-14-g2641c7e/79cc/lib/site_perl/5.23.8/Net/HTTP/API/Meta/Method.pm line 0
	eval {...} called at /home/sand/src/perl/repoperls/installed-perls/perl/v5.23.7-14-g2641c7e/79cc/lib/site_perl/5.23.8/Net/HTTP/API/Meta/Method.pm line 0
Passing a list of values to enum is deprecated. Enum values should be wrapped in an arrayref. at /home/sand/src/perl/repoperls/installed-perls/perl/v5.23.7-14-g2641c7e/79cc/lib/site_perl/5.23.8/x86_64-linux/Moose/Util/TypeConstraints.pm line 437.
	Moose::Util::TypeConstraints::enum("FormatMode", "content-type", "append") called at /home/sand/src/perl/repoperls/installed-perls/perl/v5.23.7-14-g2641c7e/79cc/lib/site_perl/5.23.8/Net/HTTP/API/Role/Format.pm line 23
	require Net/HTTP/API/Role/Format.pm called at /home/sand/src/perl/repoperls/installed-perls/perl/v5.23.7-14-g2641c7e/79cc/lib/site_perl/5.23.8/Module/Runtime.pm line 317
	Module::Runtime::require_module("Net::HTTP::API::Role::Format") called at /home/sand/src/perl/repoperls/installed-perls/perl/v5.23.7-14-g2641c7e/79cc/lib/site_perl/5.23.8/Module/Runtime.pm line 348
	Module::Runtime::use_module("Net::HTTP::API::Role::Format") called at /home/sand/src/perl/repoperls/installed-perls/perl/v5.23.7-14-g2641c7e/79cc/lib/site_perl/5.23.8/x86_64-linux/Moose/Util.pm line 147
	Moose::Util::_apply_all_roles(Moose::Meta::Class=HASH(0x1fb1180), undef, "Net::HTTP::API::Role::UserAgent", "Net::HTTP::API::Role::Format", "Net::HTTP::API::Role::Authentication", "Net::HTTP::API::Role::Serialization", "Net::HTTP::API::Role::Request") called at /home/sand/src/perl/repoperls/installed-perls/perl/v5.23.7-14-g2641c7e/79cc/lib/site_perl/5.23.8/x86_64-linux/Moose/Util.pm line 114
	Moose::Util::apply_all_roles(Moose::Meta::Class=HASH(0x1fb1180), "Net::HTTP::API::Role::UserAgent", "Net::HTTP::API::Role::Format", "Net::HTTP::API::Role::Authentication", "Net::HTTP::API::Role::Serialization", "Net::HTTP::API::Role::Request") called at /home/sand/src/perl/repoperls/installed-perls/perl/v5.23.7-14-g2641c7e/79cc/lib/site_perl/5.23.8/x86_64-linux/Moose/Meta/Class.pm line 89
	Moose::Meta::Class::create("Moose::Meta::Class", "Moose::Meta::Class::__ANON__::SERIAL::10", "superclasses", ARRAY(0x20260e8), "weaken", "", "roles", ARRAY(0xf62ef0)) called at /home/sand/src/perl/repoperls/installed-perls/perl/v5.23.7-14-g2641c7e/79cc/lib/site_perl/5.23.8/x86_64-linux/Class/MOP/Package.pm line 120
	Class::MOP::Package::create_anon("Moose::Meta::Class", "superclasses", ARRAY(0x20260e8), "roles", ARRAY(0xf62ef0), "cache", 1) called at /home/sand/src/perl/repoperls/installed-perls/perl/v5.23.7-14-g2641c7e/79cc/lib/site_perl/5.23.8/x86_64-linux/Class/MOP/Class.pm line 472
	Class::MOP::Class::create_anon_class("Moose::Meta::Class", "superclasses", ARRAY(0x20260e8), "roles", ARRAY(0xf62ef0), "cache", 1) called at /home/sand/src/perl/repoperls/installed-perls/perl/v5.23.7-14-g2641c7e/79cc/lib/site_perl/5.23.8/x86_64-linux/Moose/Util/MetaRole.pm line 108
	Moose::Util::MetaRole::_make_new_class("TestAPI", ARRAY(0xf62ef0), ARRAY(0x20260e8)) called at /home/sand/src/perl/repoperls/installed-perls/perl/v5.23.7-14-g2641c7e/79cc/lib/site_perl/5.23.8/x86_64-linux/Moose/Util/MetaRole.pm line 88
	Moose::Util::MetaRole::apply_base_class_roles("for", "TestAPI", "roles", ARRAY(0xf62ef0)) called at /home/sand/src/perl/repoperls/installed-perls/perl/v5.23.7-14-g2641c7e/79cc/lib/site_perl/5.23.8/Net/HTTP/API.pm line 41
	Net::HTTP::API::init_meta("Net::HTTP::API", "for_class", "Net::HTTP::API::Role::Format", "metaclass", undef, "meta_name", "meta") called at /home/sand/src/perl/repoperls/installed-perls/perl/v5.23.7-14-g2641c7e/79cc/lib/site_perl/5.23.8/x86_64-linux/Moose/Exporter.pm line 484
	Net::HTTP::API::import("MooseX::Net::API") called at t/lib/TestAPI.pm line 2
	TestAPI::BEGIN() called at /home/sand/src/perl/repoperls/installed-perls/perl/v5.23.7-14-g2641c7e/79cc/lib/site_perl/5.23.8/Net/HTTP/API/Role/Format.pm line 0
	eval {...} called at /home/sand/src/perl/repoperls/installed-perls/perl/v5.23.7-14-g2641c7e/79cc/lib/site_perl/5.23.8/Net/HTTP/API/Role/Format.pm line 0
	require TestAPI.pm called at t/01_basic.t line 9
	main::BEGIN() called at /home/sand/src/perl/repoperls/installed-perls/perl/v5.23.7-14-g2641c7e/79cc/lib/site_perl/5.23.8/Net/HTTP/API/Role/Format.pm line 0
	eval {...} called at /home/sand/src/perl/repoperls/installed-perls/perl/v5.23.7-14-g2641c7e/79cc/lib/site_perl/5.23.8/Net/HTTP/API/Role/Format.pm line 0
Class::MOP::load_class is deprecated at /home/sand/src/perl/repoperls/installed-perls/perl/v5.23.7-14-g2641c7e/79cc/lib/site_perl/5.23.8/x86_64-linux/Class/MOP.pm line 69.
	Class::MOP::load_class("Net::HTTP::API::Parser::JSON") called at /home/sand/src/perl/repoperls/installed-perls/perl/v5.23.7-14-g2641c7e/79cc/lib/site_perl/5.23.8/Net/HTTP/API/Role/Serialization.pm line 74
	Net::HTTP::API::Role::Serialization::_load_serializer(TestAPI=HASH(0xbff1c8), "json") called at /home/sand/src/perl/repoperls/installed-perls/perl/v5.23.7-14-g2641c7e/79cc/lib/site_perl/5.23.8/Net/HTTP/API/Role/Serialization.pm line 53
	Net::HTTP::API::Role::Serialization::deserialize(TestAPI=HASH(0xbff1c8), "[{\"name\":\"eris\"}]", ARRAY(0x235b5a8)) called at /home/sand/src/perl/repoperls/installed-perls/perl/v5.23.7-14-g2641c7e/79cc/lib/site_perl/5.23.8/Net/HTTP/API/Role/Serialization.pm line 37
	Net::HTTP::API::Role::Serialization::get_content(TestAPI=HASH(0xbff1c8), HTTP::Response=HASH(0x2abc8a0)) called at /home/sand/src/perl/repoperls/installed-perls/perl/v5.23.7-14-g2641c7e/79cc/lib/site_perl/5.23.8/Net/HTTP/API/Meta/Method.pm line 134
	TestAPI::users(TestAPI=HASH(0xbff1c8)) called at /home/sand/src/perl/repoperls/installed-perls/perl/v5.23.7-14-g2641c7e/79cc/lib/site_perl/5.23.8/x86_64-linux/Class/MOP/Method/Wrapped.pm line 44
	TestAPI::_wrapped_users(TestAPI=HASH(0xbff1c8)) called at /home/sand/src/perl/repoperls/installed-perls/perl/v5.23.7-14-g2641c7e/79cc/lib/site_perl/5.23.8/x86_64-linux/Class/MOP/Method/Wrapped.pm line 95
	TestAPI::users(TestAPI=HASH(0xbff1c8)) called at t/01_basic.t line 29

#   Failed test 'got valid content in POST'
#   at t/01_basic.t line 56.
#          got: '{"name":"eris","dob":"01/02/1900"}'
#     expected: '{"dob":"01/02/1900","name":"eris"}'

#   Failed test 'url is ok with no declared parameters'
#   at t/01_basic.t line 113.
#          got: 'http://exemple.com/users/unstrict.json?last_name=foo&name=eris&random_stuff=bar'
#     expected: 'http://exemple.com/users/unstrict.json?random_stuff=bar&name=eris&last_name=foo'
# Looks like you failed 2 tests of 25.
t/01_basic.t .............. 
Dubious, test returned 2 (wstat 512, 0x200)
Failed 2/25 subtests 
t/release-eol.t ........... skipped: these tests are for release candidate testing
t/release-no-tabs.t ....... skipped: these tests are for release candidate testing
t/release-pod-coverage.t .. skipped: these tests are for release candidate testing
t/release-pod-syntax.t .... skipped: these tests are for release candidate testing

Test Summary Report
-------------------
t/01_basic.t            (Wstat: 512 Tests: 25 Failed: 2)
  Failed tests:  16, 23
  Non-zero exit status: 2
Files=6, Tests=26,  1 wallclock secs ( 0.04 usr  0.03 sys +  1.26 cusr  0.15 csys =  1.48 CPU)
Result: FAIL
Failed 1/6 test programs. 2/26 subtests failed.
Makefile:845: recipe for target 'test_dynamic' failed
make: *** [test_dynamic] Error 255

------------------------------
PREREQUISITES
------------------------------

Prerequisite modules loaded:

requires:

    Module              Need Have    
    ------------------- ---- --------
    Net::HTTP::API      0    0.11    

build_requires:

    Module              Need Have    
    ------------------- ---- --------
    HTTP::Response      0    6.11    
    Moose               0    2.1604  
    Test::Exception     0    0.43    
    Test::More          0    1.001014

configure_requires:

    Module              Need Have    
    ------------------- ---- --------
    ExtUtils::MakeMaker 6.31 7.10    


------------------------------
ENVIRONMENT AND OTHER CONTEXT
------------------------------

Environment variables:

    AUTOMATED_TESTING = 1
    LANG = en_US.UTF-8
    LANGUAGE = en_US:en
    PATH = /home/sand/bin:/usr/local/bin:/usr/bin:/bin:/usr/games:/usr/local/perl/bin:/usr/X11/bin:/sbin:/usr/sbin
    PERL5LIB = /tmp/loop_over_bdir-3114-lTQgDy/FusionInventory-Agent-2.3.17-LJd6Sq/blib/arch:/tmp/loop_over_bdir-3114-lTQgDy/FusionInventory-Agent-2.3.17-LJd6Sq/blib/lib
    PERL5OPT = 
    PERL5_CPANPLUS_IS_RUNNING = 1198
    PERL5_CPAN_IS_RUNNING = 1198
    PERL_MM_USE_DEFAULT = 1
    SHELL = /usr/bin/zsh
    TERM = screen

Perl special variables (and OS-specific diagnostics, for MSWin32):

    $^X = /tmp/basesmoker-reloperl-ajm4/bin/perl
    $UID/$EUID = 1005 / 1005
    $GID = 1005 1005
    $EGID = 1005 1005

Perl module toolchain versions installed:

    Module              Have    
    ------------------- --------
    CPAN                2.10    
    CPAN::Meta          2.150005
    Cwd                 3.62    
    ExtUtils::CBuilder  0.280224
    ExtUtils::Command   7.10    
    ExtUtils::Install   2.04    
    ExtUtils::MakeMaker 7.10    
    ExtUtils::Manifest  1.70    
    ExtUtils::ParseXS   3.31    
    File::Spec          3.62    
    JSON                2.90    
    JSON::PP            2.27300 
    Module::Build       0.4216  
    Module::Signature   0.79    
    Parse::CPAN::Meta   1.4417  
    Test::Harness       3.36    
    Test::More          1.001014
    YAML                1.15    
    YAML::Syck          1.29    
    version             0.9909  


--

Summary of my perl5 (revision 5 version 23 subversion 8) configuration:
  Derived from: 2641c7ef11e829d033673670fd5d79477f86982a
  Platform:
    osname=linux, osvers=4.3.0-1-amd64, archname=x86_64-linux
    uname='linux k83 4.3.0-1-amd64 #1 smp debian 4.3.3-2 (2015-12-17) x86_64 gnulinux '
    config_args='-Dprefix=/home/sand/src/perl/repoperls/installed-perls/perl/v5.23.7-14-g2641c7e/79cc -Dmyhostname=k83 -Dinstallusrbinperl=n -Uversiononly -Dusedevel -des -Ui_db -Dlibswanted=cl pthread socket inet nsl gdbm dbm malloc dl ld sun m crypt sec util c cposix posix ucb BSD gdbm_compat -Uuseithreads -Uuselongdouble -DDEBUGGING=-g'
    hint=recommended, useposix=true, d_sigaction=define
    useithreads=undef, usemultiplicity=undef
    use64bitint=define, use64bitall=define, uselongdouble=undef
    usemymalloc=n, bincompat5005=undef
  Compiler:
    cc='cc', ccflags ='-fwrapv -fno-strict-aliasing -pipe -fstack-protector-strong -I/usr/local/include -D_LARGEFILE_SOURCE -D_FILE_OFFSET_BITS=64 -D_FORTIFY_SOURCE=2',
    optimize='-O2 -g',
    cppflags='-fwrapv -fno-strict-aliasing -pipe -fstack-protector-strong -I/usr/local/include'
    ccversion='', gccversion='5.3.1 20160101', gccosandvers=''
    intsize=4, longsize=8, ptrsize=8, doublesize=8, byteorder=12345678, doublekind=3
    d_longlong=define, longlongsize=8, d_longdbl=define, longdblsize=16, longdblkind=3
    ivtype='long', ivsize=8, nvtype='double', nvsize=8, Off_t='off_t', lseeksize=8
    alignbytes=8, prototype=define
  Linker and Libraries:
    ld='cc', ldflags =' -fstack-protector-strong -L/usr/local/lib'
    libpth=/usr/local/lib /usr/lib/gcc/x86_64-linux-gnu/5/include-fixed /usr/include/x86_64-linux-gnu /usr/lib /lib/x86_64-linux-gnu /lib/../lib /usr/lib/x86_64-linux-gnu /usr/lib/../lib /lib
    libs=-lpthread -lnsl -lgdbm -ldl -lm -lcrypt -lutil -lc -lgdbm_compat
    perllibs=-lpthread -lnsl -ldl -lm -lcrypt -lutil -lc
    libc=libc-2.21.so, so=so, useshrplib=false, libperl=libperl.a
    gnulibc_version='2.21'
  Dynamic Linking:
    dlsrc=dl_dlopen.xs, dlext=so, d_dlsymun=undef, ccdlflags='-Wl,-E'
    cccdlflags='-fPIC', lddlflags='-shared -O2 -g -L/usr/local/lib -fstack-protector-strong'


Characteristics of this binary (from libperl): 
  Compile-time options: HAS_TIMES PERLIO_LAYERS PERL_COPY_ON_WRITE
                        PERL_DONT_CREATE_GVSV
                        PERL_HASH_FUNC_ONE_AT_A_TIME_HARD PERL_MALLOC_WRAP
                        PERL_PRESERVE_IVUV PERL_USE_DEVEL USE_64_BIT_ALL
                        USE_64_BIT_INT USE_LARGE_FILES USE_LOCALE
                        USE_LOCALE_COLLATE USE_LOCALE_CTYPE
                        USE_LOCALE_NUMERIC USE_LOCALE_TIME USE_PERLIO
                        USE_PERL_ATOF
  Locally applied patches:
	uncommitted-changes
	Devel::PatchPerl 1.38
  Built under linux
  Compiled at Jan 24 2016 02:09:54
  %ENV:
    PERL5LIB="/tmp/loop_over_bdir-3114-lTQgDy/FusionInventory-Agent-2.3.17-LJd6Sq/blib/arch:/tmp/loop_over_bdir-3114-lTQgDy/FusionInventory-Agent-2.3.17-LJd6Sq/blib/lib"
    PERL5OPT=""
    PERL5_CPANPLUS_IS_RUNNING="1198"
    PERL5_CPAN_IS_RUNNING="1198"
    PERL_MM_USE_DEFAULT="1"
  @INC:
    /tmp/loop_over_bdir-3114-lTQgDy/FusionInventory-Agent-2.3.17-LJd6Sq/blib/arch
    /tmp/loop_over_bdir-3114-lTQgDy/FusionInventory-Agent-2.3.17-LJd6Sq/blib/lib
    /home/sand/src/perl/repoperls/installed-perls/perl/v5.23.7-14-g2641c7e/79cc/lib/site_perl/5.23.8/x86_64-linux
    /home/sand/src/perl/repoperls/installed-perls/perl/v5.23.7-14-g2641c7e/79cc/lib/site_perl/5.23.8
    /home/sand/src/perl/repoperls/installed-perls/perl/v5.23.7-14-g2641c7e/79cc/lib/5.23.8/x86_64-linux
    /home/sand/src/perl/repoperls/installed-perls/perl/v5.23.7-14-g2641c7e/79cc/lib/5.23.8
    .