TPath v1.007 Perl 5 v5.27.10 x86_64-linux

Status
Fail
From
Slaven Rezić (SREZIC)
Dist
TPath v1.007
Platform
Perl 5 v5.27.10 x86_64-linux
Date
2018-03-23 23:05:07
ID
a13ac3d6-2eee-11e8-82c3-90a103a7645a
This distribution has been tested as part of the CPAN Testers
project, supporting the Perl programming language.  See
http://wiki.cpantesters.org/ for more information or email
questions to cpan-testers-discuss@perl.org


--
Dear David F. Houghton,

This is a computer-generated report for TPath-1.007
on perl 5.27.10, created by CPAN-Reporter-1.2018.

Thank you for uploading your work to CPAN.  However, there was a problem
testing your distribution.

If you think this report is invalid, please consult the CPAN Testers Wiki
for suggestions on how to avoid getting FAIL reports for missing library
or binary dependencies, unsupported operating systems, and so on:

http://wiki.cpantesters.org/wiki/CPANAuthorNotes

Sections of this report:

    * Tester comments
    * Program output
    * Prerequisites
    * Environment and other context

------------------------------
TESTER COMMENTS
------------------------------

Additional comments from tester:

none provided

------------------------------
PROGRAM OUTPUT
------------------------------

Output from '/usr/bin/make test':

PERL_DL_NONLAZY=1 "/opt/perl-5.27.10/bin/perl5.27.10" "-MExtUtils::Command::MM" "-MTest::Harness" "-e" "undef *Test::Harness::Switches; test_harness(0, 'blib/lib', 'blib/arch')" t/*.t

#   Failed test 'TPath/Attribute.pm loaded ok'
#   at t/00-compile.t line 100.
#          got: '512'
#     expected: '0'
Eval-group not allowed at runtime, use re 'eval' in regex m/(?x)(?{; *Regexp::Grammars::LOGFILE
                        = Regexp::Grammars::_open_log('>>','-', 'for regex gramma.../ at (eval 178) line 2653.
Compilation failed in require at /home/cpansand/.cpan/build/2018032321/TPath-1.007-0/blib/lib/TPath/TypeConstraints.pm line 6.
BEGIN failed--compilation aborted at /home/cpansand/.cpan/build/2018032321/TPath-1.007-0/blib/lib/TPath/TypeConstraints.pm line 6.
Compilation failed in require at /home/cpansand/.cpan/build/2018032321/TPath-1.007-0/blib/lib/TPath/Attribute.pm line 10.
BEGIN failed--compilation aborted at /home/cpansand/.cpan/build/2018032321/TPath-1.007-0/blib/lib/TPath/Attribute.pm line 10.
Compilation failed in require at -e line 1.

#   Failed test 'TPath/AttributeTest.pm loaded ok'
#   at t/00-compile.t line 100.
#          got: '512'
#     expected: '0'
Eval-group not allowed at runtime, use re 'eval' in regex m/(?x)(?{; *Regexp::Grammars::LOGFILE
                        = Regexp::Grammars::_open_log('>>','-', 'for regex gramma.../ at (eval 180) line 2653.
Compilation failed in require at /home/cpansand/.cpan/build/2018032321/TPath-1.007-0/blib/lib/TPath/TypeConstraints.pm line 6.
BEGIN failed--compilation aborted at /home/cpansand/.cpan/build/2018032321/TPath-1.007-0/blib/lib/TPath/TypeConstraints.pm line 6.
Compilation failed in require at /home/cpansand/.cpan/build/2018032321/TPath-1.007-0/blib/lib/TPath/AttributeTest.pm line 11.
BEGIN failed--compilation aborted at /home/cpansand/.cpan/build/2018032321/TPath-1.007-0/blib/lib/TPath/AttributeTest.pm line 11.
Compilation failed in require at -e line 1.
when is experimental at /home/cpansand/.cpan/build/2018032321/TPath-1.007-0/blib/lib/TPath/Attributes/Standard.pm line 186.
when is experimental at /home/cpansand/.cpan/build/2018032321/TPath-1.007-0/blib/lib/TPath/Attributes/Standard.pm line 187.
when is experimental at /home/cpansand/.cpan/build/2018032321/TPath-1.007-0/blib/lib/TPath/Attributes/Standard.pm line 282.
when is experimental at /home/cpansand/.cpan/build/2018032321/TPath-1.007-0/blib/lib/TPath/Attributes/Standard.pm line 283.

#   Failed test 'TPath/Compiler.pm loaded ok'
#   at t/00-compile.t line 100.
#          got: '512'
#     expected: '0'
Eval-group not allowed at runtime, use re 'eval' in regex m/(?x)(?{; *Regexp::Grammars::LOGFILE
                        = Regexp::Grammars::_open_log('>>','-', 'for regex gramma.../ at (eval 11) line 2653.
Compilation failed in require at /home/cpansand/.cpan/build/2018032321/TPath-1.007-0/blib/lib/TPath/Compiler.pm line 12.
BEGIN failed--compilation aborted at /home/cpansand/.cpan/build/2018032321/TPath-1.007-0/blib/lib/TPath/Compiler.pm line 12.
Compilation failed in require at -e line 1.

#   Failed test 'TPath/Concatenation.pm loaded ok'
#   at t/00-compile.t line 100.
#          got: '512'
#     expected: '0'
Eval-group not allowed at runtime, use re 'eval' in regex m/(?x)(?{; *Regexp::Grammars::LOGFILE
                        = Regexp::Grammars::_open_log('>>','-', 'for regex gramma.../ at (eval 178) line 2653.
Compilation failed in require at /home/cpansand/.cpan/build/2018032321/TPath-1.007-0/blib/lib/TPath/TypeConstraints.pm line 6.
BEGIN failed--compilation aborted at /home/cpansand/.cpan/build/2018032321/TPath-1.007-0/blib/lib/TPath/TypeConstraints.pm line 6.
Compilation failed in require at /home/cpansand/.cpan/build/2018032321/TPath-1.007-0/blib/lib/TPath/Concatenation.pm line 10.
BEGIN failed--compilation aborted at /home/cpansand/.cpan/build/2018032321/TPath-1.007-0/blib/lib/TPath/Concatenation.pm line 10.
Compilation failed in require at -e line 1.

#   Failed test 'TPath/Expression.pm loaded ok'
#   at t/00-compile.t line 100.
#          got: '512'
#     expected: '0'
Eval-group not allowed at runtime, use re 'eval' in regex m/(?x)(?{; *Regexp::Grammars::LOGFILE
                        = Regexp::Grammars::_open_log('>>','-', 'for regex gramma.../ at (eval 178) line 2653.
Compilation failed in require at /home/cpansand/.cpan/build/2018032321/TPath-1.007-0/blib/lib/TPath/TypeConstraints.pm line 6.
BEGIN failed--compilation aborted at /home/cpansand/.cpan/build/2018032321/TPath-1.007-0/blib/lib/TPath/TypeConstraints.pm line 6.
Compilation failed in require at /home/cpansand/.cpan/build/2018032321/TPath-1.007-0/blib/lib/TPath/Expression.pm line 7.
BEGIN failed--compilation aborted at /home/cpansand/.cpan/build/2018032321/TPath-1.007-0/blib/lib/TPath/Expression.pm line 7.
Compilation failed in require at -e line 1.

#   Failed test 'TPath/Forester.pm loaded ok'
#   at t/00-compile.t line 100.
#          got: '512'
#     expected: '0'
Eval-group not allowed at runtime, use re 'eval' in regex m/(?x)(?{; *Regexp::Grammars::LOGFILE
                        = Regexp::Grammars::_open_log('>>','-', 'for regex gramma.../ at (eval 178) line 2653.
Compilation failed in require at /home/cpansand/.cpan/build/2018032321/TPath-1.007-0/blib/lib/TPath/Compiler.pm line 12.
BEGIN failed--compilation aborted at /home/cpansand/.cpan/build/2018032321/TPath-1.007-0/blib/lib/TPath/Compiler.pm line 12.
Compilation failed in require at /home/cpansand/.cpan/build/2018032321/TPath-1.007-0/blib/lib/TPath/Forester.pm line 11.
BEGIN failed--compilation aborted at /home/cpansand/.cpan/build/2018032321/TPath-1.007-0/blib/lib/TPath/Forester.pm line 11.
Compilation failed in require at -e line 1.
Smartmatch is experimental at /home/cpansand/.cpan/build/2018032321/TPath-1.007-0/blib/lib/TPath/Stringifiable.pm line 22.
when is experimental at /home/cpansand/.cpan/build/2018032321/TPath-1.007-0/blib/lib/TPath/Stringifiable.pm line 24.
when is experimental at /home/cpansand/.cpan/build/2018032321/TPath-1.007-0/blib/lib/TPath/Stringifiable.pm line 25.
when is experimental at /home/cpansand/.cpan/build/2018032321/TPath-1.007-0/blib/lib/TPath/Stringifiable.pm line 26.
when is experimental at /home/cpansand/.cpan/build/2018032321/TPath-1.007-0/blib/lib/TPath/Stringifiable.pm line 27.
when is experimental at /home/cpansand/.cpan/build/2018032321/TPath-1.007-0/blib/lib/TPath/Stringifiable.pm line 28.
when is experimental at /home/cpansand/.cpan/build/2018032321/TPath-1.007-0/blib/lib/TPath/Stringifiable.pm line 29.

#   Failed test 'TPath/Grammar.pm loaded ok'
#   at t/00-compile.t line 100.
#          got: '512'
#     expected: '0'
Eval-group not allowed at runtime, use re 'eval' in regex m/(?x)(?{; *Regexp::Grammars::LOGFILE
                        = Regexp::Grammars::_open_log('>>','-', 'for regex gramma.../ at (eval 11) line 2653.
Compilation failed in require at -e line 1.

#   Failed test 'TPath/Index.pm loaded ok'
#   at t/00-compile.t line 100.
#          got: '512'
#     expected: '0'
Eval-group not allowed at runtime, use re 'eval' in regex m/(?x)(?{; *Regexp::Grammars::LOGFILE
                        = Regexp::Grammars::_open_log('>>','-', 'for regex gramma.../ at (eval 179) line 2653.
Compilation failed in require at /home/cpansand/.cpan/build/2018032321/TPath-1.007-0/blib/lib/TPath/TypeConstraints.pm line 6.
BEGIN failed--compilation aborted at /home/cpansand/.cpan/build/2018032321/TPath-1.007-0/blib/lib/TPath/TypeConstraints.pm line 6.
Compilation failed in require at /home/cpansand/.cpan/build/2018032321/TPath-1.007-0/blib/lib/TPath/Index.pm line 10.
BEGIN failed--compilation aborted at /home/cpansand/.cpan/build/2018032321/TPath-1.007-0/blib/lib/TPath/Index.pm line 10.
Compilation failed in require at -e line 1.

#   Failed test 'TPath/Math.pm loaded ok'
#   at t/00-compile.t line 100.
#          got: '512'
#     expected: '0'
Eval-group not allowed at runtime, use re 'eval' in regex m/(?x)(?{; *Regexp::Grammars::LOGFILE
                        = Regexp::Grammars::_open_log('>>','-', 'for regex gramma.../ at (eval 178) line 2653.
Compilation failed in require at /home/cpansand/.cpan/build/2018032321/TPath-1.007-0/blib/lib/TPath/TypeConstraints.pm line 6.
BEGIN failed--compilation aborted at /home/cpansand/.cpan/build/2018032321/TPath-1.007-0/blib/lib/TPath/TypeConstraints.pm line 6.
Compilation failed in require at /home/cpansand/.cpan/build/2018032321/TPath-1.007-0/blib/lib/TPath/Math.pm line 7.
BEGIN failed--compilation aborted at /home/cpansand/.cpan/build/2018032321/TPath-1.007-0/blib/lib/TPath/Math.pm line 7.
Compilation failed in require at -e line 1.
Smartmatch is experimental at /home/cpansand/.cpan/build/2018032321/TPath-1.007-0/blib/lib/TPath/Stringifiable.pm line 22.
when is experimental at /home/cpansand/.cpan/build/2018032321/TPath-1.007-0/blib/lib/TPath/Stringifiable.pm line 24.
when is experimental at /home/cpansand/.cpan/build/2018032321/TPath-1.007-0/blib/lib/TPath/Stringifiable.pm line 25.
when is experimental at /home/cpansand/.cpan/build/2018032321/TPath-1.007-0/blib/lib/TPath/Stringifiable.pm line 26.
when is experimental at /home/cpansand/.cpan/build/2018032321/TPath-1.007-0/blib/lib/TPath/Stringifiable.pm line 27.
when is experimental at /home/cpansand/.cpan/build/2018032321/TPath-1.007-0/blib/lib/TPath/Stringifiable.pm line 28.
when is experimental at /home/cpansand/.cpan/build/2018032321/TPath-1.007-0/blib/lib/TPath/Stringifiable.pm line 29.
Smartmatch is experimental at /home/cpansand/.cpan/build/2018032321/TPath-1.007-0/blib/lib/TPath/Stringifiable.pm line 22.
when is experimental at /home/cpansand/.cpan/build/2018032321/TPath-1.007-0/blib/lib/TPath/Stringifiable.pm line 24.
when is experimental at /home/cpansand/.cpan/build/2018032321/TPath-1.007-0/blib/lib/TPath/Stringifiable.pm line 25.
when is experimental at /home/cpansand/.cpan/build/2018032321/TPath-1.007-0/blib/lib/TPath/Stringifiable.pm line 26.
when is experimental at /home/cpansand/.cpan/build/2018032321/TPath-1.007-0/blib/lib/TPath/Stringifiable.pm line 27.
when is experimental at /home/cpansand/.cpan/build/2018032321/TPath-1.007-0/blib/lib/TPath/Stringifiable.pm line 28.
when is experimental at /home/cpansand/.cpan/build/2018032321/TPath-1.007-0/blib/lib/TPath/Stringifiable.pm line 29.

#   Failed test 'TPath/Predicate/Attribute.pm loaded ok'
#   at t/00-compile.t line 100.
#          got: '512'
#     expected: '0'
Eval-group not allowed at runtime, use re 'eval' in regex m/(?x)(?{; *Regexp::Grammars::LOGFILE
                        = Regexp::Grammars::_open_log('>>','-', 'for regex gramma.../ at (eval 178) line 2653.
Compilation failed in require at /home/cpansand/.cpan/build/2018032321/TPath-1.007-0/blib/lib/TPath/TypeConstraints.pm line 6.
BEGIN failed--compilation aborted at /home/cpansand/.cpan/build/2018032321/TPath-1.007-0/blib/lib/TPath/TypeConstraints.pm line 6.
Compilation failed in require at /home/cpansand/.cpan/build/2018032321/TPath-1.007-0/blib/lib/TPath/Predicate/Attribute.pm line 7.
BEGIN failed--compilation aborted at /home/cpansand/.cpan/build/2018032321/TPath-1.007-0/blib/lib/TPath/Predicate/Attribute.pm line 7.
Compilation failed in require at -e line 1.

#   Failed test 'TPath/Predicate/AttributeTest.pm loaded ok'
#   at t/00-compile.t line 100.
#          got: '512'
#     expected: '0'
Eval-group not allowed at runtime, use re 'eval' in regex m/(?x)(?{; *Regexp::Grammars::LOGFILE
                        = Regexp::Grammars::_open_log('>>','-', 'for regex gramma.../ at (eval 178) line 2653.
Compilation failed in require at /home/cpansand/.cpan/build/2018032321/TPath-1.007-0/blib/lib/TPath/TypeConstraints.pm line 6.
BEGIN failed--compilation aborted at /home/cpansand/.cpan/build/2018032321/TPath-1.007-0/blib/lib/TPath/TypeConstraints.pm line 6.
Compilation failed in require at /home/cpansand/.cpan/build/2018032321/TPath-1.007-0/blib/lib/TPath/Predicate/AttributeTest.pm line 7.
BEGIN failed--compilation aborted at /home/cpansand/.cpan/build/2018032321/TPath-1.007-0/blib/lib/TPath/Predicate/AttributeTest.pm line 7.
Compilation failed in require at -e line 1.

#   Failed test 'TPath/Predicate/Boolean.pm loaded ok'
#   at t/00-compile.t line 100.
#          got: '512'
#     expected: '0'
Eval-group not allowed at runtime, use re 'eval' in regex m/(?x)(?{; *Regexp::Grammars::LOGFILE
                        = Regexp::Grammars::_open_log('>>','-', 'for regex gramma.../ at (eval 178) line 2653.
Compilation failed in require at /home/cpansand/.cpan/build/2018032321/TPath-1.007-0/blib/lib/TPath/TypeConstraints.pm line 6.
BEGIN failed--compilation aborted at /home/cpansand/.cpan/build/2018032321/TPath-1.007-0/blib/lib/TPath/TypeConstraints.pm line 6.
Compilation failed in require at /home/cpansand/.cpan/build/2018032321/TPath-1.007-0/blib/lib/TPath/Predicate/Boolean.pm line 7.
BEGIN failed--compilation aborted at /home/cpansand/.cpan/build/2018032321/TPath-1.007-0/blib/lib/TPath/Predicate/Boolean.pm line 7.
Compilation failed in require at -e line 1.

#   Failed test 'TPath/Predicate/Expression.pm loaded ok'
#   at t/00-compile.t line 100.
#          got: '512'
#     expected: '0'
Eval-group not allowed at runtime, use re 'eval' in regex m/(?x)(?{; *Regexp::Grammars::LOGFILE
                        = Regexp::Grammars::_open_log('>>','-', 'for regex gramma.../ at (eval 178) line 2653.
Compilation failed in require at /home/cpansand/.cpan/build/2018032321/TPath-1.007-0/blib/lib/TPath/TypeConstraints.pm line 6.
BEGIN failed--compilation aborted at /home/cpansand/.cpan/build/2018032321/TPath-1.007-0/blib/lib/TPath/TypeConstraints.pm line 6.
Compilation failed in require at /home/cpansand/.cpan/build/2018032321/TPath-1.007-0/blib/lib/TPath/Predicate/Expression.pm line 7.
BEGIN failed--compilation aborted at /home/cpansand/.cpan/build/2018032321/TPath-1.007-0/blib/lib/TPath/Predicate/Expression.pm line 7.
Compilation failed in require at -e line 1.
Smartmatch is experimental at /home/cpansand/.cpan/build/2018032321/TPath-1.007-0/blib/lib/TPath/Stringifiable.pm line 22.
when is experimental at /home/cpansand/.cpan/build/2018032321/TPath-1.007-0/blib/lib/TPath/Stringifiable.pm line 24.
when is experimental at /home/cpansand/.cpan/build/2018032321/TPath-1.007-0/blib/lib/TPath/Stringifiable.pm line 25.
when is experimental at /home/cpansand/.cpan/build/2018032321/TPath-1.007-0/blib/lib/TPath/Stringifiable.pm line 26.
when is experimental at /home/cpansand/.cpan/build/2018032321/TPath-1.007-0/blib/lib/TPath/Stringifiable.pm line 27.
when is experimental at /home/cpansand/.cpan/build/2018032321/TPath-1.007-0/blib/lib/TPath/Stringifiable.pm line 28.
when is experimental at /home/cpansand/.cpan/build/2018032321/TPath-1.007-0/blib/lib/TPath/Stringifiable.pm line 29.
Smartmatch is experimental at /home/cpansand/.cpan/build/2018032321/TPath-1.007-0/blib/lib/TPath/Stringifiable.pm line 22.
when is experimental at /home/cpansand/.cpan/build/2018032321/TPath-1.007-0/blib/lib/TPath/Stringifiable.pm line 24.
when is experimental at /home/cpansand/.cpan/build/2018032321/TPath-1.007-0/blib/lib/TPath/Stringifiable.pm line 25.
when is experimental at /home/cpansand/.cpan/build/2018032321/TPath-1.007-0/blib/lib/TPath/Stringifiable.pm line 26.
when is experimental at /home/cpansand/.cpan/build/2018032321/TPath-1.007-0/blib/lib/TPath/Stringifiable.pm line 27.
when is experimental at /home/cpansand/.cpan/build/2018032321/TPath-1.007-0/blib/lib/TPath/Stringifiable.pm line 28.
when is experimental at /home/cpansand/.cpan/build/2018032321/TPath-1.007-0/blib/lib/TPath/Stringifiable.pm line 29.

#   Failed test 'TPath/Selector/Expression.pm loaded ok'
#   at t/00-compile.t line 100.
#          got: '512'
#     expected: '0'
Eval-group not allowed at runtime, use re 'eval' in regex m/(?x)(?{; *Regexp::Grammars::LOGFILE
                        = Regexp::Grammars::_open_log('>>','-', 'for regex gramma.../ at (eval 178) line 2653.
Compilation failed in require at /home/cpansand/.cpan/build/2018032321/TPath-1.007-0/blib/lib/TPath/TypeConstraints.pm line 6.
BEGIN failed--compilation aborted at /home/cpansand/.cpan/build/2018032321/TPath-1.007-0/blib/lib/TPath/TypeConstraints.pm line 6.
Compilation failed in require at /home/cpansand/.cpan/build/2018032321/TPath-1.007-0/blib/lib/TPath/Selector/Expression.pm line 9.
BEGIN failed--compilation aborted at /home/cpansand/.cpan/build/2018032321/TPath-1.007-0/blib/lib/TPath/Selector/Expression.pm line 9.
Compilation failed in require at -e line 1.
Smartmatch is experimental at /home/cpansand/.cpan/build/2018032321/TPath-1.007-0/blib/lib/TPath/Stringifiable.pm line 22.
when is experimental at /home/cpansand/.cpan/build/2018032321/TPath-1.007-0/blib/lib/TPath/Stringifiable.pm line 24.
when is experimental at /home/cpansand/.cpan/build/2018032321/TPath-1.007-0/blib/lib/TPath/Stringifiable.pm line 25.
when is experimental at /home/cpansand/.cpan/build/2018032321/TPath-1.007-0/blib/lib/TPath/Stringifiable.pm line 26.
when is experimental at /home/cpansand/.cpan/build/2018032321/TPath-1.007-0/blib/lib/TPath/Stringifiable.pm line 27.
when is experimental at /home/cpansand/.cpan/build/2018032321/TPath-1.007-0/blib/lib/TPath/Stringifiable.pm line 28.
when is experimental at /home/cpansand/.cpan/build/2018032321/TPath-1.007-0/blib/lib/TPath/Stringifiable.pm line 29.
Smartmatch is experimental at /home/cpansand/.cpan/build/2018032321/TPath-1.007-0/blib/lib/TPath/Stringifiable.pm line 22.
when is experimental at /home/cpansand/.cpan/build/2018032321/TPath-1.007-0/blib/lib/TPath/Stringifiable.pm line 24.
when is experimental at /home/cpansand/.cpan/build/2018032321/TPath-1.007-0/blib/lib/TPath/Stringifiable.pm line 25.
when is experimental at /home/cpansand/.cpan/build/2018032321/TPath-1.007-0/blib/lib/TPath/Stringifiable.pm line 26.
when is experimental at /home/cpansand/.cpan/build/2018032321/TPath-1.007-0/blib/lib/TPath/Stringifiable.pm line 27.
when is experimental at /home/cpansand/.cpan/build/2018032321/TPath-1.007-0/blib/lib/TPath/Stringifiable.pm line 28.
when is experimental at /home/cpansand/.cpan/build/2018032321/TPath-1.007-0/blib/lib/TPath/Stringifiable.pm line 29.

#   Failed test 'TPath/Selector/Predicated.pm loaded ok'
#   at t/00-compile.t line 100.
#          got: '512'
#     expected: '0'
Eval-group not allowed at runtime, use re 'eval' in regex m/(?x)(?{; *Regexp::Grammars::LOGFILE
                        = Regexp::Grammars::_open_log('>>','-', 'for regex gramma.../ at (eval 178) line 2653.
Compilation failed in require at /home/cpansand/.cpan/build/2018032321/TPath-1.007-0/blib/lib/TPath/TypeConstraints.pm line 6.
BEGIN failed--compilation aborted at /home/cpansand/.cpan/build/2018032321/TPath-1.007-0/blib/lib/TPath/TypeConstraints.pm line 6.
Compilation failed in require at /home/cpansand/.cpan/build/2018032321/TPath-1.007-0/blib/lib/TPath/Selector/Predicated.pm line 9.
BEGIN failed--compilation aborted at /home/cpansand/.cpan/build/2018032321/TPath-1.007-0/blib/lib/TPath/Selector/Predicated.pm line 9.
Compilation failed in require at -e line 1.

#   Failed test 'TPath/Selector/Previous.pm loaded ok'
#   at t/00-compile.t line 100.
#          got: '512'
#     expected: '0'
Eval-group not allowed at runtime, use re 'eval' in regex m/(?x)(?{; *Regexp::Grammars::LOGFILE
                        = Regexp::Grammars::_open_log('>>','-', 'for regex gramma.../ at (eval 181) line 2653.
Compilation failed in require at /home/cpansand/.cpan/build/2018032321/TPath-1.007-0/blib/lib/TPath/TypeConstraints.pm line 6.
BEGIN failed--compilation aborted at /home/cpansand/.cpan/build/2018032321/TPath-1.007-0/blib/lib/TPath/TypeConstraints.pm line 6.
Compilation failed in require at /home/cpansand/.cpan/build/2018032321/TPath-1.007-0/blib/lib/TPath/Selector/Test.pm line 10.
BEGIN failed--compilation aborted at /home/cpansand/.cpan/build/2018032321/TPath-1.007-0/blib/lib/TPath/Selector/Test.pm line 10.
Compilation failed in require at /opt/perl-5.27.10/lib/site_perl/5.27.10/Module/Runtime.pm line 314.
Compilation failed in require at -e line 1.

#   Failed test 'TPath/Selector/Quantified.pm loaded ok'
#   at t/00-compile.t line 100.
#          got: '512'
#     expected: '0'
Eval-group not allowed at runtime, use re 'eval' in regex m/(?x)(?{; *Regexp::Grammars::LOGFILE
                        = Regexp::Grammars::_open_log('>>','-', 'for regex gramma.../ at (eval 178) line 2653.
Compilation failed in require at /home/cpansand/.cpan/build/2018032321/TPath-1.007-0/blib/lib/TPath/TypeConstraints.pm line 6.
BEGIN failed--compilation aborted at /home/cpansand/.cpan/build/2018032321/TPath-1.007-0/blib/lib/TPath/TypeConstraints.pm line 6.
Compilation failed in require at /home/cpansand/.cpan/build/2018032321/TPath-1.007-0/blib/lib/TPath/Selector/Quantified.pm line 10.
BEGIN failed--compilation aborted at /home/cpansand/.cpan/build/2018032321/TPath-1.007-0/blib/lib/TPath/Selector/Quantified.pm line 10.
Compilation failed in require at -e line 1.
Smartmatch is experimental at /home/cpansand/.cpan/build/2018032321/TPath-1.007-0/blib/lib/TPath/Stringifiable.pm line 22.
when is experimental at /home/cpansand/.cpan/build/2018032321/TPath-1.007-0/blib/lib/TPath/Stringifiable.pm line 24.
when is experimental at /home/cpansand/.cpan/build/2018032321/TPath-1.007-0/blib/lib/TPath/Stringifiable.pm line 25.
when is experimental at /home/cpansand/.cpan/build/2018032321/TPath-1.007-0/blib/lib/TPath/Stringifiable.pm line 26.
when is experimental at /home/cpansand/.cpan/build/2018032321/TPath-1.007-0/blib/lib/TPath/Stringifiable.pm line 27.
when is experimental at /home/cpansand/.cpan/build/2018032321/TPath-1.007-0/blib/lib/TPath/Stringifiable.pm line 28.
when is experimental at /home/cpansand/.cpan/build/2018032321/TPath-1.007-0/blib/lib/TPath/Stringifiable.pm line 29.

#   Failed test 'TPath/Selector/Test.pm loaded ok'
#   at t/00-compile.t line 100.
#          got: '512'
#     expected: '0'
Eval-group not allowed at runtime, use re 'eval' in regex m/(?x)(?{; *Regexp::Grammars::LOGFILE
                        = Regexp::Grammars::_open_log('>>','-', 'for regex gramma.../ at (eval 178) line 2653.
Compilation failed in require at /home/cpansand/.cpan/build/2018032321/TPath-1.007-0/blib/lib/TPath/TypeConstraints.pm line 6.
BEGIN failed--compilation aborted at /home/cpansand/.cpan/build/2018032321/TPath-1.007-0/blib/lib/TPath/TypeConstraints.pm line 6.
Compilation failed in require at /home/cpansand/.cpan/build/2018032321/TPath-1.007-0/blib/lib/TPath/Selector/Test.pm line 10.
BEGIN failed--compilation aborted at /home/cpansand/.cpan/build/2018032321/TPath-1.007-0/blib/lib/TPath/Selector/Test.pm line 10.
Compilation failed in require at -e line 1.

#   Failed test 'TPath/Selector/Test/Anywhere.pm loaded ok'
#   at t/00-compile.t line 100.
#          got: '512'
#     expected: '0'
Eval-group not allowed at runtime, use re 'eval' in regex m/(?x)(?{; *Regexp::Grammars::LOGFILE
                        = Regexp::Grammars::_open_log('>>','-', 'for regex gramma.../ at (eval 187) line 2653.
Compilation failed in require at /home/cpansand/.cpan/build/2018032321/TPath-1.007-0/blib/lib/TPath/TypeConstraints.pm line 6.
BEGIN failed--compilation aborted at /home/cpansand/.cpan/build/2018032321/TPath-1.007-0/blib/lib/TPath/TypeConstraints.pm line 6.
Compilation failed in require at /home/cpansand/.cpan/build/2018032321/TPath-1.007-0/blib/lib/TPath/Selector/Test.pm line 10.
BEGIN failed--compilation aborted at /home/cpansand/.cpan/build/2018032321/TPath-1.007-0/blib/lib/TPath/Selector/Test.pm line 10.
Compilation failed in require at /opt/perl-5.27.10/lib/site_perl/5.27.10/Module/Runtime.pm line 314.
Compilation failed in require at -e line 1.

#   Failed test 'TPath/Selector/Test/AnywhereAttribute.pm loaded ok'
#   at t/00-compile.t line 100.
#          got: '512'
#     expected: '0'
Eval-group not allowed at runtime, use re 'eval' in regex m/(?x)(?{; *Regexp::Grammars::LOGFILE
                        = Regexp::Grammars::_open_log('>>','-', 'for regex gramma.../ at (eval 189) line 2653.
Compilation failed in require at /home/cpansand/.cpan/build/2018032321/TPath-1.007-0/blib/lib/TPath/TypeConstraints.pm line 6.
BEGIN failed--compilation aborted at /home/cpansand/.cpan/build/2018032321/TPath-1.007-0/blib/lib/TPath/TypeConstraints.pm line 6.
Compilation failed in require at /home/cpansand/.cpan/build/2018032321/TPath-1.007-0/blib/lib/TPath/Selector/Test/AnywhereAttribute.pm line 7.
BEGIN failed--compilation aborted at /home/cpansand/.cpan/build/2018032321/TPath-1.007-0/blib/lib/TPath/Selector/Test/AnywhereAttribute.pm line 7.
Compilation failed in require at -e line 1.

#   Failed test 'TPath/Selector/Test/AnywhereMatch.pm loaded ok'
#   at t/00-compile.t line 100.
#          got: '512'
#     expected: '0'
Eval-group not allowed at runtime, use re 'eval' in regex m/(?x)(?{; *Regexp::Grammars::LOGFILE
                        = Regexp::Grammars::_open_log('>>','-', 'for regex gramma.../ at (eval 191) line 2653.
Compilation failed in require at /home/cpansand/.cpan/build/2018032321/TPath-1.007-0/blib/lib/TPath/TypeConstraints.pm line 6.
BEGIN failed--compilation aborted at /home/cpansand/.cpan/build/2018032321/TPath-1.007-0/blib/lib/TPath/TypeConstraints.pm line 6.
Compilation failed in require at /home/cpansand/.cpan/build/2018032321/TPath-1.007-0/blib/lib/TPath/Selector/Test.pm line 10.
BEGIN failed--compilation aborted at /home/cpansand/.cpan/build/2018032321/TPath-1.007-0/blib/lib/TPath/Selector/Test.pm line 10.
Compilation failed in require at /opt/perl-5.27.10/lib/site_perl/5.27.10/Module/Runtime.pm line 314.
Compilation failed in require at /opt/perl-5.27.10/lib/site_perl/5.27.10/Module/Runtime.pm line 314.
Compilation failed in require at -e line 1.

#   Failed test 'TPath/Selector/Test/AnywhereTag.pm loaded ok'
#   at t/00-compile.t line 100.
#          got: '512'
#     expected: '0'
Eval-group not allowed at runtime, use re 'eval' in regex m/(?x)(?{; *Regexp::Grammars::LOGFILE
                        = Regexp::Grammars::_open_log('>>','-', 'for regex gramma.../ at (eval 189) line 2653.
Compilation failed in require at /home/cpansand/.cpan/build/2018032321/TPath-1.007-0/blib/lib/TPath/TypeConstraints.pm line 6.
BEGIN failed--compilation aborted at /home/cpansand/.cpan/build/2018032321/TPath-1.007-0/blib/lib/TPath/TypeConstraints.pm line 6.
Compilation failed in require at /home/cpansand/.cpan/build/2018032321/TPath-1.007-0/blib/lib/TPath/Selector/Test.pm line 10.
BEGIN failed--compilation aborted at /home/cpansand/.cpan/build/2018032321/TPath-1.007-0/blib/lib/TPath/Selector/Test.pm line 10.
Compilation failed in require at /opt/perl-5.27.10/lib/site_perl/5.27.10/Module/Runtime.pm line 314.
Compilation failed in require at -e line 1.

#   Failed test 'TPath/Selector/Test/AxisAttribute.pm loaded ok'
#   at t/00-compile.t line 100.
#          got: '512'
#     expected: '0'
Eval-group not allowed at runtime, use re 'eval' in regex m/(?x)(?{; *Regexp::Grammars::LOGFILE
                        = Regexp::Grammars::_open_log('>>','-', 'for regex gramma.../ at (eval 189) line 2653.
Compilation failed in require at /home/cpansand/.cpan/build/2018032321/TPath-1.007-0/blib/lib/TPath/TypeConstraints.pm line 6.
BEGIN failed--compilation aborted at /home/cpansand/.cpan/build/2018032321/TPath-1.007-0/blib/lib/TPath/TypeConstraints.pm line 6.
Compilation failed in require at /home/cpansand/.cpan/build/2018032321/TPath-1.007-0/blib/lib/TPath/Selector/Test/AxisAttribute.pm line 7.
BEGIN failed--compilation aborted at /home/cpansand/.cpan/build/2018032321/TPath-1.007-0/blib/lib/TPath/Selector/Test/AxisAttribute.pm line 7.
Compilation failed in require at -e line 1.

#   Failed test 'TPath/Selector/Test/AxisMatch.pm loaded ok'
#   at t/00-compile.t line 100.
#          got: '512'
#     expected: '0'
Eval-group not allowed at runtime, use re 'eval' in regex m/(?x)(?{; *Regexp::Grammars::LOGFILE
                        = Regexp::Grammars::_open_log('>>','-', 'for regex gramma.../ at (eval 191) line 2653.
Compilation failed in require at /home/cpansand/.cpan/build/2018032321/TPath-1.007-0/blib/lib/TPath/TypeConstraints.pm line 6.
BEGIN failed--compilation aborted at /home/cpansand/.cpan/build/2018032321/TPath-1.007-0/blib/lib/TPath/TypeConstraints.pm line 6.
Compilation failed in require at /home/cpansand/.cpan/build/2018032321/TPath-1.007-0/blib/lib/TPath/Selector/Test.pm line 10.
BEGIN failed--compilation aborted at /home/cpansand/.cpan/build/2018032321/TPath-1.007-0/blib/lib/TPath/Selector/Test.pm line 10.
Compilation failed in require at /opt/perl-5.27.10/lib/site_perl/5.27.10/Module/Runtime.pm line 314.
Compilation failed in require at /opt/perl-5.27.10/lib/site_perl/5.27.10/Module/Runtime.pm line 314.
Compilation failed in require at -e line 1.

#   Failed test 'TPath/Selector/Test/AxisTag.pm loaded ok'
#   at t/00-compile.t line 100.
#          got: '512'
#     expected: '0'
Eval-group not allowed at runtime, use re 'eval' in regex m/(?x)(?{; *Regexp::Grammars::LOGFILE
                        = Regexp::Grammars::_open_log('>>','-', 'for regex gramma.../ at (eval 189) line 2653.
Compilation failed in require at /home/cpansand/.cpan/build/2018032321/TPath-1.007-0/blib/lib/TPath/TypeConstraints.pm line 6.
BEGIN failed--compilation aborted at /home/cpansand/.cpan/build/2018032321/TPath-1.007-0/blib/lib/TPath/TypeConstraints.pm line 6.
Compilation failed in require at /home/cpansand/.cpan/build/2018032321/TPath-1.007-0/blib/lib/TPath/Selector/Test.pm line 10.
BEGIN failed--compilation aborted at /home/cpansand/.cpan/build/2018032321/TPath-1.007-0/blib/lib/TPath/Selector/Test.pm line 10.
Compilation failed in require at /opt/perl-5.27.10/lib/site_perl/5.27.10/Module/Runtime.pm line 314.
Compilation failed in require at -e line 1.

#   Failed test 'TPath/Selector/Test/AxisWildcard.pm loaded ok'
#   at t/00-compile.t line 100.
#          got: '512'
#     expected: '0'
Eval-group not allowed at runtime, use re 'eval' in regex m/(?x)(?{; *Regexp::Grammars::LOGFILE
                        = Regexp::Grammars::_open_log('>>','-', 'for regex gramma.../ at (eval 187) line 2653.
Compilation failed in require at /home/cpansand/.cpan/build/2018032321/TPath-1.007-0/blib/lib/TPath/TypeConstraints.pm line 6.
BEGIN failed--compilation aborted at /home/cpansand/.cpan/build/2018032321/TPath-1.007-0/blib/lib/TPath/TypeConstraints.pm line 6.
Compilation failed in require at /home/cpansand/.cpan/build/2018032321/TPath-1.007-0/blib/lib/TPath/Selector/Test.pm line 10.
BEGIN failed--compilation aborted at /home/cpansand/.cpan/build/2018032321/TPath-1.007-0/blib/lib/TPath/Selector/Test.pm line 10.
Compilation failed in require at /opt/perl-5.27.10/lib/site_perl/5.27.10/Module/Runtime.pm line 314.
Compilation failed in require at -e line 1.

#   Failed test 'TPath/Selector/Test/ChildAttribute.pm loaded ok'
#   at t/00-compile.t line 100.
#          got: '512'
#     expected: '0'
Eval-group not allowed at runtime, use re 'eval' in regex m/(?x)(?{; *Regexp::Grammars::LOGFILE
                        = Regexp::Grammars::_open_log('>>','-', 'for regex gramma.../ at (eval 189) line 2653.
Compilation failed in require at /home/cpansand/.cpan/build/2018032321/TPath-1.007-0/blib/lib/TPath/TypeConstraints.pm line 6.
BEGIN failed--compilation aborted at /home/cpansand/.cpan/build/2018032321/TPath-1.007-0/blib/lib/TPath/TypeConstraints.pm line 6.
Compilation failed in require at /home/cpansand/.cpan/build/2018032321/TPath-1.007-0/blib/lib/TPath/Selector/Test/ChildAttribute.pm line 7.
BEGIN failed--compilation aborted at /home/cpansand/.cpan/build/2018032321/TPath-1.007-0/blib/lib/TPath/Selector/Test/ChildAttribute.pm line 7.
Compilation failed in require at -e line 1.

#   Failed test 'TPath/Selector/Test/ChildMatch.pm loaded ok'
#   at t/00-compile.t line 100.
#          got: '512'
#     expected: '0'
Eval-group not allowed at runtime, use re 'eval' in regex m/(?x)(?{; *Regexp::Grammars::LOGFILE
                        = Regexp::Grammars::_open_log('>>','-', 'for regex gramma.../ at (eval 191) line 2653.
Compilation failed in require at /home/cpansand/.cpan/build/2018032321/TPath-1.007-0/blib/lib/TPath/TypeConstraints.pm line 6.
BEGIN failed--compilation aborted at /home/cpansand/.cpan/build/2018032321/TPath-1.007-0/blib/lib/TPath/TypeConstraints.pm line 6.
Compilation failed in require at /home/cpansand/.cpan/build/2018032321/TPath-1.007-0/blib/lib/TPath/Selector/Test.pm line 10.
BEGIN failed--compilation aborted at /home/cpansand/.cpan/build/2018032321/TPath-1.007-0/blib/lib/TPath/Selector/Test.pm line 10.
Compilation failed in require at /opt/perl-5.27.10/lib/site_perl/5.27.10/Module/Runtime.pm line 314.
Compilation failed in require at /opt/perl-5.27.10/lib/site_perl/5.27.10/Module/Runtime.pm line 314.
Compilation failed in require at -e line 1.

#   Failed test 'TPath/Selector/Test/ChildTag.pm loaded ok'
#   at t/00-compile.t line 100.
#          got: '512'
#     expected: '0'
Eval-group not allowed at runtime, use re 'eval' in regex m/(?x)(?{; *Regexp::Grammars::LOGFILE
                        = Regexp::Grammars::_open_log('>>','-', 'for regex gramma.../ at (eval 189) line 2653.
Compilation failed in require at /home/cpansand/.cpan/build/2018032321/TPath-1.007-0/blib/lib/TPath/TypeConstraints.pm line 6.
BEGIN failed--compilation aborted at /home/cpansand/.cpan/build/2018032321/TPath-1.007-0/blib/lib/TPath/TypeConstraints.pm line 6.
Compilation failed in require at /home/cpansand/.cpan/build/2018032321/TPath-1.007-0/blib/lib/TPath/Selector/Test.pm line 10.
BEGIN failed--compilation aborted at /home/cpansand/.cpan/build/2018032321/TPath-1.007-0/blib/lib/TPath/Selector/Test.pm line 10.
Compilation failed in require at /opt/perl-5.27.10/lib/site_perl/5.27.10/Module/Runtime.pm line 314.
Compilation failed in require at -e line 1.

#   Failed test 'TPath/Selector/Test/ClosestAttribute.pm loaded ok'
#   at t/00-compile.t line 100.
#          got: '512'
#     expected: '0'
Eval-group not allowed at runtime, use re 'eval' in regex m/(?x)(?{; *Regexp::Grammars::LOGFILE
                        = Regexp::Grammars::_open_log('>>','-', 'for regex gramma.../ at (eval 189) line 2653.
Compilation failed in require at /home/cpansand/.cpan/build/2018032321/TPath-1.007-0/blib/lib/TPath/TypeConstraints.pm line 6.
BEGIN failed--compilation aborted at /home/cpansand/.cpan/build/2018032321/TPath-1.007-0/blib/lib/TPath/TypeConstraints.pm line 6.
Compilation failed in require at /home/cpansand/.cpan/build/2018032321/TPath-1.007-0/blib/lib/TPath/Selector/Test/ClosestAttribute.pm line 7.
BEGIN failed--compilation aborted at /home/cpansand/.cpan/build/2018032321/TPath-1.007-0/blib/lib/TPath/Selector/Test/ClosestAttribute.pm line 7.
Compilation failed in require at -e line 1.

#   Failed test 'TPath/Selector/Test/ClosestMatch.pm loaded ok'
#   at t/00-compile.t line 100.
#          got: '512'
#     expected: '0'
Eval-group not allowed at runtime, use re 'eval' in regex m/(?x)(?{; *Regexp::Grammars::LOGFILE
                        = Regexp::Grammars::_open_log('>>','-', 'for regex gramma.../ at (eval 191) line 2653.
Compilation failed in require at /home/cpansand/.cpan/build/2018032321/TPath-1.007-0/blib/lib/TPath/TypeConstraints.pm line 6.
BEGIN failed--compilation aborted at /home/cpansand/.cpan/build/2018032321/TPath-1.007-0/blib/lib/TPath/TypeConstraints.pm line 6.
Compilation failed in require at /home/cpansand/.cpan/build/2018032321/TPath-1.007-0/blib/lib/TPath/Selector/Test.pm line 10.
BEGIN failed--compilation aborted at /home/cpansand/.cpan/build/2018032321/TPath-1.007-0/blib/lib/TPath/Selector/Test.pm line 10.
Compilation failed in require at /opt/perl-5.27.10/lib/site_perl/5.27.10/Module/Runtime.pm line 314.
Compilation failed in require at /opt/perl-5.27.10/lib/site_perl/5.27.10/Module/Runtime.pm line 314.
Compilation failed in require at -e line 1.

#   Failed test 'TPath/Selector/Test/ClosestTag.pm loaded ok'
#   at t/00-compile.t line 100.
#          got: '512'
#     expected: '0'
Eval-group not allowed at runtime, use re 'eval' in regex m/(?x)(?{; *Regexp::Grammars::LOGFILE
                        = Regexp::Grammars::_open_log('>>','-', 'for regex gramma.../ at (eval 189) line 2653.
Compilation failed in require at /home/cpansand/.cpan/build/2018032321/TPath-1.007-0/blib/lib/TPath/TypeConstraints.pm line 6.
BEGIN failed--compilation aborted at /home/cpansand/.cpan/build/2018032321/TPath-1.007-0/blib/lib/TPath/TypeConstraints.pm line 6.
Compilation failed in require at /home/cpansand/.cpan/build/2018032321/TPath-1.007-0/blib/lib/TPath/Selector/Test.pm line 10.
BEGIN failed--compilation aborted at /home/cpansand/.cpan/build/2018032321/TPath-1.007-0/blib/lib/TPath/Selector/Test.pm line 10.
Compilation failed in require at /opt/perl-5.27.10/lib/site_perl/5.27.10/Module/Runtime.pm line 314.
Compilation failed in require at -e line 1.

#   Failed test 'TPath/Selector/Test/Match.pm loaded ok'
#   at t/00-compile.t line 100.
#          got: '512'
#     expected: '0'
Eval-group not allowed at runtime, use re 'eval' in regex m/(?x)(?{; *Regexp::Grammars::LOGFILE
                        = Regexp::Grammars::_open_log('>>','-', 'for regex gramma.../ at (eval 180) line 2653.
Compilation failed in require at /home/cpansand/.cpan/build/2018032321/TPath-1.007-0/blib/lib/TPath/TypeConstraints.pm line 6.
BEGIN failed--compilation aborted at /home/cpansand/.cpan/build/2018032321/TPath-1.007-0/blib/lib/TPath/TypeConstraints.pm line 6.
Compilation failed in require at /home/cpansand/.cpan/build/2018032321/TPath-1.007-0/blib/lib/TPath/Selector/Test.pm line 10.
BEGIN failed--compilation aborted at /home/cpansand/.cpan/build/2018032321/TPath-1.007-0/blib/lib/TPath/Selector/Test.pm line 10.
Compilation failed in require at /opt/perl-5.27.10/lib/site_perl/5.27.10/Module/Runtime.pm line 314.
Compilation failed in require at -e line 1.

#   Failed test 'TPath/Selector/Test/Root.pm loaded ok'
#   at t/00-compile.t line 100.
#          got: '512'
#     expected: '0'
Eval-group not allowed at runtime, use re 'eval' in regex m/(?x)(?{; *Regexp::Grammars::LOGFILE
                        = Regexp::Grammars::_open_log('>>','-', 'for regex gramma.../ at (eval 181) line 2653.
Compilation failed in require at /home/cpansand/.cpan/build/2018032321/TPath-1.007-0/blib/lib/TPath/TypeConstraints.pm line 6.
BEGIN failed--compilation aborted at /home/cpansand/.cpan/build/2018032321/TPath-1.007-0/blib/lib/TPath/TypeConstraints.pm line 6.
Compilation failed in require at /home/cpansand/.cpan/build/2018032321/TPath-1.007-0/blib/lib/TPath/Selector/Test.pm line 10.
BEGIN failed--compilation aborted at /home/cpansand/.cpan/build/2018032321/TPath-1.007-0/blib/lib/TPath/Selector/Test.pm line 10.
Compilation failed in require at /opt/perl-5.27.10/lib/site_perl/5.27.10/Module/Runtime.pm line 314.
Compilation failed in require at -e line 1.
Smartmatch is experimental at /home/cpansand/.cpan/build/2018032321/TPath-1.007-0/blib/lib/TPath/Stringifiable.pm line 22.
when is experimental at /home/cpansand/.cpan/build/2018032321/TPath-1.007-0/blib/lib/TPath/Stringifiable.pm line 24.
when is experimental at /home/cpansand/.cpan/build/2018032321/TPath-1.007-0/blib/lib/TPath/Stringifiable.pm line 25.
when is experimental at /home/cpansand/.cpan/build/2018032321/TPath-1.007-0/blib/lib/TPath/Stringifiable.pm line 26.
when is experimental at /home/cpansand/.cpan/build/2018032321/TPath-1.007-0/blib/lib/TPath/Stringifiable.pm line 27.
when is experimental at /home/cpansand/.cpan/build/2018032321/TPath-1.007-0/blib/lib/TPath/Stringifiable.pm line 28.
when is experimental at /home/cpansand/.cpan/build/2018032321/TPath-1.007-0/blib/lib/TPath/Stringifiable.pm line 29.
Smartmatch is experimental at /home/cpansand/.cpan/build/2018032321/TPath-1.007-0/blib/lib/TPath/Stringifiable.pm line 22.
when is experimental at /home/cpansand/.cpan/build/2018032321/TPath-1.007-0/blib/lib/TPath/Stringifiable.pm line 24.
when is experimental at /home/cpansand/.cpan/build/2018032321/TPath-1.007-0/blib/lib/TPath/Stringifiable.pm line 25.
when is experimental at /home/cpansand/.cpan/build/2018032321/TPath-1.007-0/blib/lib/TPath/Stringifiable.pm line 26.
when is experimental at /home/cpansand/.cpan/build/2018032321/TPath-1.007-0/blib/lib/TPath/Stringifiable.pm line 27.
when is experimental at /home/cpansand/.cpan/build/2018032321/TPath-1.007-0/blib/lib/TPath/Stringifiable.pm line 28.
when is experimental at /home/cpansand/.cpan/build/2018032321/TPath-1.007-0/blib/lib/TPath/Stringifiable.pm line 29.

#   Failed test 'TPath/Test/And.pm loaded ok'
#   at t/00-compile.t line 100.
#          got: '512'
#     expected: '0'
Eval-group not allowed at runtime, use re 'eval' in regex m/(?x)(?{; *Regexp::Grammars::LOGFILE
                        = Regexp::Grammars::_open_log('>>','-', 'for regex gramma.../ at (eval 180) line 2653.
Compilation failed in require at /home/cpansand/.cpan/build/2018032321/TPath-1.007-0/blib/lib/TPath/TypeConstraints.pm line 6.
BEGIN failed--compilation aborted at /home/cpansand/.cpan/build/2018032321/TPath-1.007-0/blib/lib/TPath/TypeConstraints.pm line 6.
Compilation failed in require at /home/cpansand/.cpan/build/2018032321/TPath-1.007-0/blib/lib/TPath/Test/Compound.pm line 6.
BEGIN failed--compilation aborted at /home/cpansand/.cpan/build/2018032321/TPath-1.007-0/blib/lib/TPath/Test/Compound.pm line 6.
Compilation failed in require at /opt/perl-5.27.10/lib/site_perl/5.27.10/Module/Runtime.pm line 314.
Compilation failed in require at -e line 1.
Smartmatch is experimental at /home/cpansand/.cpan/build/2018032321/TPath-1.007-0/blib/lib/TPath/Stringifiable.pm line 22.
when is experimental at /home/cpansand/.cpan/build/2018032321/TPath-1.007-0/blib/lib/TPath/Stringifiable.pm line 24.
when is experimental at /home/cpansand/.cpan/build/2018032321/TPath-1.007-0/blib/lib/TPath/Stringifiable.pm line 25.
when is experimental at /home/cpansand/.cpan/build/2018032321/TPath-1.007-0/blib/lib/TPath/Stringifiable.pm line 26.
when is experimental at /home/cpansand/.cpan/build/2018032321/TPath-1.007-0/blib/lib/TPath/Stringifiable.pm line 27.
when is experimental at /home/cpansand/.cpan/build/2018032321/TPath-1.007-0/blib/lib/TPath/Stringifiable.pm line 28.
when is experimental at /home/cpansand/.cpan/build/2018032321/TPath-1.007-0/blib/lib/TPath/Stringifiable.pm line 29.

#   Failed test 'TPath/Test/Compound.pm loaded ok'
#   at t/00-compile.t line 100.
#          got: '512'
#     expected: '0'
Eval-group not allowed at runtime, use re 'eval' in regex m/(?x)(?{; *Regexp::Grammars::LOGFILE
                        = Regexp::Grammars::_open_log('>>','-', 'for regex gramma.../ at (eval 178) line 2653.
Compilation failed in require at /home/cpansand/.cpan/build/2018032321/TPath-1.007-0/blib/lib/TPath/TypeConstraints.pm line 6.
BEGIN failed--compilation aborted at /home/cpansand/.cpan/build/2018032321/TPath-1.007-0/blib/lib/TPath/TypeConstraints.pm line 6.
Compilation failed in require at /home/cpansand/.cpan/build/2018032321/TPath-1.007-0/blib/lib/TPath/Test/Compound.pm line 6.
BEGIN failed--compilation aborted at /home/cpansand/.cpan/build/2018032321/TPath-1.007-0/blib/lib/TPath/Test/Compound.pm line 6.
Compilation failed in require at -e line 1.

#   Failed test 'TPath/Test/Not.pm loaded ok'
#   at t/00-compile.t line 100.
#          got: '512'
#     expected: '0'
Smartmatch is experimental at /home/cpansand/.cpan/build/2018032321/TPath-1.007-0/blib/lib/TPath/Stringifiable.pm line 22.
when is experimental at /home/cpansand/.cpan/build/2018032321/TPath-1.007-0/blib/lib/TPath/Stringifiable.pm line 24.
when is experimental at /home/cpansand/.cpan/build/2018032321/TPath-1.007-0/blib/lib/TPath/Stringifiable.pm line 25.
when is experimental at /home/cpansand/.cpan/build/2018032321/TPath-1.007-0/blib/lib/TPath/Stringifiable.pm line 26.
when is experimental at /home/cpansand/.cpan/build/2018032321/TPath-1.007-0/blib/lib/TPath/Stringifiable.pm line 27.
when is experimental at /home/cpansand/.cpan/build/2018032321/TPath-1.007-0/blib/lib/TPath/Stringifiable.pm line 28.
when is experimental at /home/cpansand/.cpan/build/2018032321/TPath-1.007-0/blib/lib/TPath/Stringifiable.pm line 29.
Eval-group not allowed at runtime, use re 'eval' in regex m/(?x)(?{; *Regexp::Grammars::LOGFILE
                        = Regexp::Grammars::_open_log('>>','-', 'for regex gramma.../ at (eval 182) line 2653.
Compilation failed in require at /home/cpansand/.cpan/build/2018032321/TPath-1.007-0/blib/lib/TPath/TypeConstraints.pm line 6.
BEGIN failed--compilation aborted at /home/cpansand/.cpan/build/2018032321/TPath-1.007-0/blib/lib/TPath/TypeConstraints.pm line 6.
Compilation failed in require at /home/cpansand/.cpan/build/2018032321/TPath-1.007-0/blib/lib/TPath/Test/Not.pm line 8.
BEGIN failed--compilation aborted at /home/cpansand/.cpan/build/2018032321/TPath-1.007-0/blib/lib/TPath/Test/Not.pm line 8.
Compilation failed in require at -e line 1.

#   Failed test 'TPath/Test/One.pm loaded ok'
#   at t/00-compile.t line 100.
#          got: '512'
#     expected: '0'
Eval-group not allowed at runtime, use re 'eval' in regex m/(?x)(?{; *Regexp::Grammars::LOGFILE
                        = Regexp::Grammars::_open_log('>>','-', 'for regex gramma.../ at (eval 180) line 2653.
Compilation failed in require at /home/cpansand/.cpan/build/2018032321/TPath-1.007-0/blib/lib/TPath/TypeConstraints.pm line 6.
BEGIN failed--compilation aborted at /home/cpansand/.cpan/build/2018032321/TPath-1.007-0/blib/lib/TPath/TypeConstraints.pm line 6.
Compilation failed in require at /home/cpansand/.cpan/build/2018032321/TPath-1.007-0/blib/lib/TPath/Test/Compound.pm line 6.
BEGIN failed--compilation aborted at /home/cpansand/.cpan/build/2018032321/TPath-1.007-0/blib/lib/TPath/Test/Compound.pm line 6.
Compilation failed in require at /opt/perl-5.27.10/lib/site_perl/5.27.10/Module/Runtime.pm line 314.
Compilation failed in require at -e line 1.

#   Failed test 'TPath/Test/Or.pm loaded ok'
#   at t/00-compile.t line 100.
#          got: '512'
#     expected: '0'
Eval-group not allowed at runtime, use re 'eval' in regex m/(?x)(?{; *Regexp::Grammars::LOGFILE
                        = Regexp::Grammars::_open_log('>>','-', 'for regex gramma.../ at (eval 180) line 2653.
Compilation failed in require at /home/cpansand/.cpan/build/2018032321/TPath-1.007-0/blib/lib/TPath/TypeConstraints.pm line 6.
BEGIN failed--compilation aborted at /home/cpansand/.cpan/build/2018032321/TPath-1.007-0/blib/lib/TPath/TypeConstraints.pm line 6.
Compilation failed in require at /home/cpansand/.cpan/build/2018032321/TPath-1.007-0/blib/lib/TPath/Test/Compound.pm line 6.
BEGIN failed--compilation aborted at /home/cpansand/.cpan/build/2018032321/TPath-1.007-0/blib/lib/TPath/Test/Compound.pm line 6.
Compilation failed in require at /opt/perl-5.27.10/lib/site_perl/5.27.10/Module/Runtime.pm line 314.
Compilation failed in require at -e line 1.

#   Failed test 'TPath/TypeConstraints.pm loaded ok'
#   at t/00-compile.t line 100.
#          got: '512'
#     expected: '0'
Eval-group not allowed at runtime, use re 'eval' in regex m/(?x)(?{; *Regexp::Grammars::LOGFILE
                        = Regexp::Grammars::_open_log('>>','-', 'for regex gramma.../ at (eval 92) line 2653.
Compilation failed in require at /home/cpansand/.cpan/build/2018032321/TPath-1.007-0/blib/lib/TPath/TypeConstraints.pm line 6.
BEGIN failed--compilation aborted at /home/cpansand/.cpan/build/2018032321/TPath-1.007-0/blib/lib/TPath/TypeConstraints.pm line 6.
Compilation failed in require at -e line 1.
# Looks like you failed 40 tests of 64.
t/00-compile.t ................ 
Dubious, test returned 40 (wstat 10240, 0x2800)
Failed 40/64 subtests 
# 
# if: syntax error at (eval 250) line 1, at EOF
# 
# Generated by Dist::Zilla::Plugin::ReportVersions::Tiny v1.10
# perl: 5.027010 (wanted v5.10.0) on linux from /opt/perl-5.27.10/bin/perl5.27.10
# 
# Carp                                          => 1.49       (want any version)
# Exporter                                      => 5.72       (want any version)
# ExtUtils::MakeMaker                           => 7.34       (want any version)
# File::Basename                                => 2.85       (want any version)
# File::Spec                                    => 3.74       (want any version)
# IO::Handle                                    => 1.37       (want any version)
# IPC::Open3                                    => 1.20       (want any version)
# List::MoreUtils                               => 0.428      (want any version)
# List::Util                                    => 1.5        (want any version)
# Math::Trig                                    => 1.23       (want any version)
# Moose                                         => 2.2010     (want 2.0604) 
# Moose::Role                                   => 2.2010     (want 2.0604) 
# Moose::Util::TypeConstraints                  => 2.2010     (want 2.0604) 
# MooseX::MethodAttributes                      => 0.31       (want any version)
# MooseX::MethodAttributes::Role                => 0.31       (want 0.28)   
# MooseX::SingletonMethod                       => 0.03       (want 0.03)   
# POSIX                                         => 1.83       (want any version)
# Regexp::Grammars                              => 1.048      (want 1.026)  
# Scalar::Util                                  => 1.5        (want any version)
# Test::Exception                               => 0.43       (want any version)
# Test::More                                    => 1.302133   (want 0.88)   
# Test::Trap                                    => 0.3.3      (want any version)
# Time::HiRes                                   => 1.9758     (want any version)
# aliased                                       => 0.34       (want any version)
# base                                          => 2.27       (want any version)
# feature                                       => 1.51       (want any version)
# if                                            => died during require. (want any version)
# namespace::autoclean                          => 0.28       (want any version)
# overload                                      => 1.30       (want any version)
# parent                                        => 0.236      (want any version)
# strict                                        => 1.11       (want any version)
# warnings                                      => 1.42       (want any version)
# 
# Thanks for using my code.  I hope it works for you.
# If not, please try and include this output in the bug report.
# That will help me reproduce the issue and solve your problem.
# 
t/000-report-versions-tiny.t .. ok
Eval-group not allowed at runtime, use re 'eval' in regex m/(?x)(?{; *Regexp::Grammars::LOGFILE
                        = Regexp::Grammars::_open_log('>>','-', 'for regex gramma.../ at (eval 229) line 2653.
Compilation failed in require at /home/cpansand/.cpan/build/2018032321/TPath-1.007-0/blib/lib/TPath/TypeConstraints.pm line 6.
BEGIN failed--compilation aborted at /home/cpansand/.cpan/build/2018032321/TPath-1.007-0/blib/lib/TPath/TypeConstraints.pm line 6.
Compilation failed in require at /home/cpansand/.cpan/build/2018032321/TPath-1.007-0/blib/lib/TPath/Index.pm line 10.
BEGIN failed--compilation aborted at /home/cpansand/.cpan/build/2018032321/TPath-1.007-0/blib/lib/TPath/Index.pm line 10.
Compilation failed in require at t/ToyXMLForester.pm line 21.
BEGIN failed--compilation aborted at t/ToyXMLForester.pm line 21.
Compilation failed in require at t/attribute_tests.t line 14.
BEGIN failed--compilation aborted at t/attribute_tests.t line 14.
# Looks like your test exited with 2 before it could output anything.
t/attribute_tests.t ........... 
Dubious, test returned 2 (wstat 512, 0x200)
Failed 45/45 subtests 
Eval-group not allowed at runtime, use re 'eval' in regex m/(?x)(?{; *Regexp::Grammars::LOGFILE
                        = Regexp::Grammars::_open_log('>>','-', 'for regex gramma.../ at (eval 229) line 2653.
Compilation failed in require at /home/cpansand/.cpan/build/2018032321/TPath-1.007-0/blib/lib/TPath/TypeConstraints.pm line 6.
BEGIN failed--compilation aborted at /home/cpansand/.cpan/build/2018032321/TPath-1.007-0/blib/lib/TPath/TypeConstraints.pm line 6.
Compilation failed in require at /home/cpansand/.cpan/build/2018032321/TPath-1.007-0/blib/lib/TPath/Index.pm line 10.
BEGIN failed--compilation aborted at /home/cpansand/.cpan/build/2018032321/TPath-1.007-0/blib/lib/TPath/Index.pm line 10.
Compilation failed in require at t/ToyXMLForester.pm line 21.
BEGIN failed--compilation aborted at t/ToyXMLForester.pm line 21.
Compilation failed in require at t/attributes.t line 14.
BEGIN failed--compilation aborted at t/attributes.t line 14.
# Looks like your test exited with 2 before it could output anything.
t/attributes.t ................ 
Dubious, test returned 2 (wstat 512, 0x200)
Failed 63/63 subtests 
Eval-group not allowed at runtime, use re 'eval' in regex m/(?x)(?{; *Regexp::Grammars::LOGFILE
                        = Regexp::Grammars::_open_log('>>','-', 'for regex gramma.../ at (eval 217) line 2653.
Compilation failed in require at /home/cpansand/.cpan/build/2018032321/TPath-1.007-0/blib/lib/TPath/TypeConstraints.pm line 6.
BEGIN failed--compilation aborted at /home/cpansand/.cpan/build/2018032321/TPath-1.007-0/blib/lib/TPath/TypeConstraints.pm line 6.
Compilation failed in require at /home/cpansand/.cpan/build/2018032321/TPath-1.007-0/blib/lib/TPath/Index.pm line 10.
BEGIN failed--compilation aborted at /home/cpansand/.cpan/build/2018032321/TPath-1.007-0/blib/lib/TPath/Index.pm line 10.
Compilation failed in require at t/ToyXMLForester.pm line 21.
BEGIN failed--compilation aborted at t/ToyXMLForester.pm line 21.
Compilation failed in require at t/axis.t line 12.
BEGIN failed--compilation aborted at t/axis.t line 12.
# Looks like your test exited with 2 before it could output anything.
t/axis.t ...................... 
Dubious, test returned 2 (wstat 512, 0x200)
Failed 29/29 subtests 
Eval-group not allowed at runtime, use re 'eval' in regex m/(?x)(?{; *Regexp::Grammars::LOGFILE
                        = Regexp::Grammars::_open_log('>>','-', 'for regex gramma.../ at (eval 217) line 2653.
Compilation failed in require at /home/cpansand/.cpan/build/2018032321/TPath-1.007-0/blib/lib/TPath/TypeConstraints.pm line 6.
BEGIN failed--compilation aborted at /home/cpansand/.cpan/build/2018032321/TPath-1.007-0/blib/lib/TPath/TypeConstraints.pm line 6.
Compilation failed in require at /home/cpansand/.cpan/build/2018032321/TPath-1.007-0/blib/lib/TPath/Index.pm line 10.
BEGIN failed--compilation aborted at /home/cpansand/.cpan/build/2018032321/TPath-1.007-0/blib/lib/TPath/Index.pm line 10.
Compilation failed in require at t/ToyXMLForester.pm line 21.
BEGIN failed--compilation aborted at t/ToyXMLForester.pm line 21.
Compilation failed in require at t/axis_order.t line 12.
BEGIN failed--compilation aborted at t/axis_order.t line 12.
t/axis_order.t ................ 
Dubious, test returned 2 (wstat 512, 0x200)
No subtests run 
Eval-group not allowed at runtime, use re 'eval' in regex m/(?x)(?{; *Regexp::Grammars::LOGFILE
                        = Regexp::Grammars::_open_log('>>','-', 'for regex gramma.../ at (eval 229) line 2653.
Compilation failed in require at /home/cpansand/.cpan/build/2018032321/TPath-1.007-0/blib/lib/TPath/TypeConstraints.pm line 6.
BEGIN failed--compilation aborted at /home/cpansand/.cpan/build/2018032321/TPath-1.007-0/blib/lib/TPath/TypeConstraints.pm line 6.
Compilation failed in require at /home/cpansand/.cpan/build/2018032321/TPath-1.007-0/blib/lib/TPath/Index.pm line 10.
BEGIN failed--compilation aborted at /home/cpansand/.cpan/build/2018032321/TPath-1.007-0/blib/lib/TPath/Index.pm line 10.
Compilation failed in require at t/ToyXMLForester.pm line 21.
BEGIN failed--compilation aborted at t/ToyXMLForester.pm line 21.
Compilation failed in require at t/basic.t line 15.
BEGIN failed--compilation aborted at t/basic.t line 15.
# Looks like your test exited with 2 before it could output anything.
t/basic.t ..................... 
Dubious, test returned 2 (wstat 512, 0x200)
Failed 106/106 subtests 
Eval-group not allowed at runtime, use re 'eval' in regex m/(?x)(?{; *Regexp::Grammars::LOGFILE
                        = Regexp::Grammars::_open_log('>>','-', 'for regex gramma.../ at (eval 217) line 2653.
Compilation failed in require at /home/cpansand/.cpan/build/2018032321/TPath-1.007-0/blib/lib/TPath/TypeConstraints.pm line 6.
BEGIN failed--compilation aborted at /home/cpansand/.cpan/build/2018032321/TPath-1.007-0/blib/lib/TPath/TypeConstraints.pm line 6.
Compilation failed in require at /home/cpansand/.cpan/build/2018032321/TPath-1.007-0/blib/lib/TPath/Index.pm line 10.
BEGIN failed--compilation aborted at /home/cpansand/.cpan/build/2018032321/TPath-1.007-0/blib/lib/TPath/Index.pm line 10.
Compilation failed in require at t/ToyXMLForester.pm line 21.
BEGIN failed--compilation aborted at t/ToyXMLForester.pm line 21.
Compilation failed in require at t/case_sensitivity.t line 12.
BEGIN failed--compilation aborted at t/case_sensitivity.t line 12.
t/case_sensitivity.t .......... 
Dubious, test returned 2 (wstat 512, 0x200)
No subtests run 
Eval-group not allowed at runtime, use re 'eval' in regex m/(?x)(?{; *Regexp::Grammars::LOGFILE
                        = Regexp::Grammars::_open_log('>>','-', 'for regex gramma.../ at (eval 217) line 2653.
Compilation failed in require at /home/cpansand/.cpan/build/2018032321/TPath-1.007-0/blib/lib/TPath/TypeConstraints.pm line 6.
BEGIN failed--compilation aborted at /home/cpansand/.cpan/build/2018032321/TPath-1.007-0/blib/lib/TPath/TypeConstraints.pm line 6.
Compilation failed in require at /home/cpansand/.cpan/build/2018032321/TPath-1.007-0/blib/lib/TPath/Index.pm line 10.
BEGIN failed--compilation aborted at /home/cpansand/.cpan/build/2018032321/TPath-1.007-0/blib/lib/TPath/Index.pm line 10.
Compilation failed in require at t/ToyXMLForester.pm line 21.
BEGIN failed--compilation aborted at t/ToyXMLForester.pm line 21.
Compilation failed in require at t/compound.t line 12.
BEGIN failed--compilation aborted at t/compound.t line 12.
t/compound.t .................. 
Dubious, test returned 2 (wstat 512, 0x200)
No subtests run 
Eval-group not allowed at runtime, use re 'eval' in regex m/(?x)(?{; *Regexp::Grammars::LOGFILE
                        = Regexp::Grammars::_open_log('>>','-', 'for regex gramma.../ at (eval 218) line 2653.
Compilation failed in require at /home/cpansand/.cpan/build/2018032321/TPath-1.007-0/blib/lib/TPath/TypeConstraints.pm line 6.
BEGIN failed--compilation aborted at /home/cpansand/.cpan/build/2018032321/TPath-1.007-0/blib/lib/TPath/TypeConstraints.pm line 6.
Compilation failed in require at /home/cpansand/.cpan/build/2018032321/TPath-1.007-0/blib/lib/TPath/Index.pm line 10.
BEGIN failed--compilation aborted at /home/cpansand/.cpan/build/2018032321/TPath-1.007-0/blib/lib/TPath/Index.pm line 10.
Compilation failed in require at t/ToyXMLForester.pm line 21.
BEGIN failed--compilation aborted at t/ToyXMLForester.pm line 21.
Compilation failed in require at t/equality.t line 16.
BEGIN failed--compilation aborted at t/equality.t line 16.
t/equality.t .................. 
Dubious, test returned 2 (wstat 512, 0x200)
No subtests run 
Eval-group not allowed at runtime, use re 'eval' in regex m/(?x)(?{; *Regexp::Grammars::LOGFILE
                        = Regexp::Grammars::_open_log('>>','-', 'for regex gramma.../ at (eval 228) line 2653.
Compilation failed in require at /home/cpansand/.cpan/build/2018032321/TPath-1.007-0/blib/lib/TPath/TypeConstraints.pm line 6.
BEGIN failed--compilation aborted at /home/cpansand/.cpan/build/2018032321/TPath-1.007-0/blib/lib/TPath/TypeConstraints.pm line 6.
Compilation failed in require at /home/cpansand/.cpan/build/2018032321/TPath-1.007-0/blib/lib/TPath/Index.pm line 10.
BEGIN failed--compilation aborted at /home/cpansand/.cpan/build/2018032321/TPath-1.007-0/blib/lib/TPath/Index.pm line 10.
Compilation failed in require at t/ToyXMLForester.pm line 21.
BEGIN failed--compilation aborted at t/ToyXMLForester.pm line 21.
Compilation failed in require at t/extended_attributes.t line 14.
BEGIN failed--compilation aborted at t/extended_attributes.t line 14.
# Looks like your test exited with 2 before it could output anything.
t/extended_attributes.t ....... 
Dubious, test returned 2 (wstat 512, 0x200)
Failed 39/39 subtests 
Eval-group not allowed at runtime, use re 'eval' in regex m/(?x)(?{; *Regexp::Grammars::LOGFILE
                        = Regexp::Grammars::_open_log('>>','-', 'for regex gramma.../ at (eval 217) line 2653.
Compilation failed in require at /home/cpansand/.cpan/build/2018032321/TPath-1.007-0/blib/lib/TPath/TypeConstraints.pm line 6.
BEGIN failed--compilation aborted at /home/cpansand/.cpan/build/2018032321/TPath-1.007-0/blib/lib/TPath/TypeConstraints.pm line 6.
Compilation failed in require at /home/cpansand/.cpan/build/2018032321/TPath-1.007-0/blib/lib/TPath/Index.pm line 10.
BEGIN failed--compilation aborted at /home/cpansand/.cpan/build/2018032321/TPath-1.007-0/blib/lib/TPath/Index.pm line 10.
Compilation failed in require at t/ToyXMLForester.pm line 21.
BEGIN failed--compilation aborted at t/ToyXMLForester.pm line 21.
Compilation failed in require at t/index_functions.t line 12.
BEGIN failed--compilation aborted at t/index_functions.t line 12.
# Looks like your test exited with 2 before it could output anything.
t/index_functions.t ........... 
Dubious, test returned 2 (wstat 512, 0x200)
Failed 8/8 subtests 
Eval-group not allowed at runtime, use re 'eval' in regex m/(?x)(?{; *Regexp::Grammars::LOGFILE
                        = Regexp::Grammars::_open_log('>>','-', 'for regex gramma.../ at (eval 217) line 2653.
Compilation failed in require at /home/cpansand/.cpan/build/2018032321/TPath-1.007-0/blib/lib/TPath/TypeConstraints.pm line 6.
BEGIN failed--compilation aborted at /home/cpansand/.cpan/build/2018032321/TPath-1.007-0/blib/lib/TPath/TypeConstraints.pm line 6.
Compilation failed in require at /home/cpansand/.cpan/build/2018032321/TPath-1.007-0/blib/lib/TPath/Index.pm line 10.
BEGIN failed--compilation aborted at /home/cpansand/.cpan/build/2018032321/TPath-1.007-0/blib/lib/TPath/Index.pm line 10.
Compilation failed in require at t/ToyXMLForester.pm line 21.
BEGIN failed--compilation aborted at t/ToyXMLForester.pm line 21.
Compilation failed in require at t/match.t line 12.
BEGIN failed--compilation aborted at t/match.t line 12.
t/match.t ..................... 
Dubious, test returned 2 (wstat 512, 0x200)
No subtests run 
Eval-group not allowed at runtime, use re 'eval' in regex m/(?x)(?{; *Regexp::Grammars::LOGFILE
                        = Regexp::Grammars::_open_log('>>','-', 'for regex gramma.../ at (eval 217) line 2653.
Compilation failed in require at /home/cpansand/.cpan/build/2018032321/TPath-1.007-0/blib/lib/TPath/TypeConstraints.pm line 6.
BEGIN failed--compilation aborted at /home/cpansand/.cpan/build/2018032321/TPath-1.007-0/blib/lib/TPath/TypeConstraints.pm line 6.
Compilation failed in require at /home/cpansand/.cpan/build/2018032321/TPath-1.007-0/blib/lib/TPath/Index.pm line 10.
BEGIN failed--compilation aborted at /home/cpansand/.cpan/build/2018032321/TPath-1.007-0/blib/lib/TPath/Index.pm line 10.
Compilation failed in require at t/ToyXMLForester.pm line 21.
BEGIN failed--compilation aborted at t/ToyXMLForester.pm line 21.
Compilation failed in require at t/one_based_index.t line 12.
BEGIN failed--compilation aborted at t/one_based_index.t line 12.
t/one_based_index.t ........... 
Dubious, test returned 2 (wstat 512, 0x200)
No subtests run 
Eval-group not allowed at runtime, use re 'eval' in regex m/(?x)(?{; *Regexp::Grammars::LOGFILE
                        = Regexp::Grammars::_open_log('>>','-', 'for regex gramma.../ at (eval 11) line 2653.
Compilation failed in require at t/parsing.t line 6.
BEGIN failed--compilation aborted at t/parsing.t line 6.
t/parsing.t ................... 
Dubious, test returned 2 (wstat 512, 0x200)
No subtests run 
Eval-group not allowed at runtime, use re 'eval' in regex m/(?x)(?{; *Regexp::Grammars::LOGFILE
                        = Regexp::Grammars::_open_log('>>','-', 'for regex gramma.../ at (eval 217) line 2653.
Compilation failed in require at /home/cpansand/.cpan/build/2018032321/TPath-1.007-0/blib/lib/TPath/TypeConstraints.pm line 6.
BEGIN failed--compilation aborted at /home/cpansand/.cpan/build/2018032321/TPath-1.007-0/blib/lib/TPath/TypeConstraints.pm line 6.
Compilation failed in require at /home/cpansand/.cpan/build/2018032321/TPath-1.007-0/blib/lib/TPath/Index.pm line 10.
BEGIN failed--compilation aborted at /home/cpansand/.cpan/build/2018032321/TPath-1.007-0/blib/lib/TPath/Index.pm line 10.
Compilation failed in require at t/ToyXMLForester.pm line 21.
BEGIN failed--compilation aborted at t/ToyXMLForester.pm line 21.
Compilation failed in require at t/precedence.t line 13.
BEGIN failed--compilation aborted at t/precedence.t line 13.
# Looks like your test exited with 2 before it could output anything.
t/precedence.t ................ 
Dubious, test returned 2 (wstat 512, 0x200)
Failed 10/10 subtests 
Eval-group not allowed at runtime, use re 'eval' in regex m/(?x)(?{; *Regexp::Grammars::LOGFILE
                        = Regexp::Grammars::_open_log('>>','-', 'for regex gramma.../ at (eval 217) line 2653.
Compilation failed in require at /home/cpansand/.cpan/build/2018032321/TPath-1.007-0/blib/lib/TPath/TypeConstraints.pm line 6.
BEGIN failed--compilation aborted at /home/cpansand/.cpan/build/2018032321/TPath-1.007-0/blib/lib/TPath/TypeConstraints.pm line 6.
Compilation failed in require at /home/cpansand/.cpan/build/2018032321/TPath-1.007-0/blib/lib/TPath/Index.pm line 10.
BEGIN failed--compilation aborted at /home/cpansand/.cpan/build/2018032321/TPath-1.007-0/blib/lib/TPath/Index.pm line 10.
Compilation failed in require at t/ToyXMLForester.pm line 21.
BEGIN failed--compilation aborted at t/ToyXMLForester.pm line 21.
Compilation failed in require at t/predicate_scope.t line 12.
BEGIN failed--compilation aborted at t/predicate_scope.t line 12.
t/predicate_scope.t ........... 
Dubious, test returned 2 (wstat 512, 0x200)
No subtests run 
Eval-group not allowed at runtime, use re 'eval' in regex m/(?x)(?{; *Regexp::Grammars::LOGFILE
                        = Regexp::Grammars::_open_log('>>','-', 'for regex gramma.../ at (eval 218) line 2653.
Compilation failed in require at /home/cpansand/.cpan/build/2018032321/TPath-1.007-0/blib/lib/TPath/TypeConstraints.pm line 6.
BEGIN failed--compilation aborted at /home/cpansand/.cpan/build/2018032321/TPath-1.007-0/blib/lib/TPath/TypeConstraints.pm line 6.
Compilation failed in require at /home/cpansand/.cpan/build/2018032321/TPath-1.007-0/blib/lib/TPath/Index.pm line 10.
BEGIN failed--compilation aborted at /home/cpansand/.cpan/build/2018032321/TPath-1.007-0/blib/lib/TPath/Index.pm line 10.
Compilation failed in require at t/ToyXMLForester.pm line 21.
BEGIN failed--compilation aborted at t/ToyXMLForester.pm line 21.
Compilation failed in require at t/previous.t line 13.
BEGIN failed--compilation aborted at t/previous.t line 13.
t/previous.t .................. 
Dubious, test returned 2 (wstat 512, 0x200)
No subtests run 
t/release-00element.t ......... skipped: these tests are for release candidate testing
t/release-01parsing.t ......... skipped: these tests are for release candidate testing
t/release-unused-vars.t ....... skipped: these tests are for release candidate testing
Eval-group not allowed at runtime, use re 'eval' in regex m/(?x)(?{; *Regexp::Grammars::LOGFILE
                        = Regexp::Grammars::_open_log('>>','-', 'for regex gramma.../ at (eval 218) line 2653.
Compilation failed in require at /home/cpansand/.cpan/build/2018032321/TPath-1.007-0/blib/lib/TPath/TypeConstraints.pm line 6.
BEGIN failed--compilation aborted at /home/cpansand/.cpan/build/2018032321/TPath-1.007-0/blib/lib/TPath/TypeConstraints.pm line 6.
Compilation failed in require at /home/cpansand/.cpan/build/2018032321/TPath-1.007-0/blib/lib/TPath/Index.pm line 10.
BEGIN failed--compilation aborted at /home/cpansand/.cpan/build/2018032321/TPath-1.007-0/blib/lib/TPath/Index.pm line 10.
Compilation failed in require at t/ToyXMLForester.pm line 21.
BEGIN failed--compilation aborted at t/ToyXMLForester.pm line 21.
Compilation failed in require at t/stringification.t line 14.
BEGIN failed--compilation aborted at t/stringification.t line 14.
t/stringification.t ........... 
Dubious, test returned 2 (wstat 512, 0x200)
No subtests run 

Test Summary Report
-------------------
t/00-compile.t              (Wstat: 10240 Tests: 64 Failed: 40)
  Failed tests:  2-3, 6-7, 9-10, 12-13, 15, 18-21, 24, 27-29
                31-47, 51, 53, 60-62, 64
  Non-zero exit status: 40
t/attribute_tests.t         (Wstat: 512 Tests: 0 Failed: 0)
  Non-zero exit status: 2
  Parse errors: Bad plan.  You planned 45 tests but ran 0.
t/attributes.t              (Wstat: 512 Tests: 0 Failed: 0)
  Non-zero exit status: 2
  Parse errors: Bad plan.  You planned 63 tests but ran 0.
t/axis.t                    (Wstat: 512 Tests: 0 Failed: 0)
  Non-zero exit status: 2
  Parse errors: Bad plan.  You planned 29 tests but ran 0.
t/axis_order.t              (Wstat: 512 Tests: 0 Failed: 0)
  Non-zero exit status: 2
  Parse errors: No plan found in TAP output
t/basic.t                   (Wstat: 512 Tests: 0 Failed: 0)
  Non-zero exit status: 2
  Parse errors: Bad plan.  You planned 106 tests but ran 0.
t/case_sensitivity.t        (Wstat: 512 Tests: 0 Failed: 0)
  Non-zero exit status: 2
  Parse errors: No plan found in TAP output
t/compound.t                (Wstat: 512 Tests: 0 Failed: 0)
  Non-zero exit status: 2
  Parse errors: No plan found in TAP output
t/equality.t                (Wstat: 512 Tests: 0 Failed: 0)
  Non-zero exit status: 2
  Parse errors: No plan found in TAP output
t/extended_attributes.t     (Wstat: 512 Tests: 0 Failed: 0)
  Non-zero exit status: 2
  Parse errors: Bad plan.  You planned 39 tests but ran 0.
t/index_functions.t         (Wstat: 512 Tests: 0 Failed: 0)
  Non-zero exit status: 2
  Parse errors: Bad plan.  You planned 8 tests but ran 0.
t/match.t                   (Wstat: 512 Tests: 0 Failed: 0)
  Non-zero exit status: 2
  Parse errors: No plan found in TAP output
t/one_based_index.t         (Wstat: 512 Tests: 0 Failed: 0)
  Non-zero exit status: 2
  Parse errors: No plan found in TAP output
t/parsing.t                 (Wstat: 512 Tests: 0 Failed: 0)
  Non-zero exit status: 2
  Parse errors: No plan found in TAP output
t/precedence.t              (Wstat: 512 Tests: 0 Failed: 0)
  Non-zero exit status: 2
  Parse errors: Bad plan.  You planned 10 tests but ran 0.
t/predicate_scope.t         (Wstat: 512 Tests: 0 Failed: 0)
  Non-zero exit status: 2
  Parse errors: No plan found in TAP output
t/previous.t                (Wstat: 512 Tests: 0 Failed: 0)
  Non-zero exit status: 2
  Parse errors: No plan found in TAP output
t/stringification.t         (Wstat: 512 Tests: 0 Failed: 0)
  Non-zero exit status: 2
  Parse errors: No plan found in TAP output
Files=22, Tests=65, 14 wallclock secs ( 0.05 usr  0.08 sys + 12.18 cusr  1.68 csys = 13.99 CPU)
Result: FAIL
Failed 18/22 test programs. 40/65 subtests failed.
Makefile:1164: die Regel für Ziel „test_dynamic“ scheiterte
make: *** [test_dynamic] Fehler 2

------------------------------
PREREQUISITES
------------------------------

Prerequisite modules loaded:

requires:

    Module                         Need   Have    
    ------------------------------ ------ --------
    aliased                        0      0.34    
    Exporter                       0      5.72    
    if                             0      0.0608  
    List::Util                     0      1.50    
    Math::Trig                     0      1.23    
    Moose                          2.0604 2.2010  
    Moose::Role                    2.0604 2.2010  
    Moose::Util::TypeConstraints   2.0604 2.2010  
    MooseX::MethodAttributes::Role 0.28   0.31    
    MooseX::SingletonMethod        0.03   0.03    
    namespace::autoclean           0      0.28    
    overload                       0      1.30    
    parent                         0      0.236   
    POSIX                          0      1.83    
    Regexp::Grammars               1.026  1.048   
    Scalar::Util                   0      1.50    
    strict                         0      1.11    
    Time::HiRes                    0      1.9758  
    warnings                       0      1.42    

build_requires:

    Module                         Need   Have    
    ------------------------------ ------ --------
    base                           0      2.27    
    Carp                           0      1.49    
    ExtUtils::MakeMaker            0      7.34    
    feature                        0      1.51    
    File::Basename                 0      2.85    
    File::Spec                     0      3.74    
    IO::Handle                     0      1.37    
    IPC::Open3                     0      1.20    
    List::MoreUtils                0      0.428   
    MooseX::MethodAttributes       0      0.31    
    Test::Exception                0      0.43    
    Test::More                     0.88   1.302133
    Test::Trap                     0      0.3.3   

configure_requires:

    Module                         Need   Have    
    ------------------------------ ------ --------
    ExtUtils::MakeMaker            0      7.34    


------------------------------
ENVIRONMENT AND OTHER CONTEXT
------------------------------

Environment variables:

    LANG = C
    LC_ALL = de_DE.UTF-8
    PATH = /usr/local/bin:/usr/bin:/bin:/usr/local/sbin:/usr/sbin:/sbin:/home/cpansand/bin/linux-gnu:/home/cpansand/bin/sh:/home/cpansand/bin:/usr/games:/home/cpansand/devel:/home/eserte/src/srezic-misc/scripts
    PERL5LIB = 
    PERL5OPT = 
    PERL5_CPANPLUS_IS_RUNNING = 15434
    PERL5_CPAN_IS_RUNNING = 15434
    PERL5_CPAN_IS_RUNNING_IN_RECURSION = 32275,15434
    PERLDOC = -MPod::Perldoc::ToTextOverstrike
    PERL_BATCH = yes
    PERL_CANARY_STABILITY_NOPROMPT = 1
    PERL_CPAN_REPORTER_CONFIG = /var/tmp/cpansmoker-1023/2018032318/cpanreporter_001_config.ini
    PERL_EXTUTILS_AUTOINSTALL = --defaultdeps
    PERL_PARALLEL_SMOKER = yes
    PERL_USE_UNSAFE_INC = 1
    SHELL = /usr/bin/zsh
    TERM = screen
    TMPDIR = /var/tmp/cpansmoker-1023/2018032318

Perl special variables (and OS-specific diagnostics, for MSWin32):

    $^X = /opt/perl-5.27.10/bin/perl5.27.10
    $UID/$EUID = 1023 / 1023
    $GID = 1023 1023
    $EGID = 1023 1023

Perl module toolchain versions installed:

    Module              Have    
    ------------------- --------
    CPAN                2.16    
    CPAN::Meta          2.150010
    Cwd                 3.74    
    ExtUtils::CBuilder  0.280230
    ExtUtils::Command   7.34    
    ExtUtils::Install   2.14    
    ExtUtils::MakeMaker 7.34    
    ExtUtils::Manifest  1.70    
    ExtUtils::ParseXS   3.35    
    File::Spec          3.74    
    JSON                2.97001 
    JSON::PP            2.97001 
    Module::Build       0.4224  
    Module::Signature   0.81    
    Parse::CPAN::Meta   2.150010
    Test::Harness       3.42    
    Test::More          1.302133
    YAML                1.24    
    YAML::Syck          1.30    
    version             0.9918  


--

Summary of my perl5 (revision 5 version 27 subversion 10) configuration:
   
  Platform:
    osname=linux
    osvers=4.9.0-3-amd64
    archname=x86_64-linux
    uname='linux debian9 4.9.0-3-amd64 #1 smp debian 4.9.30-2+deb9u5 (2017-09-19) x86_64 gnulinux '
    config_args='-ds -e -Dprefix=/opt/perl-5.27.10 -Dusedevel -Dusemallocwrap=no -Dcf_email=srezic@cpan.org'
    hint=recommended
    useposix=true
    d_sigaction=define
    useithreads=undef
    usemultiplicity=undef
    use64bitint=define
    use64bitall=define
    uselongdouble=undef
    usemymalloc=n
    default_inc_excludes_dot=define
    bincompat5005=undef
  Compiler:
    cc='cc'
    ccflags ='-fwrapv -fno-strict-aliasing -pipe -fstack-protector-strong -I/usr/local/include -D_LARGEFILE_SOURCE -D_FILE_OFFSET_BITS=64 -D_FORTIFY_SOURCE=2'
    optimize='-O2'
    cppflags='-fwrapv -fno-strict-aliasing -pipe -fstack-protector-strong -I/usr/local/include'
    ccversion=''
    gccversion='6.3.0 20170516'
    gccosandvers=''
    intsize=4
    longsize=8
    ptrsize=8
    doublesize=8
    byteorder=12345678
    doublekind=3
    d_longlong=define
    longlongsize=8
    d_longdbl=define
    longdblsize=16
    longdblkind=3
    ivtype='long'
    ivsize=8
    nvtype='double'
    nvsize=8
    Off_t='off_t'
    lseeksize=8
    alignbytes=8
    prototype=define
  Linker and Libraries:
    ld='cc'
    ldflags =' -fstack-protector-strong -L/usr/local/lib'
    libpth=/usr/local/lib /usr/lib/gcc/x86_64-linux-gnu/6/include-fixed /usr/include/x86_64-linux-gnu /usr/lib /lib/x86_64-linux-gnu /lib/../lib /usr/lib/x86_64-linux-gnu /usr/lib/../lib /lib
    libs=-lpthread -lnsl -lgdbm -ldb -ldl -lm -lcrypt -lutil -lc -lgdbm_compat
    perllibs=-lpthread -lnsl -ldl -lm -lcrypt -lutil -lc
    libc=libc-2.24.so
    so=so
    useshrplib=false
    libperl=libperl.a
    gnulibc_version='2.24'
  Dynamic Linking:
    dlsrc=dl_dlopen.xs
    dlext=so
    d_dlsymun=undef
    ccdlflags='-Wl,-E'
    cccdlflags='-fPIC'
    lddlflags='-shared -O2 -L/usr/local/lib -fstack-protector-strong'


Characteristics of this binary (from libperl): 
  Compile-time options:
    HAS_TIMES
    PERLIO_LAYERS
    PERL_COPY_ON_WRITE
    PERL_DONT_CREATE_GVSV
    PERL_OP_PARENT
    PERL_PRESERVE_IVUV
    PERL_USE_DEVEL
    USE_64_BIT_ALL
    USE_64_BIT_INT
    USE_LARGE_FILES
    USE_LOCALE
    USE_LOCALE_COLLATE
    USE_LOCALE_CTYPE
    USE_LOCALE_NUMERIC
    USE_LOCALE_TIME
    USE_PERLIO
    USE_PERL_ATOF
  Built under linux
  Compiled at Mar 20 2018 21:34:28
  %ENV:
    PERL5LIB=""
    PERL5OPT=""
    PERL5_CPANPLUS_IS_RUNNING="15434"
    PERL5_CPAN_IS_RUNNING="15434"
    PERL5_CPAN_IS_RUNNING_IN_RECURSION="32275,15434"
    PERLDOC="-MPod::Perldoc::ToTextOverstrike"
    PERL_BATCH="yes"
    PERL_CANARY_STABILITY_NOPROMPT="1"
    PERL_CPAN_REPORTER_CONFIG="/var/tmp/cpansmoker-1023/2018032318/cpanreporter_001_config.ini"
    PERL_EXTUTILS_AUTOINSTALL="--defaultdeps"
    PERL_PARALLEL_SMOKER="yes"
    PERL_USE_UNSAFE_INC="1"
  @INC:
    /opt/perl-5.27.10/lib/site_perl/5.27.10/x86_64-linux
    /opt/perl-5.27.10/lib/site_perl/5.27.10
    /opt/perl-5.27.10/lib/5.27.10/x86_64-linux
    /opt/perl-5.27.10/lib/5.27.10
    .