Report for POE-Component-SSLify-1.012

Back
From: metabase:user:314402c4-2aae-11df-837a-5e0a49663a4f
Subject: FAIL POE-Component-SSLify-1.012 v5.18.4 GNU/Linux
Date: 2016-05-10T16:52:48Z

This distribution has been tested as part of the CPAN Testers
project, supporting the Perl programming language.  See
http://wiki.cpantesters.org/ for more information or email
questions to cpan-testers-discuss@perl.org


--
Dear Apocalypse,

This is a computer-generated report for POE-Component-SSLify-1.012
on perl 5.18.4, created by CPAN-Reporter-1.2017.

Thank you for uploading your work to CPAN.  However, there was a problem
testing your distribution.

If you think this report is invalid, please consult the CPAN Testers Wiki
for suggestions on how to avoid getting FAIL reports for missing library
or binary dependencies, unsupported operating systems, and so on:

http://wiki.cpantesters.org/wiki/CPANAuthorNotes

Sections of this report:

    * Tester comments
    * Program output
    * Prerequisites
    * Environment and other context

------------------------------
TESTER COMMENTS
------------------------------

Additional comments from tester:

none provided

------------------------------
PROGRAM OUTPUT
------------------------------

Output from './Build test':

t/00-compile.t ................ ok
# 
# Versions for all modules listed in MYMETA.json (including optional ones):
# 
# === Configure Requires ===
# 
#     Module               Want  Have
#     ------------------- ----- -----
#     ExtUtils::MakeMaker   any  7.16
#     Module::Build::Tiny 0.039 0.039
# 
# === Test Requires ===
# 
#     Module                          Want     Have
#     --------------------------- -------- --------
#     ExtUtils::MakeMaker              any     7.16
#     File::Spec                       any     3.62
#     File::Temp                       any   0.2304
#     IO::Handle                      1.28     1.34
#     IPC::Open3                       any     1.13
#     POE                            1.267    1.367
#     POE::Component::Client::TCP      any    1.367
#     POE::Component::Server::TCP      any    1.367
#     POE::Filter::Stream              any    1.367
#     Socket                           any    2.021
#     Test::FailWarnings               any    0.008
#     Test::More                  1.001002 1.001014
# 
# === Test Recommends ===
# 
#     Module         Want     Have
#     ---------- -------- --------
#     CPAN::Meta 2.120900 2.150005
# 
# === Runtime Requires ===
# 
#     Module        Want  Have
#     ------------ ----- -----
#     Exporter       any  5.68
#     IO::Handle    1.28  1.34
#     Net::SSLeay   1.36  1.74
#     POE          1.267 1.367
#     Scalar::Util   any  1.45
#     Symbol         any  1.07
#     Task::Weaken  1.03  1.04
#     parent         any 0.225
#     strict         any  1.07
#     warnings       any  1.18
# 
t/00-report-prereqs.t ......... ok
# 
# Net::SSLeay::ver_number is 0x100010bf
# 	OpenSSL 1.0.1k 8 Jan 2015
# 	compiler: -I. -I.. -I../include  -fPIC -DOPENSSL_PIC -DOPENSSL_THREADS -D_REENTRANT -DDSO_DLFCN -DHAVE_DLFCN_H -m64 -DL_ENDIAN -DTERMIO -g -O2 -fstack-protector-strong -Wformat -Werror=format-security -D_FORTIFY_SOURCE=2 -Wl,-z,relro -Wa,--noexecstack -Wall -DMD32_REG_T=int -DOPENSSL_IA32_SSE2 -DOPENSSL_BN_ASM_MONT -DOPENSSL_BN_ASM_MONT5 -DOPENSSL_BN_ASM_GF2m -DSHA1_ASM -DSHA256_ASM -DSHA512_ASM -DMD5_ASM -DAES_ASM -DVPAES_ASM -DBSAES_ASM -DWHIRLPOOL_ASM -DGHASH_ASM
# 	built on: Tue May  3 17:14:33 2016
# 	platform: debian-amd64
# 	pogomips: 33128078
t/00-ssleay-info.t ............ ok
t/99_mire_test.t .............. skipped: AUTHOR TEST
t/apocalypse.t ................ skipped: Test::Apocalypse required for validating the distribution
t/connect_hook.t .............. ok
t/connect_hook_nodata.t ....... ok
t/connfail_client.t ........... ok
t/connfail_server.t ........... ok

#   Failed test 'SERVER: SSLify_Options Can't locate auto/Net/SSLeay/CTX_v3_new.al in @INC (@INC contains: /tmpfs/.cpan-build-cpansand/2016051006/POE-Component-SSLify-1.012-dHQ4NN/blib/arch /tmpfs/.cpan-build-cpansand/2016051006/POE-Component-SSLify-1.012-dHQ4NN/blib/lib /opt/perl-5.18.4/lib/site_perl/5.18.4/x86_64-linux /opt/perl-5.18.4/lib/site_perl/5.18.4 /opt/perl-5.18.4/lib/5.18.4/x86_64-linux /opt/perl-5.18.4/lib/5.18.4 .) at /tmpfs/.cpan-build-cpansand/2016051006/POE-Component-SSLify-1.012-dHQ4NN/blib/lib/POE/Component/SSLify.pm line 359.
# '
#   at t/renegotiate_client.t line 55.

#   Failed test 'SERVER: Server_SSLify Please do SSLify_Options() first ( or pass in a $ctx object ) at /tmpfs/.cpan-build-cpansand/2016051006/POE-Component-SSLify-1.012-dHQ4NN/blib/lib/POE/Component/SSLify.pm line 247.
# '
#   at t/renegotiate_client.t line 58.

#   Failed test 'CLIENT: SSLify_ContextCreate Can't locate auto/Net/SSLeay/CTX_v3_new.al in @INC (@INC contains: /tmpfs/.cpan-build-cpansand/2016051006/POE-Component-SSLify-1.012-dHQ4NN/blib/arch /tmpfs/.cpan-build-cpansand/2016051006/POE-Component-SSLify-1.012-dHQ4NN/blib/lib /opt/perl-5.18.4/lib/site_perl/5.18.4/x86_64-linux /opt/perl-5.18.4/lib/site_perl/5.18.4 /opt/perl-5.18.4/lib/5.18.4/x86_64-linux /opt/perl-5.18.4/lib/5.18.4 .) at /tmpfs/.cpan-build-cpansand/2016051006/POE-Component-SSLify-1.012-dHQ4NN/blib/lib/POE/Component/SSLify.pm line 359.
# '
#   at t/renegotiate_client.t line 117.
Can't use an undefined value as a symbol reference at /tmpfs/.cpan-build-cpansand/2016051006/POE-Component-SSLify-1.012-dHQ4NN/blib/lib/POE/Component/SSLify.pm line 446.
# Tests were run but no plan was declared and done_testing() was not seen.
# Looks like your test exited with 22 just after 7.
t/renegotiate_client.t ........ 
Dubious, test returned 22 (wstat 5632, 0x1600)
Failed 3/7 subtests 

#   Failed test 'SERVER: SSLify_Options Can't locate auto/Net/SSLeay/CTX_v3_new.al in @INC (@INC contains: /tmpfs/.cpan-build-cpansand/2016051006/POE-Component-SSLify-1.012-dHQ4NN/blib/arch /tmpfs/.cpan-build-cpansand/2016051006/POE-Component-SSLify-1.012-dHQ4NN/blib/lib /opt/perl-5.18.4/lib/site_perl/5.18.4/x86_64-linux /opt/perl-5.18.4/lib/site_perl/5.18.4 /opt/perl-5.18.4/lib/5.18.4/x86_64-linux /opt/perl-5.18.4/lib/5.18.4 .) at /tmpfs/.cpan-build-cpansand/2016051006/POE-Component-SSLify-1.012-dHQ4NN/blib/lib/POE/Component/SSLify.pm line 359.
# '
#   at t/renegotiate_client_pings.t line 57.

#   Failed test 'SERVER: Server_SSLify Please do SSLify_Options() first ( or pass in a $ctx object ) at /tmpfs/.cpan-build-cpansand/2016051006/POE-Component-SSLify-1.012-dHQ4NN/blib/lib/POE/Component/SSLify.pm line 247.
# '
#   at t/renegotiate_client_pings.t line 60.

#   Failed test 'CLIENT: SSLify_ContextCreate Can't locate auto/Net/SSLeay/CTX_v3_new.al in @INC (@INC contains: /tmpfs/.cpan-build-cpansand/2016051006/POE-Component-SSLify-1.012-dHQ4NN/blib/arch /tmpfs/.cpan-build-cpansand/2016051006/POE-Component-SSLify-1.012-dHQ4NN/blib/lib /opt/perl-5.18.4/lib/site_perl/5.18.4/x86_64-linux /opt/perl-5.18.4/lib/site_perl/5.18.4 /opt/perl-5.18.4/lib/5.18.4/x86_64-linux /opt/perl-5.18.4/lib/5.18.4 .) at /tmpfs/.cpan-build-cpansand/2016051006/POE-Component-SSLify-1.012-dHQ4NN/blib/lib/POE/Component/SSLify.pm line 359.
# '
#   at t/renegotiate_client_pings.t line 120.
Can't use an undefined value as a symbol reference at /tmpfs/.cpan-build-cpansand/2016051006/POE-Component-SSLify-1.012-dHQ4NN/blib/lib/POE/Component/SSLify.pm line 446.
# Tests were run but no plan was declared and done_testing() was not seen.
# Looks like your test exited with 22 just after 7.
t/renegotiate_client_pings.t .. 
Dubious, test returned 22 (wstat 5632, 0x1600)
Failed 3/7 subtests 

#   Failed test 'SERVER: SSLify_Options Can't locate auto/Net/SSLeay/CTX_v3_new.al in @INC (@INC contains: /tmpfs/.cpan-build-cpansand/2016051006/POE-Component-SSLify-1.012-dHQ4NN/blib/arch /tmpfs/.cpan-build-cpansand/2016051006/POE-Component-SSLify-1.012-dHQ4NN/blib/lib /opt/perl-5.18.4/lib/site_perl/5.18.4/x86_64-linux /opt/perl-5.18.4/lib/site_perl/5.18.4 /opt/perl-5.18.4/lib/5.18.4/x86_64-linux /opt/perl-5.18.4/lib/5.18.4 .) at /tmpfs/.cpan-build-cpansand/2016051006/POE-Component-SSLify-1.012-dHQ4NN/blib/lib/POE/Component/SSLify.pm line 359.
# '
#   at t/renegotiate_server.t line 55.

#   Failed test 'SERVER: Server_SSLify Please do SSLify_Options() first ( or pass in a $ctx object ) at /tmpfs/.cpan-build-cpansand/2016051006/POE-Component-SSLify-1.012-dHQ4NN/blib/lib/POE/Component/SSLify.pm line 247.
# '
#   at t/renegotiate_server.t line 58.

#   Failed test 'CLIENT: SSLify_ContextCreate Can't locate auto/Net/SSLeay/CTX_v3_new.al in @INC (@INC contains: /tmpfs/.cpan-build-cpansand/2016051006/POE-Component-SSLify-1.012-dHQ4NN/blib/arch /tmpfs/.cpan-build-cpansand/2016051006/POE-Component-SSLify-1.012-dHQ4NN/blib/lib /opt/perl-5.18.4/lib/site_perl/5.18.4/x86_64-linux /opt/perl-5.18.4/lib/site_perl/5.18.4 /opt/perl-5.18.4/lib/5.18.4/x86_64-linux /opt/perl-5.18.4/lib/5.18.4 .) at /tmpfs/.cpan-build-cpansand/2016051006/POE-Component-SSLify-1.012-dHQ4NN/blib/lib/POE/Component/SSLify.pm line 359.
# '
#   at t/renegotiate_server.t line 117.
Can't use an undefined value as a symbol reference at /tmpfs/.cpan-build-cpansand/2016051006/POE-Component-SSLify-1.012-dHQ4NN/blib/lib/POE/Component/SSLify.pm line 446.
# Tests were run but no plan was declared and done_testing() was not seen.
# Looks like your test exited with 22 just after 7.
t/renegotiate_server.t ........ 
Dubious, test returned 22 (wstat 5632, 0x1600)
Failed 3/7 subtests 

#   Failed test 'SERVER: SSLify_Options Can't locate auto/Net/SSLeay/CTX_v3_new.al in @INC (@INC contains: /tmpfs/.cpan-build-cpansand/2016051006/POE-Component-SSLify-1.012-dHQ4NN/blib/arch /tmpfs/.cpan-build-cpansand/2016051006/POE-Component-SSLify-1.012-dHQ4NN/blib/lib /opt/perl-5.18.4/lib/site_perl/5.18.4/x86_64-linux /opt/perl-5.18.4/lib/site_perl/5.18.4 /opt/perl-5.18.4/lib/5.18.4/x86_64-linux /opt/perl-5.18.4/lib/5.18.4 .) at /tmpfs/.cpan-build-cpansand/2016051006/POE-Component-SSLify-1.012-dHQ4NN/blib/lib/POE/Component/SSLify.pm line 359.
# '
#   at t/simple.t line 52.

#   Failed test 'SERVER: Server_SSLify Please do SSLify_Options() first ( or pass in a $ctx object ) at /tmpfs/.cpan-build-cpansand/2016051006/POE-Component-SSLify-1.012-dHQ4NN/blib/lib/POE/Component/SSLify.pm line 247.
# '
#   at t/simple.t line 55.

#   Failed test 'CLIENT: SSLify_ContextCreate Can't locate auto/Net/SSLeay/CTX_v3_new.al in @INC (@INC contains: /tmpfs/.cpan-build-cpansand/2016051006/POE-Component-SSLify-1.012-dHQ4NN/blib/arch /tmpfs/.cpan-build-cpansand/2016051006/POE-Component-SSLify-1.012-dHQ4NN/blib/lib /opt/perl-5.18.4/lib/site_perl/5.18.4/x86_64-linux /opt/perl-5.18.4/lib/site_perl/5.18.4 /opt/perl-5.18.4/lib/5.18.4/x86_64-linux /opt/perl-5.18.4/lib/5.18.4 .) at /tmpfs/.cpan-build-cpansand/2016051006/POE-Component-SSLify-1.012-dHQ4NN/blib/lib/POE/Component/SSLify.pm line 359.
# '
#   at t/simple.t line 111.
Can't use an undefined value as a symbol reference at /tmpfs/.cpan-build-cpansand/2016051006/POE-Component-SSLify-1.012-dHQ4NN/blib/lib/POE/Component/SSLify.pm line 446.
# Tests were run but no plan was declared and done_testing() was not seen.
# Looks like your test exited with 22 just after 7.
t/simple.t .................... 
Dubious, test returned 22 (wstat 5632, 0x1600)
Failed 3/7 subtests 

#   Failed test 'SERVER: SSLify_Options Can't locate auto/Net/SSLeay/CTX_v3_new.al in @INC (@INC contains: /tmpfs/.cpan-build-cpansand/2016051006/POE-Component-SSLify-1.012-dHQ4NN/blib/arch /tmpfs/.cpan-build-cpansand/2016051006/POE-Component-SSLify-1.012-dHQ4NN/blib/lib /opt/perl-5.18.4/lib/site_perl/5.18.4/x86_64-linux /opt/perl-5.18.4/lib/site_perl/5.18.4 /opt/perl-5.18.4/lib/5.18.4/x86_64-linux /opt/perl-5.18.4/lib/5.18.4 .) at /tmpfs/.cpan-build-cpansand/2016051006/POE-Component-SSLify-1.012-dHQ4NN/blib/lib/POE/Component/SSLify.pm line 359.
# '
#   at t/simple_large.t line 54.

#   Failed test 'SERVER: Server_SSLify Please do SSLify_Options() first ( or pass in a $ctx object ) at /tmpfs/.cpan-build-cpansand/2016051006/POE-Component-SSLify-1.012-dHQ4NN/blib/lib/POE/Component/SSLify.pm line 247.
# '
#   at t/simple_large.t line 57.

#   Failed test 'CLIENT: SSLify_ContextCreate Can't locate auto/Net/SSLeay/CTX_v3_new.al in @INC (@INC contains: /tmpfs/.cpan-build-cpansand/2016051006/POE-Component-SSLify-1.012-dHQ4NN/blib/arch /tmpfs/.cpan-build-cpansand/2016051006/POE-Component-SSLify-1.012-dHQ4NN/blib/lib /opt/perl-5.18.4/lib/site_perl/5.18.4/x86_64-linux /opt/perl-5.18.4/lib/site_perl/5.18.4 /opt/perl-5.18.4/lib/5.18.4/x86_64-linux /opt/perl-5.18.4/lib/5.18.4 .) at /tmpfs/.cpan-build-cpansand/2016051006/POE-Component-SSLify-1.012-dHQ4NN/blib/lib/POE/Component/SSLify.pm line 359.
# '
#   at t/simple_large.t line 113.
Can't use an undefined value as a symbol reference at /tmpfs/.cpan-build-cpansand/2016051006/POE-Component-SSLify-1.012-dHQ4NN/blib/lib/POE/Component/SSLify.pm line 446.
# Tests were run but no plan was declared and done_testing() was not seen.
# Looks like your test exited with 22 just after 6.
t/simple_large.t .............. 
Dubious, test returned 22 (wstat 5632, 0x1600)
Failed 3/6 subtests 

#   Failed test 'SERVER: SSLify_Options Can't locate auto/Net/SSLeay/CTX_v3_new.al in @INC (@INC contains: /tmpfs/.cpan-build-cpansand/2016051006/POE-Component-SSLify-1.012-dHQ4NN/blib/arch /tmpfs/.cpan-build-cpansand/2016051006/POE-Component-SSLify-1.012-dHQ4NN/blib/lib /opt/perl-5.18.4/lib/site_perl/5.18.4/x86_64-linux /opt/perl-5.18.4/lib/site_perl/5.18.4 /opt/perl-5.18.4/lib/5.18.4/x86_64-linux /opt/perl-5.18.4/lib/5.18.4 .) at /tmpfs/.cpan-build-cpansand/2016051006/POE-Component-SSLify-1.012-dHQ4NN/blib/lib/POE/Component/SSLify.pm line 359.
# '
#   at t/simple_parallel.t line 52.

#   Failed test 'SERVER: Server_SSLify Please do SSLify_Options() first ( or pass in a $ctx object ) at /tmpfs/.cpan-build-cpansand/2016051006/POE-Component-SSLify-1.012-dHQ4NN/blib/lib/POE/Component/SSLify.pm line 247.
# '
#   at t/simple_parallel.t line 55.

#   Failed test 'CLIENT: SSLify_ContextCreate Can't locate auto/Net/SSLeay/CTX_v3_new.al in @INC (@INC contains: /tmpfs/.cpan-build-cpansand/2016051006/POE-Component-SSLify-1.012-dHQ4NN/blib/arch /tmpfs/.cpan-build-cpansand/2016051006/POE-Component-SSLify-1.012-dHQ4NN/blib/lib /opt/perl-5.18.4/lib/site_perl/5.18.4/x86_64-linux /opt/perl-5.18.4/lib/site_perl/5.18.4 /opt/perl-5.18.4/lib/5.18.4/x86_64-linux /opt/perl-5.18.4/lib/5.18.4 .) at /tmpfs/.cpan-build-cpansand/2016051006/POE-Component-SSLify-1.012-dHQ4NN/blib/lib/POE/Component/SSLify.pm line 359.
# '
#   at t/simple_parallel.t line 111.

#   Failed test 'CLIENT: SSLify_ContextCreate Can't locate auto/Net/SSLeay/CTX_v3_new.al in @INC (@INC contains: /tmpfs/.cpan-build-cpansand/2016051006/POE-Component-SSLify-1.012-dHQ4NN/blib/arch /tmpfs/.cpan-build-cpansand/2016051006/POE-Component-SSLify-1.012-dHQ4NN/blib/lib /opt/perl-5.18.4/lib/site_perl/5.18.4/x86_64-linux /opt/perl-5.18.4/lib/site_perl/5.18.4 /opt/perl-5.18.4/lib/5.18.4/x86_64-linux /opt/perl-5.18.4/lib/5.18.4 .) at /tmpfs/.cpan-build-cpansand/2016051006/POE-Component-SSLify-1.012-dHQ4NN/blib/lib/POE/Component/SSLify.pm line 359.
# '
#   at t/simple_parallel.t line 111.

#   Failed test 'CLIENT: SSLify_ContextCreate Can't locate auto/Net/SSLeay/CTX_v3_new.al in @INC (@INC contains: /tmpfs/.cpan-build-cpansand/2016051006/POE-Component-SSLify-1.012-dHQ4NN/blib/arch /tmpfs/.cpan-build-cpansand/2016051006/POE-Component-SSLify-1.012-dHQ4NN/blib/lib /opt/perl-5.18.4/lib/site_perl/5.18.4/x86_64-linux /opt/perl-5.18.4/lib/site_perl/5.18.4 /opt/perl-5.18.4/lib/5.18.4/x86_64-linux /opt/perl-5.18.4/lib/5.18.4 .) at /tmpfs/.cpan-build-cpansand/2016051006/POE-Component-SSLify-1.012-dHQ4NN/blib/lib/POE/Component/SSLify.pm line 359.
# '
#   at t/simple_parallel.t line 111.

#   Failed test 'CLIENT: SSLify_ContextCreate Can't locate auto/Net/SSLeay/CTX_v3_new.al in @INC (@INC contains: /tmpfs/.cpan-build-cpansand/2016051006/POE-Component-SSLify-1.012-dHQ4NN/blib/arch /tmpfs/.cpan-build-cpansand/2016051006/POE-Component-SSLify-1.012-dHQ4NN/blib/lib /opt/perl-5.18.4/lib/site_perl/5.18.4/x86_64-linux /opt/perl-5.18.4/lib/site_perl/5.18.4 /opt/perl-5.18.4/lib/5.18.4/x86_64-linux /opt/perl-5.18.4/lib/5.18.4 .) at /tmpfs/.cpan-build-cpansand/2016051006/POE-Component-SSLify-1.012-dHQ4NN/blib/lib/POE/Component/SSLify.pm line 359.
# '
#   at t/simple_parallel.t line 111.

#   Failed test 'CLIENT: SSLify_ContextCreate Can't locate auto/Net/SSLeay/CTX_v3_new.al in @INC (@INC contains: /tmpfs/.cpan-build-cpansand/2016051006/POE-Component-SSLify-1.012-dHQ4NN/blib/arch /tmpfs/.cpan-build-cpansand/2016051006/POE-Component-SSLify-1.012-dHQ4NN/blib/lib /opt/perl-5.18.4/lib/site_perl/5.18.4/x86_64-linux /opt/perl-5.18.4/lib/site_perl/5.18.4 /opt/perl-5.18.4/lib/5.18.4/x86_64-linux /opt/perl-5.18.4/lib/5.18.4 .) at /tmpfs/.cpan-build-cpansand/2016051006/POE-Component-SSLify-1.012-dHQ4NN/blib/lib/POE/Component/SSLify.pm line 359.
# '
#   at t/simple_parallel.t line 111.

#   Failed test 'CLIENT: SSLify_ContextCreate Can't locate auto/Net/SSLeay/CTX_v3_new.al in @INC (@INC contains: /tmpfs/.cpan-build-cpansand/2016051006/POE-Component-SSLify-1.012-dHQ4NN/blib/arch /tmpfs/.cpan-build-cpansand/2016051006/POE-Component-SSLify-1.012-dHQ4NN/blib/lib /opt/perl-5.18.4/lib/site_perl/5.18.4/x86_64-linux /opt/perl-5.18.4/lib/site_perl/5.18.4 /opt/perl-5.18.4/lib/5.18.4/x86_64-linux /opt/perl-5.18.4/lib/5.18.4 .) at /tmpfs/.cpan-build-cpansand/2016051006/POE-Component-SSLify-1.012-dHQ4NN/blib/lib/POE/Component/SSLify.pm line 359.
# '
#   at t/simple_parallel.t line 111.

#   Failed test 'CLIENT: SSLify_ContextCreate Can't locate auto/Net/SSLeay/CTX_v3_new.al in @INC (@INC contains: /tmpfs/.cpan-build-cpansand/2016051006/POE-Component-SSLify-1.012-dHQ4NN/blib/arch /tmpfs/.cpan-build-cpansand/2016051006/POE-Component-SSLify-1.012-dHQ4NN/blib/lib /opt/perl-5.18.4/lib/site_perl/5.18.4/x86_64-linux /opt/perl-5.18.4/lib/site_perl/5.18.4 /opt/perl-5.18.4/lib/5.18.4/x86_64-linux /opt/perl-5.18.4/lib/5.18.4 .) at /tmpfs/.cpan-build-cpansand/2016051006/POE-Component-SSLify-1.012-dHQ4NN/blib/lib/POE/Component/SSLify.pm line 359.
# '
#   at t/simple_parallel.t line 111.

#   Failed test 'CLIENT: SSLify_ContextCreate Can't locate auto/Net/SSLeay/CTX_v3_new.al in @INC (@INC contains: /tmpfs/.cpan-build-cpansand/2016051006/POE-Component-SSLify-1.012-dHQ4NN/blib/arch /tmpfs/.cpan-build-cpansand/2016051006/POE-Component-SSLify-1.012-dHQ4NN/blib/lib /opt/perl-5.18.4/lib/site_perl/5.18.4/x86_64-linux /opt/perl-5.18.4/lib/site_perl/5.18.4 /opt/perl-5.18.4/lib/5.18.4/x86_64-linux /opt/perl-5.18.4/lib/5.18.4 .) at /tmpfs/.cpan-build-cpansand/2016051006/POE-Component-SSLify-1.012-dHQ4NN/blib/lib/POE/Component/SSLify.pm line 359.
# '
#   at t/simple_parallel.t line 111.

#   Failed test 'CLIENT: SSLify_ContextCreate Can't locate auto/Net/SSLeay/CTX_v3_new.al in @INC (@INC contains: /tmpfs/.cpan-build-cpansand/2016051006/POE-Component-SSLify-1.012-dHQ4NN/blib/arch /tmpfs/.cpan-build-cpansand/2016051006/POE-Component-SSLify-1.012-dHQ4NN/blib/lib /opt/perl-5.18.4/lib/site_perl/5.18.4/x86_64-linux /opt/perl-5.18.4/lib/site_perl/5.18.4 /opt/perl-5.18.4/lib/5.18.4/x86_64-linux /opt/perl-5.18.4/lib/5.18.4 .) at /tmpfs/.cpan-build-cpansand/2016051006/POE-Component-SSLify-1.012-dHQ4NN/blib/lib/POE/Component/SSLify.pm line 359.
# '
#   at t/simple_parallel.t line 111.

#   Failed test 'CLIENT: SSLify_ContextCreate Can't locate auto/Net/SSLeay/CTX_v3_new.al in @INC (@INC contains: /tmpfs/.cpan-build-cpansand/2016051006/POE-Component-SSLify-1.012-dHQ4NN/blib/arch /tmpfs/.cpan-build-cpansand/2016051006/POE-Component-SSLify-1.012-dHQ4NN/blib/lib /opt/perl-5.18.4/lib/site_perl/5.18.4/x86_64-linux /opt/perl-5.18.4/lib/site_perl/5.18.4 /opt/perl-5.18.4/lib/5.18.4/x86_64-linux /opt/perl-5.18.4/lib/5.18.4 .) at /tmpfs/.cpan-build-cpansand/2016051006/POE-Component-SSLify-1.012-dHQ4NN/blib/lib/POE/Component/SSLify.pm line 359.
# '
#   at t/simple_parallel.t line 111.
Can't use an undefined value as a symbol reference at /tmpfs/.cpan-build-cpansand/2016051006/POE-Component-SSLify-1.012-dHQ4NN/blib/lib/POE/Component/SSLify.pm line 446.
# Tests were run but no plan was declared and done_testing() was not seen.
# Looks like your test exited with 22 just after 52.
t/simple_parallel.t ........... 
Dubious, test returned 22 (wstat 5632, 0x1600)
Failed 12/52 subtests 

#   Failed test 'SERVER: SSLify_Options Can't locate auto/Net/SSLeay/CTX_v3_new.al in @INC (@INC contains: /tmpfs/.cpan-build-cpansand/2016051006/POE-Component-SSLify-1.012-dHQ4NN/blib/arch /tmpfs/.cpan-build-cpansand/2016051006/POE-Component-SSLify-1.012-dHQ4NN/blib/lib /opt/perl-5.18.4/lib/site_perl/5.18.4/x86_64-linux /opt/perl-5.18.4/lib/site_perl/5.18.4 /opt/perl-5.18.4/lib/5.18.4/x86_64-linux /opt/perl-5.18.4/lib/5.18.4 .) at /tmpfs/.cpan-build-cpansand/2016051006/POE-Component-SSLify-1.012-dHQ4NN/blib/lib/POE/Component/SSLify.pm line 359.
# '
#   at t/simple_parallel_large.t line 54.

#   Failed test 'SERVER: Server_SSLify Please do SSLify_Options() first ( or pass in a $ctx object ) at /tmpfs/.cpan-build-cpansand/2016051006/POE-Component-SSLify-1.012-dHQ4NN/blib/lib/POE/Component/SSLify.pm line 247.
# '
#   at t/simple_parallel_large.t line 57.

#   Failed test 'CLIENT: SSLify_ContextCreate Can't locate auto/Net/SSLeay/CTX_v3_new.al in @INC (@INC contains: /tmpfs/.cpan-build-cpansand/2016051006/POE-Component-SSLify-1.012-dHQ4NN/blib/arch /tmpfs/.cpan-build-cpansand/2016051006/POE-Component-SSLify-1.012-dHQ4NN/blib/lib /opt/perl-5.18.4/lib/site_perl/5.18.4/x86_64-linux /opt/perl-5.18.4/lib/site_perl/5.18.4 /opt/perl-5.18.4/lib/5.18.4/x86_64-linux /opt/perl-5.18.4/lib/5.18.4 .) at /tmpfs/.cpan-build-cpansand/2016051006/POE-Component-SSLify-1.012-dHQ4NN/blib/lib/POE/Component/SSLify.pm line 359.
# '
#   at t/simple_parallel_large.t line 111.

#   Failed test 'CLIENT: SSLify_ContextCreate Can't locate auto/Net/SSLeay/CTX_v3_new.al in @INC (@INC contains: /tmpfs/.cpan-build-cpansand/2016051006/POE-Component-SSLify-1.012-dHQ4NN/blib/arch /tmpfs/.cpan-build-cpansand/2016051006/POE-Component-SSLify-1.012-dHQ4NN/blib/lib /opt/perl-5.18.4/lib/site_perl/5.18.4/x86_64-linux /opt/perl-5.18.4/lib/site_perl/5.18.4 /opt/perl-5.18.4/lib/5.18.4/x86_64-linux /opt/perl-5.18.4/lib/5.18.4 .) at /tmpfs/.cpan-build-cpansand/2016051006/POE-Component-SSLify-1.012-dHQ4NN/blib/lib/POE/Component/SSLify.pm line 359.
# '
#   at t/simple_parallel_large.t line 111.

#   Failed test 'CLIENT: SSLify_ContextCreate Can't locate auto/Net/SSLeay/CTX_v3_new.al in @INC (@INC contains: /tmpfs/.cpan-build-cpansand/2016051006/POE-Component-SSLify-1.012-dHQ4NN/blib/arch /tmpfs/.cpan-build-cpansand/2016051006/POE-Component-SSLify-1.012-dHQ4NN/blib/lib /opt/perl-5.18.4/lib/site_perl/5.18.4/x86_64-linux /opt/perl-5.18.4/lib/site_perl/5.18.4 /opt/perl-5.18.4/lib/5.18.4/x86_64-linux /opt/perl-5.18.4/lib/5.18.4 .) at /tmpfs/.cpan-build-cpansand/2016051006/POE-Component-SSLify-1.012-dHQ4NN/blib/lib/POE/Component/SSLify.pm line 359.
# '
#   at t/simple_parallel_large.t line 111.

#   Failed test 'CLIENT: SSLify_ContextCreate Can't locate auto/Net/SSLeay/CTX_v3_new.al in @INC (@INC contains: /tmpfs/.cpan-build-cpansand/2016051006/POE-Component-SSLify-1.012-dHQ4NN/blib/arch /tmpfs/.cpan-build-cpansand/2016051006/POE-Component-SSLify-1.012-dHQ4NN/blib/lib /opt/perl-5.18.4/lib/site_perl/5.18.4/x86_64-linux /opt/perl-5.18.4/lib/site_perl/5.18.4 /opt/perl-5.18.4/lib/5.18.4/x86_64-linux /opt/perl-5.18.4/lib/5.18.4 .) at /tmpfs/.cpan-build-cpansand/2016051006/POE-Component-SSLify-1.012-dHQ4NN/blib/lib/POE/Component/SSLify.pm line 359.
# '
#   at t/simple_parallel_large.t line 111.

#   Failed test 'CLIENT: SSLify_ContextCreate Can't locate auto/Net/SSLeay/CTX_v3_new.al in @INC (@INC contains: /tmpfs/.cpan-build-cpansand/2016051006/POE-Component-SSLify-1.012-dHQ4NN/blib/arch /tmpfs/.cpan-build-cpansand/2016051006/POE-Component-SSLify-1.012-dHQ4NN/blib/lib /opt/perl-5.18.4/lib/site_perl/5.18.4/x86_64-linux /opt/perl-5.18.4/lib/site_perl/5.18.4 /opt/perl-5.18.4/lib/5.18.4/x86_64-linux /opt/perl-5.18.4/lib/5.18.4 .) at /tmpfs/.cpan-build-cpansand/2016051006/POE-Component-SSLify-1.012-dHQ4NN/blib/lib/POE/Component/SSLify.pm line 359.
# '
#   at t/simple_parallel_large.t line 111.

#   Failed test 'CLIENT: SSLify_ContextCreate Can't locate auto/Net/SSLeay/CTX_v3_new.al in @INC (@INC contains: /tmpfs/.cpan-build-cpansand/2016051006/POE-Component-SSLify-1.012-dHQ4NN/blib/arch /tmpfs/.cpan-build-cpansand/2016051006/POE-Component-SSLify-1.012-dHQ4NN/blib/lib /opt/perl-5.18.4/lib/site_perl/5.18.4/x86_64-linux /opt/perl-5.18.4/lib/site_perl/5.18.4 /opt/perl-5.18.4/lib/5.18.4/x86_64-linux /opt/perl-5.18.4/lib/5.18.4 .) at /tmpfs/.cpan-build-cpansand/2016051006/POE-Component-SSLify-1.012-dHQ4NN/blib/lib/POE/Component/SSLify.pm line 359.
# '
#   at t/simple_parallel_large.t line 111.

#   Failed test 'CLIENT: SSLify_ContextCreate Can't locate auto/Net/SSLeay/CTX_v3_new.al in @INC (@INC contains: /tmpfs/.cpan-build-cpansand/2016051006/POE-Component-SSLify-1.012-dHQ4NN/blib/arch /tmpfs/.cpan-build-cpansand/2016051006/POE-Component-SSLify-1.012-dHQ4NN/blib/lib /opt/perl-5.18.4/lib/site_perl/5.18.4/x86_64-linux /opt/perl-5.18.4/lib/site_perl/5.18.4 /opt/perl-5.18.4/lib/5.18.4/x86_64-linux /opt/perl-5.18.4/lib/5.18.4 .) at /tmpfs/.cpan-build-cpansand/2016051006/POE-Component-SSLify-1.012-dHQ4NN/blib/lib/POE/Component/SSLify.pm line 359.
# '
#   at t/simple_parallel_large.t line 111.

#   Failed test 'CLIENT: SSLify_ContextCreate Can't locate auto/Net/SSLeay/CTX_v3_new.al in @INC (@INC contains: /tmpfs/.cpan-build-cpansand/2016051006/POE-Component-SSLify-1.012-dHQ4NN/blib/arch /tmpfs/.cpan-build-cpansand/2016051006/POE-Component-SSLify-1.012-dHQ4NN/blib/lib /opt/perl-5.18.4/lib/site_perl/5.18.4/x86_64-linux /opt/perl-5.18.4/lib/site_perl/5.18.4 /opt/perl-5.18.4/lib/5.18.4/x86_64-linux /opt/perl-5.18.4/lib/5.18.4 .) at /tmpfs/.cpan-build-cpansand/2016051006/POE-Component-SSLify-1.012-dHQ4NN/blib/lib/POE/Component/SSLify.pm line 359.
# '
#   at t/simple_parallel_large.t line 111.

#   Failed test 'CLIENT: SSLify_ContextCreate Can't locate auto/Net/SSLeay/CTX_v3_new.al in @INC (@INC contains: /tmpfs/.cpan-build-cpansand/2016051006/POE-Component-SSLify-1.012-dHQ4NN/blib/arch /tmpfs/.cpan-build-cpansand/2016051006/POE-Component-SSLify-1.012-dHQ4NN/blib/lib /opt/perl-5.18.4/lib/site_perl/5.18.4/x86_64-linux /opt/perl-5.18.4/lib/site_perl/5.18.4 /opt/perl-5.18.4/lib/5.18.4/x86_64-linux /opt/perl-5.18.4/lib/5.18.4 .) at /tmpfs/.cpan-build-cpansand/2016051006/POE-Component-SSLify-1.012-dHQ4NN/blib/lib/POE/Component/SSLify.pm line 359.
# '
#   at t/simple_parallel_large.t line 111.

#   Failed test 'CLIENT: SSLify_ContextCreate Can't locate auto/Net/SSLeay/CTX_v3_new.al in @INC (@INC contains: /tmpfs/.cpan-build-cpansand/2016051006/POE-Component-SSLify-1.012-dHQ4NN/blib/arch /tmpfs/.cpan-build-cpansand/2016051006/POE-Component-SSLify-1.012-dHQ4NN/blib/lib /opt/perl-5.18.4/lib/site_perl/5.18.4/x86_64-linux /opt/perl-5.18.4/lib/site_perl/5.18.4 /opt/perl-5.18.4/lib/5.18.4/x86_64-linux /opt/perl-5.18.4/lib/5.18.4 .) at /tmpfs/.cpan-build-cpansand/2016051006/POE-Component-SSLify-1.012-dHQ4NN/blib/lib/POE/Component/SSLify.pm line 359.
# '
#   at t/simple_parallel_large.t line 111.
Can't use an undefined value as a symbol reference at /tmpfs/.cpan-build-cpansand/2016051006/POE-Component-SSLify-1.012-dHQ4NN/blib/lib/POE/Component/SSLify.pm line 446.
# Tests were run but no plan was declared and done_testing() was not seen.
# Looks like your test exited with 22 just after 42.
t/simple_parallel_large.t ..... 
Dubious, test returned 22 (wstat 5632, 0x1600)
Failed 12/42 subtests 
t/simple_parallel_superbig.t .. skipped: AUTHOR TEST: NO at (eval 5) line 1.
t/simple_superbig.t ........... skipped: AUTHOR TEST: NO at (eval 5) line 1.

#   Failed test 'SERVER: SSLify_Options Can't locate auto/Net/SSLeay/CTX_v3_new.al in @INC (@INC contains: /tmpfs/.cpan-build-cpansand/2016051006/POE-Component-SSLify-1.012-dHQ4NN/blib/arch /tmpfs/.cpan-build-cpansand/2016051006/POE-Component-SSLify-1.012-dHQ4NN/blib/lib /opt/perl-5.18.4/lib/site_perl/5.18.4/x86_64-linux /opt/perl-5.18.4/lib/site_perl/5.18.4 /opt/perl-5.18.4/lib/5.18.4/x86_64-linux /opt/perl-5.18.4/lib/5.18.4 .) at /tmpfs/.cpan-build-cpansand/2016051006/POE-Component-SSLify-1.012-dHQ4NN/blib/lib/POE/Component/SSLify.pm line 359.
# '
#   at t/upgrade.t line 59.

#   Failed test 'SERVER: Server_SSLify Please do SSLify_Options() first ( or pass in a $ctx object ) at /tmpfs/.cpan-build-cpansand/2016051006/POE-Component-SSLify-1.012-dHQ4NN/blib/lib/POE/Component/SSLify.pm line 247.
# '
#   at t/upgrade.t line 61.
Can't use an undefined value as a symbol reference at /tmpfs/.cpan-build-cpansand/2016051006/POE-Component-SSLify-1.012-dHQ4NN/blib/lib/POE/Component/SSLify.pm line 446.
# Tests were run but no plan was declared and done_testing() was not seen.
# Looks like your test exited with 22 just after 5.
t/upgrade.t ................... 
Dubious, test returned 22 (wstat 5632, 0x1600)
Failed 2/5 subtests 

Test Summary Report
-------------------
t/renegotiate_client.t      (Wstat: 5632 Tests: 7 Failed: 3)
  Failed tests:  1-3
  Non-zero exit status: 22
  Parse errors: No plan found in TAP output
t/renegotiate_client_pings.t (Wstat: 5632 Tests: 7 Failed: 3)
  Failed tests:  1-3
  Non-zero exit status: 22
  Parse errors: No plan found in TAP output
t/renegotiate_server.t      (Wstat: 5632 Tests: 7 Failed: 3)
  Failed tests:  1-3
  Non-zero exit status: 22
  Parse errors: No plan found in TAP output
t/simple.t                  (Wstat: 5632 Tests: 7 Failed: 3)
  Failed tests:  1-3
  Non-zero exit status: 22
  Parse errors: No plan found in TAP output
t/simple_large.t            (Wstat: 5632 Tests: 6 Failed: 3)
  Failed tests:  1-3
  Non-zero exit status: 22
  Parse errors: No plan found in TAP output
t/simple_parallel.t         (Wstat: 5632 Tests: 52 Failed: 12)
  Failed tests:  1-3, 8, 13, 18, 23, 28, 33, 38, 43, 48
  Non-zero exit status: 22
  Parse errors: No plan found in TAP output
t/simple_parallel_large.t   (Wstat: 5632 Tests: 42 Failed: 12)
  Failed tests:  1-3, 7, 11, 15, 19, 23, 27, 31, 35, 39
  Non-zero exit status: 22
  Parse errors: No plan found in TAP output
t/upgrade.t                 (Wstat: 5632 Tests: 5 Failed: 2)
  Failed tests:  4-5
  Non-zero exit status: 22
  Parse errors: No plan found in TAP output
Files=19, Tests=187,  3 wallclock secs ( 0.05 usr  0.08 sys +  1.66 cusr  0.22 csys =  2.01 CPU)
Result: FAIL

------------------------------
PREREQUISITES
------------------------------

Prerequisite modules loaded:

requires:

    Module                      Need     Have    
    --------------------------- -------- --------
    Exporter                    0        5.68    
    IO::Handle                  1.28     1.34    
    Net::SSLeay                 1.36     1.74    
    parent                      0        0.225   
    perl                        5.006    5.018004
    POE                         1.267    1.367   
    Scalar::Util                0        1.45    
    strict                      0        1.07    
    Symbol                      0        1.07    
    Task::Weaken                1.03     1.04    
    warnings                    0        1.18    

build_requires:

    Module                      Need     Have    
    --------------------------- -------- --------
    ExtUtils::MakeMaker         0        7.16    
    File::Spec                  0        3.62    
    File::Temp                  0        0.2304  
    IO::Handle                  1.28     1.34    
    IPC::Open3                  0        1.13    
    perl                        5.006    5.018004
    POE                         1.267    1.367   
    POE::Component::Client::TCP 0        1.367   
    POE::Component::Server::TCP 0        1.367   
    POE::Filter::Stream         0        1.367   
    Socket                      0        2.021   
    Test::FailWarnings          0        0.008   
    Test::More                  1.001002 1.001014

configure_requires:

    Module                      Need     Have    
    --------------------------- -------- --------
    ExtUtils::MakeMaker         0        7.16    
    Module::Build::Tiny         0.039    0.039   
    perl                        5.006    5.018004

opt_build_requires:

    Module                      Need     Have    
    --------------------------- -------- --------
    CPAN::Meta                  2.120900 2.150005


------------------------------
ENVIRONMENT AND OTHER CONTEXT
------------------------------

Environment variables:

    LANG = C
    LC_ALL = de_DE.UTF-8
    PATH = /usr/local/bin:/usr/bin:/bin:/usr/local/sbin:/usr/sbin:/sbin:/home/cpansand/bin/linux-gnu:/home/cpansand/bin/sh:/home/cpansand/bin:/usr/games:/home/cpansand/devel:/home/eserte/src/srezic-misc/scripts
    PERL5LIB = 
    PERL5OPT = 
    PERL5_CPANPLUS_IS_RUNNING = 27235
    PERL5_CPAN_IS_RUNNING = 27235
    PERL5_CPAN_IS_RUNNING_IN_RECURSION = 30408,27235
    PERLDOC = -MPod::Perldoc::ToTextOverstrike
    PERL_BATCH = yes
    PERL_CANARY_STABILITY_NOPROMPT = 1
    PERL_CPAN_REPORTER_CONFIG = /run/user/1023/cpansmoker/2016051006/cpanreporter_002_config.ini
    PERL_EXTUTILS_AUTOINSTALL = --defaultdeps
    PERL_PARALLEL_SMOKER = yes
    SHELL = /bin/zsh
    TERM = screen
    TMPDIR = /run/user/1023/cpansmoker/2016051006

Perl special variables (and OS-specific diagnostics, for MSWin32):

    $^X = /bbbike/perl-5.18.4/bin/perl5.18.4
    $UID/$EUID = 1023 / 1023
    $GID = 1023 1023
    $EGID = 1023 1023

Perl module toolchain versions installed:

    Module              Have    
    ------------------- --------
    CPAN                2.10    
    CPAN::Meta          2.150005
    Cwd                 3.62    
    ExtUtils::CBuilder  0.280210
    ExtUtils::Command   7.16    
    ExtUtils::Install   1.59    
    ExtUtils::MakeMaker 7.16    
    ExtUtils::Manifest  1.70    
    ExtUtils::ParseXS   3.30    
    File::Spec          3.62    
    JSON                2.90    
    JSON::PP            2.27400 
    Module::Build       0.4218  
    Module::Signature   0.79    
    Parse::CPAN::Meta   1.4417  
    Test::Harness       3.36    
    Test::More          1.001014
    YAML                1.15    
    YAML::Syck          1.29    
    version             0.9916  


--

Summary of my perl5 (revision 5 version 18 subversion 4) configuration:
   
  Platform:
    osname=linux, osvers=3.16.0-4-amd64, archname=x86_64-linux
    uname='linux eserte 3.16.0-4-amd64 #1 smp debian 3.16.7-ckt25-2 (2016-04-08) x86_64 gnulinux '
    config_args='-ds -e -Dprefix=/opt/perl-5.18.4 -Dcf_email=srezic@cpan.org'
    hint=recommended, useposix=true, d_sigaction=define
    useithreads=undef, usemultiplicity=undef
    useperlio=define, d_sfio=undef, uselargefiles=define, usesocks=undef
    use64bitint=define, use64bitall=define, uselongdouble=undef
    usemymalloc=n, bincompat5005=undef
  Compiler:
    cc='cc', ccflags ='-fno-strict-aliasing -pipe -fstack-protector -I/usr/local/include -D_LARGEFILE_SOURCE -D_FILE_OFFSET_BITS=64',
    optimize='-O2',
    cppflags='-fno-strict-aliasing -pipe -fstack-protector -I/usr/local/include'
    ccversion='', gccversion='4.9.2', gccosandvers=''
    intsize=4, longsize=8, ptrsize=8, doublesize=8, byteorder=12345678
    d_longlong=define, longlongsize=8, d_longdbl=define, longdblsize=16
    ivtype='long', ivsize=8, nvtype='double', nvsize=8, Off_t='off_t', lseeksize=8
    alignbytes=8, prototype=define
  Linker and Libraries:
    ld='cc', ldflags =' -fstack-protector -L/usr/local/lib'
    libpth=/usr/local/lib /lib/x86_64-linux-gnu /lib/../lib /usr/lib/x86_64-linux-gnu /usr/lib/../lib /lib /usr/lib
    libs=-lnsl -ldl -lm -lcrypt -lutil -lc
    perllibs=-lnsl -ldl -lm -lcrypt -lutil -lc
    libc=, so=so, useshrplib=false, libperl=libperl.a
    gnulibc_version='2.19'
  Dynamic Linking:
    dlsrc=dl_dlopen.xs, dlext=so, d_dlsymun=undef, ccdlflags='-Wl,-E'
    cccdlflags='-fPIC', lddlflags='-shared -O2 -L/usr/local/lib -fstack-protector'


Characteristics of this binary (from libperl): 
  Compile-time options: HAS_TIMES PERLIO_LAYERS PERL_DONT_CREATE_GVSV
                        PERL_HASH_FUNC_ONE_AT_A_TIME_HARD PERL_MALLOC_WRAP
                        PERL_PRESERVE_IVUV PERL_SAWAMPERSAND USE_64_BIT_ALL
                        USE_64_BIT_INT USE_LARGE_FILES USE_LOCALE
                        USE_LOCALE_COLLATE USE_LOCALE_CTYPE
                        USE_LOCALE_NUMERIC USE_PERLIO USE_PERL_ATOF
  Built under linux
  Compiled at May  6 2016 22:58:48
  %ENV:
    PERL5LIB=""
    PERL5OPT=""
    PERL5_CPANPLUS_IS_RUNNING="27235"
    PERL5_CPAN_IS_RUNNING="27235"
    PERL5_CPAN_IS_RUNNING_IN_RECURSION="30408,27235"
    PERLDOC="-MPod::Perldoc::ToTextOverstrike"
    PERL_BATCH="yes"
    PERL_CANARY_STABILITY_NOPROMPT="1"
    PERL_CPAN_REPORTER_CONFIG="/run/user/1023/cpansmoker/2016051006/cpanreporter_002_config.ini"
    PERL_EXTUTILS_AUTOINSTALL="--defaultdeps"
    PERL_PARALLEL_SMOKER="yes"
  @INC:
    /opt/perl-5.18.4/lib/site_perl/5.18.4/x86_64-linux
    /opt/perl-5.18.4/lib/site_perl/5.18.4
    /opt/perl-5.18.4/lib/5.18.4/x86_64-linux
    /opt/perl-5.18.4/lib/5.18.4
    .