Report for Acme-Perl-VM-0.006

Back
From: metabase:user:30f0bd62-2aae-11df-837a-5e0a49663a4f
Subject: FAIL Acme-Perl-VM-0.006 v5.16.0 MirOS BSD
Date: 2012-07-31T14:11:30Z

This distribution has been tested as part of the CPAN Testers
project, supporting the Perl programming language.  See
http://wiki.cpantesters.org/ for more information or email
questions to cpan-testers-discuss@perl.org


--
Dear Goro Fuji,

This is a computer-generated report for Acme-Perl-VM-0.006
on perl 5.16.0, created by CPAN-Reporter-1.2006.

Thank you for uploading your work to CPAN.  However, there was a problem
testing your distribution.

If you think this report is invalid, please consult the CPAN Testers Wiki
for suggestions on how to avoid getting FAIL reports for missing library
or binary dependencies, unsupported operating systems, and so on:

http://wiki.cpantesters.org/wiki/CPANAuthorNotes

Sections of this report:

    * Tester comments
    * Program output
    * Prerequisites
    * Environment and other context

------------------------------
TESTER COMMENTS
------------------------------

Additional comments from tester:

this report is from an automated smoke testing program
and was not reviewed by a human for accuracy

------------------------------
PROGRAM OUTPUT
------------------------------

Output from '/usr/bin/make test':

PERL_DL_NONLAZY=1 /home/sts/cpansmoke/perl-5.16.0/bin/perl "-MExtUtils::Command::MM" "-e" "test_harness(0, 'inc', 'blib/lib', 'blib/arch')" t/*.t
defined(@array) is deprecated at /home/sts/cpansmoke/perl-5.16.0/cpan/build/Acme-Perl-VM-0.006-ClNZQL/blib/lib/Acme/Perl/VM/PP.pm line 1127.
	(Maybe you should just omit the defined()?)
defined(%hash) is deprecated at /home/sts/cpansmoke/perl-5.16.0/cpan/build/Acme-Perl-VM-0.006-ClNZQL/blib/lib/Acme/Perl/VM/PP.pm line 1130.
	(Maybe you should just omit the defined()?)
# Testing Acme::Perl::VM/0.006 (APVM_DEBUG=0)
t/00_load.t ....... ok
defined(@array) is deprecated at /home/sts/cpansmoke/perl-5.16.0/cpan/build/Acme-Perl-VM-0.006-ClNZQL/blib/lib/Acme/Perl/VM/PP.pm line 1127.
	(Maybe you should just omit the defined()?)
defined(%hash) is deprecated at /home/sts/cpansmoke/perl-5.16.0/cpan/build/Acme-Perl-VM-0.006-ClNZQL/blib/lib/Acme/Perl/VM/PP.pm line 1130.
	(Maybe you should just omit the defined()?)
t/01_print.t ...... ok
defined(@array) is deprecated at /home/sts/cpansmoke/perl-5.16.0/cpan/build/Acme-Perl-VM-0.006-ClNZQL/blib/lib/Acme/Perl/VM/PP.pm line 1127.
	(Maybe you should just omit the defined()?)
defined(%hash) is deprecated at /home/sts/cpansmoke/perl-5.16.0/cpan/build/Acme-Perl-VM-0.006-ClNZQL/blib/lib/Acme/Perl/VM/PP.pm line 1130.
	(Maybe you should just omit the defined()?)
t/02_return.t ..... ok
defined(@array) is deprecated at /home/sts/cpansmoke/perl-5.16.0/cpan/build/Acme-Perl-VM-0.006-ClNZQL/blib/lib/Acme/Perl/VM/PP.pm line 1127.
	(Maybe you should just omit the defined()?)
defined(%hash) is deprecated at /home/sts/cpansmoke/perl-5.16.0/cpan/build/Acme-Perl-VM-0.006-ClNZQL/blib/lib/Acme/Perl/VM/PP.pm line 1130.
	(Maybe you should just omit the defined()?)
t/03_assign.t ..... ok
defined(@array) is deprecated at /home/sts/cpansmoke/perl-5.16.0/cpan/build/Acme-Perl-VM-0.006-ClNZQL/blib/lib/Acme/Perl/VM/PP.pm line 1127.
	(Maybe you should just omit the defined()?)
defined(%hash) is deprecated at /home/sts/cpansmoke/perl-5.16.0/cpan/build/Acme-Perl-VM-0.006-ClNZQL/blib/lib/Acme/Perl/VM/PP.pm line 1130.
	(Maybe you should just omit the defined()?)
t/04_funcall.t .... ok
defined(@array) is deprecated at /home/sts/cpansmoke/perl-5.16.0/cpan/build/Acme-Perl-VM-0.006-ClNZQL/blib/lib/Acme/Perl/VM/PP.pm line 1127.
	(Maybe you should just omit the defined()?)
defined(%hash) is deprecated at /home/sts/cpansmoke/perl-5.16.0/cpan/build/Acme-Perl-VM-0.006-ClNZQL/blib/lib/Acme/Perl/VM/PP.pm line 1130.
	(Maybe you should just omit the defined()?)
t/05_methcall.t ... ok
defined(@array) is deprecated at /home/sts/cpansmoke/perl-5.16.0/cpan/build/Acme-Perl-VM-0.006-ClNZQL/blib/lib/Acme/Perl/VM/PP.pm line 1127.
	(Maybe you should just omit the defined()?)
defined(%hash) is deprecated at /home/sts/cpansmoke/perl-5.16.0/cpan/build/Acme-Perl-VM-0.006-ClNZQL/blib/lib/Acme/Perl/VM/PP.pm line 1130.
	(Maybe you should just omit the defined()?)
t/06_misc.t ....... ok
defined(@array) is deprecated at /home/sts/cpansmoke/perl-5.16.0/cpan/build/Acme-Perl-VM-0.006-ClNZQL/blib/lib/Acme/Perl/VM/PP.pm line 1127.
	(Maybe you should just omit the defined()?)
defined(%hash) is deprecated at /home/sts/cpansmoke/perl-5.16.0/cpan/build/Acme-Perl-VM-0.006-ClNZQL/blib/lib/Acme/Perl/VM/PP.pm line 1130.
	(Maybe you should just omit the defined()?)
Can't call method "object_2svref" on an undefined value at /home/sts/cpansmoke/perl-5.16.0/cpan/build/Acme-Perl-VM-0.006-ClNZQL/blib/lib/Acme/Perl/VM.pm line 733.
# Looks like your test exited with 255 before it could output anything.
t/07_loop.t ....... 
Dubious, test returned 255 (wstat 65280, 0xff00)
Failed 16/16 subtests 
defined(@array) is deprecated at /home/sts/cpansmoke/perl-5.16.0/cpan/build/Acme-Perl-VM-0.006-ClNZQL/blib/lib/Acme/Perl/VM/PP.pm line 1127.
	(Maybe you should just omit the defined()?)
defined(%hash) is deprecated at /home/sts/cpansmoke/perl-5.16.0/cpan/build/Acme-Perl-VM-0.006-ClNZQL/blib/lib/Acme/Perl/VM/PP.pm line 1130.
	(Maybe you should just omit the defined()?)
pp_aelemfast_lex is not implemented at /home/sts/cpansmoke/perl-5.16.0/cpan/build/Acme-Perl-VM-0.006-ClNZQL/blib/lib/Acme/Perl/VM.pm line 143.
	Acme::Perl::VM::__ANON__ called at /home/sts/cpansmoke/perl-5.16.0/cpan/build/Acme-Perl-VM-0.006-ClNZQL/blib/lib/Acme/Perl/VM.pm line 150
	Acme::Perl::VM::runops_standard() called at /home/sts/cpansmoke/perl-5.16.0/cpan/build/Acme-Perl-VM-0.006-ClNZQL/blib/lib/Acme/Perl/VM.pm line 1009
	Acme::Perl::VM::call_sv('B::CV=SCALAR(0x9fc6e570)', 2) called at /home/sts/cpansmoke/perl-5.16.0/cpan/build/Acme-Perl-VM-0.006-ClNZQL/blib/lib/Acme/Perl/VM.pm line 1042
	Acme::Perl::VM::run_block('CODE(0xa4bc5cd0)') called at t/08_array.t line 37
# Looks like you planned 24 tests but ran 5.
# Looks like your test exited with 255 just after 5.
t/08_array.t ...... 
Dubious, test returned 255 (wstat 65280, 0xff00)
Failed 19/24 subtests 
defined(@array) is deprecated at /home/sts/cpansmoke/perl-5.16.0/cpan/build/Acme-Perl-VM-0.006-ClNZQL/blib/lib/Acme/Perl/VM/PP.pm line 1127.
	(Maybe you should just omit the defined()?)
defined(%hash) is deprecated at /home/sts/cpansmoke/perl-5.16.0/cpan/build/Acme-Perl-VM-0.006-ClNZQL/blib/lib/Acme/Perl/VM/PP.pm line 1130.
	(Maybe you should just omit the defined()?)
t/09_hash.t ....... ok
defined(@array) is deprecated at /home/sts/cpansmoke/perl-5.16.0/cpan/build/Acme-Perl-VM-0.006-ClNZQL/blib/lib/Acme/Perl/VM/PP.pm line 1127.
	(Maybe you should just omit the defined()?)
defined(%hash) is deprecated at /home/sts/cpansmoke/perl-5.16.0/cpan/build/Acme-Perl-VM-0.006-ClNZQL/blib/lib/Acme/Perl/VM/PP.pm line 1130.
	(Maybe you should just omit the defined()?)
t/10_rv2xv.t ...... ok
defined(@array) is deprecated at /home/sts/cpansmoke/perl-5.16.0/cpan/build/Acme-Perl-VM-0.006-ClNZQL/blib/lib/Acme/Perl/VM/PP.pm line 1127.
	(Maybe you should just omit the defined()?)
defined(%hash) is deprecated at /home/sts/cpansmoke/perl-5.16.0/cpan/build/Acme-Perl-VM-0.006-ClNZQL/blib/lib/Acme/Perl/VM/PP.pm line 1130.
	(Maybe you should just omit the defined()?)
t/11_readline.t ... ok
defined(@array) is deprecated at /home/sts/cpansmoke/perl-5.16.0/cpan/build/Acme-Perl-VM-0.006-ClNZQL/blib/lib/Acme/Perl/VM/PP.pm line 1127.
	(Maybe you should just omit the defined()?)
defined(%hash) is deprecated at /home/sts/cpansmoke/perl-5.16.0/cpan/build/Acme-Perl-VM-0.006-ClNZQL/blib/lib/Acme/Perl/VM/PP.pm line 1130.
	(Maybe you should just omit the defined()?)
t/12_anon.t ....... ok
defined(@array) is deprecated at /home/sts/cpansmoke/perl-5.16.0/cpan/build/Acme-Perl-VM-0.006-ClNZQL/blib/lib/Acme/Perl/VM/PP.pm line 1127.
	(Maybe you should just omit the defined()?)
defined(%hash) is deprecated at /home/sts/cpansmoke/perl-5.16.0/cpan/build/Acme-Perl-VM-0.006-ClNZQL/blib/lib/Acme/Perl/VM/PP.pm line 1130.
	(Maybe you should just omit the defined()?)
t/13_foreach.t .... ok
defined(@array) is deprecated at /home/sts/cpansmoke/perl-5.16.0/cpan/build/Acme-Perl-VM-0.006-ClNZQL/blib/lib/Acme/Perl/VM/PP.pm line 1127.
	(Maybe you should just omit the defined()?)
defined(%hash) is deprecated at /home/sts/cpansmoke/perl-5.16.0/cpan/build/Acme-Perl-VM-0.006-ClNZQL/blib/lib/Acme/Perl/VM/PP.pm line 1130.
	(Maybe you should just omit the defined()?)
t/14_assign2.t .... ok
defined(@array) is deprecated at /home/sts/cpansmoke/perl-5.16.0/cpan/build/Acme-Perl-VM-0.006-ClNZQL/blib/lib/Acme/Perl/VM/PP.pm line 1127.
	(Maybe you should just omit the defined()?)
defined(%hash) is deprecated at /home/sts/cpansmoke/perl-5.16.0/cpan/build/Acme-Perl-VM-0.006-ClNZQL/blib/lib/Acme/Perl/VM/PP.pm line 1130.
	(Maybe you should just omit the defined()?)
t/15_range.t ...... ok
defined(@array) is deprecated at /home/sts/cpansmoke/perl-5.16.0/cpan/build/Acme-Perl-VM-0.006-ClNZQL/blib/lib/Acme/Perl/VM/PP.pm line 1127.
	(Maybe you should just omit the defined()?)
defined(%hash) is deprecated at /home/sts/cpansmoke/perl-5.16.0/cpan/build/Acme-Perl-VM-0.006-ClNZQL/blib/lib/Acme/Perl/VM/PP.pm line 1130.
	(Maybe you should just omit the defined()?)
t/16_wantarray.t .. ok
defined(@array) is deprecated at /home/sts/cpansmoke/perl-5.16.0/cpan/build/Acme-Perl-VM-0.006-ClNZQL/blib/lib/Acme/Perl/VM/PP.pm line 1127.
	(Maybe you should just omit the defined()?)
defined(%hash) is deprecated at /home/sts/cpansmoke/perl-5.16.0/cpan/build/Acme-Perl-VM-0.006-ClNZQL/blib/lib/Acme/Perl/VM/PP.pm line 1130.
	(Maybe you should just omit the defined()?)
t/17_pushpop.t .... ok
defined(@array) is deprecated at /home/sts/cpansmoke/perl-5.16.0/cpan/build/Acme-Perl-VM-0.006-ClNZQL/blib/lib/Acme/Perl/VM/PP.pm line 1127.
	(Maybe you should just omit the defined()?)
defined(%hash) is deprecated at /home/sts/cpansmoke/perl-5.16.0/cpan/build/Acme-Perl-VM-0.006-ClNZQL/blib/lib/Acme/Perl/VM/PP.pm line 1130.
	(Maybe you should just omit the defined()?)
Can't call method "object_2svref" on an undefined value at /home/sts/cpansmoke/perl-5.16.0/cpan/build/Acme-Perl-VM-0.006-ClNZQL/blib/lib/Acme/Perl/VM/PP.pm line 1411.
# Looks like your test exited with 255 before it could output anything.
t/18_extern.t ..... 
Dubious, test returned 255 (wstat 65280, 0xff00)
Failed 10/10 subtests 
defined(@array) is deprecated at /home/sts/cpansmoke/perl-5.16.0/cpan/build/Acme-Perl-VM-0.006-ClNZQL/blib/lib/Acme/Perl/VM/PP.pm line 1127.
	(Maybe you should just omit the defined()?)
defined(%hash) is deprecated at /home/sts/cpansmoke/perl-5.16.0/cpan/build/Acme-Perl-VM-0.006-ClNZQL/blib/lib/Acme/Perl/VM/PP.pm line 1130.
	(Maybe you should just omit the defined()?)
Can't call method "object_2svref" on an undefined value at /home/sts/cpansmoke/perl-5.16.0/cpan/build/Acme-Perl-VM-0.006-ClNZQL/blib/lib/Acme/Perl/VM/PP.pm line 1411.
# Looks like your test exited with 255 before it could output anything.
t/19_bless.t ...... 
Dubious, test returned 255 (wstat 65280, 0xff00)
Failed 15/15 subtests 
defined(@array) is deprecated at /home/sts/cpansmoke/perl-5.16.0/cpan/build/Acme-Perl-VM-0.006-ClNZQL/blib/lib/Acme/Perl/VM/PP.pm line 1127.
	(Maybe you should just omit the defined()?)
defined(%hash) is deprecated at /home/sts/cpansmoke/perl-5.16.0/cpan/build/Acme-Perl-VM-0.006-ClNZQL/blib/lib/Acme/Perl/VM/PP.pm line 1130.
	(Maybe you should just omit the defined()?)
Can't call method "object_2svref" on an undefined value at /home/sts/cpansmoke/perl-5.16.0/cpan/build/Acme-Perl-VM-0.006-ClNZQL/blib/lib/Acme/Perl/VM/PP.pm line 1411.
# Looks like your test exited with 255 before it could output anything.
t/20_join.t ....... 
Dubious, test returned 255 (wstat 65280, 0xff00)
Failed 10/10 subtests 
defined(@array) is deprecated at /home/sts/cpansmoke/perl-5.16.0/cpan/build/Acme-Perl-VM-0.006-ClNZQL/blib/lib/Acme/Perl/VM/PP.pm line 1127.
	(Maybe you should just omit the defined()?)
defined(%hash) is deprecated at /home/sts/cpansmoke/perl-5.16.0/cpan/build/Acme-Perl-VM-0.006-ClNZQL/blib/lib/Acme/Perl/VM/PP.pm line 1130.
	(Maybe you should just omit the defined()?)
Can't call method "object_2svref" on an undefined value at /home/sts/cpansmoke/perl-5.16.0/cpan/build/Acme-Perl-VM-0.006-ClNZQL/blib/lib/Acme/Perl/VM/PP.pm line 1411.
# Looks like your test exited with 255 before it could output anything.
t/21_assign3.t .... 
Dubious, test returned 255 (wstat 65280, 0xff00)
Failed 10/10 subtests 

Test Summary Report
-------------------
t/07_loop.t     (Wstat: 65280 Tests: 0 Failed: 0)
  Non-zero exit status: 255
  Parse errors: Bad plan.  You planned 16 tests but ran 0.
t/08_array.t    (Wstat: 65280 Tests: 5 Failed: 0)
  Non-zero exit status: 255
  Parse errors: Bad plan.  You planned 24 tests but ran 5.
t/18_extern.t   (Wstat: 65280 Tests: 0 Failed: 0)
  Non-zero exit status: 255
  Parse errors: Bad plan.  You planned 10 tests but ran 0.
t/19_bless.t    (Wstat: 65280 Tests: 0 Failed: 0)
  Non-zero exit status: 255
  Parse errors: Bad plan.  You planned 15 tests but ran 0.
t/20_join.t     (Wstat: 65280 Tests: 0 Failed: 0)
  Non-zero exit status: 255
  Parse errors: Bad plan.  You planned 10 tests but ran 0.
t/21_assign3.t  (Wstat: 65280 Tests: 0 Failed: 0)
  Non-zero exit status: 255
  Parse errors: Bad plan.  You planned 10 tests but ran 0.
Files=22, Tests=242,  5 wallclock secs ( 0.16 usr  0.07 sys +  4.42 cusr  0.38 csys =  5.03 CPU)
Result: FAIL
Failed 6/22 test programs. 0/242 subtests failed.
*** Error code 255

Stop in /home/sts/cpansmoke/perl-5.16.0/cpan/build/Acme-Perl-VM-0.006-ClNZQL (line 803 of Makefile).

------------------------------
PREREQUISITES
------------------------------

Prerequisite modules loaded:

requires:

    Module              Need Have   
    ------------------- ---- -------
    B                   0    1.34   
    Exporter            5.57 5.66   
    ExtUtils::MakeMaker 6.42 6.63_02
    Mouse               0.21 0.99   
    Test::More          0.62 0.98   

build_requires:

    Module              Need Have   
    ------------------- ---- -------
    ExtUtils::MakeMaker 0    6.63_02

configure_requires:

    Module              Need Have   
    ------------------- ---- -------
    ExtUtils::MakeMaker 6.42 6.63_02


------------------------------
ENVIRONMENT AND OTHER CONTEXT
------------------------------

Environment variables:

    AUTOMATED_TESTING = 1
    LC_CTYPE = en_US.UTF-8
    PATH = /home/sts/bin:/home/sts/.etc/bin:/usr/local/bin:/usr/mpkg/bin:/usr/bin:/bin:/usr/X11R6/bin:/usr/sbin:/sbin:/usr/mpkg/sbin:/usr/games
    PERL5LIB = /home/sts/cpansmoke/perl-5.16.0/cpan/build/Mouse-0.99-2rz9uo/blib/arch:/home/sts/cpansmoke/perl-5.16.0/cpan/build/Mouse-0.99-2rz9uo/blib/lib
    PERL5OPT = 
    PERL5_CPANPLUS_IS_RUNNING = 7418
    PERL5_CPAN_IS_RUNNING = 7418
    PERL5_CPAN_IS_RUNNING_IN_RECURSION = 3583,7418
    PERL_CR_SMOKER_CURRENT = Acme-Perl-VM-0.006
    PERL_EXTUTILS_AUTOINSTALL = --defaultdeps
    PERL_MM_USE_DEFAULT = 1
    SHELL = /bin/mksh
    TERM = screen
    TMPDIR = /home/sts/cpansmoke/tmp

Perl special variables (and OS-specific diagnostics, for MSWin32):

    $^X = /home/sts/cpansmoke/perl-5.16.0/bin/perl
    $UID/$EUID = 3000 / 3000
    $GID = 3000 3000 0 9 20
    $EGID = 3000 3000 0 9 20

Perl module toolchain versions installed:

    Module              Have    
    ------------------- --------
    CPAN                1.9800  
    CPAN::Meta          2.120630
    Cwd                 3.39_02 
    ExtUtils::CBuilder  0.280206
    ExtUtils::Command   1.17    
    ExtUtils::Install   1.58    
    ExtUtils::MakeMaker 6.63_02 
    ExtUtils::Manifest  1.61    
    ExtUtils::ParseXS   3.16    
    File::Spec          3.39_02 
    JSON                n/a     
    JSON::PP            2.27200 
    Module::Build       0.39_01 
    Module::Signature   n/a     
    Parse::CPAN::Meta   1.4402  
    Test::Harness       3.23    
    Test::More          0.98    
    YAML                n/a     
    YAML::Syck          n/a     
    version             0.99    


--

Summary of my perl5 (revision 5 version 16 subversion 0) configuration:
   
  Platform:
    osname=mirbsd, osvers=10, archname=MirBSD.i386-mirbsd-thread-multi
    uname='mirbsd cpansmoke8 10 kv#10uaf-20110818 generic#1330 i386 '
    config_args='-des -Dusethreads -Dprefix=/home/sts/cpansmoke/perl-5.16.0'
    hint=recommended, useposix=true, d_sigaction=define
    useithreads=define, usemultiplicity=define
    useperlio=define, d_sfio=undef, uselargefiles=define, usesocks=undef
    use64bitint=undef, use64bitall=undef, uselongdouble=undef
    usemymalloc=n, bincompat5005=undef
  Compiler:
    cc='mgcc', ccflags ='-pthread -fhonour-copts -I/usr/mpkg/include -I/usr/local/include',
    optimize='-O2',
    cppflags='-fhonour-copts -I/usr/mpkg/include -pthread -fhonour-copts -I/usr/mpkg/include -I/usr/local/include'
    ccversion='', gccversion='3.4.6 (propolice; gpc; MirOS 0AAB)', gccosandvers='mirbsd10'
    intsize=4, longsize=4, ptrsize=4, doublesize=8, byteorder=1234
    d_longlong=define, longlongsize=8, d_longdbl=define, longdblsize=12
    ivtype='long', ivsize=4, nvtype='double', nvsize=8, Off_t='off_t', lseeksize=8
    alignbytes=4, prototype=define
  Linker and Libraries:
    ld='mgcc', ldflags ='-pthread -Wl,-E  -L/usr/mpkg/lib -L/usr/local/lib'
    libpth=/usr/mpkg/lib /usr/local/lib /usr/lib
    libs=-lm -lutil -lc
    perllibs=-lm -lutil -lc
    libc=/usr/lib/libc.so.41.9, so=so, useshrplib=false, libperl=libperl.a
    gnulibc_version=''
  Dynamic Linking:
    dlsrc=dl_dlopen.xs, dlext=so, d_dlsymun=undef, ccdlflags=' '
    cccdlflags='-DPIC -fPIC ', lddlflags='-shared -fPIC  -L/usr/mpkg/lib -L/usr/local/lib'


Characteristics of this binary (from libperl): 
  Compile-time options: HAS_TIMES MULTIPLICITY PERLIO_LAYERS
                        PERL_DONT_CREATE_GVSV PERL_IMPLICIT_CONTEXT
                        PERL_MALLOC_WRAP PERL_PRESERVE_IVUV USE_ITHREADS
                        USE_LARGE_FILES USE_LOCALE USE_LOCALE_COLLATE
                        USE_LOCALE_CTYPE USE_LOCALE_NUMERIC USE_PERLIO
                        USE_PERL_ATOF USE_REENTRANT_API
  Built under mirbsd
  Compiled at May 25 2012 00:15:23
  %ENV:
    PERL5LIB="/home/sts/cpansmoke/perl-5.16.0/cpan/build/Mouse-0.99-2rz9uo/blib/arch:/home/sts/cpansmoke/perl-5.16.0/cpan/build/Mouse-0.99-2rz9uo/blib/lib"
    PERL5OPT=""
    PERL5_CPANPLUS_IS_RUNNING="7418"
    PERL5_CPAN_IS_RUNNING="7418"
    PERL5_CPAN_IS_RUNNING_IN_RECURSION="3583,7418"
    PERL_CR_SMOKER_CURRENT="Acme-Perl-VM-0.006"
    PERL_EXTUTILS_AUTOINSTALL="--defaultdeps"
    PERL_MM_USE_DEFAULT="1"
  @INC:
    /home/sts/cpansmoke/perl-5.16.0/cpan/build/Mouse-0.99-2rz9uo/blib/arch
    /home/sts/cpansmoke/perl-5.16.0/cpan/build/Mouse-0.99-2rz9uo/blib/lib
    /home/sts/cpansmoke/perl-5.16.0/lib/site_perl/5.16.0/MirBSD.i386-mirbsd-thread-multi
    /home/sts/cpansmoke/perl-5.16.0/lib/site_perl/5.16.0
    /home/sts/cpansmoke/perl-5.16.0/lib/5.16.0/MirBSD.i386-mirbsd-thread-multi
    /home/sts/cpansmoke/perl-5.16.0/lib/5.16.0
    .