Back
From: metabase:user:9820532a-708b-1014-9a05-b18a96298da1
Subject: FAIL Pod-POM-View-HTML-Filter-0.09 v5.12.2 GNU/Linux
Date: 2010-09-16T10:53:23Z
This distribution has been tested as part of the CPAN Testers
project, supporting the Perl programming language. See
http://wiki.cpantesters.org/ for more information or email
questions to cpan-testers-discuss@perl.org
--
Dear Philippe Bruhat (BooK),
This is a computer-generated report for Pod-POM-View-HTML-Filter-0.09
on perl 5.12.2, created by CPAN-Reporter-1.18.
Thank you for uploading your work to CPAN. However, there was a problem
testing your distribution.
If you think this report is invalid, please consult the CPAN Testers Wiki
for suggestions on how to avoid getting FAIL reports for missing library
or binary dependencies, unsupported operating systems, and so on:
http://wiki.cpantesters.org/wiki/CPANAuthorNotes
Sections of this report:
* Tester comments
* Program output
* Prerequisites
* Environment and other context
------------------------------
TESTER COMMENTS
------------------------------
Additional comments from tester:
this report is from an automated smoke testing program
and was not reviewed by a human for accuracy
------------------------------
PROGRAM OUTPUT
------------------------------
Output from './Build test':
# Testing Pod::POM::View::HTML::Filter 0.09
t/00load.t ........ ok
# Printing versions of relevant modules
# PPI not installed
# Syntax::Highlight::Engine::Kate not installed
# Text::WikiFormat not installed
# PPI::HTML not installed
# Syntax::Highlight::Shell not installed
# Perl::Tidy not installed
# Syntax::Highlight::HTML not installed
# Text::MediawikiFormat not installed
t/00versions.t .... ok
t/09utility.t ..... ok
t/10interface.t ... ok
# Failed test 'Correct output'
# at t/11filters.t line 97.
# got: '<html>
# <body bgcolor="#ffffff">
# bar bar bar
# baz
# </body>
# </html>
# '
# expected: '<html><body bgcolor="#ffffff">
# bar bar bar
# baz
# </body></html>
# '
# Failed test 'Correct output'
# at t/11filters.t line 97.
# got: '<html>
# <body bgcolor="#ffffff">
# <pre> bar bar baz</pre>
# </body>
# </html>
# '
# expected: '<html><body bgcolor="#ffffff">
# <pre> bar bar baz</pre>
# </body></html>
# '
# Failed test 'Correct output'
# at t/11filters.t line 97.
# got: '<html>
# <body bgcolor="#ffffff">
# bar bar bar
# <p>para</p>
# </body>
# </html>
# '
# expected: '<html><body bgcolor="#ffffff">
# bar bar bar
# <p>para</p>
# </body></html>
# '
# Failed test 'Correct output'
# at t/11filters.t line 97.
# got: '<html>
# <body bgcolor="#ffffff">
# <p>para</p>
# bar bar bar
# bar bar bar
# <p>para</p>
# </body>
# </html>
# '
# expected: '<html><body bgcolor="#ffffff">
# <p>para</p>
# bar bar bar
# bar bar bar
# <p>para</p>
# </body></html>
# '
# Failed test 'Correct output'
# at t/11filters.t line 97.
# got: '<html>
# <body bgcolor="#ffffff">
# [The options are:]<a b c>
# </body>
# </html>
# '
# expected: '<html><body bgcolor="#ffffff">
# [The options are:]<a b c>
# </body></html>
# '
# Failed test 'Correct output'
# at t/11filters.t line 97.
# got: '<html>
# <body bgcolor="#ffffff">
# <pre> verbatim block
#
# verbatim textblock</pre>
# </body>
# </html>
# '
# expected: '<html><body bgcolor="#ffffff">
# <pre> verbatim block
#
# verbatim textblock</pre>
# </body></html>
# '
# Failed test 'Correct output the first time'
# at t/11filters.t line 114.
# got: '<html>
# <body bgcolor="#ffffff">
# <pre> bar bar baz</pre>
# </body>
# </html>
# '
# expected: '<html><body bgcolor="#ffffff">
# <pre> bar bar baz</pre>
# </body></html>
# '
# Failed test 'Correct output the second time around'
# at t/11filters.t line 115.
# got: '<html>
# <body bgcolor="#ffffff">
# <pre> bar bar baz</pre>
# </body>
# </html>
# '
# expected: '<html><body bgcolor="#ffffff">
# <pre> bar bar baz</pre>
# </body></html>
# '
# Looks like you failed 8 tests of 8.
t/11filters.t .....
Dubious, test returned 8 (wstat 2048, 0x800)
Failed 8/8 subtests
# Failed test 'Default is simply naught (<pre>)'
# at t/12default.t line 28.
# got: '<html>
# <body bgcolor="#ffffff">
# <h1>Foo</h1>
#
# <p>The foo filter at work:</p>
# <pre> $A++;</pre>
# </body>
# </html>
# '
# expected: '<html><body bgcolor="#ffffff">
# <h1>Foo</h1>
#
# <p>The foo filter at work:</p>
# <pre> $A++;</pre>
# </body></html>
# '
# Failed test 'Default is simply naught (<pre>)'
# at t/12default.t line 49.
# got: '<html>
# <body bgcolor="#ffffff">
# <h1>Foo</h1>
#
# <p>The foo filter at work:</p>
# <pre>$A++;</pre>
# </body>
# </html>
# '
# expected: '<html><body bgcolor="#ffffff">
# <h1>Foo</h1>
#
# <p>The foo filter at work:</p>
# <pre>$A++;</pre>
# </body></html>
# '
# Failed test 'Correct output'
# at t/12default.t line 74.
# got: '<html>
# <body bgcolor="#ffffff">
# bar bar bar
# baz
# </body>
# </html>
# '
# expected: '<html><body bgcolor="#ffffff">
# bar bar bar
# baz
# </body></html>
# '
# Failed test 'Correct output'
# at t/12default.t line 94.
# got: '<html>
# <body bgcolor="#ffffff">
# <pre>bar foo bar
# baz</pre>
# </body>
# </html>
# '
# expected: '<html><body bgcolor="#ffffff">
# <pre>bar foo bar
# baz</pre>
# </body></html>
# '
# Looks like you failed 4 tests of 6.
t/12default.t .....
Dubious, test returned 4 (wstat 1024, 0x400)
Failed 4/6 subtests
# Failed test 'Correct output'
# at t/13stack.t line 45.
# got: '<html>
# <body bgcolor="#ffffff">
# <pre>ba! bar ba!</pre>
# </body>
# </html>
# '
# expected: '<html><body bgcolor="#ffffff">
# <pre>ba! bar ba!</pre>
# </body></html>
# '
# Failed test 'Correct output'
# at t/13stack.t line 45.
# got: '<html>
# <body bgcolor="#ffffff">
# <pre>ba! ba! ba!</pre>
# </body>
# </html>
# '
# expected: '<html><body bgcolor="#ffffff">
# <pre>ba! ba! ba!</pre>
# </body></html>
# '
# Failed test 'Correct output the first time'
# at t/13stack.t line 62.
# got: '<html>
# <body bgcolor="#ffffff">
# <pre> ba! ba! baz</pre>
# </body>
# </html>
# '
# expected: '<html><body bgcolor="#ffffff">
# <pre> ba! ba! baz</pre>
# </body></html>
# '
# Failed test 'Correct output the second time around'
# at t/13stack.t line 63.
# got: '<html>
# <body bgcolor="#ffffff">
# <pre> ba! ba! baz</pre>
# </body>
# </html>
# '
# expected: '<html><body bgcolor="#ffffff">
# <pre> ba! ba! baz</pre>
# </body></html>
# '
# Looks like you failed 4 tests of 4.
t/13stack.t .......
Dubious, test returned 4 (wstat 1024, 0x400)
Failed 4/4 subtests
# Failed test 'Options: '
# at t/14indent.t line 57.
# got: '<html>
# <body bgcolor="#ffffff">
# <pre> 1: CHOMP_CHOMP
# 2: SKWAPPO
# 3: PATWEEEE
# 4:
# 5: PLORTCH
# 6: WAP_WAP_WAP_WAP</pre>
# </body>
# </html>
# '
# expected: '<html><body bgcolor="#ffffff">
# <pre> 1: CHOMP_CHOMP
# 2: SKWAPPO
# 3: PATWEEEE
# 4:
# 5: PLORTCH
# 6: WAP_WAP_WAP_WAP</pre>
# </body></html>
# '
# Failed test 'Options: auto_unindent 0'
# at t/14indent.t line 57.
# got: '<html>
# <body bgcolor="#ffffff">
# <pre>1: CHOMP_CHOMP
# 2: SKWAPPO
# 3: PATWEEEE
# 4:
# 5: PLORTCH
# 6: WAP_WAP_WAP_WAP</pre>
# </body>
# </html>
# '
# expected: '<html><body bgcolor="#ffffff">
# <pre>1: CHOMP_CHOMP
# 2: SKWAPPO
# 3: PATWEEEE
# 4:
# 5: PLORTCH
# 6: WAP_WAP_WAP_WAP</pre>
# </body></html>
# '
# Looks like you failed 2 tests of 2.
t/14indent.t ......
Dubious, test returned 2 (wstat 512, 0x200)
Failed 2/2 subtests
# Failed test 't/pod/basic.src <>'
# at t/20builtins.t line 15.
# got: "<html>\x{0a}<body bgcolor="#ffffff">\x{0a}<h1>accusantium si"...
# length: 669
# expected: "<html><body bgcolor="#ffffff">\x{0a}<h1>accusantium sit"...
# length: 674
# strings begin to differ at char 7
# Failed test 't/pod/html_begin1.src <-html>'
# at t/20builtins.t line 15.
# got: "<html>\x{0a}<body bgcolor="#ffffff">\x{0a}<pre><b>esca"...
# length: 100
# expected: "<html><body bgcolor="#ffffff">\x{0a}<pre><b>escap"...
# length: 98
# strings begin to differ at char 7
# Failed test 't/pod/html_begin2.src <-html>'
# at t/20builtins.t line 15.
# got: "<html>\x{0a}<body bgcolor="#ffffff">\x{0a}<pre> <!-- n"...
# length: 148
# expected: "<html><body bgcolor="#ffffff">\x{0a}<pre> <!-- no"...
# length: 146
# strings begin to differ at char 7
# Failed test 't/pod/html_begin3.src <-html>'
# at t/20builtins.t line 15.
# got: "<html>\x{0a}<body bgcolor="#ffffff">\x{0a}<pre> <!-- a"...
# length: 205
# expected: "<html><body bgcolor="#ffffff">\x{0a}<pre> <!-- a "...
# length: 203
# strings begin to differ at char 7
# Failed test 't/pod/html_begin4.src <-html>'
# at t/20builtins.t line 15.
# got: "<html>\x{0a}<body bgcolor="#ffffff">\x{0a}<pre> <!-- a"...
# length: 201
# expected: "<html><body bgcolor="#ffffff">\x{0a}<pre> <!-- a "...
# length: 199
# strings begin to differ at char 7
# Failed test 't/pod/html_for.src <-html>'
# at t/20builtins.t line 15.
# got: "<html>\x{0a}<body bgcolor="#ffffff">\x{0a}<pre><b>bold"...
# length: 84
# expected: "<html><body bgcolor="#ffffff">\x{0a}<pre><b>bold&"...
# length: 82
# strings begin to differ at char 7
# Failed test 't/pod/html_list.src <-html>'
# at t/20builtins.t line 15.
# got: "<html>\x{0a}<body bgcolor="#ffffff">\x{0a}<pre> <p>"...
# length: 217
# expected: "<html><body bgcolor="#ffffff">\x{0a}<pre> <p>T"...
# length: 215
# strings begin to differ at char 7
# Failed test 't/pod/html_nnn.src <-html>'
# at t/20builtins.t line 15.
# got: "<html>\x{0a}<body bgcolor="#ffffff">\x{0a}<pre><p>line"...
# length: 146
# expected: "<html><body bgcolor="#ffffff">\x{0a}<pre><p>line "...
# length: 144
# strings begin to differ at char 7
# Failed test 't/pod/kate_diff.src <-kate>'
# at t/20builtins.t line 15.
# got: "<html>\x{0a}<body bgcolor="#ffffff">\x{0a}<pre> Index: li"...
# length: 442
# expected: "<html><body bgcolor="#ffffff">\x{0a}<pre> Index: lib"...
# length: 440
# strings begin to differ at char 7
# Failed test 't/pod/kate_fortran.src <-kate>'
# at t/20builtins.t line 15.
# got: "<html>\x{0a}<body bgcolor="#ffffff">\x{0a}<pre> ! Exemple"...
# length: 315
# expected: "<html><body bgcolor="#ffffff">\x{0a}<pre> ! Exemple "...
# length: 313
# strings begin to differ at char 7
# Failed test 't/pod/kate_fortran_for.src <-kate>'
# at t/20builtins.t line 15.
# got: "<html>\x{0a}<body bgcolor="#ffffff">\x{0a}<pre>10 PRINT *, '"...
# length: 88
# expected: "<html><body bgcolor="#ffffff">\x{0a}<pre>10 PRINT *, 'H"...
# length: 86
# strings begin to differ at char 7
# Failed test 't/pod/kate_ldif.src <-kate>'
# at t/20builtins.t line 15.
# got: "<html>\x{0a}<body bgcolor="#ffffff">\x{0a}<pre> # debut\x{0a} d"...
# length: 242
# expected: "<html><body bgcolor="#ffffff">\x{0a}<pre> # debut\x{0a} dn"...
# length: 240
# strings begin to differ at char 7
# Failed test 't/pod/perl_begin1.src <-perl>'
# at t/20builtins.t line 15.
# got: "<html>\x{0a}<body bgcolor="#ffffff">\x{0a}<pre># now in full"...
# length: 87
# expected: "<html><body bgcolor="#ffffff">\x{0a}<pre># now in full "...
# length: 85
# strings begin to differ at char 7
# Failed test 't/pod/perl_begin2.src <-perl>'
# at t/20builtins.t line 15.
# got: "<html>\x{0a}<body bgcolor="#ffffff">\x{0a}<pre> # now in "...
# length: 91
# expected: "<html><body bgcolor="#ffffff">\x{0a}<pre> # now in v"...
# length: 89
# strings begin to differ at char 7
# Failed test 't/pod/perl_begin3.src <-perl>'
# at t/20builtins.t line 15.
# got: "<html>\x{0a}<body bgcolor="#ffffff">\x{0a}<pre> # now in "...
# length: 91
# expected: "<html><body bgcolor="#ffffff">\x{0a}<pre> # now in v"...
# length: 89
# strings begin to differ at char 7
# Failed test 't/pod/perl_for.src <-perl>'
# at t/20builtins.t line 15.
# got: "<html>\x{0a}<body bgcolor="#ffffff">\x{0a}<p>foo</p>\x{0a}<pre>$A"...
# length: 104
# expected: "<html><body bgcolor="#ffffff">\x{0a}<p>foo</p>\x{0a}<pre>$A+"...
# length: 102
# strings begin to differ at char 7
# Failed test 't/pod/perl_html.src <-perl-html>'
# at t/20builtins.t line 15.
# got: "<html>\x{0a}<body bgcolor="#ffffff">\x{0a}<pre> "hot cros"...
# length: 408
# expected: "<html><body bgcolor="#ffffff">\x{0a}<pre> "hot cross"...
# length: 406
# strings begin to differ at char 7
# Failed test 't/pod/perl_long.src <-perl>'
# at t/20builtins.t line 15.
# got: "<html>\x{0a}<body bgcolor="#ffffff">\x{0a}<pre> # a longe"...
# length: 142
# expected: "<html><body bgcolor="#ffffff">\x{0a}<pre> # a longer"...
# length: 140
# strings begin to differ at char 7
# Failed test 't/pod/ppi_begin1.src <-ppi>'
# at t/20builtins.t line 15.
# got: "<html>\x{0a}<body bgcolor="#ffffff">\x{0a}<pre># now in full"...
# length: 87
# expected: "<html><body bgcolor="#ffffff">\x{0a}<pre># now in full "...
# length: 85
# strings begin to differ at char 7
# Failed test 't/pod/ppi_begin2.src <-ppi>'
# at t/20builtins.t line 15.
# got: "<html>\x{0a}<body bgcolor="#ffffff">\x{0a}<pre> # now in "...
# length: 91
# expected: "<html><body bgcolor="#ffffff">\x{0a}<pre> # now in v"...
# length: 89
# strings begin to differ at char 7
# Failed test 't/pod/ppi_begin3.src <-ppi>'
# at t/20builtins.t line 15.
# got: "<html>\x{0a}<body bgcolor="#ffffff">\x{0a}<pre> # now in "...
# length: 91
# expected: "<html><body bgcolor="#ffffff">\x{0a}<pre> # now in v"...
# length: 89
# strings begin to differ at char 7
# Failed test 't/pod/ppi_for.src <-ppi>'
# at t/20builtins.t line 15.
# got: "<html>\x{0a}<body bgcolor="#ffffff">\x{0a}<p>foo</p>\x{0a}<pre>$A"...
# length: 104
# expected: "<html><body bgcolor="#ffffff">\x{0a}<p>foo</p>\x{0a}<pre>$A+"...
# length: 102
# strings begin to differ at char 7
# Failed test 't/pod/ppi_html.src <-ppi-html>'
# at t/20builtins.t line 15.
# got: "<html>\x{0a}<body bgcolor="#ffffff">\x{0a}<pre> "hot cros"...
# length: 408
# expected: "<html><body bgcolor="#ffffff">\x{0a}<pre> "hot cross"...
# length: 406
# strings begin to differ at char 7
# Failed test 't/pod/ppi_long.src <-ppi>'
# at t/20builtins.t line 15.
# got: "<html>\x{0a}<body bgcolor="#ffffff">\x{0a}<pre> # a longe"...
# length: 142
# expected: "<html><body bgcolor="#ffffff">\x{0a}<pre> # a longer"...
# length: 140
# strings begin to differ at char 7
# Failed test 't/pod/shell_begin1.src <-shell>'
# at t/20builtins.t line 15.
# got: "<html>\x{0a}<body bgcolor="#ffffff">\x{0a}<pre> #!/bin/sh"...
# length: 114
# expected: "<html><body bgcolor="#ffffff">\x{0a}<pre> #!/bin/sh\x{0a}"...
# length: 112
# strings begin to differ at char 7
# Failed test 't/pod/shell_begin2.src <-shell>'
# at t/20builtins.t line 15.
# got: "<html>\x{0a}<body bgcolor="#ffffff">\x{0a}<pre> #!/bin/sh"...
# length: 114
# expected: "<html><body bgcolor="#ffffff">\x{0a}<pre> #!/bin/sh\x{0a}"...
# length: 112
# strings begin to differ at char 7
# Failed test 't/pod/shell_for.src <-shell>'
# at t/20builtins.t line 15.
# got: "<html>\x{0a}<body bgcolor="#ffffff">\x{0a}<pre>echo "foo"\x{0a}</"...
# length: 71
# expected: "<html><body bgcolor="#ffffff">\x{0a}<pre>echo "foo"\x{0a}</p"...
# length: 69
# strings begin to differ at char 7
# Failed test 't/pod/wiki_begin1.src <-wiki>'
# at t/20builtins.t line 15.
# got: "<html>\x{0a}<body bgcolor="#ffffff">\x{0a}<pre>= my interest"...
# length: 412
# expected: "<html><body bgcolor="#ffffff">\x{0a}<pre>= my interesti"...
# length: 410
# strings begin to differ at char 7
# Failed test 't/pod/wiki_begin2.src <-wiki>'
# at t/20builtins.t line 15.
# got: "<html>\x{0a}<body bgcolor="#ffffff">\x{0a}<pre>= my interest"...
# length: 412
# expected: "<html><body bgcolor="#ffffff">\x{0a}<pre>= my interesti"...
# length: 410
# strings begin to differ at char 7
# Failed test 't/pod/wiki_for.src <-wiki>'
# at t/20builtins.t line 15.
# got: "<html>\x{0a}<body bgcolor="#ffffff">\x{0a}<pre>A NormalLink\x{0a}"...
# length: 107
# expected: "<html><body bgcolor="#ffffff">\x{0a}<pre>A NormalLink\x{0a}["...
# length: 105
# strings begin to differ at char 7
# Failed test 't/pod/wikimedia_begin1.src <-wikimedia>'
# at t/20builtins.t line 15.
# got: "<html>\x{0a}<body bgcolor="#ffffff">\x{0a}<pre>= my interest"...
# length: 364
# expected: "<html><body bgcolor="#ffffff">\x{0a}<pre>= my interesti"...
# length: 362
# strings begin to differ at char 7
# Failed test 't/pod/wikimedia_begin2.src <-wikimedia>'
# at t/20builtins.t line 15.
# got: "<html>\x{0a}<body bgcolor="#ffffff">\x{0a}<pre>= my interest"...
# length: 338
# expected: "<html><body bgcolor="#ffffff">\x{0a}<pre>= my interesti"...
# length: 336
# strings begin to differ at char 7
# Failed test 't/pod/wikimedia_for.src <-wikimedia>'
# at t/20builtins.t line 15.
# got: "<html>\x{0a}<body bgcolor="#ffffff">\x{0a}<pre>A NormalLink\x{0a}"...
# length: 109
# expected: "<html><body bgcolor="#ffffff">\x{0a}<pre>A NormalLink\x{0a}["...
# length: 107
# strings begin to differ at char 7
# Looks like you failed 33 tests of 105.
t/20builtins.t ....
Dubious, test returned 33 (wstat 8448, 0x2100)
Failed 33/105 subtests
(less 72 skipped subtests: 0 okay)
t/30perltidy.t .... skipped: Don't know perl
t/distchk.t ....... skipped: Test::Distribution required for checking distribution
t/pod-coverage.t .. ok
t/pod.t ........... ok
t/portfs.t ........ skipped: Test::Portability::Files required for testing filenames portability
Test Summary Report
-------------------
t/11filters.t (Wstat: 2048 Tests: 8 Failed: 8)
Failed tests: 1-8
Non-zero exit status: 8
t/12default.t (Wstat: 1024 Tests: 6 Failed: 4)
Failed tests: 3-6
Non-zero exit status: 4
t/13stack.t (Wstat: 1024 Tests: 4 Failed: 4)
Failed tests: 1-4
Non-zero exit status: 4
t/14indent.t (Wstat: 512 Tests: 2 Failed: 2)
Failed tests: 1-2
Non-zero exit status: 2
t/20builtins.t (Wstat: 8448 Tests: 105 Failed: 33)
Failed tests: 1, 4, 7, 10, 13, 16, 19, 22, 25, 28, 31
34, 37, 40, 43, 46, 53, 56, 59, 62, 65
68, 75, 78, 81, 84, 87, 90, 93, 96, 99
102, 105
Non-zero exit status: 33
Files=14, Tests=156, 3 wallclock secs ( 0.04 usr 0.02 sys + 0.72 cusr 0.13 csys = 0.91 CPU)
Result: FAIL
Failed 5/14 test programs. 51/156 subtests failed.
------------------------------
PREREQUISITES
------------------------------
Prerequisite modules loaded:
requires:
Module Need Have
---------- ---- ----
Pod::POM 0.17 0.27
Test::More 0 0.94
------------------------------
ENVIRONMENT AND OTHER CONTEXT
------------------------------
Environment variables:
AUTOMATED_TESTING = 1
LANG = C
LC_ALL = C
PATH = /home/test/perl/bin:~/bin:/usr/bin:/bin
PERL5LIB = /home/test/.cpan/build/Pod-POM-0.27-WaTp9j/blib/arch:/home/test/.cpan/build/Pod-POM-0.27-WaTp9j/blib/lib
PERL5OPT =
PERL5_CPANPLUS_IS_RUNNING = 29765
PERL5_CPAN_IS_RUNNING = 29765
PERL5_CPAN_IS_RUNNING_IN_RECURSION = 4279,29765
PERL_CR_SMOKER_CURRENT = Pod-POM-View-HTML-Filter-0.09
PERL_EXTUTILS_AUTOINSTALL = --defaultdeps
PERL_MM_USE_DEFAULT = 1
SHELL = /bin/bash
TERM = linux
Perl special variables (and OS-specific diagnostics, for MSWin32):
$^X = /home/test/perl/bin/perl5.12.2
$UID/$EUID = 1001 / 1001
$GID = 1001 1001
$EGID = 1001 1001
Perl module toolchain versions installed:
Module Have
------------------- -------
CPAN 1.94_56
Cwd 3.31
ExtUtils::CBuilder 0.27
ExtUtils::Command 1.16
ExtUtils::Install 1.55
ExtUtils::MakeMaker 6.56
ExtUtils::Manifest 1.57
ExtUtils::ParseXS 2.21
File::Spec 3.31_01
Module::Build 0.3603
Module::Signature n/a
Test::Harness 3.17
Test::More 0.94
YAML 0.72
YAML::Syck 1.14
version 0.82
--
Summary of my perl5 (revision 5 version 12 subversion 2) configuration:
Platform:
osname=linux, osvers=2.6.26-2-amd64, archname=x86_64-linux-thread-multi-ld
uname='linux zippy 2.6.26-2-amd64 #1 smp tue jan 12 22:12:20 utc 2010 x86_64 gnulinux '
config_args='-des -Dusedevel -des -Duselongdouble -Duse64bitall -Dusethreads -Dprefix=~/perl'
hint=recommended, useposix=true, d_sigaction=define
useithreads=define, usemultiplicity=define
useperlio=define, d_sfio=undef, uselargefiles=define, usesocks=undef
use64bitint=define, use64bitall=define, uselongdouble=define
usemymalloc=n, bincompat5005=undef
Compiler:
cc='cc', ccflags ='-D_REENTRANT -D_GNU_SOURCE -fno-strict-aliasing -pipe -fstack-protector -I/usr/local/include -D_LARGEFILE_SOURCE -D_FILE_OFFSET_BITS=64',
optimize='-O2',
cppflags='-D_REENTRANT -D_GNU_SOURCE -fno-strict-aliasing -pipe -fstack-protector -I/usr/local/include'
ccversion='', gccversion='4.4.5 20100728 (prerelease)', gccosandvers=''
intsize=4, longsize=8, ptrsize=8, doublesize=8, byteorder=12345678
d_longlong=define, longlongsize=8, d_longdbl=define, longdblsize=16
ivtype='long', ivsize=8, nvtype='long double', nvsize=16, Off_t='off_t', lseeksize=8
alignbytes=16, prototype=define
Linker and Libraries:
ld='cc', ldflags =' -fstack-protector -L/usr/local/lib'
libpth=/usr/local/lib /lib /usr/lib /lib64 /usr/lib64
libs=-lnsl -ldb -ldl -lm -lcrypt -lutil -lpthread -lc
perllibs=-lnsl -ldl -lm -lcrypt -lutil -lpthread -lc
libc=/lib/libc-2.11.2.so, so=so, useshrplib=false, libperl=libperl.a
gnulibc_version='2.11.2'
Dynamic Linking:
dlsrc=dl_dlopen.xs, dlext=so, d_dlsymun=undef, ccdlflags='-Wl,-E'
cccdlflags='-fPIC', lddlflags='-shared -O2 -L/usr/local/lib -fstack-protector'
Characteristics of this binary (from libperl):
Compile-time options: MULTIPLICITY PERL_DONT_CREATE_GVSV
PERL_IMPLICIT_CONTEXT PERL_MALLOC_WRAP PERL_USE_DEVEL
USE_64_BIT_ALL USE_64_BIT_INT USE_ITHREADS
USE_LARGE_FILES USE_LONG_DOUBLE USE_PERLIO
USE_PERL_ATOF USE_REENTRANT_API
Built under linux
Compiled at Sep 7 2010 10:39:12
%ENV:
PERL5LIB="/home/test/.cpan/build/Pod-POM-0.27-WaTp9j/blib/arch:/home/test/.cpan/build/Pod-POM-0.27-WaTp9j/blib/lib"
PERL5OPT=""
PERL5_CPANPLUS_IS_RUNNING="29765"
PERL5_CPAN_IS_RUNNING="29765"
PERL5_CPAN_IS_RUNNING_IN_RECURSION="4279,29765"
PERL_CR_SMOKER_CURRENT="Pod-POM-View-HTML-Filter-0.09"
PERL_EXTUTILS_AUTOINSTALL="--defaultdeps"
PERL_MM_USE_DEFAULT="1"
@INC:
/home/test/.cpan/build/Pod-POM-0.27-WaTp9j/blib/arch
/home/test/.cpan/build/Pod-POM-0.27-WaTp9j/blib/lib
/home/test/perl/lib/site_perl/5.12.2/x86_64-linux-thread-multi-ld
/home/test/perl/lib/site_perl/5.12.2
/home/test/perl/lib/5.12.2/x86_64-linux-thread-multi-ld
/home/test/perl/lib/5.12.2
.