Back
From: metabase:user:30f0bd62-2aae-11df-837a-5e0a49663a4f
Subject: FAIL Robotics-0.23 v5.10.1 OpenBSD
Date: 2011-11-20T03:56:28Z
This distribution has been tested as part of the CPAN Testers
project, supporting the Perl programming language. See
http://wiki.cpantesters.org/ for more information or email
questions to cpan-testers-discuss@perl.org
--
Dear Jonathan Cline,
This is a computer-generated report for Robotics-0.23
on perl 5.10.1, created by CPAN-Reporter-1.2002.
Thank you for uploading your work to CPAN. However, there was a problem
testing your distribution.
If you think this report is invalid, please consult the CPAN Testers Wiki
for suggestions on how to avoid getting FAIL reports for missing library
or binary dependencies, unsupported operating systems, and so on:
http://wiki.cpantesters.org/wiki/CPANAuthorNotes
Sections of this report:
* Tester comments
* Program output
* Prerequisites
* Environment and other context
------------------------------
TESTER COMMENTS
------------------------------
Additional comments from tester:
this report is from an automated smoke testing program
and was not reviewed by a human for accuracy
------------------------------
PROGRAM OUTPUT
------------------------------
Output from '/usr/bin/make test':
PERL_DL_NONLAZY=1 /home/sts/cpansmoke/perl-5.10.1/bin/perl "-MExtUtils::Command::MM" "-e" "test_harness(0, 'blib/lib', 'blib/arch')" t/*.t
# Failed test 'use Robotics;'
# at t/00-load.t line 6.
# Tried to use 'Robotics'.
# Error: Can't locate Moose.pm in @INC (@INC contains: /home/sts/cpansmoke/perl-5.10.1/cpan/build/Robotics-0.23-1h8vl_/blib/lib /home/sts/cpansmoke/perl-5.10.1/cpan/build/Robotics-0.23-1h8vl_/blib/arch /home/sts/cpansmoke/perl-5.10.1/lib/5.10.1/OpenBSD.i386-openbsd-thread-multi /home/sts/cpansmoke/perl-5.10.1/lib/5.10.1 /home/sts/cpansmoke/perl-5.10.1/lib/site_perl/5.10.1/OpenBSD.i386-openbsd-thread-multi /home/sts/cpansmoke/perl-5.10.1/lib/site_perl/5.10.1) at /home/sts/cpansmoke/perl-5.10.1/cpan/build/Robotics-0.23-1h8vl_/blib/lib/Robotics.pm line 7.
# BEGIN failed--compilation aborted at /home/sts/cpansmoke/perl-5.10.1/cpan/build/Robotics-0.23-1h8vl_/blib/lib/Robotics.pm line 7.
# Compilation failed in require at (eval 4) line 2.
# BEGIN failed--compilation aborted at (eval 4) line 2.
# Failed test 'use Robotics::Tecan;'
# at t/00-load.t line 7.
# Tried to use 'Robotics::Tecan'.
# Error: Can't locate Moose.pm in @INC (@INC contains: /home/sts/cpansmoke/perl-5.10.1/cpan/build/Robotics-0.23-1h8vl_/blib/lib /home/sts/cpansmoke/perl-5.10.1/cpan/build/Robotics-0.23-1h8vl_/blib/arch /home/sts/cpansmoke/perl-5.10.1/lib/5.10.1/OpenBSD.i386-openbsd-thread-multi /home/sts/cpansmoke/perl-5.10.1/lib/5.10.1 /home/sts/cpansmoke/perl-5.10.1/lib/site_perl/5.10.1/OpenBSD.i386-openbsd-thread-multi /home/sts/cpansmoke/perl-5.10.1/lib/site_perl/5.10.1) at /home/sts/cpansmoke/perl-5.10.1/cpan/build/Robotics-0.23-1h8vl_/blib/lib/Robotics/Tecan.pm line 5.
# BEGIN failed--compilation aborted at /home/sts/cpansmoke/perl-5.10.1/cpan/build/Robotics-0.23-1h8vl_/blib/lib/Robotics/Tecan.pm line 5.
# Compilation failed in require at (eval 5) line 2.
# BEGIN failed--compilation aborted at (eval 5) line 2.
Use of uninitialized value $Robotics::VERSION in concatenation (.) or string at t/00-load.t line 10.
# Testing Robotics , Perl 5.010001, /home/sts/cpansmoke/perl-5.10.1/bin/perl
# Looks like you failed 2 tests of 2.
t/00-load.t .........................
Dubious, test returned 2 (wstat 512, 0x200)
Failed 2/2 subtests
# Looks like you planned 4 tests but ran 6.
t/boilerplate.t .....................
Dubious, test returned 255 (wstat 65280, 0xff00)
All 4 subtests passed
(6 TODO tests unexpectedly succeeded)
# Failed test 'use Robotics;'
# at t/client-2.t line 7.
# Tried to use 'Robotics'.
# Error: Can't locate Moose.pm in @INC (@INC contains: /home/sts/cpansmoke/perl-5.10.1/cpan/build/Robotics-0.23-1h8vl_/blib/lib /home/sts/cpansmoke/perl-5.10.1/cpan/build/Robotics-0.23-1h8vl_/blib/arch /home/sts/cpansmoke/perl-5.10.1/lib/5.10.1/OpenBSD.i386-openbsd-thread-multi /home/sts/cpansmoke/perl-5.10.1/lib/5.10.1 /home/sts/cpansmoke/perl-5.10.1/lib/site_perl/5.10.1/OpenBSD.i386-openbsd-thread-multi /home/sts/cpansmoke/perl-5.10.1/lib/site_perl/5.10.1) at /home/sts/cpansmoke/perl-5.10.1/cpan/build/Robotics-0.23-1h8vl_/blib/lib/Robotics.pm line 7.
# BEGIN failed--compilation aborted at /home/sts/cpansmoke/perl-5.10.1/cpan/build/Robotics-0.23-1h8vl_/blib/lib/Robotics.pm line 7.
# Compilation failed in require at (eval 4) line 2.
# BEGIN failed--compilation aborted at (eval 4) line 2.
Use of uninitialized value $Robotics::VERSION in concatenation (.) or string at t/client-2.t line 10.
# Testing Robotics , Perl 5.010001, /home/sts/cpansmoke/perl-5.10.1/bin/perl
# Looks like you planned 7 tests but ran 8.
# Looks like you failed 1 test of 8 run.
t/client-2.t ........................
Dubious, test returned 1 (wstat 256, 0x100)
Failed 1/7 subtests
(less 7 skipped subtests: -1 okay)
# Failed test 'use Robotics;'
# at t/client.t line 7.
# Tried to use 'Robotics'.
# Error: Can't locate Moose.pm in @INC (@INC contains: /home/sts/cpansmoke/perl-5.10.1/cpan/build/Robotics-0.23-1h8vl_/blib/lib /home/sts/cpansmoke/perl-5.10.1/cpan/build/Robotics-0.23-1h8vl_/blib/arch /home/sts/cpansmoke/perl-5.10.1/lib/5.10.1/OpenBSD.i386-openbsd-thread-multi /home/sts/cpansmoke/perl-5.10.1/lib/5.10.1 /home/sts/cpansmoke/perl-5.10.1/lib/site_perl/5.10.1/OpenBSD.i386-openbsd-thread-multi /home/sts/cpansmoke/perl-5.10.1/lib/site_perl/5.10.1) at /home/sts/cpansmoke/perl-5.10.1/cpan/build/Robotics-0.23-1h8vl_/blib/lib/Robotics.pm line 7.
# BEGIN failed--compilation aborted at /home/sts/cpansmoke/perl-5.10.1/cpan/build/Robotics-0.23-1h8vl_/blib/lib/Robotics.pm line 7.
# Compilation failed in require at (eval 4) line 2.
# BEGIN failed--compilation aborted at (eval 4) line 2.
# Failed test 'use Robotics::Tecan;'
# at t/client.t line 8.
# Tried to use 'Robotics::Tecan'.
# Error: Can't locate Moose.pm in @INC (@INC contains: /home/sts/cpansmoke/perl-5.10.1/cpan/build/Robotics-0.23-1h8vl_/blib/lib /home/sts/cpansmoke/perl-5.10.1/cpan/build/Robotics-0.23-1h8vl_/blib/arch /home/sts/cpansmoke/perl-5.10.1/lib/5.10.1/OpenBSD.i386-openbsd-thread-multi /home/sts/cpansmoke/perl-5.10.1/lib/5.10.1 /home/sts/cpansmoke/perl-5.10.1/lib/site_perl/5.10.1/OpenBSD.i386-openbsd-thread-multi /home/sts/cpansmoke/perl-5.10.1/lib/site_perl/5.10.1) at /home/sts/cpansmoke/perl-5.10.1/cpan/build/Robotics-0.23-1h8vl_/blib/lib/Robotics/Tecan.pm line 5.
# BEGIN failed--compilation aborted at /home/sts/cpansmoke/perl-5.10.1/cpan/build/Robotics-0.23-1h8vl_/blib/lib/Robotics/Tecan.pm line 5.
# Compilation failed in require at (eval 5) line 2.
# BEGIN failed--compilation aborted at (eval 5) line 2.
Use of uninitialized value $Robotics::VERSION in concatenation (.) or string at t/client.t line 11.
# Testing Robotics , Perl 5.010001, /home/sts/cpansmoke/perl-5.10.1/bin/perl
# Looks like you planned 13 tests but ran 15.
# Looks like you failed 2 tests of 15 run.
t/client.t ..........................
Dubious, test returned 2 (wstat 512, 0x200)
Failed 2/13 subtests
(less 13 skipped subtests: -2 okay)
t/named-pipe-cygwin-activeperl.t .... ok
t/named-pipe-cygwin-perl.t .......... ok
t/named-pipe-mscmd-activeperl.t ..... ok
t/named-pipe-win32io-cygwin-perl.t .. ok
t/pod-coverage.t .................... skipped: Test::Pod::Coverage 1.08 required for testing POD coverage
t/pod.t ............................. skipped: Test::Pod 1.22 required for testing POD
# Failed test 'use Robotics;'
# at t/server.t line 7.
# Tried to use 'Robotics'.
# Error: Can't locate Moose.pm in @INC (@INC contains: /home/sts/cpansmoke/perl-5.10.1/cpan/build/Robotics-0.23-1h8vl_/blib/lib /home/sts/cpansmoke/perl-5.10.1/cpan/build/Robotics-0.23-1h8vl_/blib/arch /home/sts/cpansmoke/perl-5.10.1/lib/5.10.1/OpenBSD.i386-openbsd-thread-multi /home/sts/cpansmoke/perl-5.10.1/lib/5.10.1 /home/sts/cpansmoke/perl-5.10.1/lib/site_perl/5.10.1/OpenBSD.i386-openbsd-thread-multi /home/sts/cpansmoke/perl-5.10.1/lib/site_perl/5.10.1) at /home/sts/cpansmoke/perl-5.10.1/cpan/build/Robotics-0.23-1h8vl_/blib/lib/Robotics.pm line 7.
# BEGIN failed--compilation aborted at /home/sts/cpansmoke/perl-5.10.1/cpan/build/Robotics-0.23-1h8vl_/blib/lib/Robotics.pm line 7.
# Compilation failed in require at (eval 4) line 2.
# BEGIN failed--compilation aborted at (eval 4) line 2.
Use of uninitialized value $Robotics::VERSION in concatenation (.) or string at t/server.t line 10.
# Testing Robotics , Perl 5.010001, /home/sts/cpansmoke/perl-5.10.1/bin/perl
# Looks like you failed 1 test of 8.
t/server.t ..........................
Dubious, test returned 1 (wstat 256, 0x100)
Failed 1/8 subtests
(less 7 skipped subtests: 0 okay)
# Failed test 'use Robotics;'
# at t/tecan-1.t line 6.
# Tried to use 'Robotics'.
# Error: Can't locate Moose.pm in @INC (@INC contains: /home/sts/cpansmoke/perl-5.10.1/cpan/build/Robotics-0.23-1h8vl_/blib/lib /home/sts/cpansmoke/perl-5.10.1/cpan/build/Robotics-0.23-1h8vl_/blib/arch /home/sts/cpansmoke/perl-5.10.1/lib/5.10.1/OpenBSD.i386-openbsd-thread-multi /home/sts/cpansmoke/perl-5.10.1/lib/5.10.1 /home/sts/cpansmoke/perl-5.10.1/lib/site_perl/5.10.1/OpenBSD.i386-openbsd-thread-multi /home/sts/cpansmoke/perl-5.10.1/lib/site_perl/5.10.1) at /home/sts/cpansmoke/perl-5.10.1/cpan/build/Robotics-0.23-1h8vl_/blib/lib/Robotics.pm line 7.
# BEGIN failed--compilation aborted at /home/sts/cpansmoke/perl-5.10.1/cpan/build/Robotics-0.23-1h8vl_/blib/lib/Robotics.pm line 7.
# Compilation failed in require at (eval 4) line 2.
# BEGIN failed--compilation aborted at (eval 4) line 2.
# Failed test 'use Robotics::Tecan;'
# at t/tecan-1.t line 7.
# Tried to use 'Robotics::Tecan'.
# Error: Can't locate Moose.pm in @INC (@INC contains: /home/sts/cpansmoke/perl-5.10.1/cpan/build/Robotics-0.23-1h8vl_/blib/lib /home/sts/cpansmoke/perl-5.10.1/cpan/build/Robotics-0.23-1h8vl_/blib/arch /home/sts/cpansmoke/perl-5.10.1/lib/5.10.1/OpenBSD.i386-openbsd-thread-multi /home/sts/cpansmoke/perl-5.10.1/lib/5.10.1 /home/sts/cpansmoke/perl-5.10.1/lib/site_perl/5.10.1/OpenBSD.i386-openbsd-thread-multi /home/sts/cpansmoke/perl-5.10.1/lib/site_perl/5.10.1) at /home/sts/cpansmoke/perl-5.10.1/cpan/build/Robotics-0.23-1h8vl_/blib/lib/Robotics/Tecan.pm line 5.
# BEGIN failed--compilation aborted at /home/sts/cpansmoke/perl-5.10.1/cpan/build/Robotics-0.23-1h8vl_/blib/lib/Robotics/Tecan.pm line 5.
# Compilation failed in require at (eval 5) line 2.
# BEGIN failed--compilation aborted at (eval 5) line 2.
Use of uninitialized value $Robotics::VERSION in concatenation (.) or string at t/tecan-1.t line 10.
# Testing Robotics , Perl 5.010001, /home/sts/cpansmoke/perl-5.10.1/bin/perl
# Looks like you failed 2 tests of 10.
t/tecan-1.t .........................
Dubious, test returned 2 (wstat 512, 0x200)
Failed 2/10 subtests
(less 8 skipped subtests: 0 okay)
# Failed test 'use Robotics;'
# at t/tecan-2.t line 6.
# Tried to use 'Robotics'.
# Error: Can't locate Moose.pm in @INC (@INC contains: /home/sts/cpansmoke/perl-5.10.1/cpan/build/Robotics-0.23-1h8vl_/blib/lib /home/sts/cpansmoke/perl-5.10.1/cpan/build/Robotics-0.23-1h8vl_/blib/arch /home/sts/cpansmoke/perl-5.10.1/lib/5.10.1/OpenBSD.i386-openbsd-thread-multi /home/sts/cpansmoke/perl-5.10.1/lib/5.10.1 /home/sts/cpansmoke/perl-5.10.1/lib/site_perl/5.10.1/OpenBSD.i386-openbsd-thread-multi /home/sts/cpansmoke/perl-5.10.1/lib/site_perl/5.10.1) at /home/sts/cpansmoke/perl-5.10.1/cpan/build/Robotics-0.23-1h8vl_/blib/lib/Robotics.pm line 7.
# BEGIN failed--compilation aborted at /home/sts/cpansmoke/perl-5.10.1/cpan/build/Robotics-0.23-1h8vl_/blib/lib/Robotics.pm line 7.
# Compilation failed in require at (eval 4) line 2.
# BEGIN failed--compilation aborted at (eval 4) line 2.
# Failed test 'use Robotics::Tecan;'
# at t/tecan-2.t line 7.
# Tried to use 'Robotics::Tecan'.
# Error: Can't locate Moose.pm in @INC (@INC contains: /home/sts/cpansmoke/perl-5.10.1/cpan/build/Robotics-0.23-1h8vl_/blib/lib /home/sts/cpansmoke/perl-5.10.1/cpan/build/Robotics-0.23-1h8vl_/blib/arch /home/sts/cpansmoke/perl-5.10.1/lib/5.10.1/OpenBSD.i386-openbsd-thread-multi /home/sts/cpansmoke/perl-5.10.1/lib/5.10.1 /home/sts/cpansmoke/perl-5.10.1/lib/site_perl/5.10.1/OpenBSD.i386-openbsd-thread-multi /home/sts/cpansmoke/perl-5.10.1/lib/site_perl/5.10.1) at /home/sts/cpansmoke/perl-5.10.1/cpan/build/Robotics-0.23-1h8vl_/blib/lib/Robotics/Tecan.pm line 5.
# BEGIN failed--compilation aborted at /home/sts/cpansmoke/perl-5.10.1/cpan/build/Robotics-0.23-1h8vl_/blib/lib/Robotics/Tecan.pm line 5.
# Compilation failed in require at (eval 5) line 2.
# BEGIN failed--compilation aborted at (eval 5) line 2.
Use of uninitialized value $Robotics::VERSION in concatenation (.) or string at t/tecan-2.t line 10.
# Testing Robotics , Perl 5.010001, /home/sts/cpansmoke/perl-5.10.1/bin/perl
# Looks like you failed 2 tests of 12.
t/tecan-2.t .........................
Dubious, test returned 2 (wstat 512, 0x200)
Failed 2/12 subtests
(less 10 skipped subtests: 0 okay)
Test Summary Report
-------------------
t/00-load.t (Wstat: 512 Tests: 2 Failed: 2)
Failed tests: 1-2
Non-zero exit status: 2
t/boilerplate.t (Wstat: 65280 Tests: 6 Failed: 2)
Failed tests: 5-6
TODO passed: 1-6
Non-zero exit status: 255
Parse errors: Bad plan. You planned 4 tests but ran 6.
t/client-2.t (Wstat: 256 Tests: 8 Failed: 2)
Failed tests: 1, 8
Non-zero exit status: 1
Parse errors: Bad plan. You planned 7 tests but ran 8.
t/client.t (Wstat: 512 Tests: 15 Failed: 4)
Failed tests: 1-2, 14-15
Non-zero exit status: 2
Parse errors: Bad plan. You planned 13 tests but ran 15.
t/server.t (Wstat: 256 Tests: 8 Failed: 1)
Failed test: 1
Non-zero exit status: 1
t/tecan-1.t (Wstat: 512 Tests: 10 Failed: 2)
Failed tests: 1-2
Non-zero exit status: 2
t/tecan-2.t (Wstat: 512 Tests: 12 Failed: 2)
Failed tests: 1-2
Non-zero exit status: 2
Files=13, Tests=71, 0 wallclock secs ( 0.05 usr 0.07 sys + 0.34 cusr 0.09 csys = 0.55 CPU)
Result: FAIL
Failed 7/13 test programs. 15/71 subtests failed.
*** Error code 2
Stop in /home/sts/cpansmoke/perl-5.10.1/cpan/build/Robotics-0.23-1h8vl_ (line 862 of Makefile).
------------------------------
PREREQUISITES
------------------------------
Prerequisite modules loaded:
requires:
Module Need Have
---------- ---- ----
Test::More 0 0.92
------------------------------
ENVIRONMENT AND OTHER CONTEXT
------------------------------
Environment variables:
AUTOMATED_TESTING = 1
PATH = /home/sts/bin:/bin:/sbin:/usr/bin:/usr/sbin:/usr/X11R6/bin:/usr/local/bin:/usr/local/sbin:/usr/games:.
PERL5LIB =
PERL5OPT =
PERL5_CPANPLUS_IS_RUNNING = 1748
PERL5_CPAN_IS_RUNNING = 1748
PERL5_CPAN_IS_RUNNING_IN_RECURSION = 10617,1748
PERL_CR_SMOKER_CURRENT = Robotics-0.23
PERL_EXTUTILS_AUTOINSTALL = --defaultdeps
PERL_MM_USE_DEFAULT = 1
SHELL = /usr/local/bin/bash
TERM = screen
TMPDIR = /home/sts/cpansmoke/tmp
Perl special variables (and OS-specific diagnostics, for MSWin32):
$^X = /home/sts/cpansmoke/perl-5.10.1/bin/perl
$UID/$EUID = 1000 / 1000
$GID = 10 10 0
$EGID = 10 10 0
Perl module toolchain versions installed:
Module Have
------------------- --------
CPAN 1.9800
CPAN::Meta 2.112621
Cwd 3.30
ExtUtils::CBuilder 0.280202
ExtUtils::Command 1.16
ExtUtils::Install 1.54
ExtUtils::MakeMaker 6.55_02
ExtUtils::Manifest 1.56
ExtUtils::ParseXS 3.05
File::Spec 3.30
JSON n/a
JSON::PP 2.27200
Module::Build 0.3800
Module::Signature n/a
Parse::CPAN::Meta 1.4401
Test::Harness 3.17
Test::More 0.92
YAML n/a
YAML::Syck n/a
version 0.94
--
Summary of my perl5 (revision 5 version 10 subversion 1) configuration:
Platform:
osname=openbsd, osvers=4.9, archname=OpenBSD.i386-openbsd-thread-multi
uname='openbsd cpansmoke3 4.9 generic.mp#794 i386 '
config_args='-des -Dusethreads -Dprefix=/home/sts/cpansmoke/perl-5.10.1'
hint=recommended, useposix=true, d_sigaction=define
useithreads=define, usemultiplicity=define
useperlio=define, d_sfio=undef, uselargefiles=define, usesocks=undef
use64bitint=undef, use64bitall=undef, uselongdouble=undef
usemymalloc=n, bincompat5005=undef
Compiler:
cc='cc', ccflags ='-pthread -fno-strict-aliasing -pipe -fstack-protector -I/usr/local/include',
optimize='-O2',
cppflags='-pthread -fno-strict-aliasing -pipe -fstack-protector -I/usr/local/include'
ccversion='', gccversion='4.2.1 20070719 ', gccosandvers='openbsd4.9'
intsize=4, longsize=4, ptrsize=4, doublesize=8, byteorder=1234
d_longlong=define, longlongsize=8, d_longdbl=define, longdblsize=12
ivtype='long', ivsize=4, nvtype='double', nvsize=8, Off_t='off_t', lseeksize=8
alignbytes=4, prototype=define
Linker and Libraries:
ld='cc', ldflags ='-pthread -Wl,-E -fstack-protector -L/usr/local/lib'
libpth=/usr/local/lib /usr/lib
libs=-lgdbm -lm -lutil -lc
perllibs=-lm -lutil -lc
libc=/usr/lib/libc.so.58.0, so=so, useshrplib=false, libperl=libperl.a
gnulibc_version=''
Dynamic Linking:
dlsrc=dl_dlopen.xs, dlext=so, d_dlsymun=undef, ccdlflags=' '
cccdlflags='-DPIC -fPIC ', lddlflags='-shared -fPIC -L/usr/local/lib -fstack-protector'
Characteristics of this binary (from libperl):
Compile-time options: MULTIPLICITY PERL_DONT_CREATE_GVSV
PERL_IMPLICIT_CONTEXT PERL_MALLOC_WRAP USE_ITHREADS
USE_LARGE_FILES USE_PERLIO USE_REENTRANT_API
Built under openbsd
Compiled at Oct 16 2011 18:48:37
%ENV:
PERL5LIB=""
PERL5OPT=""
PERL5_CPANPLUS_IS_RUNNING="1748"
PERL5_CPAN_IS_RUNNING="1748"
PERL5_CPAN_IS_RUNNING_IN_RECURSION="10617,1748"
PERL_CR_SMOKER_CURRENT="Robotics-0.23"
PERL_EXTUTILS_AUTOINSTALL="--defaultdeps"
PERL_MM_USE_DEFAULT="1"
@INC:
/home/sts/cpansmoke/perl-5.10.1/lib/5.10.1/OpenBSD.i386-openbsd-thread-multi
/home/sts/cpansmoke/perl-5.10.1/lib/5.10.1
/home/sts/cpansmoke/perl-5.10.1/lib/site_perl/5.10.1/OpenBSD.i386-openbsd-thread-multi
/home/sts/cpansmoke/perl-5.10.1/lib/site_perl/5.10.1
.