Lyrics-Fetcher-AZLyrics v0.06 Perl 5 v5.26.1 x86_64-linux

Status
Fail
From
Chris Williams (BINGOS)
Dist
Lyrics-Fetcher-AZLyrics v0.06
Platform
Perl 5 v5.26.1 x86_64-linux
Date
2020-10-24 18:49:19
ID
9f7bce4e-1629-11eb-a9f9-f9eb91108de4
This distribution has been tested as part of the CPAN Testers
project, supporting the Perl programming language.  See
http://wiki.cpantesters.org/ for more information or email
questions to cpan-testers-discuss@perl.org


--

Dear BIGPRESH,

This is a computer-generated error report created automatically by
CPANPLUS, version 0.9908. Testers personal comments may appear
at the end of this report.


Thank you for uploading your work to CPAN.  However, it appears that
there were some problems testing your distribution.

TEST RESULTS:

Below is the error stack from stage 'make test':

PERL_DL_NONLAZY=1 "/home/cpan/pit/bare/perl-5.26.1/bin/perl" "-MExtUtils::Command::MM" "-MTest::Harness" "-e" "undef *Test::Harness::Switches; test_harness(0, 'blib/lib', 'blib/arch')" t/*.t
Failed to retrieve https://www.azlyrics.com/lyrics/direstraits/heavyfuel.html (501 Protocol scheme 'https' is not supported (LWP::Protocol::https not installed)) at t/1-basic.t line 55.

#   Failed test 'Lyrics look acceptable for Heavy Fuel by Dire Straits'
#   at t/1-basic.t line 73.
#                   ''
#     doesn't match '(?^i:Last time I was sober, man I felt bad)'

#   Failed test '$Lyrics::Fetcher::Error is 'OK''
#   at t/1-basic.t line 74.
#          got: 'Failed to retrieve https://www.azlyrics.com/lyrics/direstraits/heavyfuel.html (501 Protocol scheme 'https' is not supported (LWP::Protocol::https not installed))'
#     expected: 'OK'
Failed to retrieve https://www.azlyrics.com/lyrics/oasis/turnupthesun.html (501 Protocol scheme 'https' is not supported (LWP::Protocol::https not installed)) at t/1-basic.t line 55.

#   Failed test 'Lyrics look acceptable for Turn Up The Sun by Oasis'
#   at t/1-basic.t line 73.
#                   ''
#     doesn't match '(?^i:Come on, Turn up the sun)'

#   Failed test '$Lyrics::Fetcher::Error is 'OK''
#   at t/1-basic.t line 74.
#          got: 'Failed to retrieve https://www.azlyrics.com/lyrics/oasis/turnupthesun.html (501 Protocol scheme 'https' is not supported (LWP::Protocol::https not installed))'
#     expected: 'OK'
Failed to retrieve https://www.azlyrics.com/lyrics/nobodyinparticular/thissongdoesnotexist.html (501 Protocol scheme 'https' is not supported (LWP::Protocol::https not installed)) at t/1-basic.t line 55.

#   Failed test 'Got expected error message'
#   at t/1-basic.t line 65.
#          got: 'Failed to retrieve https://www.azlyrics.com/lyrics/nobodyinparticular/thissongdoesnotexist.html (501 Protocol scheme 'https' is not supported (LWP::Protocol::https not installed))'
#     expected: 'Lyrics not found'
# Looks like you failed 5 tests of 12.
t/1-basic.t ......... 
Dubious, test returned 5 (wstat 1280, 0x500)
Failed 5/12 subtests 
	(less 6 skipped subtests: 1 okay)
t/2-pod.t ........... skipped: Test::Pod 1.00 required for testing POD
t/3-pod-coverage.t .. skipped: Test::Pod::Coverage 1.00 required for testing POD coverage

Test Summary Report
-------------------
t/1-basic.t       (Wstat: 1280 Tests: 12 Failed: 5)
  Failed tests:  3-4, 7-8, 10
  Non-zero exit status: 5
Files=3, Tests=12,  0 wallclock secs ( 0.01 usr  0.01 sys +  0.13 cusr  0.04 csys =  0.19 CPU)
Result: FAIL
Failed 1/3 test programs. 5/12 subtests failed.
make: *** [Makefile:842: test_dynamic] Error 255


PREREQUISITES:

Here is a list of prerequisites you specified and versions we
managed to load:

	  Module Name                        Have     Want
	  ExtUtils::MakeMaker                7.48        0
	  HTML::Strip                        2.10        0
	  LWP::UserAgent                     6.49        0

Perl module toolchain versions installed:
	Module Name                        Have
	CPANPLUS                         0.9908
	CPANPLUS::Dist::Build              0.90
	Cwd                                3.75
	ExtUtils::CBuilder             0.280234
	ExtUtils::Command                  7.48
	ExtUtils::Install                  2.18
	ExtUtils::MakeMaker                7.48
	ExtUtils::Manifest                 1.72
	ExtUtils::ParseXS                  3.35
	File::Spec                         3.75
	Module::Build                    0.4231
	Pod::Parser                        1.63
	Pod::Simple                        3.35
	Test2                          1.302181
	Test::Harness                      3.42
	Test::More                     1.302181
	version                          0.9928

******************************** NOTE ********************************
The comments above are created mechanically, possibly without manual
checking by the sender.  As there are many people performing automatic
tests on each upload to CPAN, it is likely that you will receive
identical messages about the same problem.

If you believe that the message is mistaken, please reply to the first
one with correction and/or additional informations, and do not take
it personally.  We appreciate your patience. :)
**********************************************************************

Additional comments:


This report was machine-generated by CPANPLUS::Dist::YACSmoke 1.08.
Powered by minismokebox version 0.68

CPANPLUS is prefering Build.PL

------------------------------
ENVIRONMENT AND OTHER CONTEXT
------------------------------

Environment variables:

    AUTOMATED_TESTING = 1
    LANG = C.UTF-8
    LC_COLLATE = C
    NONINTERACTIVE_TESTING = 1
    PATH = /usr/local/sbin:/usr/local/bin:/usr/sbin:/usr/bin:/sbin:/bin
    PERL5LIB = /home/cpan/pit/jail/1LDo6T5vz0/lib/perl5:/home/cpan/pit/bare/conf/perl-5.26.1/.cpanplus/5.26.1/build/QTBfNrL505/Lyrics-Fetcher-AZLyrics-0.06/blib/lib:/home/cpan/pit/bare/conf/perl-5.26.1/.cpanplus/5.26.1/build/QTBfNrL505/Lyrics-Fetcher-AZLyrics-0.06/blib/arch
    PERL5_CPANPLUS_IS_RUNNING = 19451
    PERL5_CPANPLUS_IS_VERSION = 0.9908
    PERL5_MINISMOKEBOX = 0.68
    PERL5_YACSMOKE_BASE = /home/cpan/pit/bare/conf/perl-5.26.1
    PERL_EXTUTILS_AUTOINSTALL = --defaultdeps
    PERL_LOCAL_LIB_ROOT = /home/cpan/pit/jail/1LDo6T5vz0
    PERL_MB_OPT = --install_base "/home/cpan/pit/jail/1LDo6T5vz0"
    PERL_MM_OPT = INSTALL_BASE=/home/cpan/pit/jail/1LDo6T5vz0
    PERL_MM_USE_DEFAULT = 1
    SHELL = /bin/bash
    TERM = screen

Perl special variables (and OS-specific diagnostics, for MSWin32):

    Perl: $^X = /home/cpan/pit/bare/perl-5.26.1/bin/perl
    UID:  $<  = 1001
    EUID: $>  = 1001
    GID:  $(  = 1001 1001
    EGID: $)  = 1001 1001


-------------------------------


--

Summary of my perl5 (revision 5 version 26 subversion 1) configuration:
   
  Platform:
    osname=linux
    osvers=5.4.12-1-lts
    archname=x86_64-linux
    uname='linux august 5.4.12-1-lts #2-alpine smp thu, 16 jan 2020 12:53:54 utc x86_64 linux '
    config_args='-des -Dprefix=/home/cpan/pit/bare/perl-5.26.1'
    hint=recommended
    useposix=true
    d_sigaction=define
    useithreads=undef
    usemultiplicity=undef
    use64bitint=define
    use64bitall=define
    uselongdouble=undef
    usemymalloc=n
    default_inc_excludes_dot=define
    bincompat5005=undef
  Compiler:
    cc='cc'
    ccflags ='-D_GNU_SOURCE -fwrapv -fno-strict-aliasing -pipe -fstack-protector-strong -D_LARGEFILE_SOURCE -D_FILE_OFFSET_BITS=64'
    optimize='-O2'
    cppflags='-D_GNU_SOURCE -fwrapv -fno-strict-aliasing -pipe -fstack-protector-strong'
    ccversion=''
    gccversion='9.2.0'
    gccosandvers=''
    intsize=4
    longsize=8
    ptrsize=8
    doublesize=8
    byteorder=12345678
    doublekind=3
    d_longlong=define
    longlongsize=8
    d_longdbl=define
    longdblsize=16
    longdblkind=3
    ivtype='long'
    ivsize=8
    nvtype='double'
    nvsize=8
    Off_t='off_t'
    lseeksize=8
    alignbytes=8
    prototype=define
  Linker and Libraries:
    ld='cc'
    ldflags =' -fstack-protector-strong -L/usr/local/lib'
    libpth=/usr/include/fortify /usr/lib /usr/local/lib /lib/../lib /usr/lib/../lib /lib
    libs=-lpthread -lgdbm -ldl -lm -lcrypt -lutil -lc -lgdbm_compat
    perllibs=-lpthread -ldl -lm -lcrypt -lutil -lc
    libc=/usr/lib/libc.a
    so=so
    useshrplib=false
    libperl=libperl.a
    gnulibc_version=''
  Dynamic Linking:
    dlsrc=dl_dlopen.xs
    dlext=so
    d_dlsymun=undef
    ccdlflags='-Wl,-E'
    cccdlflags='-fPIC'
    lddlflags='-shared -O2 -L/usr/local/lib -fstack-protector-strong'


Characteristics of this binary (from libperl): 
  Compile-time options:
    HAS_TIMES
    PERLIO_LAYERS
    PERL_COPY_ON_WRITE
    PERL_DONT_CREATE_GVSV
    PERL_MALLOC_WRAP
    PERL_OP_PARENT
    PERL_PRESERVE_IVUV
    USE_64_BIT_ALL
    USE_64_BIT_INT
    USE_LARGE_FILES
    USE_LOCALE
    USE_LOCALE_COLLATE
    USE_LOCALE_CTYPE
    USE_LOCALE_NUMERIC
    USE_LOCALE_TIME
    USE_PERLIO
    USE_PERL_ATOF
  Locally applied patches:
    Devel::PatchPerl 1.82
  Built under linux
  Compiled at Jan 29 2020 00:45:40
  %ENV:
    PERL5LIB="/home/cpan/pit/jail/1LDo6T5vz0/lib/perl5:/home/cpan/pit/bare/conf/perl-5.26.1/.cpanplus/5.26.1/build/QTBfNrL505/Lyrics-Fetcher-AZLyrics-0.06/blib/lib:/home/cpan/pit/bare/conf/perl-5.26.1/.cpanplus/5.26.1/build/QTBfNrL505/Lyrics-Fetcher-AZLyrics-0.06/blib/arch"
    PERL5_CPANPLUS_IS_RUNNING="19451"
    PERL5_CPANPLUS_IS_VERSION="0.9908"
    PERL5_MINISMOKEBOX="0.68"
    PERL5_YACSMOKE_BASE="/home/cpan/pit/bare/conf/perl-5.26.1"
    PERL_EXTUTILS_AUTOINSTALL="--defaultdeps"
    PERL_LOCAL_LIB_ROOT="/home/cpan/pit/jail/1LDo6T5vz0"
    PERL_MB_OPT="--install_base "/home/cpan/pit/jail/1LDo6T5vz0""
    PERL_MM_OPT="INSTALL_BASE=/home/cpan/pit/jail/1LDo6T5vz0"
    PERL_MM_USE_DEFAULT="1"
  @INC:
    /home/cpan/pit/jail/1LDo6T5vz0/lib/perl5/5.26.1/x86_64-linux
    /home/cpan/pit/jail/1LDo6T5vz0/lib/perl5/5.26.1
    /home/cpan/pit/jail/1LDo6T5vz0/lib/perl5/x86_64-linux
    /home/cpan/pit/jail/1LDo6T5vz0/lib/perl5
    /home/cpan/pit/bare/conf/perl-5.26.1/.cpanplus/5.26.1/build/QTBfNrL505/Lyrics-Fetcher-AZLyrics-0.06/blib/lib
    /home/cpan/pit/bare/conf/perl-5.26.1/.cpanplus/5.26.1/build/QTBfNrL505/Lyrics-Fetcher-AZLyrics-0.06/blib/arch
    /home/cpan/pit/bare/perl-5.26.1/lib/site_perl/5.26.1/x86_64-linux
    /home/cpan/pit/bare/perl-5.26.1/lib/site_perl/5.26.1
    /home/cpan/pit/bare/perl-5.26.1/lib/5.26.1/x86_64-linux
    /home/cpan/pit/bare/perl-5.26.1/lib/5.26.1