Report for AnyEvent-Run-0.01

Back
From: metabase:user:322078bc-2aae-11df-837a-5e0a49663a4f
Subject: FAIL AnyEvent-Run-0.01 v5.12.1 Dragonfly BSD
Date: 2012-05-19T20:45:51Z

This distribution has been tested as part of the CPAN Testers
project, supporting the Perl programming language.  See
http://wiki.cpantesters.org/ for more information or email
questions to cpan-testers-discuss@perl.org


--

Dear Andy Grundman,

This is a computer-generated error report created automatically by
CPANPLUS, version 0.9129. Testers personal comments may appear
at the end of this report.


Thank you for uploading your work to CPAN.  However, it appears that
there were some problems testing your distribution.

TEST RESULTS:

Below is the error stack from stage 'make test':

PERL_DL_NONLAZY=1 /usr/home/cpan/pit/bare/perl-5.12.1/bin/perl "-MExtUtils::Command::MM" "-e" "test_harness(0, 'blib/lib', 'blib/arch')" t/*.t
t/01use.t .......... ok
t/02pod.t .......... skipped: Test::Pod 1.14 required
t/03podcoverage.t .. skipped: Test::Pod::Coverage 1.04 required
t/04critic.t ....... skipped: Critic test only for developers.

#   Failed test 'string cmd timed out'
#   at t/05run.t line 77.

#   Failed test 'arrayref cmd timed out'
#   at t/05run.t line 77.
# Looks like you failed 2 tests of 7.
t/05run.t .......... 
Dubious, test returned 2 (wstat 512, 0x200)
Failed 2/7 subtests 

Test Summary Report
-------------------
t/05run.t        (Wstat: 512 Tests: 7 Failed: 2)
  Failed tests:  1-2
  Non-zero exit status: 2
Files=5, Tests=8,  8 wallclock secs ( 0.12 usr  0.24 sys +  0.65 cusr  1.16 csys =  2.16 CPU)
Result: FAIL
Failed 1/5 test programs. 2/8 subtests failed.
*** Error code 2

Stop in /usr/home/cpan/pit/bare/conf/perl-5.12.1/.cpanplus/5.12.1/build/AnyEvent-Run-0.01.


PREREQUISITES:

Here is a list of prerequisites you specified and versions we
managed to load:

	  Module Name                        Have     Want
	  AnyEvent                           7.01     4.85
	  ExtUtils::MakeMaker                6.62        0

Perl module toolchain versions installed:
	Module Name                        Have
	CPANPLUS                         0.9129
	CPANPLUS::Dist::Build              0.62
	Cwd                                3.33
	ExtUtils::CBuilder             0.280205
	ExtUtils::Command                  1.16
	ExtUtils::Install                  1.55
	ExtUtils::MakeMaker                6.62
	ExtUtils::Manifest                 1.60
	ExtUtils::ParseXS                  3.15
	File::Spec                         3.33
	Module::Build                      0.40
	Test::Harness                      3.23
	Test::More                         0.98
	version                            0.99

******************************** NOTE ********************************
The comments above are created mechanically, possibly without manual
checking by the sender.  As there are many people performing automatic
tests on each upload to CPAN, it is likely that you will receive
identical messages about the same problem.

If you believe that the message is mistaken, please reply to the first
one with correction and/or additional informations, and do not take
it personally.  We appreciate your patience. :)
**********************************************************************

Additional comments:


This report was machine-generated by CPANPLUS::Dist::YACSmoke 0.80.
Powered by minismokebox version 0.54

------------------------------
ENVIRONMENT AND OTHER CONTEXT
------------------------------

Environment variables:

    AUTOMATED_TESTING = 1
    PATH = /sbin:/bin:/usr/sbin:/usr/bin:/usr/games:/usr/pkg/sbin:/usr/pkg/bin:/usr/pkg/xorg/bin:/usr/local/sbin:/usr/local/bin:/home/cpan/bin
    PERL5LIB = :/usr/home/cpan/pit/bare/conf/perl-5.12.1/.cpanplus/5.12.1/build/AnyEvent-7.01/blib/lib:/usr/home/cpan/pit/bare/conf/perl-5.12.1/.cpanplus/5.12.1/build/AnyEvent-7.01/blib/arch:/usr/home/cpan/pit/bare/conf/perl-5.12.1/.cpanplus/5.12.1/build/AnyEvent-Run-0.01/blib/lib:/usr/home/cpan/pit/bare/conf/perl-5.12.1/.cpanplus/5.12.1/build/AnyEvent-Run-0.01/blib/arch
    PERL5_CPANPLUS_IS_RUNNING = 6282
    PERL5_CPANPLUS_IS_VERSION = 0.9129
    PERL5_MINISMOKEBOX = 0.54
    PERL5_YACSMOKE_BASE = /usr/home/cpan/pit/bare/conf/perl-5.12.1
    PERL_EXTUTILS_AUTOINSTALL = --defaultdeps
    PERL_MM_USE_DEFAULT = 1
    SHELL = /usr/pkg/bin/bash
    TERM = screen

Perl special variables (and OS-specific diagnostics, for MSWin32):

    Perl: $^X = /usr/home/cpan/pit/bare/perl-5.12.1/bin/perl
    UID:  $<  = 1002
    EUID: $>  = 1002
    GID:  $(  = 1002 1002
    EGID: $)  = 1002 1002


-------------------------------


--

Summary of my perl5 (revision 5 version 12 subversion 1) configuration:
   
  Platform:
    osname=dragonfly, osvers=3.0-release, archname=x86_64-dragonfly
    uname='dragonfly dafydd.bingosnet.co.uk 3.0-release dragonfly v3.0.2-release #7: thu mar 22 14:05:25 msk 2012 root@df64.v12.su:usrobjhomejustinmake_30srcsysx86_64_generic x86_64 '
    config_args='-des -Dprefix=/usr/home/cpan/pit/bare/perl-5.12.1'
    hint=recommended, useposix=true, d_sigaction=define
    useithreads=undef, usemultiplicity=undef
    useperlio=define, d_sfio=undef, uselargefiles=define, usesocks=undef
    use64bitint=define, use64bitall=define, uselongdouble=undef
    usemymalloc=n, bincompat5005=undef
  Compiler:
    cc='cc', ccflags ='-DHAS_FPSETMASK -DHAS_FLOATINGPOINT_H -fno-strict-aliasing -pipe -fstack-protector -I/usr/local/include',
    optimize='-O',
    cppflags='-DHAS_FPSETMASK -DHAS_FLOATINGPOINT_H -fno-strict-aliasing -pipe -fstack-protector -I/usr/local/include'
    ccversion='', gccversion='4.4.7 2011.10.25', gccosandvers=''
    intsize=4, longsize=8, ptrsize=8, doublesize=8, byteorder=12345678
    d_longlong=define, longlongsize=8, d_longdbl=define, longdblsize=16
    ivtype='long', ivsize=8, nvtype='double', nvsize=8, Off_t='off_t', lseeksize=8
    alignbytes=8, prototype=define
  Linker and Libraries:
    ld='cc', ldflags ='-Wl,-E  -fstack-protector -L/usr/local/lib'
    libpth=/usr/lib /usr/local/lib
    libs=-lgdbm -ldl -lm -lcrypt -lutil -lc
    perllibs=-ldl -lm -lcrypt -lutil -lc
    libc=, so=so, useshrplib=false, libperl=libperl.a
    gnulibc_version=''
  Dynamic Linking:
    dlsrc=dl_dlopen.xs, dlext=so, d_dlsymun=undef, ccdlflags=' '
    cccdlflags='-DPIC -fPIC', lddlflags='-shared  -L/usr/local/lib -fstack-protector'


Characteristics of this binary (from libperl): 
  Compile-time options: PERL_DONT_CREATE_GVSV PERL_MALLOC_WRAP USE_64_BIT_ALL
                        USE_64_BIT_INT USE_LARGE_FILES USE_PERLIO
                        USE_PERL_ATOF
  Built under dragonfly
  Compiled at May 11 2012 20:20:19
  %ENV:
    PERL5LIB=":/usr/home/cpan/pit/bare/conf/perl-5.12.1/.cpanplus/5.12.1/build/AnyEvent-7.01/blib/lib:/usr/home/cpan/pit/bare/conf/perl-5.12.1/.cpanplus/5.12.1/build/AnyEvent-7.01/blib/arch:/usr/home/cpan/pit/bare/conf/perl-5.12.1/.cpanplus/5.12.1/build/AnyEvent-Run-0.01/blib/lib:/usr/home/cpan/pit/bare/conf/perl-5.12.1/.cpanplus/5.12.1/build/AnyEvent-Run-0.01/blib/arch"
    PERL5_CPANPLUS_IS_RUNNING="6282"
    PERL5_CPANPLUS_IS_VERSION="0.9129"
    PERL5_MINISMOKEBOX="0.54"
    PERL5_YACSMOKE_BASE="/usr/home/cpan/pit/bare/conf/perl-5.12.1"
    PERL_EXTUTILS_AUTOINSTALL="--defaultdeps"
    PERL_MM_USE_DEFAULT="1"
  @INC:
    /usr/home/cpan/pit/bare/conf/perl-5.12.1/.cpanplus/5.12.1/build/AnyEvent-7.01/blib/lib
    /usr/home/cpan/pit/bare/conf/perl-5.12.1/.cpanplus/5.12.1/build/AnyEvent-7.01/blib/arch
    /usr/home/cpan/pit/bare/conf/perl-5.12.1/.cpanplus/5.12.1/build/AnyEvent-Run-0.01/blib/lib
    /usr/home/cpan/pit/bare/conf/perl-5.12.1/.cpanplus/5.12.1/build/AnyEvent-Run-0.01/blib/arch
    /usr/home/cpan/pit/bare/perl-5.12.1/lib/site_perl/5.12.1/x86_64-dragonfly
    /usr/home/cpan/pit/bare/perl-5.12.1/lib/site_perl/5.12.1
    /usr/home/cpan/pit/bare/perl-5.12.1/lib/5.12.1/x86_64-dragonfly
    /usr/home/cpan/pit/bare/perl-5.12.1/lib/5.12.1
    .