WWW-Alltop v0.01 Perl 5 v5.12.0 x86_64-linux

Status
Fail
From
Andreas J. K├Ânig (ANDK)
Dist
WWW-Alltop v0.01
Platform
Perl 5 v5.12.0 x86_64-linux
Date
2017-11-15T15:57:02
ID
9ebee708-ca1d-11e7-95bb-cc32fadfd12c
This distribution has been tested as part of the CPAN Testers
project, supporting the Perl programming language.  See
http://wiki.cpantesters.org/ for more information or email
questions to cpan-testers-discuss@perl.org


--
Dear Joshua Braegger,

This is a computer-generated report for WWW-Alltop-0.01
on perl 5.12.0, created by CPAN-Reporter-1.2018.

Thank you for uploading your work to CPAN.  However, there was a problem
testing your distribution.

If you think this report is invalid, please consult the CPAN Testers Wiki
for suggestions on how to avoid getting FAIL reports for missing library
or binary dependencies, unsupported operating systems, and so on:

http://wiki.cpantesters.org/wiki/CPANAuthorNotes

Sections of this report:

    * Tester comments
    * Program output
    * Prerequisites
    * Environment and other context

------------------------------
TESTER COMMENTS
------------------------------

Additional comments from tester:

this report is from an automated smoke testing program
and was not reviewed by a human for accuracy

------------------------------
PROGRAM OUTPUT
------------------------------

Output from '/usr/bin/make test':

"/home/sand/src/perl/repoperls/installed-perls/host/k93msid/v5.12.0/89ad/bin/perl" "-Iinc" Makefile.PL --config= --installdeps=XML::OPML,0
Cannot determine perl version info from lib/WWW/Alltop.pm
PERL_DL_NONLAZY=1 "/home/sand/src/perl/repoperls/installed-perls/host/k93msid/v5.12.0/89ad/bin/perl" "-MExtUtils::Command::MM" "-MTest::Harness" "-e" "undef *Test::Harness::Switches; test_harness(0, 'inc', 'blib/lib', 'blib/arch')" t/01-compile.t t/02-pod.t t/03-topics.t t/04-topic.t t/05-topiclisting.t t/class_WWW-Alltop-Topic.t t/class_WWW-Alltop-TopicListing.t t/class_WWW-Alltop.t
t/01-compile.t ..................... ok
t/02-pod.t ......................... ok
t/03-topics.t ...................... ok
t/04-topic.t ....................... ok

#   Failed test 'rss_url is correct'
#   at t/05-topiclisting.t line 22.
#          got: 'https://techcrunch.com/feed/'
#     expected: 'http://feedproxy.google.com/TechCrunch'
# Trying MSNBC
Error GETing http://www.nbcnews.com/id/3034576/: Gone at /tmp/loop_over_bdir-24964-FVUnzw/WWW-Alltop-0.01-0/blib/lib/WWW/Alltop/TopicListing.pm line 35.
# Looks like your test exited with 255 just after 2.
t/05-topiclisting.t ................ 
Dubious, test returned 255 (wstat 65280, 0xff00)
Failed 3/4 subtests 
t/class_WWW-Alltop-Topic.t ......... ok
t/class_WWW-Alltop-TopicListing.t .. ok
t/class_WWW-Alltop.t ............... ok

Test Summary Report
-------------------
t/05-topiclisting.t              (Wstat: 65280 Tests: 2 Failed: 1)
  Failed test:  2
  Non-zero exit status: 255
  Parse errors: Bad plan.  You planned 4 tests but ran 2.
Files=8, Tests=32, 18 wallclock secs ( 0.03 usr  0.04 sys +  2.80 cusr  0.52 csys =  3.39 CPU)
Result: FAIL
Failed 1/8 test programs. 1/32 subtests failed.
Makefile:810: recipe for target 'test_dynamic' failed
make: *** [test_dynamic] Error 255

------------------------------
PREREQUISITES
------------------------------

Prerequisite modules loaded:

requires:

    Module              Need Have  
    ------------------- ---- ------
    DateTime            0    1.44  
    ExtUtils::MakeMaker 7.3  7.30  
    HTML::TokeParser    0    3.69  
    Log::Log4perl       0    1.49  
    Moose               0    2.2006
    WWW::Mechanize      0    1.86  
    XML::OPML           0    0.26  

build_requires:

    Module              Need Have  
    ------------------- ---- ------
    ExtUtils::MakeMaker 0    7.30  


------------------------------
ENVIRONMENT AND OTHER CONTEXT
------------------------------

Environment variables:

    AUTOMATED_TESTING = 1
    LANG = en_US.UTF-8
    PATH = /home/sand/bin:/usr/local/bin:/usr/bin:/bin:/usr/games:/usr/local/perl/bin:/usr/X11/bin:/sbin:/usr/sbin
    PERL5LIB = /tmp/loop_over_bdir-24964-FVUnzw/XML-OPML-0.26-0/blib/arch:/tmp/loop_over_bdir-24964-FVUnzw/XML-OPML-0.26-0/blib/lib:/tmp/loop_over_bdir-24964-FVUnzw/XML-SimpleObject0.53-0/blib/arch:/tmp/loop_over_bdir-24964-FVUnzw/XML-SimpleObject0.53-0/blib/lib
    PERL5OPT = 
    PERL5_CPANPLUS_IS_RUNNING = 24969
    PERL5_CPAN_IS_RUNNING = 24969
    PERL5_CPAN_IS_RUNNING_IN_RECURSION = 20021,24969
    PERL_CANARY_STABILITY_NOPROMPT = 1
    PERL_MM_USE_DEFAULT = 1
    PERL_USE_UNSAFE_INC = 1
    SHELL = /usr/bin/zsh
    TERM = screen

Perl special variables (and OS-specific diagnostics, for MSWin32):

    $^X = /home/sand/src/perl/repoperls/installed-perls/host/k93msid/v5.12.0/89ad/bin/perl
    $UID/$EUID = 1005 / 1005
    $GID = 1005 1005
    $EGID = 1005 1005

Perl module toolchain versions installed:

    Module              Have    
    ------------------- --------
    CPAN                2.18    
    CPAN::Meta          2.150010
    Cwd                 3.62    
    ExtUtils::CBuilder  0.280226
    ExtUtils::Command   7.30    
    ExtUtils::Install   2.06    
    ExtUtils::MakeMaker 7.30    
    ExtUtils::Manifest  1.70    
    ExtUtils::ParseXS   3.35    
    File::Spec          3.62    
    JSON                2.94    
    JSON::PP            2.94    
    Module::Build       0.4224  
    Module::Signature   0.81    
    Parse::CPAN::Meta   2.150010
    Test::Harness       3.39    
    Test::More          1.302106
    YAML                1.23    
    YAML::Syck          1.30    
    version             0.9918  


--

Summary of my perl5 (revision 5 version 12 subversion 0) configuration:
  Derived from: 6d52c880307229a35c23215c596700e716bd7c32
  Platform:
    osname=linux, osvers=4.12.0-2-amd64, archname=x86_64-linux
    uname='linux k93msid 4.12.0-2-amd64 #1 smp debian 4.12.13-1 (2017-09-19) x86_64 gnulinux '
    config_args='-Dprefix=/home/sand/src/perl/repoperls/installed-perls/host/k93msid/v5.12.0/89ad -Dmyhostname=k93msid -Dinstallusrbinperl=n -Uversiononly -Dusedevel -des -Ui_db -Dlibswanted=cl pthread socket inet nsl gdbm dbm malloc dl ld sun m crypt sec util c cposix posix ucb BSD gdbm_compat -Uuseithreads -Uuselongdouble -DDEBUGGING=-g'
    hint=recommended, useposix=true, d_sigaction=define
    useithreads=undef, usemultiplicity=undef
    useperlio=define, d_sfio=undef, uselargefiles=define, usesocks=undef
    use64bitint=define, use64bitall=define, uselongdouble=undef
    usemymalloc=n, bincompat5005=undef
  Compiler:
    cc='cc', ccflags ='-fno-strict-aliasing -pipe -fstack-protector -I/usr/local/include -D_LARGEFILE_SOURCE -D_FILE_OFFSET_BITS=64',
    optimize='-O2 -g',
    cppflags='-fno-strict-aliasing -pipe -fstack-protector -I/usr/local/include'
    ccversion='', gccversion='7.2.0', gccosandvers=''
    intsize=4, longsize=8, ptrsize=8, doublesize=8, byteorder=12345678
    d_longlong=define, longlongsize=8, d_longdbl=define, longdblsize=16
    ivtype='long', ivsize=8, nvtype='double', nvsize=8, Off_t='off_t', lseeksize=8
    alignbytes=8, prototype=define
  Linker and Libraries:
    ld='cc', ldflags =' -fstack-protector -L/usr/local/lib'
    libpth=/usr/local/lib /lib/x86_64-linux-gnu /lib/../lib /usr/lib/x86_64-linux-gnu /usr/lib/../lib /lib /usr/lib
    libs=-lpthread -lnsl -ldl -lm -lcrypt -lutil -lc
    perllibs=-lpthread -lnsl -ldl -lm -lcrypt -lutil -lc
    libc=libc-2.24.so, so=so, useshrplib=false, libperl=libperl.a
    gnulibc_version='2.24'
  Dynamic Linking:
    dlsrc=dl_dlopen.xs, dlext=so, d_dlsymun=undef, ccdlflags='-Wl,-E'
    cccdlflags='-fPIC', lddlflags='-shared -O2 -g -L/usr/local/lib -fstack-protector'


Characteristics of this binary (from libperl): 
  Compile-time options: PERL_DONT_CREATE_GVSV PERL_MALLOC_WRAP PERL_USE_DEVEL
                        USE_64_BIT_ALL USE_64_BIT_INT USE_LARGE_FILES
                        USE_PERLIO USE_PERL_ATOF
  Locally applied patches:
	uncommitted-changes
  Built under linux
  Compiled at Oct  4 2017 07:26:39
  %ENV:
    PERL5LIB="/tmp/loop_over_bdir-24964-FVUnzw/XML-OPML-0.26-0/blib/arch:/tmp/loop_over_bdir-24964-FVUnzw/XML-OPML-0.26-0/blib/lib:/tmp/loop_over_bdir-24964-FVUnzw/XML-SimpleObject0.53-0/blib/arch:/tmp/loop_over_bdir-24964-FVUnzw/XML-SimpleObject0.53-0/blib/lib"
    PERL5OPT=""
    PERL5_CPANPLUS_IS_RUNNING="24969"
    PERL5_CPAN_IS_RUNNING="24969"
    PERL5_CPAN_IS_RUNNING_IN_RECURSION="20021,24969"
    PERL_CANARY_STABILITY_NOPROMPT="1"
    PERL_MM_USE_DEFAULT="1"
    PERL_USE_UNSAFE_INC="1"
  @INC:
    /tmp/loop_over_bdir-24964-FVUnzw/XML-OPML-0.26-0/blib/arch
    /tmp/loop_over_bdir-24964-FVUnzw/XML-OPML-0.26-0/blib/lib
    /tmp/loop_over_bdir-24964-FVUnzw/XML-SimpleObject0.53-0/blib/arch
    /tmp/loop_over_bdir-24964-FVUnzw/XML-SimpleObject0.53-0/blib/lib
    /home/sand/src/perl/repoperls/installed-perls/host/k93msid/v5.12.0/89ad/lib/site_perl/5.12.0/x86_64-linux
    /home/sand/src/perl/repoperls/installed-perls/host/k93msid/v5.12.0/89ad/lib/site_perl/5.12.0
    /home/sand/src/perl/repoperls/installed-perls/host/k93msid/v5.12.0/89ad/lib/5.12.0/x86_64-linux
    /home/sand/src/perl/repoperls/installed-perls/host/k93msid/v5.12.0/89ad/lib/5.12.0
    .