Class-DBI-Sweet v0.11 Perl 5 v5.34.0 armv6l-linux

Status
Fail
From
gregor herrmann
Dist
Class-DBI-Sweet v0.11
Platform
Perl 5 v5.34.0 armv6l-linux
Date
2021-10-12 19:00:06
ID
9d657e7c-2b8e-11ec-b6ec-40bd69e0c0b8
This distribution has been tested as part of the CPAN Testers
project, supporting the Perl programming language.  See
http://wiki.cpantesters.org/ for more information or email
questions to cpan-testers-discuss@perl.org


--
Dear Fred Moyer,

This is a computer-generated report for Class-DBI-Sweet-0.11
on perl 5.34.0, created by CPAN-Reporter-1.2018.

Thank you for uploading your work to CPAN.  However, there was a problem
testing your distribution.

If you think this report is invalid, please consult the CPAN Testers Wiki
for suggestions on how to avoid getting FAIL reports for missing library
or binary dependencies, unsupported operating systems, and so on:

http://wiki.cpantesters.org/wiki/CPANAuthorNotes

Sections of this report:

    * Tester comments
    * Program output
    * Prerequisites
    * Environment and other context

------------------------------
TESTER COMMENTS
------------------------------

Additional comments from tester:

none provided

------------------------------
PROGRAM OUTPUT
------------------------------

Output from './Build test':

t/01use.t ................................ ok
t/02pod.t ................................ skipped: set TEST_POD to enable this test
t/03podcoverage.t ........................ skipped: set TEST_POD to enable this test
DBD::SQLite::db prepare_cached failed: no such column: cds.tags.tag [for Statement "SELECT me.artistid, me.name
FROM   artist me, tags tags, cd cds
WHERE  cds.tags.tag = ? AND cds.cdid = tags.cd AND me.artistid = cds.artist  
"] at /srv/smoker/cpan/build/Ima-DBI-0.35-0/blib/lib/Ima/DBI.pm line 398.
# Looks like your test exited with 2 just after 16.
t/04join.t ............................... 
Dubious, test returned 2 (wstat 512, 0x200)
Failed 1/17 subtests 
t/05count.t .............................. ok
t/06object_cache.t ....................... ok
Use of uninitialized value $got in numeric eq (==) at (eval in cmp_ok) t/07prefetch.t line 48.
t/07prefetch.t ........................... ok
t/08pager.t .............................. ok
t/09sequence.t ........................... ok
t/cdbi-t-ocache/01-columns.t ............. ok
t/cdbi-t-ocache/03-subclassing.t ......... ok
t/cdbi-t-ocache/05-Query.t ............... ok
t/cdbi-t-ocache/06-hasa.t ................ ok
t/cdbi-t-ocache/08-inheritcols.t ......... ok
t/cdbi-t-ocache/09-has_many.t ............ ok
DBI connect('test','',...) failed: Can't connect to local MySQL server through socket '/run/mysqld/mysqld.sock' (2) at t/cdbi-t/testlib/MyBase.pm line 10.
t/cdbi-t-ocache/10-mysql.t ............... skipped: Need MySQL for this test
t/cdbi-t-ocache/11-triggers.t ............ ok
t/cdbi-t-ocache/12-filter.t .............. ok
t/cdbi-t-ocache/13-constraint.t .......... ok
t/cdbi-t-ocache/14-might_have.t .......... ok
t/cdbi-t-ocache/16-reserved.t ............ ok
# Pg connection failed (DBI connect('dbname=template1','postgres',...) failed: connection to server on socket "/var/run/postgresql/.s.PGSQL.5432" failed: No such file or directory
# 	Is the server running locally and accepting connections on that socket? at /srv/smoker/cpan/build/Ima-DBI-0.35-0/blib/lib/Ima/DBI.pm line 328.
# ). Set env variables DBD_PG_DBNAME,  DBD_PG_USER,
# DBD_PG_PASSWD to enable testing.
t/cdbi-t-ocache/17-data_type.t ........... skipped: Pg connection failed.
t/cdbi-t-ocache/18-has_a.t ............... ok
t/cdbi-t-ocache/19-set_sql.t ............. ok
t/cdbi-t-ocache/21-iterator.t ............ ok
t/cdbi-t-ocache/22-deflate_order.t ....... skipped: Need Time::Piece::MySQL for this test
t/cdbi-t-ocache/23-cascade.t ............. ok
t/cdbi-t-ocache/24-meta_info.t ........... ok
DBI connect('test','',...) failed: Can't connect to local MySQL server through socket '/run/mysqld/mysqld.sock' (2) at t/cdbi-t/testlib/MyBase.pm line 10.
t/cdbi-t-ocache/25-closures_in_meta.t .... skipped: Need MySQL for this test
t/cdbi-t-ocache/97-pod.t ................. ok
t/cdbi-t-ocache/98-failure.t ............. ok
t/cdbi-t-ocache/99-misc.t ................ ok
t/cdbi-t-rescache/01-columns.t ........... ok
t/cdbi-t-rescache/03-subclassing.t ....... ok
t/cdbi-t-rescache/05-Query.t ............. ok
t/cdbi-t-rescache/06-hasa.t .............. ok
t/cdbi-t-rescache/08-inheritcols.t ....... ok
t/cdbi-t-rescache/09-has_many.t .......... ok
DBI connect('test','',...) failed: Can't connect to local MySQL server through socket '/run/mysqld/mysqld.sock' (2) at t/cdbi-t/testlib/MyBase.pm line 10.
t/cdbi-t-rescache/10-mysql.t ............. skipped: Need MySQL for this test
t/cdbi-t-rescache/11-triggers.t .......... ok
t/cdbi-t-rescache/12-filter.t ............ ok
t/cdbi-t-rescache/13-constraint.t ........ ok
t/cdbi-t-rescache/14-might_have.t ........ ok
t/cdbi-t-rescache/16-reserved.t .......... ok
# Pg connection failed (DBI connect('dbname=template1','postgres',...) failed: connection to server on socket "/var/run/postgresql/.s.PGSQL.5432" failed: No such file or directory
# 	Is the server running locally and accepting connections on that socket? at /srv/smoker/cpan/build/Ima-DBI-0.35-0/blib/lib/Ima/DBI.pm line 328.
# ). Set env variables DBD_PG_DBNAME,  DBD_PG_USER,
# DBD_PG_PASSWD to enable testing.
t/cdbi-t-rescache/17-data_type.t ......... skipped: Pg connection failed.
t/cdbi-t-rescache/18-has_a.t ............. ok
t/cdbi-t-rescache/19-set_sql.t ........... ok
t/cdbi-t-rescache/21-iterator.t .......... ok
t/cdbi-t-rescache/22-deflate_order.t ..... skipped: Need Time::Piece::MySQL for this test
t/cdbi-t-rescache/23-cascade.t ........... ok
t/cdbi-t-rescache/24-meta_info.t ......... ok
DBI connect('test','',...) failed: Can't connect to local MySQL server through socket '/run/mysqld/mysqld.sock' (2) at t/cdbi-t/testlib/MyBase.pm line 10.
t/cdbi-t-rescache/25-closures_in_meta.t .. skipped: Need MySQL for this test
t/cdbi-t-rescache/97-pod.t ............... ok
t/cdbi-t-rescache/98-failure.t ........... ok
t/cdbi-t-rescache/99-misc.t .............. ok
t/cdbi-t/01-columns.t .................... ok
t/cdbi-t/02-Film.t ....................... ok
t/cdbi-t/03-subclassing.t ................ ok
t/cdbi-t/04-lazy.t ....................... ok
t/cdbi-t/05-Query.t ...................... ok
t/cdbi-t/06-hasa.t ....................... ok
t/cdbi-t/08-inheritcols.t ................ ok
t/cdbi-t/09-has_many.t ................... ok
DBI connect('test','',...) failed: Can't connect to local MySQL server through socket '/run/mysqld/mysqld.sock' (2) at t/cdbi-t/testlib/MyBase.pm line 10.
t/cdbi-t/10-mysql.t ...................... skipped: Need MySQL for this test
t/cdbi-t/11-triggers.t ................... ok
t/cdbi-t/12-filter.t ..................... ok
t/cdbi-t/13-constraint.t ................. ok
t/cdbi-t/14-might_have.t ................. ok
# Pg connection failed (DBI connect('dbname=template1','postgres',...) failed: connection to server on socket "/var/run/postgresql/.s.PGSQL.5432" failed: No such file or directory
# 	Is the server running locally and accepting connections on that socket? at /srv/smoker/cpan/build/Ima-DBI-0.35-0/blib/lib/Ima/DBI.pm line 328.
# ). Set env variables DBD_PG_DBNAME,  DBD_PG_USER,
# DBD_PG_PASSWD to enable testing.
t/cdbi-t/17-data_type.t .................. skipped: Pg connection failed.
t/cdbi-t/18-has_a.t ...................... ok
t/cdbi-t/19-set_sql.t .................... ok
t/cdbi-t/21-iterator.t ................... ok
t/cdbi-t/22-deflate_order.t .............. skipped: Need Time::Piece::MySQL for this test
t/cdbi-t/23-cascade.t .................... ok
t/cdbi-t/24-meta_info.t .................. ok
DBI connect('test','',...) failed: Can't connect to local MySQL server through socket '/run/mysqld/mysqld.sock' (2) at t/cdbi-t/testlib/MyBase.pm line 10.
t/cdbi-t/25-closures_in_meta.t ........... skipped: Need MySQL for this test
t/cdbi-t/97-pod.t ........................ ok
t/cdbi-t/98-failure.t .................... ok
t/cdbi-t/99-misc.t ....................... ok

Test Summary Report
-------------------
t/04join.t                             (Wstat: 512 (exited 2) Tests: 16 Failed: 0)
  Non-zero exit status: 2
  Parse errors: Bad plan.  You planned 17 tests but ran 16.
Files=79, Tests=1279, 1526 wallclock secs ( 6.13 usr  0.94 sys + 349.96 cusr 26.08 csys = 383.11 CPU)
Result: FAIL
Failed 1/79 test programs. 0/1279 subtests failed.

------------------------------
PREREQUISITES
------------------------------

Prerequisite modules loaded:

requires:

    Module        Need    Have    
    ------------- ------- --------
    Class::DBI    v3.0.12 3.0.17  
    Data::Page    0       2.03    
    DBD::SQLite   1.08    1.70    
    DBI           0       1.643   
    List::Util    0       1.60    
    SQL::Abstract 1.55    2.000001

configure_requires:

    Module        Need    Have    
    ------------- ------- --------
    Module::Build 0.38    0.4231  


------------------------------
ENVIRONMENT AND OTHER CONTEXT
------------------------------

Environment variables:

    LC_CTYPE = de_AT.utf8
    NONINTERACTIVE_TESTING = 1
    PATH = /srv/smoker/bin:/usr/lib/ccache:/srv/smoker/perl5/perlbrew/bin:/srv/smoker/perl5/perlbrew/perls/perl-5.34.0/bin:/usr/local/bin:/usr/bin:/bin:/usr/local/games:/usr/games
    PERL5LIB = /srv/smoker/cpan/build/Class-DBI-v3.0.17-0/blib/arch:/srv/smoker/cpan/build/Class-DBI-v3.0.17-0/blib/lib:/srv/smoker/cpan/build/UNIVERSAL-moniker-0.08-0/blib/arch:/srv/smoker/cpan/build/UNIVERSAL-moniker-0.08-0/blib/lib:/srv/smoker/cpan/build/Ima-DBI-0.35-0/blib/arch:/srv/smoker/cpan/build/Ima-DBI-0.35-0/blib/lib:/srv/smoker/cpan/build/DBIx-ContextualFetch-1.03-0/blib/arch:/srv/smoker/cpan/build/DBIx-ContextualFetch-1.03-0/blib/lib
    PERL5OPT = 
    PERL5_CPANPLUS_IS_RUNNING = 16830
    PERL5_CPAN_IS_RUNNING = 16830
    PERLBREW_HOME = /srv/smoker/.perlbrew
    PERLBREW_MANPATH = /srv/smoker/perl5/perlbrew/perls/perl-5.34.0/man
    PERLBREW_PATH = /srv/smoker/perl5/perlbrew/bin:/srv/smoker/perl5/perlbrew/perls/perl-5.34.0/bin
    PERLBREW_PERL = perl-5.34.0
    PERLBREW_ROOT = /srv/smoker/perl5/perlbrew
    PERLBREW_SHELLRC_VERSION = 0.92
    PERLBREW_VERSION = 0.92
    PERL_CPANM_OPT = --prompt  --configure-timeout 300 --test-timeout 9000 --build-timeout 18000
    PERL_MM_USE_DEFAULT = 1
    PERL_TEST_TIME_OUT_FACTOR = 3
    PERL_TEST_TIME_OUT_FACTOR = 3
    PERL_USE_UNSAFE_INC = 1
    SHELL = /bin/bash
    TERM = screen-256color

Perl special variables (and OS-specific diagnostics, for MSWin32):

    $^X = /srv/smoker/perl5/perlbrew/perls/perl-5.34.0/bin/perl
    $UID/$EUID = 1111 / 1111
    $GID = 65534 65534
    $EGID = 65534 65534

Perl module toolchain versions installed:

    Module              Have    
    ------------------- --------
    CPAN                2.28    
    CPAN::Meta          2.150010
    Cwd                 3.80    
    ExtUtils::CBuilder  0.280236
    ExtUtils::Command   7.63_05 
    ExtUtils::Install   2.20    
    ExtUtils::MakeMaker 7.63_05 
    ExtUtils::Manifest  1.73    
    ExtUtils::ParseXS   3.43    
    File::Spec          3.80    
    JSON                4.03    
    JSON::PP            4.06    
    Module::Build       0.4231  
    Module::Signature   0.87    
    Parse::CPAN::Meta   2.150010
    Test::Harness       3.43_03 
    Test::More          1.302188
    YAML                1.30    
    YAML::Syck          1.34    
    version             0.9928  


--

Summary of my perl5 (revision 5 version 34 subversion 0) configuration:
   
  Platform:
    osname=linux
    osvers=5.10.17+
    archname=armv6l-linux
    uname='linux smoker 5.10.17+ #1414 fri apr 30 13:16:27 bst 2021 armv6l gnulinux '
    config_args='-de -Dprefix=/srv/smoker/perl5/perlbrew/perls/perl-5.34.0 -Aeval:scriptdir=/srv/smoker/perl5/perlbrew/perls/perl-5.34.0/bin'
    hint=recommended
    useposix=true
    d_sigaction=define
    useithreads=undef
    usemultiplicity=undef
    use64bitint=undef
    use64bitall=undef
    uselongdouble=undef
    usemymalloc=n
    default_inc_excludes_dot=define
  Compiler:
    cc='cc'
    ccflags ='-fwrapv -fno-strict-aliasing -pipe -fstack-protector-strong -I/usr/local/include -D_LARGEFILE_SOURCE -D_FILE_OFFSET_BITS=64 -D_FORTIFY_SOURCE=2'
    optimize='-O2'
    cppflags='-fwrapv -fno-strict-aliasing -pipe -fstack-protector-strong -I/usr/local/include'
    ccversion=''
    gccversion='10.2.1 20210110'
    gccosandvers=''
    intsize=4
    longsize=4
    ptrsize=4
    doublesize=8
    byteorder=1234
    doublekind=3
    d_longlong=define
    longlongsize=8
    d_longdbl=define
    longdblsize=8
    longdblkind=0
    ivtype='long'
    ivsize=4
    nvtype='double'
    nvsize=8
    Off_t='off_t'
    lseeksize=8
    alignbytes=8
    prototype=define
  Linker and Libraries:
    ld='cc'
    ldflags =' -fstack-protector-strong -L/usr/local/lib'
    libpth=/usr/local/lib /usr/lib/arm-linux-gnueabihf /usr/lib /lib/arm-linux-gnueabihf /lib
    libs=-lpthread -lnsl -ldb -ldl -lm -lcrypt -lutil -lc
    perllibs=-lpthread -lnsl -ldl -lm -lcrypt -lutil -lc
    libc=libc-2.31.so
    so=so
    useshrplib=false
    libperl=libperl.a
    gnulibc_version='2.31'
  Dynamic Linking:
    dlsrc=dl_dlopen.xs
    dlext=so
    d_dlsymun=undef
    ccdlflags='-Wl,-E'
    cccdlflags='-fPIC'
    lddlflags='-shared -O2 -L/usr/local/lib -fstack-protector-strong'


Characteristics of this binary (from libperl): 
  Compile-time options:
    HAS_TIMES
    PERLIO_LAYERS
    PERL_COPY_ON_WRITE
    PERL_DONT_CREATE_GVSV
    PERL_MALLOC_WRAP
    PERL_OP_PARENT
    PERL_PRESERVE_IVUV
    USE_LARGE_FILES
    USE_LOCALE
    USE_LOCALE_COLLATE
    USE_LOCALE_CTYPE
    USE_LOCALE_NUMERIC
    USE_LOCALE_TIME
    USE_PERLIO
    USE_PERL_ATOF
  Built under linux
  Compiled at May 21 2021 03:02:12
  %ENV:
    PERL5LIB="/srv/smoker/cpan/build/Class-DBI-v3.0.17-0/blib/arch:/srv/smoker/cpan/build/Class-DBI-v3.0.17-0/blib/lib:/srv/smoker/cpan/build/UNIVERSAL-moniker-0.08-0/blib/arch:/srv/smoker/cpan/build/UNIVERSAL-moniker-0.08-0/blib/lib:/srv/smoker/cpan/build/Ima-DBI-0.35-0/blib/arch:/srv/smoker/cpan/build/Ima-DBI-0.35-0/blib/lib:/srv/smoker/cpan/build/DBIx-ContextualFetch-1.03-0/blib/arch:/srv/smoker/cpan/build/DBIx-ContextualFetch-1.03-0/blib/lib"
    PERL5OPT=""
    PERL5_CPANPLUS_IS_RUNNING="16830"
    PERL5_CPAN_IS_RUNNING="16830"
    PERLBREW_HOME="/srv/smoker/.perlbrew"
    PERLBREW_MANPATH="/srv/smoker/perl5/perlbrew/perls/perl-5.34.0/man"
    PERLBREW_PATH="/srv/smoker/perl5/perlbrew/bin:/srv/smoker/perl5/perlbrew/perls/perl-5.34.0/bin"
    PERLBREW_PERL="perl-5.34.0"
    PERLBREW_ROOT="/srv/smoker/perl5/perlbrew"
    PERLBREW_SHELLRC_VERSION="0.92"
    PERLBREW_VERSION="0.92"
    PERL_CPANM_OPT="--prompt  --configure-timeout 300 --test-timeout 9000 --build-timeout 18000"
    PERL_MM_USE_DEFAULT="1"
    PERL_TEST_TIME_OUT_FACTOR="3"
    PERL_USE_UNSAFE_INC="1"
  @INC:
    /srv/smoker/cpan/build/Class-DBI-v3.0.17-0/blib/arch
    /srv/smoker/cpan/build/Class-DBI-v3.0.17-0/blib/lib
    /srv/smoker/cpan/build/UNIVERSAL-moniker-0.08-0/blib/arch
    /srv/smoker/cpan/build/UNIVERSAL-moniker-0.08-0/blib/lib
    /srv/smoker/cpan/build/Ima-DBI-0.35-0/blib/arch
    /srv/smoker/cpan/build/Ima-DBI-0.35-0/blib/lib
    /srv/smoker/cpan/build/DBIx-ContextualFetch-1.03-0/blib/arch
    /srv/smoker/cpan/build/DBIx-ContextualFetch-1.03-0/blib/lib
    /srv/smoker/perl5/perlbrew/perls/perl-5.34.0/lib/site_perl/5.34.0/armv6l-linux
    /srv/smoker/perl5/perlbrew/perls/perl-5.34.0/lib/site_perl/5.34.0
    /srv/smoker/perl5/perlbrew/perls/perl-5.34.0/lib/5.34.0/armv6l-linux
    /srv/smoker/perl5/perlbrew/perls/perl-5.34.0/lib/5.34.0
    .