Test-PostgreSQL v1.30.0_01 Perl 5 v5.20.2 amd64-freebsd

Status
Fail
From
Slaven Rezić (SREZIC)
Dist
Test-PostgreSQL v1.30.0_01
Platform
Perl 5 v5.20.2 amd64-freebsd
Date
2018-04-04 09:29:03
ID
9d61c0f2-37ea-11e8-b6fb-a2139c80d744
This distribution has been tested as part of the CPAN Testers
project, supporting the Perl programming language.  See
http://wiki.cpantesters.org/ for more information or email
questions to cpan-testers-discuss@perl.org


--
Dear Alex Tokarev,

This is a computer-generated report for Test-PostgreSQL-1.30.0_01
on perl 5.20.2, created by CPAN-Reporter-1.2018.

Thank you for uploading your work to CPAN.  However, there was a problem
testing your distribution.

If you think this report is invalid, please consult the CPAN Testers Wiki
for suggestions on how to avoid getting FAIL reports for missing library
or binary dependencies, unsupported operating systems, and so on:

http://wiki.cpantesters.org/wiki/CPANAuthorNotes

Sections of this report:

    * Tester comments
    * Program output
    * Prerequisites
    * Environment and other context

------------------------------
TESTER COMMENTS
------------------------------

Additional comments from tester:

none provided

------------------------------
PROGRAM OUTPUT
------------------------------

Output from '/usr/bin/make test':

PERL_DL_NONLAZY=1 "/usr/perl5.20.2p/bin/perl" "-MExtUtils::Command::MM" "-MTest::Harness" "-e" "undef *Test::Harness::Switches; test_harness(0, 'inc', 'blib/lib', 'blib/arch')" t/*.t
t/00-base.t .............. ok
# PostgreSQL version: 9.3
t/01-raii.t .............. ok
t/02-multi.t ............. ok
t/04-multiprocess.t ...... ok
t/05-recycle-base-dir.t .. ok
t/06-unix-socket.t ....... ok
t/07-configs.t ........... ok
t/08-postgresql_conf.t ... ok

#   Failed test 'run_psql no exception: Error executing psql: FEHLER:  Relation »foo« existiert nicht
# ZEILE 1: INSERT INTO foo (bar) VALUES (42)
#                      ^
# '
#   at t/09-run_psql.t line 24.
#          got: 'Error executing psql: FEHLER:  Relation »foo« existiert nicht
# ZEILE 1: INSERT INTO foo (bar) VALUES (42)
#                      ^
# '
#     expected: ''
DBD::Pg::db selectrow_array failed: FEHLER:  Relation »foo« existiert nicht
ZEILE 1: SELECT * FROM foo
                       ^ at t/09-run_psql.t line 28.

#   Failed test 'seed values match'
#   at t/09-run_psql.t line 30.
#     Structures begin differing at:
#          $got->[0] = Does not exist
#     $expected->[0] = '42'
# Looks like you failed 2 tests of 3.
t/09-run_psql.t .......... 
Dubious, test returned 2 (wstat 512, 0x200)
Failed 2/3 subtests 
t/10-seed_scripts.t ...... skipped: Error executing psql: psql:t/seed/seed.sql:1: FEHLER:  Relation »foo« existiert nicht
# elapsed: 1
t/deadlock.t ............. ok
t/pod.t .................. ok

Test Summary Report
-------------------
t/09-run_psql.t        (Wstat: 512 Tests: 3 Failed: 2)
  Failed tests:  2-3
  Non-zero exit status: 2
Files=12, Tests=39, 79 wallclock secs ( 0.00 usr  0.05 sys +  1.96 cusr 18.00 csys = 20.02 CPU)
Result: FAIL
Failed 1/12 test programs. 2/39 subtests failed.
*** Error code 255

Stop.
make: stopped in /home/cpansand/.cpan/build/2018040406/Test-PostgreSQL-1.30.0_01-11

------------------------------
PREREQUISITES
------------------------------

Prerequisite modules loaded:

requires:

    Module               Need    Have    
    -------------------- ------- --------
    DBD::Pg              0       3.7.0   
    DBI                  0       1.640   
    File::Spec           0       3.74    
    File::Which          0       1.22    
    Function::Parameters 0       2.001002
    Moo                  0       2.003004
    perl                 5.01400 5.020002
    POSIX                0       1.38_03 
    Tie::Hash::Method    0       0.02    
    Try::Tiny            0       0.30    
    Types::Standard      0       1.002001
    User::pwent          0       1.00    

build_requires:

    Module               Need    Have    
    -------------------- ------- --------
    DBD::Pg              0       3.7.0   
    ExtUtils::MakeMaker  6.59    7.32    
    Test::SharedFork     0.06    0.33    

configure_requires:

    Module               Need    Have    
    -------------------- ------- --------
    ExtUtils::MakeMaker  0       7.32    


------------------------------
ENVIRONMENT AND OTHER CONTEXT
------------------------------

Environment variables:

    LC_ALL = de_DE.ISO8859-1
    PATH = /usr/local/bin:/usr/bin:/bin:/usr/local/sbin:/usr/sbin:/sbin:/home/cpansand/bin/freebsd10.3:/home/cpansand/bin/sh:/home/cpansand/bin:/usr/games:/home/cpansand/devel:/home/eserte/src/srezic-misc/scripts
    PERL5LIB = /home/cpansand/.cpan/build/2018040406/Dist-Zilla-Plugin-GitHubREADME-Badge-0.25-11/blib/arch:/home/cpansand/.cpan/build/2018040406/Dist-Zilla-Plugin-GitHubREADME-Badge-0.25-11/blib/lib:/home/cpansand/.cpan/build/2018040406/Astro-Units-1.10-11/blib/arch:/home/cpansand/.cpan/build/2018040406/Astro-Units-1.10-11/blib/lib:/home/cpansand/.cpan/build/2018040406/Debuggit-2.06_02-11/blib/arch:/home/cpansand/.cpan/build/2018040406/Debuggit-2.06_02-11/blib/lib
    PERL5OPT = 
    PERL5_CPANPLUS_IS_RUNNING = 51996
    PERL5_CPAN_IS_RUNNING = 51996
    PERL5_CPAN_IS_RUNNING_IN_RECURSION = 29603,51996
    PERLDOC = -MPod::Perldoc::ToTextOverstrike
    PERL_BATCH = yes
    PERL_CANARY_STABILITY_NOPROMPT = 1
    PERL_CPAN_REPORTER_CONFIG = /var/tmp/cpansmoker-1023/2018040406/cpanreporter_000_config.ini
    PERL_EXTUTILS_AUTOINSTALL = --defaultdeps
    SHELL = /usr/local/bin/zsh
    TERM = screen
    TMPDIR = /var/tmp/cpansmoker-1023/2018040406

Perl special variables (and OS-specific diagnostics, for MSWin32):

    $^X = /usr/perl5.20.2p/bin/perl
    $UID/$EUID = 1023 / 1023
    $GID = 1023 1023
    $EGID = 1023 1023

Perl module toolchain versions installed:

    Module              Have    
    ------------------- --------
    CPAN                2.16    
    CPAN::Meta          2.150010
    Cwd                 3.74    
    ExtUtils::CBuilder  0.280226
    ExtUtils::Command   7.32    
    ExtUtils::Install   2.14    
    ExtUtils::MakeMaker 7.32    
    ExtUtils::Manifest  1.70    
    ExtUtils::ParseXS   3.35    
    File::Spec          3.74    
    JSON                2.97001 
    JSON::PP            2.97000 
    Module::Build       0.4224  
    Module::Signature   0.81    
    Parse::CPAN::Meta   2.150010
    Test::Harness       3.42    
    Test::More          1.302133
    YAML                1.24    
    YAML::Syck          1.30    
    version             0.9916  


--

Summary of my perl5 (revision 5 version 20 subversion 2) configuration:
   
  Platform:
    osname=freebsd, osvers=10.1-release, archname=amd64-freebsd
    uname='freebsd cvrsnica-freebsd-101.herceg.de 10.1-release freebsd 10.1-release #0 r274401: tue nov 11 21:02:49 utc 2014 root@releng1.nyi.freebsd.org:usrobjusrsrcsysgeneric amd64 '
    config_args='-ds -e -Dprefix=/usr/perl5.20.2p'
    hint=recommended, useposix=true, d_sigaction=define
    useithreads=undef, usemultiplicity=undef
    use64bitint=define, use64bitall=define, uselongdouble=undef
    usemymalloc=n, bincompat5005=undef
  Compiler:
    cc='cc', ccflags ='-DHAS_FPSETMASK -DHAS_FLOATINGPOINT_H -fno-strict-aliasing -pipe -fstack-protector -I/usr/local/include',
    optimize='-O',
    cppflags='-DHAS_FPSETMASK -DHAS_FLOATINGPOINT_H -fno-strict-aliasing -pipe -fstack-protector -I/usr/local/include'
    ccversion='', gccversion='4.2.1 Compatible FreeBSD Clang 3.4.1 (tags/RELEASE_34/dot1-final 208032)', gccosandvers=''
    intsize=4, longsize=8, ptrsize=8, doublesize=8, byteorder=12345678
    d_longlong=define, longlongsize=8, d_longdbl=define, longdblsize=16
    ivtype='long', ivsize=8, nvtype='double', nvsize=8, Off_t='off_t', lseeksize=8
    alignbytes=8, prototype=define
  Linker and Libraries:
    ld='cc', ldflags ='-pthread -Wl,-E  -fstack-protector -L/usr/local/lib'
    libpth=/usr/lib /usr/local/lib /usr/include/clang/3.4.1 /usr/lib
    libs=-lgdbm -lm -lcrypt -lutil -lc
    perllibs=-lm -lcrypt -lutil -lc
    libc=, so=so, useshrplib=false, libperl=libperl.a
    gnulibc_version=''
  Dynamic Linking:
    dlsrc=dl_dlopen.xs, dlext=so, d_dlsymun=undef, ccdlflags=' '
    cccdlflags='-DPIC -fPIC', lddlflags='-shared  -L/usr/local/lib -fstack-protector'


Characteristics of this binary (from libperl): 
  Compile-time options: HAS_TIMES PERLIO_LAYERS PERL_DONT_CREATE_GVSV
                        PERL_HASH_FUNC_ONE_AT_A_TIME_HARD PERL_MALLOC_WRAP
                        PERL_NEW_COPY_ON_WRITE PERL_PRESERVE_IVUV
                        USE_64_BIT_ALL USE_64_BIT_INT USE_LARGE_FILES
                        USE_LOCALE USE_LOCALE_COLLATE USE_LOCALE_CTYPE
                        USE_LOCALE_NUMERIC USE_PERLIO USE_PERL_ATOF
  Built under freebsd
  Compiled at Feb 14 2015 20:35:40
  %ENV:
    PERL5LIB="/home/cpansand/.cpan/build/2018040406/Dist-Zilla-Plugin-GitHubREADME-Badge-0.25-11/blib/arch:/home/cpansand/.cpan/build/2018040406/Dist-Zilla-Plugin-GitHubREADME-Badge-0.25-11/blib/lib:/home/cpansand/.cpan/build/2018040406/Astro-Units-1.10-11/blib/arch:/home/cpansand/.cpan/build/2018040406/Astro-Units-1.10-11/blib/lib:/home/cpansand/.cpan/build/2018040406/Debuggit-2.06_02-11/blib/arch:/home/cpansand/.cpan/build/2018040406/Debuggit-2.06_02-11/blib/lib"
    PERL5OPT=""
    PERL5_CPANPLUS_IS_RUNNING="51996"
    PERL5_CPAN_IS_RUNNING="51996"
    PERL5_CPAN_IS_RUNNING_IN_RECURSION="29603,51996"
    PERLDOC="-MPod::Perldoc::ToTextOverstrike"
    PERL_BATCH="yes"
    PERL_CANARY_STABILITY_NOPROMPT="1"
    PERL_CPAN_REPORTER_CONFIG="/var/tmp/cpansmoker-1023/2018040406/cpanreporter_000_config.ini"
    PERL_EXTUTILS_AUTOINSTALL="--defaultdeps"
  @INC:
    /home/cpansand/.cpan/build/2018040406/Dist-Zilla-Plugin-GitHubREADME-Badge-0.25-11/blib/arch
    /home/cpansand/.cpan/build/2018040406/Dist-Zilla-Plugin-GitHubREADME-Badge-0.25-11/blib/lib
    /home/cpansand/.cpan/build/2018040406/Astro-Units-1.10-11/blib/arch
    /home/cpansand/.cpan/build/2018040406/Astro-Units-1.10-11/blib/lib
    /home/cpansand/.cpan/build/2018040406/Debuggit-2.06_02-11/blib/arch
    /home/cpansand/.cpan/build/2018040406/Debuggit-2.06_02-11/blib/lib
    /usr/perl5.20.2p/lib/site_perl/5.20.2/amd64-freebsd
    /usr/perl5.20.2p/lib/site_perl/5.20.2
    /usr/perl5.20.2p/lib/5.20.2/amd64-freebsd
    /usr/perl5.20.2p/lib/5.20.2
    .