Back
From: metabase:user:30dda8bc-2aae-11df-837a-5e0a49663a4f
Subject: FAIL String-Gsub-0.04 v5.12.3 GNU/Linux
Date: 2011-05-05T20:38:20Z
This distribution has been tested as part of the CPAN Testers
project, supporting the Perl programming language. See
http://wiki.cpantesters.org/ for more information or email
questions to cpan-testers-discuss@perl.org
--
Dear YAMASHINA Hio,
This is a computer-generated report for String-Gsub-0.04
on perl 5.12.3, created by CPAN-Reporter-1.1902.
Thank you for uploading your work to CPAN. However, there was a problem
testing your distribution.
If you think this report is invalid, please consult the CPAN Testers Wiki
for suggestions on how to avoid getting FAIL reports for missing library
or binary dependencies, unsupported operating systems, and so on:
http://wiki.cpantesters.org/wiki/CPANAuthorNotes
Sections of this report:
* Tester comments
* Program output
* Prerequisites
* Environment and other context
------------------------------
TESTER COMMENTS
------------------------------
Additional comments from tester:
this report is from an automated smoke testing program
and was not reviewed by a human for accuracy
------------------------------
PROGRAM OUTPUT
------------------------------
Output from '/usr/bin/make test':
PERL_DL_NONLAZY=1 /usr/bin/perl "-MExtUtils::Command::MM" "-e" "test_harness(0, 'blib/lib', 'blib/arch')" t/*.t
# Testing String::Gsub 0.04, Perl 5.012003, /usr/bin/perl
t/00-load.t ......... ok
t/boilerplate.t ..... ok
t/gsub-functions.t .. ok
# Failed test 'gsub result'
# at t/gsub.t line 17.
# An error occurred while using eq:
# ------------------------------------
# Operation "eq": no method found,
# left argument in overloaded package String::Gsub,
# right argument has no overloaded magic at (eval in cmp_ok) t/gsub.t line 17.
#
# ------------------------------------
# got: 'aBcaBc'
# expected: 'aBcaBc'
# Failed test 'gsub returns new object'
# at t/gsub.t line 18.
# An error occurred while using ne:
# ------------------------------------
# Operation "ne": no method found,
# left argument in overloaded package String::Gsub,
# right argument in overloaded package String::Gsub at (eval in cmp_ok) t/gsub.t line 18.
#
# ------------------------------------
# got: 'aBcaBc'
# expected: anything else
# Failed test 'gsub twice'
# at t/gsub.t line 20.
# An error occurred while using eq:
# ------------------------------------
# Operation "eq": no method found,
# left argument in overloaded package String::Gsub,
# right argument has no overloaded magic at (eval in cmp_ok) t/gsub.t line 20.
#
# ------------------------------------
# got: 'AbCAbC'
# expected: 'AbCAbC'
# Failed test 'gsub doesnt change original'
# at t/gsub.t line 21.
# An error occurred while using eq:
# ------------------------------------
# Operation "eq": no method found,
# left argument in overloaded package String::Gsub,
# right argument has no overloaded magic at (eval in cmp_ok) t/gsub.t line 21.
#
# ------------------------------------
# got: 'abcabc'
# expected: 'abcabc'
# Failed test 'gsubx result'
# at t/gsub.t line 28.
# An error occurred while using eq:
# ------------------------------------
# Operation "eq": no method found,
# left argument in overloaded package String::Gsub,
# right argument has no overloaded magic at (eval in cmp_ok) t/gsub.t line 28.
#
# ------------------------------------
# got: 'aBcaBc'
# expected: 'aBcaBc'
# Failed test 'gsubx returns itself'
# at t/gsub.t line 29.
# An error occurred while using eq:
# ------------------------------------
# Operation "eq": no method found,
# left argument in overloaded package String::Gsub,
# right argument in overloaded package String::Gsub at (eval in cmp_ok) t/gsub.t line 29.
#
# ------------------------------------
# got: 'aBcaBc'
# expected: 'aBcaBc'
# Failed test 'gsubx changes original'
# at t/gsub.t line 30.
# An error occurred while using eq:
# ------------------------------------
# Operation "eq": no method found,
# left argument in overloaded package String::Gsub,
# right argument has no overloaded magic at (eval in cmp_ok) t/gsub.t line 30.
#
# ------------------------------------
# got: 'aBcaBc'
# expected: 'aBcaBc'
# Failed test 'sub result'
# at t/gsub.t line 37.
# An error occurred while using eq:
# ------------------------------------
# Operation "eq": no method found,
# left argument in overloaded package String::Gsub,
# right argument has no overloaded magic at (eval in cmp_ok) t/gsub.t line 37.
#
# ------------------------------------
# got: 'aBcabc'
# expected: 'aBcabc'
# Failed test 'sub returns new object'
# at t/gsub.t line 38.
# An error occurred while using ne:
# ------------------------------------
# Operation "ne": no method found,
# left argument in overloaded package String::Gsub,
# right argument in overloaded package String::Gsub at (eval in cmp_ok) t/gsub.t line 38.
#
# ------------------------------------
# got: 'aBcabc'
# expected: anything else
# Failed test 'sub twice'
# at t/gsub.t line 40.
# An error occurred while using eq:
# ------------------------------------
# Operation "eq": no method found,
# left argument in overloaded package String::Gsub,
# right argument has no overloaded magic at (eval in cmp_ok) t/gsub.t line 40.
#
# ------------------------------------
# got: 'AbCabc'
# expected: 'AbCabc'
# Failed test 'sub doesnt change original'
# at t/gsub.t line 41.
# An error occurred while using eq:
# ------------------------------------
# Operation "eq": no method found,
# left argument in overloaded package String::Gsub,
# right argument has no overloaded magic at (eval in cmp_ok) t/gsub.t line 41.
#
# ------------------------------------
# got: 'abcabc'
# expected: 'abcabc'
# Failed test 'subx result'
# at t/gsub.t line 48.
# An error occurred while using eq:
# ------------------------------------
# Operation "eq": no method found,
# left argument in overloaded package String::Gsub,
# right argument has no overloaded magic at (eval in cmp_ok) t/gsub.t line 48.
#
# ------------------------------------
# got: 'aBcabc'
# expected: 'aBcabc'
# Failed test 'subx returns itself'
# at t/gsub.t line 49.
# An error occurred while using eq:
# ------------------------------------
# Operation "eq": no method found,
# left argument in overloaded package String::Gsub,
# right argument in overloaded package String::Gsub at (eval in cmp_ok) t/gsub.t line 49.
#
# ------------------------------------
# got: 'aBcabc'
# expected: 'aBcabc'
# Failed test 'subx changes original'
# at t/gsub.t line 50.
# An error occurred while using eq:
# ------------------------------------
# Operation "eq": no method found,
# left argument in overloaded package String::Gsub,
# right argument has no overloaded magic at (eval in cmp_ok) t/gsub.t line 50.
#
# ------------------------------------
# got: 'aBcabc'
# expected: 'aBcabc'
# Looks like you failed 14 tests of 16.
t/gsub.t ............
Dubious, test returned 14 (wstat 3584, 0xe00)
Failed 14/16 subtests
t/pod-coverage.t .... ok
t/pod.t ............. ok
# Failed test 'gsub result'
# at t/string-pattern.t line 21.
# An error occurred while using eq:
# ------------------------------------
# Operation "eq": no method found,
# left argument in overloaded package String::Gsub,
# right argument has no overloaded magic at (eval in cmp_ok) t/string-pattern.t line 21.
#
# ------------------------------------
# got: 'a(b)ca(b)c'
# expected: 'a(b)ca(b)c'
# Failed test 'gsub returns new object'
# at t/string-pattern.t line 22.
# An error occurred while using ne:
# ------------------------------------
# Operation "ne": no method found,
# left argument in overloaded package String::Gsub,
# right argument in overloaded package String::Gsub at (eval in cmp_ok) t/string-pattern.t line 22.
#
# ------------------------------------
# got: 'a(b)ca(b)c'
# expected: anything else
# Failed test 'gsub doesnt change original'
# at t/string-pattern.t line 23.
# An error occurred while using eq:
# ------------------------------------
# Operation "eq": no method found,
# left argument in overloaded package String::Gsub,
# right argument has no overloaded magic at (eval in cmp_ok) t/string-pattern.t line 23.
#
# ------------------------------------
# got: 'abcabc'
# expected: 'abcabc'
# Failed test 'gsubx result'
# at t/string-pattern.t line 30.
# An error occurred while using eq:
# ------------------------------------
# Operation "eq": no method found,
# left argument in overloaded package String::Gsub,
# right argument has no overloaded magic at (eval in cmp_ok) t/string-pattern.t line 30.
#
# ------------------------------------
# got: 'a(b)ca(b)c'
# expected: 'a(b)ca(b)c'
# Failed test 'gsubx returns itself'
# at t/string-pattern.t line 31.
# An error occurred while using eq:
# ------------------------------------
# Operation "eq": no method found,
# left argument in overloaded package String::Gsub,
# right argument in overloaded package String::Gsub at (eval in cmp_ok) t/string-pattern.t line 31.
#
# ------------------------------------
# got: 'a(b)ca(b)c'
# expected: 'a(b)ca(b)c'
# Failed test 'gsubx changes original'
# at t/string-pattern.t line 32.
# An error occurred while using eq:
# ------------------------------------
# Operation "eq": no method found,
# left argument in overloaded package String::Gsub,
# right argument has no overloaded magic at (eval in cmp_ok) t/string-pattern.t line 32.
#
# ------------------------------------
# got: 'a(b)ca(b)c'
# expected: 'a(b)ca(b)c'
# Failed test 'sub result'
# at t/string-pattern.t line 39.
# An error occurred while using eq:
# ------------------------------------
# Operation "eq": no method found,
# left argument in overloaded package String::Gsub,
# right argument has no overloaded magic at (eval in cmp_ok) t/string-pattern.t line 39.
#
# ------------------------------------
# got: 'a(b)cabc'
# expected: 'a(b)cabc'
# Failed test 'sub returns new object'
# at t/string-pattern.t line 40.
# An error occurred while using ne:
# ------------------------------------
# Operation "ne": no method found,
# left argument in overloaded package String::Gsub,
# right argument in overloaded package String::Gsub at (eval in cmp_ok) t/string-pattern.t line 40.
#
# ------------------------------------
# got: 'a(b)cabc'
# expected: anything else
# Failed test 'sub doesnt change original'
# at t/string-pattern.t line 41.
# An error occurred while using eq:
# ------------------------------------
# Operation "eq": no method found,
# left argument in overloaded package String::Gsub,
# right argument has no overloaded magic at (eval in cmp_ok) t/string-pattern.t line 41.
#
# ------------------------------------
# got: 'abcabc'
# expected: 'abcabc'
# Failed test 'subx result'
# at t/string-pattern.t line 48.
# An error occurred while using eq:
# ------------------------------------
# Operation "eq": no method found,
# left argument in overloaded package String::Gsub,
# right argument has no overloaded magic at (eval in cmp_ok) t/string-pattern.t line 48.
#
# ------------------------------------
# got: 'a(b)cabc'
# expected: 'a(b)cabc'
# Failed test 'subx returns itself'
# at t/string-pattern.t line 49.
# An error occurred while using eq:
# ------------------------------------
# Operation "eq": no method found,
# left argument in overloaded package String::Gsub,
# right argument in overloaded package String::Gsub at (eval in cmp_ok) t/string-pattern.t line 49.
#
# ------------------------------------
# got: 'a(b)cabc'
# expected: 'a(b)cabc'
# Failed test 'subx changes original'
# at t/string-pattern.t line 50.
# An error occurred while using eq:
# ------------------------------------
# Operation "eq": no method found,
# left argument in overloaded package String::Gsub,
# right argument has no overloaded magic at (eval in cmp_ok) t/string-pattern.t line 50.
#
# ------------------------------------
# got: 'a(b)cabc'
# expected: 'a(b)cabc'
# Failed test 'argument of match callback'
# at t/string-pattern.t line 57.
# An error occurred while using eq:
# ------------------------------------
# Operation "eq": no method found,
# left argument in overloaded package String::Gsub,
# right argument has no overloaded magic at (eval in cmp_ok) t/string-pattern.t line 57.
#
# ------------------------------------
# got: 'aBcaBc'
# expected: 'aBcaBc'
# Failed test 'gsub match value'
# at t/string-pattern.t line 64.
# An error occurred while using eq:
# ------------------------------------
# Operation "eq": no method found,
# left argument in overloaded package String::Gsub,
# right argument has no overloaded magic at (eval in cmp_ok) t/string-pattern.t line 64.
#
# ------------------------------------
# got: 'a(b)ca(b)c'
# expected: 'a(b)ca(b)c'
# Failed test 'gsub prematch value'
# at t/string-pattern.t line 68.
# An error occurred while using eq:
# ------------------------------------
# Operation "eq": no method found,
# left argument in overloaded package String::Gsub,
# right argument has no overloaded magic at (eval in cmp_ok) t/string-pattern.t line 68.
#
# ------------------------------------
# got: 'a(a)ca(abca)c'
# expected: 'a(a)ca(abca)c'
# Failed test 'gsub postmatch value'
# at t/string-pattern.t line 72.
# An error occurred while using eq:
# ------------------------------------
# Operation "eq": no method found,
# left argument in overloaded package String::Gsub,
# right argument has no overloaded magic at (eval in cmp_ok) t/string-pattern.t line 72.
#
# ------------------------------------
# got: 'a(cabc)ca(c)c'
# expected: 'a(cabc)ca(c)c'
# Failed test '. matches just `.''
# at t/string-pattern.t line 79.
# An error occurred while using eq:
# ------------------------------------
# Operation "eq": no method found,
# left argument in overloaded package String::Gsub,
# right argument has no overloaded magic at (eval in cmp_ok) t/string-pattern.t line 79.
#
# ------------------------------------
# got: 'abc(.)abc(.)'
# expected: 'abc(.)abc(.)'
# Looks like you failed 17 tests of 17.
t/string-pattern.t ..
Dubious, test returned 17 (wstat 4352, 0x1100)
Failed 17/17 subtests
Test Summary Report
-------------------
t/gsub.t (Wstat: 3584 Tests: 16 Failed: 14)
Failed tests: 1-2, 4-10, 12-16
Non-zero exit status: 14
t/string-pattern.t (Wstat: 4352 Tests: 17 Failed: 17)
Failed tests: 1-17
Non-zero exit status: 17
Files=7, Tests=58, 1 wallclock secs ( 0.05 usr 0.02 sys + 0.28 cusr 0.05 csys = 0.40 CPU)
Result: FAIL
Failed 2/7 test programs. 31/58 subtests failed.
make: *** [test_dynamic] Error 17
------------------------------
PREREQUISITES
------------------------------
Prerequisite modules loaded:
requires:
Module Need Have
---------- ---- ----
Exporter 0 5.63
Test::More 0 0.98
------------------------------
ENVIRONMENT AND OTHER CONTEXT
------------------------------
Environment variables:
AUTOMATED_TESTING = 1
LANG = en_US.utf8
PATH = /net/netfile2/ag-russell/perl-smoker/Fedora-14-i686/bin:/net/netfile2/ag-russell/install/Fedora-14-i686/perlbrew/bin:/bin:/sbin:/usr/bin:/usr/sbin:/usr/local/bin
PATH_WITHOUT_PERLBREW = /bin:/sbin:/usr/bin:/usr/sbin:/usr/local/bin
PERL5LIB = /net/netfile2/ag-russell/perl-smoker/Fedora-14-i686/lib/perl5/i386-linux-thread-multi:/net/netfile2/ag-russell/perl-smoker/Fedora-14-i686/lib/perl5
PERL5OPT =
PERL5_CPANPLUS_IS_RUNNING = 25694
PERL5_CPAN_IS_RUNNING = 25694
PERL5_CPAN_IS_RUNNING_IN_RECURSION = 22578,25694
PERLBREW_PATH = /net/netfile2/ag-russell/install/Fedora-14-i686/perlbrew/bin
PERLBREW_ROOT = /net/netfile2/ag-russell/install/Fedora-14-i686/perlbrew
PERLBREW_VERSION = 0.17
PERL_CR_SMOKER_CURRENT = String-Gsub-0.04
PERL_EXTUTILS_AUTOINSTALL = --defaultdeps
PERL_LOCAL_LIB_ROOT = /net/netfile2/ag-russell/perl-smoker/Fedora-14-i686
PERL_MB_OPT = --install_base /net/netfile2/ag-russell/perl-smoker/Fedora-14-i686
PERL_MM_OPT = INSTALL_BASE=/net/netfile2/ag-russell/perl-smoker/Fedora-14-i686
PERL_MM_USE_DEFAULT = 1
SHELL = /bin/bash
TERM = xterm
Perl special variables (and OS-specific diagnostics, for MSWin32):
$^X = /usr/bin/perl
$UID/$EUID = 2699 / 2699
$GID = 2048 2048 10000 10003 10004 10099
$EGID = 2048 2048 10000 10003 10004 10099
Perl module toolchain versions installed:
Module Have
------------------- --------
CPAN 1.9600
Cwd 3.33
ExtUtils::CBuilder 0.280202
ExtUtils::Command 1.17
ExtUtils::Install 1.54
ExtUtils::MakeMaker 6.56
ExtUtils::Manifest 1.58
ExtUtils::ParseXS 2.2206
File::Spec 3.33
Module::Build 0.3800
Module::Signature 0.67
Test::Harness 3.23
Test::More 0.98
YAML 0.73
YAML::Syck 1.17
version 0.88
--
Summary of my perl5 (revision 5 version 12 subversion 3) configuration:
Platform:
osname=linux, osvers=2.6.32-72.el6.bz634452.x86_64, archname=i386-linux-thread-multi
uname='linux x86-20.phx2.fedoraproject.org 2.6.32-72.el6.bz634452.x86_64 #1 smp fri sep 17 06:52:25 edt 2010 i686 i686 i386 gnulinux '
config_args='-des -Doptimize=-O2 -g -pipe -Wall -Wp,-D_FORTIFY_SOURCE=2 -fexceptions -fstack-protector --param=ssp-buffer-size=4 -m32 -march=i686 -mtune=atom -fasynchronous-unwind-tables -Dccdlflags=-Wl,--enable-new-dtags -DDEBUGGING=-g -Dversion=5.12.3 -Dmyhostname=localhost -Dperladmin=root@localhost -Dcc=gcc -Dcf_by=Red Hat, Inc. -Dprefix=/usr -Dvendorprefix=/usr -Dsiteprefix=/usr/local -Dsitelib=/usr/local/share/perl5 -Dsitearch=/usr/local/lib/perl5 -Dprivlib=/usr/share/perl5 -Dvendorlib=/usr/share/perl5 -Darchlib=/usr/lib/perl5 -Dvendorarch=/usr/lib/perl5 -Darchname=i386-linux-thread-multi -Duseshrplib -Dusethreads -Duseithreads -Dusedtrace=/usr/bin/dtrace -Duselargefiles -Dd_semctl_semun -Di_db -Ui_ndbm -Di_gdbm -Di_shadow -Di_syslog -Dman3ext=3pm -Duseperlio -Dinstallusrbinperl=n -Ubincompat5005 -Uversiononly -Dpager=/usr/bin/less -isr -Dd_gethostent_r_proto -Ud_endhostent_r_proto -Ud_sethostent_r_proto -Ud_endprotoent_r_proto -Ud_setprotoent_r_proto -Ud_endservent_r_proto -Ud_setservent_r_proto -Dscriptdir=/usr/bin -Dotherlibdirs=/usr/local/lib/perl5/site_perl/5.10.0/i386-linux-thread-multi:/usr/local/lib/perl5/site_perl/5.10.0:/usr/lib/perl5/vendor_perl/5.10.0/i386-linux-thread-multi:/usr/lib/perl5/vendor_perl:/usr/lib/perl5/site_perl'
hint=recommended, useposix=true, d_sigaction=define
useithreads=define, usemultiplicity=define
useperlio=define, d_sfio=undef, uselargefiles=define, usesocks=undef
use64bitint=undef, use64bitall=undef, uselongdouble=undef
usemymalloc=n, bincompat5005=undef
Compiler:
cc='gcc', ccflags ='-D_REENTRANT -D_GNU_SOURCE -fno-strict-aliasing -pipe -fstack-protector -I/usr/local/include -D_LARGEFILE_SOURCE -D_FILE_OFFSET_BITS=64',
optimize='-O2 -g -pipe -Wall -Wp,-D_FORTIFY_SOURCE=2 -fexceptions -fstack-protector --param=ssp-buffer-size=4 -m32 -march=i686 -mtune=atom -fasynchronous-unwind-tables',
cppflags='-D_REENTRANT -D_GNU_SOURCE -fno-strict-aliasing -pipe -fstack-protector -I/usr/local/include'
ccversion='', gccversion='4.5.1 20100924 (Red Hat 4.5.1-4)', gccosandvers=''
intsize=4, longsize=4, ptrsize=4, doublesize=8, byteorder=1234
d_longlong=define, longlongsize=8, d_longdbl=define, longdblsize=12
ivtype='long', ivsize=4, nvtype='double', nvsize=8, Off_t='off_t', lseeksize=8
alignbytes=4, prototype=define
Linker and Libraries:
ld='gcc', ldflags =' -fstack-protector -L/usr/local/lib'
libpth=/usr/local/lib /lib /usr/lib
libs=-lresolv -lnsl -lgdbm -ldb -ldl -lm -lcrypt -lutil -lpthread -lc -lgdbm_compat
perllibs=-lresolv -lnsl -ldl -lm -lcrypt -lutil -lpthread -lc
libc=/lib/libc-2.13.so, so=so, useshrplib=true, libperl=libperl.so
gnulibc_version='2.13'
Dynamic Linking:
dlsrc=dl_dlopen.xs, dlext=so, d_dlsymun=undef, ccdlflags='-Wl,--enable-new-dtags -Wl,-rpath,/usr/lib/perl5/CORE'
cccdlflags='-fPIC', lddlflags='-shared -O2 -g -pipe -Wall -Wp,-D_FORTIFY_SOURCE=2 -fexceptions -fstack-protector --param=ssp-buffer-size=4 -m32 -march=i686 -mtune=atom -fasynchronous-unwind-tables -L/usr/local/lib'
Characteristics of this binary (from libperl):
Compile-time options: MULTIPLICITY PERL_DONT_CREATE_GVSV
PERL_IMPLICIT_CONTEXT PERL_MALLOC_WRAP USE_ITHREADS
USE_LARGE_FILES USE_PERLIO USE_PERL_ATOF
USE_REENTRANT_API
Built under linux
Compiled at Apr 2 2011 07:39:59
%ENV:
PERL5LIB="/net/netfile2/ag-russell/perl-smoker/Fedora-14-i686/lib/perl5/i386-linux-thread-multi:/net/netfile2/ag-russell/perl-smoker/Fedora-14-i686/lib/perl5"
PERL5OPT=""
PERL5_CPANPLUS_IS_RUNNING="25694"
PERL5_CPAN_IS_RUNNING="25694"
PERL5_CPAN_IS_RUNNING_IN_RECURSION="22578,25694"
PERLBREW_PATH="/net/netfile2/ag-russell/install/Fedora-14-i686/perlbrew/bin"
PERLBREW_ROOT="/net/netfile2/ag-russell/install/Fedora-14-i686/perlbrew"
PERLBREW_VERSION="0.17"
PERL_CR_SMOKER_CURRENT="String-Gsub-0.04"
PERL_EXTUTILS_AUTOINSTALL="--defaultdeps"
PERL_LOCAL_LIB_ROOT="/net/netfile2/ag-russell/perl-smoker/Fedora-14-i686"
PERL_MB_OPT="--install_base /net/netfile2/ag-russell/perl-smoker/Fedora-14-i686"
PERL_MM_OPT="INSTALL_BASE=/net/netfile2/ag-russell/perl-smoker/Fedora-14-i686"
PERL_MM_USE_DEFAULT="1"
@INC:
/net/netfile2/ag-russell/perl-smoker/Fedora-14-i686/lib/perl5/i386-linux-thread-multi
/net/netfile2/ag-russell/perl-smoker/Fedora-14-i686/lib/perl5/i386-linux-thread-multi
/net/netfile2/ag-russell/perl-smoker/Fedora-14-i686/lib/perl5
/usr/local/lib/perl5
/usr/local/share/perl5
/usr/lib/perl5
/usr/share/perl5
/usr/lib/perl5
/usr/share/perl5
/usr/local/lib/perl5/site_perl/5.10.0/i386-linux-thread-multi
/usr/local/lib/perl5/site_perl/5.10.0
/usr/lib/perl5/vendor_perl/5.10.0/i386-linux-thread-multi
/usr/lib/perl5/vendor_perl
/usr/lib/perl5/site_perl
.