Report for Acme-Perl-VM-0.006

Back
From: metabase:user:3198cbe2-2aae-11df-837a-5e0a49663a4f
Subject: FAIL Acme-Perl-VM-0.006 v5.18.0 GNU/Linux
Date: 2013-11-28T23:12:54Z

This distribution has been tested as part of the CPAN Testers
project, supporting the Perl programming language.  See
http://wiki.cpantesters.org/ for more information or email
questions to cpan-testers-discuss@perl.org


--
Dear Goro Fuji,

This is a computer-generated report for Acme-Perl-VM-0.006
on perl 5.18.0, created by CPAN-Reporter-1.2010.

Thank you for uploading your work to CPAN.  However, there was a problem
testing your distribution.

If you think this report is invalid, please consult the CPAN Testers Wiki
for suggestions on how to avoid getting FAIL reports for missing library
or binary dependencies, unsupported operating systems, and so on:

http://wiki.cpantesters.org/wiki/CPANAuthorNotes

Sections of this report:

    * Tester comments
    * Program output
    * Prerequisites
    * Environment and other context

------------------------------
TESTER COMMENTS
------------------------------

Additional comments from tester:

this report is from an automated smoke testing program
and was not reviewed by a human for accuracy

------------------------------
PROGRAM OUTPUT
------------------------------

Output from '/usr/bin/make test':

PERL_DL_NONLAZY=1 /home/graham/perls/perl5.18.0/bin/perl "-MExtUtils::Command::MM" "-MTest::Harness" "-e" "undef *Test::Harness::Switches; test_harness(0, 'inc', 'blib/lib', 'blib/arch')" t/*.t
defined(@array) is deprecated at /home/graham/perls/caches/perl-5.18.0/build/Acme-Perl-VM-0.006-86FMKQ/blib/lib/Acme/Perl/VM/PP.pm line 1127.
	(Maybe you should just omit the defined()?)
defined(%hash) is deprecated at /home/graham/perls/caches/perl-5.18.0/build/Acme-Perl-VM-0.006-86FMKQ/blib/lib/Acme/Perl/VM/PP.pm line 1130.
	(Maybe you should just omit the defined()?)
# Testing Acme::Perl::VM/0.006 (APVM_DEBUG=0)
t/00_load.t ....... ok
defined(@array) is deprecated at /home/graham/perls/caches/perl-5.18.0/build/Acme-Perl-VM-0.006-86FMKQ/blib/lib/Acme/Perl/VM/PP.pm line 1127.
	(Maybe you should just omit the defined()?)
defined(%hash) is deprecated at /home/graham/perls/caches/perl-5.18.0/build/Acme-Perl-VM-0.006-86FMKQ/blib/lib/Acme/Perl/VM/PP.pm line 1130.
	(Maybe you should just omit the defined()?)
t/01_print.t ...... ok
defined(@array) is deprecated at /home/graham/perls/caches/perl-5.18.0/build/Acme-Perl-VM-0.006-86FMKQ/blib/lib/Acme/Perl/VM/PP.pm line 1127.
	(Maybe you should just omit the defined()?)
defined(%hash) is deprecated at /home/graham/perls/caches/perl-5.18.0/build/Acme-Perl-VM-0.006-86FMKQ/blib/lib/Acme/Perl/VM/PP.pm line 1130.
	(Maybe you should just omit the defined()?)
t/02_return.t ..... ok
defined(@array) is deprecated at /home/graham/perls/caches/perl-5.18.0/build/Acme-Perl-VM-0.006-86FMKQ/blib/lib/Acme/Perl/VM/PP.pm line 1127.
	(Maybe you should just omit the defined()?)
defined(%hash) is deprecated at /home/graham/perls/caches/perl-5.18.0/build/Acme-Perl-VM-0.006-86FMKQ/blib/lib/Acme/Perl/VM/PP.pm line 1130.
	(Maybe you should just omit the defined()?)
pp_padrange is not implemented at /home/graham/perls/caches/perl-5.18.0/build/Acme-Perl-VM-0.006-86FMKQ/blib/lib/Acme/Perl/VM.pm line 143.
	Acme::Perl::VM::__ANON__ called at /home/graham/perls/caches/perl-5.18.0/build/Acme-Perl-VM-0.006-86FMKQ/blib/lib/Acme/Perl/VM.pm line 150
	Acme::Perl::VM::runops_standard() called at /home/graham/perls/caches/perl-5.18.0/build/Acme-Perl-VM-0.006-86FMKQ/blib/lib/Acme/Perl/VM.pm line 1009
	Acme::Perl::VM::call_sv(B::CV=SCALAR(0x1893b48), 3) called at /home/graham/perls/caches/perl-5.18.0/build/Acme-Perl-VM-0.006-86FMKQ/blib/lib/Acme/Perl/VM.pm line 1042
	Acme::Perl::VM::run_block(CODE(0x17d25b8)) called at t/03_assign.t line 15
# Looks like you planned 16 tests but ran 3.
# Looks like your test exited with 255 just after 3.
t/03_assign.t ..... 
Dubious, test returned 255 (wstat 65280, 0xff00)
Failed 13/16 subtests 
defined(@array) is deprecated at /home/graham/perls/caches/perl-5.18.0/build/Acme-Perl-VM-0.006-86FMKQ/blib/lib/Acme/Perl/VM/PP.pm line 1127.
	(Maybe you should just omit the defined()?)
defined(%hash) is deprecated at /home/graham/perls/caches/perl-5.18.0/build/Acme-Perl-VM-0.006-86FMKQ/blib/lib/Acme/Perl/VM/PP.pm line 1130.
	(Maybe you should just omit the defined()?)
pp_padrange is not implemented at /home/graham/perls/caches/perl-5.18.0/build/Acme-Perl-VM-0.006-86FMKQ/blib/lib/Acme/Perl/VM.pm line 143.
	Acme::Perl::VM::__ANON__ called at /home/graham/perls/caches/perl-5.18.0/build/Acme-Perl-VM-0.006-86FMKQ/blib/lib/Acme/Perl/VM.pm line 150
	Acme::Perl::VM::runops_standard() called at /home/graham/perls/caches/perl-5.18.0/build/Acme-Perl-VM-0.006-86FMKQ/blib/lib/Acme/Perl/VM.pm line 1009
	Acme::Perl::VM::call_sv(B::CV=SCALAR(0x25634d0), 2) called at /home/graham/perls/caches/perl-5.18.0/build/Acme-Perl-VM-0.006-86FMKQ/blib/lib/Acme/Perl/VM.pm line 1042
	Acme::Perl::VM::run_block(CODE(0x24c7aa8)) called at t/04_funcall.t line 38
# Looks like you planned 20 tests but ran 3.
# Looks like your test exited with 255 just after 3.
t/04_funcall.t .... 
Dubious, test returned 255 (wstat 65280, 0xff00)
Failed 17/20 subtests 
defined(@array) is deprecated at /home/graham/perls/caches/perl-5.18.0/build/Acme-Perl-VM-0.006-86FMKQ/blib/lib/Acme/Perl/VM/PP.pm line 1127.
	(Maybe you should just omit the defined()?)
defined(%hash) is deprecated at /home/graham/perls/caches/perl-5.18.0/build/Acme-Perl-VM-0.006-86FMKQ/blib/lib/Acme/Perl/VM/PP.pm line 1130.
	(Maybe you should just omit the defined()?)
pp_padrange is not implemented at /home/graham/perls/caches/perl-5.18.0/build/Acme-Perl-VM-0.006-86FMKQ/blib/lib/Acme/Perl/VM.pm line 143.
	Acme::Perl::VM::__ANON__ called at /home/graham/perls/caches/perl-5.18.0/build/Acme-Perl-VM-0.006-86FMKQ/blib/lib/Acme/Perl/VM.pm line 150
	Acme::Perl::VM::runops_standard() called at /home/graham/perls/caches/perl-5.18.0/build/Acme-Perl-VM-0.006-86FMKQ/blib/lib/Acme/Perl/VM.pm line 1009
	Acme::Perl::VM::call_sv(B::CV=SCALAR(0x2081a30), 2) called at /home/graham/perls/caches/perl-5.18.0/build/Acme-Perl-VM-0.006-86FMKQ/blib/lib/Acme/Perl/VM.pm line 1042
	Acme::Perl::VM::run_block(CODE(0x20a8ab0)) called at t/05_methcall.t line 34
# Looks like you planned 18 tests but ran 3.
# Looks like your test exited with 255 just after 3.
t/05_methcall.t ... 
Dubious, test returned 255 (wstat 65280, 0xff00)
Failed 15/18 subtests 
defined(@array) is deprecated at /home/graham/perls/caches/perl-5.18.0/build/Acme-Perl-VM-0.006-86FMKQ/blib/lib/Acme/Perl/VM/PP.pm line 1127.
	(Maybe you should just omit the defined()?)
defined(%hash) is deprecated at /home/graham/perls/caches/perl-5.18.0/build/Acme-Perl-VM-0.006-86FMKQ/blib/lib/Acme/Perl/VM/PP.pm line 1130.
	(Maybe you should just omit the defined()?)
t/06_misc.t ....... ok
defined(@array) is deprecated at /home/graham/perls/caches/perl-5.18.0/build/Acme-Perl-VM-0.006-86FMKQ/blib/lib/Acme/Perl/VM/PP.pm line 1127.
	(Maybe you should just omit the defined()?)
defined(%hash) is deprecated at /home/graham/perls/caches/perl-5.18.0/build/Acme-Perl-VM-0.006-86FMKQ/blib/lib/Acme/Perl/VM/PP.pm line 1130.
	(Maybe you should just omit the defined()?)
Can't call method "object_2svref" on an undefined value at /home/graham/perls/caches/perl-5.18.0/build/Acme-Perl-VM-0.006-86FMKQ/blib/lib/Acme/Perl/VM.pm line 733.
# Looks like your test exited with 255 before it could output anything.
t/07_loop.t ....... 
Dubious, test returned 255 (wstat 65280, 0xff00)
Failed 16/16 subtests 
defined(@array) is deprecated at /home/graham/perls/caches/perl-5.18.0/build/Acme-Perl-VM-0.006-86FMKQ/blib/lib/Acme/Perl/VM/PP.pm line 1127.
	(Maybe you should just omit the defined()?)
defined(%hash) is deprecated at /home/graham/perls/caches/perl-5.18.0/build/Acme-Perl-VM-0.006-86FMKQ/blib/lib/Acme/Perl/VM/PP.pm line 1130.
	(Maybe you should just omit the defined()?)
pp_padrange is not implemented at /home/graham/perls/caches/perl-5.18.0/build/Acme-Perl-VM-0.006-86FMKQ/blib/lib/Acme/Perl/VM.pm line 143.
	Acme::Perl::VM::__ANON__ called at /home/graham/perls/caches/perl-5.18.0/build/Acme-Perl-VM-0.006-86FMKQ/blib/lib/Acme/Perl/VM.pm line 150
	Acme::Perl::VM::runops_standard() called at /home/graham/perls/caches/perl-5.18.0/build/Acme-Perl-VM-0.006-86FMKQ/blib/lib/Acme/Perl/VM.pm line 1009
	Acme::Perl::VM::call_sv(B::CV=SCALAR(0x2758740), 2) called at /home/graham/perls/caches/perl-5.18.0/build/Acme-Perl-VM-0.006-86FMKQ/blib/lib/Acme/Perl/VM.pm line 1042
	Acme::Perl::VM::run_block(CODE(0x2171570)) called at t/08_array.t line 16
# Looks like you planned 24 tests but ran 1.
# Looks like your test exited with 255 just after 1.
t/08_array.t ...... 
Dubious, test returned 255 (wstat 65280, 0xff00)
Failed 23/24 subtests 
defined(@array) is deprecated at /home/graham/perls/caches/perl-5.18.0/build/Acme-Perl-VM-0.006-86FMKQ/blib/lib/Acme/Perl/VM/PP.pm line 1127.
	(Maybe you should just omit the defined()?)
defined(%hash) is deprecated at /home/graham/perls/caches/perl-5.18.0/build/Acme-Perl-VM-0.006-86FMKQ/blib/lib/Acme/Perl/VM/PP.pm line 1130.
	(Maybe you should just omit the defined()?)
pp_padrange is not implemented at /home/graham/perls/caches/perl-5.18.0/build/Acme-Perl-VM-0.006-86FMKQ/blib/lib/Acme/Perl/VM.pm line 143.
	Acme::Perl::VM::__ANON__ called at /home/graham/perls/caches/perl-5.18.0/build/Acme-Perl-VM-0.006-86FMKQ/blib/lib/Acme/Perl/VM.pm line 150
	Acme::Perl::VM::runops_standard() called at /home/graham/perls/caches/perl-5.18.0/build/Acme-Perl-VM-0.006-86FMKQ/blib/lib/Acme/Perl/VM.pm line 1009
	Acme::Perl::VM::call_sv(B::CV=SCALAR(0x1160180), 2) called at /home/graham/perls/caches/perl-5.18.0/build/Acme-Perl-VM-0.006-86FMKQ/blib/lib/Acme/Perl/VM.pm line 1042
	Acme::Perl::VM::run_block(CODE(0x17439b8)) called at t/09_hash.t line 21
# Looks like you planned 24 tests but ran 1.
# Looks like your test exited with 255 just after 1.
t/09_hash.t ....... 
Dubious, test returned 255 (wstat 65280, 0xff00)
Failed 23/24 subtests 
defined(@array) is deprecated at /home/graham/perls/caches/perl-5.18.0/build/Acme-Perl-VM-0.006-86FMKQ/blib/lib/Acme/Perl/VM/PP.pm line 1127.
	(Maybe you should just omit the defined()?)
defined(%hash) is deprecated at /home/graham/perls/caches/perl-5.18.0/build/Acme-Perl-VM-0.006-86FMKQ/blib/lib/Acme/Perl/VM/PP.pm line 1130.
	(Maybe you should just omit the defined()?)
t/10_rv2xv.t ...... ok
defined(@array) is deprecated at /home/graham/perls/caches/perl-5.18.0/build/Acme-Perl-VM-0.006-86FMKQ/blib/lib/Acme/Perl/VM/PP.pm line 1127.
	(Maybe you should just omit the defined()?)
defined(%hash) is deprecated at /home/graham/perls/caches/perl-5.18.0/build/Acme-Perl-VM-0.006-86FMKQ/blib/lib/Acme/Perl/VM/PP.pm line 1130.
	(Maybe you should just omit the defined()?)
t/11_readline.t ... ok
defined(@array) is deprecated at /home/graham/perls/caches/perl-5.18.0/build/Acme-Perl-VM-0.006-86FMKQ/blib/lib/Acme/Perl/VM/PP.pm line 1127.
	(Maybe you should just omit the defined()?)
defined(%hash) is deprecated at /home/graham/perls/caches/perl-5.18.0/build/Acme-Perl-VM-0.006-86FMKQ/blib/lib/Acme/Perl/VM/PP.pm line 1130.
	(Maybe you should just omit the defined()?)
t/12_anon.t ....... ok
defined(@array) is deprecated at /home/graham/perls/caches/perl-5.18.0/build/Acme-Perl-VM-0.006-86FMKQ/blib/lib/Acme/Perl/VM/PP.pm line 1127.
	(Maybe you should just omit the defined()?)
defined(%hash) is deprecated at /home/graham/perls/caches/perl-5.18.0/build/Acme-Perl-VM-0.006-86FMKQ/blib/lib/Acme/Perl/VM/PP.pm line 1130.
	(Maybe you should just omit the defined()?)
pp_padrange is not implemented at /home/graham/perls/caches/perl-5.18.0/build/Acme-Perl-VM-0.006-86FMKQ/blib/lib/Acme/Perl/VM.pm line 143.
	Acme::Perl::VM::__ANON__ called at /home/graham/perls/caches/perl-5.18.0/build/Acme-Perl-VM-0.006-86FMKQ/blib/lib/Acme/Perl/VM.pm line 150
	Acme::Perl::VM::runops_standard() called at /home/graham/perls/caches/perl-5.18.0/build/Acme-Perl-VM-0.006-86FMKQ/blib/lib/Acme/Perl/VM.pm line 1009
	Acme::Perl::VM::call_sv(B::CV=SCALAR(0x1186c08), 2) called at /home/graham/perls/caches/perl-5.18.0/build/Acme-Perl-VM-0.006-86FMKQ/blib/lib/Acme/Perl/VM.pm line 1042
	Acme::Perl::VM::run_block(CODE(0xd483f8)) called at t/13_foreach.t line 15
# Looks like your test exited with 255 before it could output anything.
t/13_foreach.t .... 
Dubious, test returned 255 (wstat 65280, 0xff00)
Failed 14/14 subtests 
defined(@array) is deprecated at /home/graham/perls/caches/perl-5.18.0/build/Acme-Perl-VM-0.006-86FMKQ/blib/lib/Acme/Perl/VM/PP.pm line 1127.
	(Maybe you should just omit the defined()?)
defined(%hash) is deprecated at /home/graham/perls/caches/perl-5.18.0/build/Acme-Perl-VM-0.006-86FMKQ/blib/lib/Acme/Perl/VM/PP.pm line 1130.
	(Maybe you should just omit the defined()?)
pp_padrange is not implemented at /home/graham/perls/caches/perl-5.18.0/build/Acme-Perl-VM-0.006-86FMKQ/blib/lib/Acme/Perl/VM.pm line 143.
	Acme::Perl::VM::__ANON__ called at /home/graham/perls/caches/perl-5.18.0/build/Acme-Perl-VM-0.006-86FMKQ/blib/lib/Acme/Perl/VM.pm line 150
	Acme::Perl::VM::runops_standard() called at /home/graham/perls/caches/perl-5.18.0/build/Acme-Perl-VM-0.006-86FMKQ/blib/lib/Acme/Perl/VM.pm line 1009
	Acme::Perl::VM::call_sv(B::CV=SCALAR(0x107bcc0), 3) called at /home/graham/perls/caches/perl-5.18.0/build/Acme-Perl-VM-0.006-86FMKQ/blib/lib/Acme/Perl/VM.pm line 1042
	Acme::Perl::VM::run_block(CODE(0x107c650)) called at t/14_assign2.t line 9
# Looks like your test exited with 255 before it could output anything.
t/14_assign2.t .... 
Dubious, test returned 255 (wstat 65280, 0xff00)
Failed 10/10 subtests 
defined(@array) is deprecated at /home/graham/perls/caches/perl-5.18.0/build/Acme-Perl-VM-0.006-86FMKQ/blib/lib/Acme/Perl/VM/PP.pm line 1127.
	(Maybe you should just omit the defined()?)
defined(%hash) is deprecated at /home/graham/perls/caches/perl-5.18.0/build/Acme-Perl-VM-0.006-86FMKQ/blib/lib/Acme/Perl/VM/PP.pm line 1130.
	(Maybe you should just omit the defined()?)
pp_padrange is not implemented at /home/graham/perls/caches/perl-5.18.0/build/Acme-Perl-VM-0.006-86FMKQ/blib/lib/Acme/Perl/VM.pm line 143.
	Acme::Perl::VM::__ANON__ called at /home/graham/perls/caches/perl-5.18.0/build/Acme-Perl-VM-0.006-86FMKQ/blib/lib/Acme/Perl/VM.pm line 150
	Acme::Perl::VM::runops_standard() called at /home/graham/perls/caches/perl-5.18.0/build/Acme-Perl-VM-0.006-86FMKQ/blib/lib/Acme/Perl/VM.pm line 1009
	Acme::Perl::VM::call_sv(B::CV=SCALAR(0x13bd430), 3) called at /home/graham/perls/caches/perl-5.18.0/build/Acme-Perl-VM-0.006-86FMKQ/blib/lib/Acme/Perl/VM.pm line 1042
	Acme::Perl::VM::run_block(CODE(0x13e3d48)) called at t/15_range.t line 12
# Looks like you planned 10 tests but ran 2.
# Looks like your test exited with 255 just after 2.
t/15_range.t ...... 
Dubious, test returned 255 (wstat 65280, 0xff00)
Failed 8/10 subtests 
defined(@array) is deprecated at /home/graham/perls/caches/perl-5.18.0/build/Acme-Perl-VM-0.006-86FMKQ/blib/lib/Acme/Perl/VM/PP.pm line 1127.
	(Maybe you should just omit the defined()?)
defined(%hash) is deprecated at /home/graham/perls/caches/perl-5.18.0/build/Acme-Perl-VM-0.006-86FMKQ/blib/lib/Acme/Perl/VM/PP.pm line 1130.
	(Maybe you should just omit the defined()?)
t/16_wantarray.t .. ok
defined(@array) is deprecated at /home/graham/perls/caches/perl-5.18.0/build/Acme-Perl-VM-0.006-86FMKQ/blib/lib/Acme/Perl/VM/PP.pm line 1127.
	(Maybe you should just omit the defined()?)
defined(%hash) is deprecated at /home/graham/perls/caches/perl-5.18.0/build/Acme-Perl-VM-0.006-86FMKQ/blib/lib/Acme/Perl/VM/PP.pm line 1130.
	(Maybe you should just omit the defined()?)
pp_padrange is not implemented at /home/graham/perls/caches/perl-5.18.0/build/Acme-Perl-VM-0.006-86FMKQ/blib/lib/Acme/Perl/VM.pm line 143.
	Acme::Perl::VM::__ANON__ called at /home/graham/perls/caches/perl-5.18.0/build/Acme-Perl-VM-0.006-86FMKQ/blib/lib/Acme/Perl/VM.pm line 150
	Acme::Perl::VM::runops_standard() called at /home/graham/perls/caches/perl-5.18.0/build/Acme-Perl-VM-0.006-86FMKQ/blib/lib/Acme/Perl/VM.pm line 1009
	Acme::Perl::VM::call_sv(B::CV=SCALAR(0x122ebd8), 3) called at /home/graham/perls/caches/perl-5.18.0/build/Acme-Perl-VM-0.006-86FMKQ/blib/lib/Acme/Perl/VM.pm line 1042
	Acme::Perl::VM::run_block(CODE(0xc1b650)) called at t/17_pushpop.t line 9
# Looks like your test exited with 255 before it could output anything.
t/17_pushpop.t .... 
Dubious, test returned 255 (wstat 65280, 0xff00)
Failed 10/10 subtests 
defined(@array) is deprecated at /home/graham/perls/caches/perl-5.18.0/build/Acme-Perl-VM-0.006-86FMKQ/blib/lib/Acme/Perl/VM/PP.pm line 1127.
	(Maybe you should just omit the defined()?)
defined(%hash) is deprecated at /home/graham/perls/caches/perl-5.18.0/build/Acme-Perl-VM-0.006-86FMKQ/blib/lib/Acme/Perl/VM/PP.pm line 1130.
	(Maybe you should just omit the defined()?)
pp_padrange is not implemented at /home/graham/perls/caches/perl-5.18.0/build/Acme-Perl-VM-0.006-86FMKQ/blib/lib/Acme/Perl/VM.pm line 143.
	Acme::Perl::VM::__ANON__ called at /home/graham/perls/caches/perl-5.18.0/build/Acme-Perl-VM-0.006-86FMKQ/blib/lib/Acme/Perl/VM.pm line 150
	Acme::Perl::VM::runops_standard() called at /home/graham/perls/caches/perl-5.18.0/build/Acme-Perl-VM-0.006-86FMKQ/blib/lib/Acme/Perl/VM.pm line 1009
	Acme::Perl::VM::call_sv(B::CV=SCALAR(0x110b220), 1) called at /home/graham/perls/caches/perl-5.18.0/build/Acme-Perl-VM-0.006-86FMKQ/blib/lib/Acme/Perl/VM.pm line 1042
	Acme::Perl::VM::run_block(CODE(0x10493b8)) called at t/18_extern.t line 24
# Looks like you planned 10 tests but ran 3.
# Looks like your test exited with 255 just after 3.
t/18_extern.t ..... 
Dubious, test returned 255 (wstat 65280, 0xff00)
Failed 7/10 subtests 
defined(@array) is deprecated at /home/graham/perls/caches/perl-5.18.0/build/Acme-Perl-VM-0.006-86FMKQ/blib/lib/Acme/Perl/VM/PP.pm line 1127.
	(Maybe you should just omit the defined()?)
defined(%hash) is deprecated at /home/graham/perls/caches/perl-5.18.0/build/Acme-Perl-VM-0.006-86FMKQ/blib/lib/Acme/Perl/VM/PP.pm line 1130.
	(Maybe you should just omit the defined()?)
Can't call method "object_2svref" on an undefined value at /home/graham/perls/caches/perl-5.18.0/build/Acme-Perl-VM-0.006-86FMKQ/blib/lib/Acme/Perl/VM/PP.pm line 1411.
# Looks like your test exited with 255 before it could output anything.
t/19_bless.t ...... 
Dubious, test returned 255 (wstat 65280, 0xff00)
Failed 15/15 subtests 
defined(@array) is deprecated at /home/graham/perls/caches/perl-5.18.0/build/Acme-Perl-VM-0.006-86FMKQ/blib/lib/Acme/Perl/VM/PP.pm line 1127.
	(Maybe you should just omit the defined()?)
defined(%hash) is deprecated at /home/graham/perls/caches/perl-5.18.0/build/Acme-Perl-VM-0.006-86FMKQ/blib/lib/Acme/Perl/VM/PP.pm line 1130.
	(Maybe you should just omit the defined()?)
pp_padrange is not implemented at /home/graham/perls/caches/perl-5.18.0/build/Acme-Perl-VM-0.006-86FMKQ/blib/lib/Acme/Perl/VM.pm line 143.
	Acme::Perl::VM::__ANON__ called at /home/graham/perls/caches/perl-5.18.0/build/Acme-Perl-VM-0.006-86FMKQ/blib/lib/Acme/Perl/VM.pm line 150
	Acme::Perl::VM::runops_standard() called at /home/graham/perls/caches/perl-5.18.0/build/Acme-Perl-VM-0.006-86FMKQ/blib/lib/Acme/Perl/VM.pm line 1009
	Acme::Perl::VM::call_sv(B::CV=SCALAR(0x1e5ac48), 1) called at /home/graham/perls/caches/perl-5.18.0/build/Acme-Perl-VM-0.006-86FMKQ/blib/lib/Acme/Perl/VM.pm line 1042
	Acme::Perl::VM::run_block(CODE(0x1a1bff8)) called at t/20_join.t line 18
# Looks like your test exited with 255 before it could output anything.
t/20_join.t ....... 
Dubious, test returned 255 (wstat 65280, 0xff00)
Failed 10/10 subtests 
defined(@array) is deprecated at /home/graham/perls/caches/perl-5.18.0/build/Acme-Perl-VM-0.006-86FMKQ/blib/lib/Acme/Perl/VM/PP.pm line 1127.
	(Maybe you should just omit the defined()?)
defined(%hash) is deprecated at /home/graham/perls/caches/perl-5.18.0/build/Acme-Perl-VM-0.006-86FMKQ/blib/lib/Acme/Perl/VM/PP.pm line 1130.
	(Maybe you should just omit the defined()?)
pp_padrange is not implemented at /home/graham/perls/caches/perl-5.18.0/build/Acme-Perl-VM-0.006-86FMKQ/blib/lib/Acme/Perl/VM.pm line 143.
	Acme::Perl::VM::__ANON__ called at /home/graham/perls/caches/perl-5.18.0/build/Acme-Perl-VM-0.006-86FMKQ/blib/lib/Acme/Perl/VM.pm line 150
	Acme::Perl::VM::runops_standard() called at /home/graham/perls/caches/perl-5.18.0/build/Acme-Perl-VM-0.006-86FMKQ/blib/lib/Acme/Perl/VM.pm line 1009
	Acme::Perl::VM::call_sv(B::CV=SCALAR(0x1088b08), 1) called at /home/graham/perls/caches/perl-5.18.0/build/Acme-Perl-VM-0.006-86FMKQ/blib/lib/Acme/Perl/VM.pm line 1042
	Acme::Perl::VM::run_block(CODE(0xc49ff8)) called at t/21_assign3.t line 29
# Looks like your test exited with 255 before it could output anything.
t/21_assign3.t .... 
Dubious, test returned 255 (wstat 65280, 0xff00)
Failed 10/10 subtests 

Test Summary Report
-------------------
t/03_assign.t   (Wstat: 65280 Tests: 3 Failed: 0)
  Non-zero exit status: 255
  Parse errors: Bad plan.  You planned 16 tests but ran 3.
t/04_funcall.t  (Wstat: 65280 Tests: 3 Failed: 0)
  Non-zero exit status: 255
  Parse errors: Bad plan.  You planned 20 tests but ran 3.
t/05_methcall.t (Wstat: 65280 Tests: 3 Failed: 0)
  Non-zero exit status: 255
  Parse errors: Bad plan.  You planned 18 tests but ran 3.
t/07_loop.t     (Wstat: 65280 Tests: 0 Failed: 0)
  Non-zero exit status: 255
  Parse errors: Bad plan.  You planned 16 tests but ran 0.
t/08_array.t    (Wstat: 65280 Tests: 1 Failed: 0)
  Non-zero exit status: 255
  Parse errors: Bad plan.  You planned 24 tests but ran 1.
t/09_hash.t     (Wstat: 65280 Tests: 1 Failed: 0)
  Non-zero exit status: 255
  Parse errors: Bad plan.  You planned 24 tests but ran 1.
t/13_foreach.t  (Wstat: 65280 Tests: 0 Failed: 0)
  Non-zero exit status: 255
  Parse errors: Bad plan.  You planned 14 tests but ran 0.
t/14_assign2.t  (Wstat: 65280 Tests: 0 Failed: 0)
  Non-zero exit status: 255
  Parse errors: Bad plan.  You planned 10 tests but ran 0.
t/15_range.t    (Wstat: 65280 Tests: 2 Failed: 0)
  Non-zero exit status: 255
  Parse errors: Bad plan.  You planned 10 tests but ran 2.
t/17_pushpop.t  (Wstat: 65280 Tests: 0 Failed: 0)
  Non-zero exit status: 255
  Parse errors: Bad plan.  You planned 10 tests but ran 0.
t/18_extern.t   (Wstat: 65280 Tests: 3 Failed: 0)
  Non-zero exit status: 255
  Parse errors: Bad plan.  You planned 10 tests but ran 3.
t/19_bless.t    (Wstat: 65280 Tests: 0 Failed: 0)
  Non-zero exit status: 255
  Parse errors: Bad plan.  You planned 15 tests but ran 0.
t/20_join.t     (Wstat: 65280 Tests: 0 Failed: 0)
  Non-zero exit status: 255
  Parse errors: Bad plan.  You planned 10 tests but ran 0.
t/21_assign3.t  (Wstat: 65280 Tests: 0 Failed: 0)
  Non-zero exit status: 255
  Parse errors: Bad plan.  You planned 10 tests but ran 0.
Files=22, Tests=131,  3 wallclock secs ( 0.13 usr  0.06 sys +  2.13 cusr  0.22 csys =  2.54 CPU)
Result: FAIL
Failed 14/22 test programs. 0/131 subtests failed.
Makefile:811: recipe for target 'test_dynamic' failed
make: *** [test_dynamic] Error 255

------------------------------
PREREQUISITES
------------------------------

Prerequisite modules loaded:

requires:

    Module              Need Have    
    ------------------- ---- --------
    B                   0    1.42    
    Exporter            5.57 5.68    
    ExtUtils::MakeMaker 6.42 6.83_05 
    Mouse               0.21 2.0.0   
    Test::More          0.62 1.001002

build_requires:

    Module              Need Have    
    ------------------- ---- --------
    ExtUtils::MakeMaker 0    6.83_05 

configure_requires:

    Module              Need Have    
    ------------------- ---- --------
    ExtUtils::MakeMaker 6.42 6.83_05 


------------------------------
ENVIRONMENT AND OTHER CONTEXT
------------------------------

Environment variables:

    AUTOMATED_TESTING = 1
    LANG = en_GB.UTF-8
    LC_ADDRESS = en_GB.UTF-8
    LC_COLLATE = en_GB.UTF-8
    LC_CTYPE = en_GB.UTF-8
    LC_IDENTIFICATION = en_GB.UTF-8
    LC_MEASUREMENT = en_GB.UTF-8
    LC_MESSAGES = en_GB.UTF-8
    LC_MONETARY = en_GB.UTF-8
    LC_NAME = en_GB.UTF-8
    LC_NUMERIC = en_GB.UTF-8
    LC_PAPER = en_GB.UTF-8
    LC_TELEPHONE = en_GB.UTF-8
    LC_TIME = en_GB.UTF-8
    PATH = /home/graham/perls/perl5.18.0/bin:/usr/local/sbin:/usr/local/bin:/usr/bin:/usr/bin/core_perl
    PERL5LIB = 
    PERL5OPT = 
    PERL5_CPANPLUS_IS_RUNNING = 16749
    PERL5_CPAN_IS_RUNNING = 16749
    PERL5_CPAN_IS_RUNNING_IN_RECURSION = 494,16749
    PERL_CR_SMOKER_CURRENT = Acme-Perl-VM-0.006
    PERL_EXTUTILS_AUTOINSTALL = --defaultdeps
    PERL_MM_USE_DEFAULT = 1
    SHELL = /bin/bash
    TERM = xterm

Perl special variables (and OS-specific diagnostics, for MSWin32):

    $^X = /home/graham/perls/perl5.18.0/bin/perl
    $UID/$EUID = 1000 / 1000
    $GID = 100 10 100
    $EGID = 100 10 100

Perl module toolchain versions installed:

    Module              Have    
    ------------------- --------
    CPAN                2.00    
    CPAN::Meta          2.132830
    Cwd                 3.40    
    ExtUtils::CBuilder  0.280212
    ExtUtils::Command   1.18    
    ExtUtils::Install   1.59    
    ExtUtils::MakeMaker 6.83_05 
    ExtUtils::Manifest  1.63    
    ExtUtils::ParseXS   3.22    
    File::Spec          3.40    
    JSON                2.90    
    JSON::PP            2.27203 
    Module::Build       0.4003  
    Module::Signature   n/a     
    Parse::CPAN::Meta   1.4409  
    Test::Harness       3.30    
    Test::More          1.001002
    YAML                0.86    
    YAML::Syck          1.27    
    version             0.9904  


--

Summary of my perl5 (revision 5 version 18 subversion 0) configuration:
   
  Platform:
    osname=linux, osvers=3.11.6-1-arch, archname=x86_64-linux
    uname='linux arch002 3.11.6-1-arch #1 smp preempt fri oct 18 23:22:36 cest 2013 x86_64 gnulinux '
    config_args=''
    hint=recommended, useposix=true, d_sigaction=define
    useithreads=undef, usemultiplicity=undef
    useperlio=define, d_sfio=undef, uselargefiles=define, usesocks=undef
    use64bitint=define, use64bitall=define, uselongdouble=undef
    usemymalloc=n, bincompat5005=undef
  Compiler:
    cc='cc', ccflags ='-fno-strict-aliasing -pipe -fstack-protector -I/usr/local/include -D_LARGEFILE_SOURCE -D_FILE_OFFSET_BITS=64',
    optimize='-O2',
    cppflags='-fno-strict-aliasing -pipe -fstack-protector -I/usr/local/include'
    ccversion='', gccversion='4.8.2', gccosandvers=''
    intsize=4, longsize=8, ptrsize=8, doublesize=8, byteorder=12345678
    d_longlong=define, longlongsize=8, d_longdbl=define, longdblsize=16
    ivtype='long', ivsize=8, nvtype='double', nvsize=8, Off_t='off_t', lseeksize=8
    alignbytes=8, prototype=define
  Linker and Libraries:
    ld='cc', ldflags =' -fstack-protector -L/usr/local/lib'
    libpth=/usr/local/lib /lib/../lib /usr/lib/../lib /lib /usr/lib /lib64 /usr/lib64
    libs=-lnsl -lgdbm -ldb -ldl -lm -lcrypt -lutil -lc -lgdbm_compat
    perllibs=-lnsl -ldl -lm -lcrypt -lutil -lc
    libc=/lib/libc-2.18.so, so=so, useshrplib=false, libperl=libperl.a
    gnulibc_version='2.18'
  Dynamic Linking:
    dlsrc=dl_dlopen.xs, dlext=so, d_dlsymun=undef, ccdlflags='-Wl,-E'
    cccdlflags='-fPIC', lddlflags='-shared -O2 -L/usr/local/lib -fstack-protector'


Characteristics of this binary (from libperl): 
  Compile-time options: HAS_TIMES PERLIO_LAYERS PERL_DONT_CREATE_GVSV
                        PERL_HASH_FUNC_ONE_AT_A_TIME_HARD PERL_MALLOC_WRAP
                        PERL_PRESERVE_IVUV PERL_SAWAMPERSAND USE_64_BIT_ALL
                        USE_64_BIT_INT USE_LARGE_FILES USE_LOCALE
                        USE_LOCALE_COLLATE USE_LOCALE_CTYPE
                        USE_LOCALE_NUMERIC USE_PERLIO USE_PERL_ATOF
  Built under linux
  Compiled at Nov  3 2013 12:53:49
  %ENV:
    PERL5LIB=""
    PERL5OPT=""
    PERL5_CPANPLUS_IS_RUNNING="16749"
    PERL5_CPAN_IS_RUNNING="16749"
    PERL5_CPAN_IS_RUNNING_IN_RECURSION="494,16749"
    PERL_CR_SMOKER_CURRENT="Acme-Perl-VM-0.006"
    PERL_EXTUTILS_AUTOINSTALL="--defaultdeps"
    PERL_MM_USE_DEFAULT="1"
  @INC:
    /home/graham/perls/perl5.18.0/lib/site_perl/5.18.0/x86_64-linux
    /home/graham/perls/perl5.18.0/lib/site_perl/5.18.0
    /home/graham/perls/perl5.18.0/lib/5.18.0/x86_64-linux
    /home/graham/perls/perl5.18.0/lib/5.18.0
    .