Report for MojoX-Renderer-Alloy-1.121150

Back
From: metabase:user:315f03b2-2aae-11df-837a-5e0a49663a4f
Subject: FAIL MojoX-Renderer-Alloy-1.121150 v5.10.1 SunOS/Solaris
Date: 2013-06-27T23:02:16Z

This distribution has been tested as part of the CPAN Testers
project, supporting the Perl programming language.  See
http://wiki.cpantesters.org/ for more information or email
questions to cpan-testers-discuss@perl.org


--
Dear Alex J. G. Burzynski,

This is a computer-generated report for MojoX-Renderer-Alloy-1.121150
on perl 5.10.1, created by CPAN-Reporter-1.2010.

Thank you for uploading your work to CPAN.  However, there was a problem
testing your distribution.

If you think this report is invalid, please consult the CPAN Testers Wiki
for suggestions on how to avoid getting FAIL reports for missing library
or binary dependencies, unsupported operating systems, and so on:

http://wiki.cpantesters.org/wiki/CPANAuthorNotes

Sections of this report:

    * Tester comments
    * Program output
    * Prerequisites
    * Environment and other context

------------------------------
TESTER COMMENTS
------------------------------

Additional comments from tester:

this report is from an automated smoke testing program
and was not reviewed by a human for accuracy

------------------------------
PROGRAM OUTPUT
------------------------------

Output from './Build test':

t/00-compile.t ............ ok
t/release-eol.t ........... skipped: these tests are for release candidate testing
t/release-kwalitee.t ...... skipped: these tests are for release candidate testing
t/release-no-tabs.t ....... skipped: these tests are for release candidate testing
t/release-pod-coverage.t .. skipped: these tests are for release candidate testing
t/release-pod-syntax.t .... skipped: these tests are for release candidate testing
Deep recursion on subroutine "Mojolicious::Controller::render_maybe" at /export/home/smoke/perl5/perlbrew/perls/perl-5.10.1/lib/site_perl/5.10.1/Mojolicious/Controller.pm line 436.
Deep recursion on subroutine "Mojolicious::Controller::render" at /export/home/smoke/perl5/perlbrew/perls/perl-5.10.1/lib/site_perl/5.10.1/Mojolicious/Controller.pm line 203.
Deep recursion on subroutine "Mojolicious::Renderer::render" at /export/home/smoke/perl5/perlbrew/perls/perl-5.10.1/lib/site_perl/5.10.1/Mojolicious/Controller.pm line 157.
Deep recursion on subroutine "Mojolicious::Renderer::_render_template" at /export/home/smoke/perl5/perlbrew/perls/perl-5.10.1/lib/site_perl/5.10.1/Mojolicious/Renderer.pm line 96.
Deep recursion on anonymous subroutine at /export/home/smoke/perl5/perlbrew/perls/perl-5.10.1/lib/site_perl/5.10.1/Mojolicious/Renderer.pm line 202.
Deep recursion on subroutine "MojoX::Renderer::Alloy::HTE::_render" at /export/home/smoke/.cpan/build/MojoX-Renderer-Alloy-1.121150-ULZhvA/blib/lib/MojoX/Renderer/Alloy.pm line 24.
Deep recursion on subroutine "Mojolicious::Controller::_fallbacks" at /export/home/smoke/perl5/perlbrew/perls/perl-5.10.1/lib/site_perl/5.10.1/Mojolicious/Controller.pm line 217.
Deep recursion on subroutine "Mojolicious::Controller::render_not_found" at /export/home/smoke/.cpan/build/MojoX-Renderer-Alloy-1.121150-ULZhvA/blib/lib/MojoX/Renderer/Alloy/HTE.pm line 66.
Out of memory!
# Looks like you planned 25 tests but ran 1.
# Looks like your test exited with 1 just after 1.
t/syntax-hte.t ............ 
Dubious, test returned 1 (wstat 256, 0x100)
Failed 24/25 subtests 
t/syntax-multi.t .......... ok
Deep recursion on subroutine "Mojolicious::Controller::render_maybe" at /export/home/smoke/perl5/perlbrew/perls/perl-5.10.1/lib/site_perl/5.10.1/Mojolicious/Controller.pm line 436.
Deep recursion on subroutine "Mojolicious::Controller::render" at /export/home/smoke/perl5/perlbrew/perls/perl-5.10.1/lib/site_perl/5.10.1/Mojolicious/Controller.pm line 203.
Deep recursion on subroutine "Mojolicious::Renderer::render" at /export/home/smoke/perl5/perlbrew/perls/perl-5.10.1/lib/site_perl/5.10.1/Mojolicious/Controller.pm line 157.
Deep recursion on subroutine "Mojolicious::Renderer::_render_template" at /export/home/smoke/perl5/perlbrew/perls/perl-5.10.1/lib/site_perl/5.10.1/Mojolicious/Renderer.pm line 96.
Deep recursion on anonymous subroutine at /export/home/smoke/perl5/perlbrew/perls/perl-5.10.1/lib/site_perl/5.10.1/Mojolicious/Renderer.pm line 202.
Deep recursion on subroutine "MojoX::Renderer::Alloy::Tmpl::_render" at /export/home/smoke/.cpan/build/MojoX-Renderer-Alloy-1.121150-ULZhvA/blib/lib/MojoX/Renderer/Alloy.pm line 24.
Deep recursion on subroutine "Mojolicious::Controller::_fallbacks" at /export/home/smoke/perl5/perlbrew/perls/perl-5.10.1/lib/site_perl/5.10.1/Mojolicious/Controller.pm line 217.
Deep recursion on subroutine "Mojolicious::Controller::render_not_found" at /export/home/smoke/.cpan/build/MojoX-Renderer-Alloy-1.121150-ULZhvA/blib/lib/MojoX/Renderer/Alloy/Tmpl.pm line 66.
Out of memory!
# Looks like you planned 25 tests but ran 1.
# Looks like your test exited with 1 just after 1.
t/syntax-tmpl.t ........... 
Dubious, test returned 1 (wstat 256, 0x100)
Failed 24/25 subtests 
Deep recursion on subroutine "Mojolicious::Controller::render_maybe" at /export/home/smoke/perl5/perlbrew/perls/perl-5.10.1/lib/site_perl/5.10.1/Mojolicious/Controller.pm line 436.
Deep recursion on subroutine "Mojolicious::Controller::render" at /export/home/smoke/perl5/perlbrew/perls/perl-5.10.1/lib/site_perl/5.10.1/Mojolicious/Controller.pm line 203.
Deep recursion on subroutine "Mojolicious::Renderer::render" at /export/home/smoke/perl5/perlbrew/perls/perl-5.10.1/lib/site_perl/5.10.1/Mojolicious/Controller.pm line 157.
Deep recursion on subroutine "Mojolicious::Renderer::_render_template" at /export/home/smoke/perl5/perlbrew/perls/perl-5.10.1/lib/site_perl/5.10.1/Mojolicious/Renderer.pm line 96.
Deep recursion on anonymous subroutine at /export/home/smoke/perl5/perlbrew/perls/perl-5.10.1/lib/site_perl/5.10.1/Mojolicious/Renderer.pm line 202.
Deep recursion on subroutine "MojoX::Renderer::Alloy::TT::_render" at /export/home/smoke/.cpan/build/MojoX-Renderer-Alloy-1.121150-ULZhvA/blib/lib/MojoX/Renderer/Alloy.pm line 24.
Deep recursion on subroutine "Mojolicious::Controller::_fallbacks" at /export/home/smoke/perl5/perlbrew/perls/perl-5.10.1/lib/site_perl/5.10.1/Mojolicious/Controller.pm line 217.
Deep recursion on subroutine "MojoX::Renderer::Alloy::_get_input" at /export/home/smoke/.cpan/build/MojoX-Renderer-Alloy-1.121150-ULZhvA/blib/lib/MojoX/Renderer/Alloy/TT.pm line 24.
Deep recursion on subroutine "Mojolicious::Controller::render_not_found" at /export/home/smoke/.cpan/build/MojoX-Renderer-Alloy-1.121150-ULZhvA/blib/lib/MojoX/Renderer/Alloy.pm line 83.
Out of memory!
# Looks like you planned 25 tests but ran 1.
# Looks like your test exited with 1 just after 1.
t/syntax-tt.t ............. 
Dubious, test returned 1 (wstat 256, 0x100)
Failed 24/25 subtests 
Deep recursion on subroutine "Mojolicious::Controller::render_maybe" at /export/home/smoke/perl5/perlbrew/perls/perl-5.10.1/lib/site_perl/5.10.1/Mojolicious/Controller.pm line 436.
Deep recursion on subroutine "Mojolicious::Controller::render" at /export/home/smoke/perl5/perlbrew/perls/perl-5.10.1/lib/site_perl/5.10.1/Mojolicious/Controller.pm line 203.
Deep recursion on subroutine "Mojolicious::Renderer::render" at /export/home/smoke/perl5/perlbrew/perls/perl-5.10.1/lib/site_perl/5.10.1/Mojolicious/Controller.pm line 157.
Deep recursion on subroutine "Mojolicious::Renderer::_render_template" at /export/home/smoke/perl5/perlbrew/perls/perl-5.10.1/lib/site_perl/5.10.1/Mojolicious/Renderer.pm line 96.
Deep recursion on anonymous subroutine at /export/home/smoke/perl5/perlbrew/perls/perl-5.10.1/lib/site_perl/5.10.1/Mojolicious/Renderer.pm line 202.
Deep recursion on subroutine "MojoX::Renderer::Alloy::Velocity::_render" at /export/home/smoke/.cpan/build/MojoX-Renderer-Alloy-1.121150-ULZhvA/blib/lib/MojoX/Renderer/Alloy.pm line 24.
Deep recursion on subroutine "Mojolicious::Controller::_fallbacks" at /export/home/smoke/perl5/perlbrew/perls/perl-5.10.1/lib/site_perl/5.10.1/Mojolicious/Controller.pm line 217.
Deep recursion on subroutine "MojoX::Renderer::Alloy::_get_input" at /export/home/smoke/.cpan/build/MojoX-Renderer-Alloy-1.121150-ULZhvA/blib/lib/MojoX/Renderer/Alloy/Velocity.pm line 22.
Deep recursion on subroutine "Mojolicious::Controller::render_not_found" at /export/home/smoke/.cpan/build/MojoX-Renderer-Alloy-1.121150-ULZhvA/blib/lib/MojoX/Renderer/Alloy.pm line 83.
Out of memory!
# Looks like you planned 25 tests but ran 1.
# Looks like your test exited with 1 just after 1.
t/syntax-vtl.t ............ 
Dubious, test returned 1 (wstat 256, 0x100)
Failed 24/25 subtests 

Test Summary Report
-------------------
t/syntax-hte.t          (Wstat: 256 Tests: 1 Failed: 0)
  Non-zero exit status: 1
  Parse errors: Bad plan.  You planned 25 tests but ran 1.
t/syntax-tmpl.t         (Wstat: 256 Tests: 1 Failed: 0)
  Non-zero exit status: 1
  Parse errors: Bad plan.  You planned 25 tests but ran 1.
t/syntax-tt.t           (Wstat: 256 Tests: 1 Failed: 0)
  Non-zero exit status: 1
  Parse errors: Bad plan.  You planned 25 tests but ran 1.
t/syntax-vtl.t          (Wstat: 256 Tests: 1 Failed: 0)
  Non-zero exit status: 1
  Parse errors: Bad plan.  You planned 25 tests but ran 1.
Files=11, Tests=22, 110 wallclock secs ( 0.17 usr  0.06 sys + 44.12 cusr  6.74 csys = 51.09 CPU)
Result: FAIL
Failed 4/11 test programs. 0/22 subtests failed.

------------------------------
PREREQUISITES
------------------------------

Prerequisite modules loaded:

requires:

    Module              Need   Have   
    ------------------- ------ -------
    Mojolicious         2.89   4.16   
    Template::Alloy     1.013  1.016  

build_requires:

    Module              Need   Have   
    ------------------- ------ -------
    Module::Build       0.3601 0.4005 

configure_requires:

    Module              Need   Have   
    ------------------- ------ -------
    ExtUtils::MakeMaker 6.30   6.69_01
    Module::Build       0.3601 0.4005 


------------------------------
ENVIRONMENT AND OTHER CONTEXT
------------------------------

Environment variables:

    AUTOMATED_TESTING = 1
    LANG = en_US.UTF-8
    LC_CTYPE = en_US.UTF-8
    PATH = /export/home/smoke/perl5/perlbrew/bin:/export/home/smoke/perl5/perlbrew/perls/perl-5.10.1/bin:/usr/local/bin:/usr/local/sbin:/usr/sbin:/sbin:/usr/bin:/bin:/export/home/smoke/bin:/usr/bin
    PATH_WITHOUT_PERLBREW = /usr/local/bin:/usr/local/sbin:/usr/sbin:/sbin:/usr/bin:/bin:/export/home/smoke/bin:/usr/bin
    PERL5LIB = 
    PERL5OPT = 
    PERL5_CPANPLUS_IS_RUNNING = 12198
    PERL5_CPAN_IS_RUNNING = 12198
    PERL5_CPAN_IS_RUNNING_IN_RECURSION = 13694,12198
    PERLBREW_MANPATH = /export/home/smoke/perl5/perlbrew/perls/perl-5.10.1/man
    PERLBREW_PATH = /export/home/smoke/perl5/perlbrew/bin:/export/home/smoke/perl5/perlbrew/perls/perl-5.10.1/bin
    PERLBREW_PERL = perl-5.10.1
    PERLBREW_ROOT = /export/home/smoke/perl5/perlbrew
    PERLBREW_VERSION = 0.59
    PERL_CR_SMOKER_CURRENT = MojoX-Renderer-Alloy-1.121150
    PERL_EXTUTILS_AUTOINSTALL = --defaultdeps
    PERL_MM_USE_DEFAULT = 1
    SHELL = /usr/bin/bash
    TERM = xterm

Perl special variables (and OS-specific diagnostics, for MSWin32):

    $^X = /export/home/smoke/perl5/perlbrew/perls/perl-5.10.1/bin/perl5.10.1
    $UID/$EUID = 101 / 101
    $GID = 1 1
    $EGID = 1 1

Perl module toolchain versions installed:

    Module              Have    
    ------------------- --------
    CPAN                2.02    
    CPAN::Meta          2.112621
    Cwd                 3.40    
    ExtUtils::CBuilder  0.280205
    ExtUtils::Command   1.16    
    ExtUtils::Install   1.54    
    ExtUtils::MakeMaker 6.69_01 
    ExtUtils::Manifest  1.61    
    ExtUtils::ParseXS   3.18_04 
    File::Spec          3.40    
    JSON                2.59    
    JSON::PP            2.27200 
    Module::Build       0.4005  
    Module::Signature   n/a     
    Parse::CPAN::Meta   1.4404  
    Test::Harness       3.28    
    Test::More          0.98_05 
    YAML                0.84    
    YAML::Syck          1.27    
    version             0.9902  


--

Summary of my perl5 (revision 5 version 10 subversion 1) configuration:
   
  Platform:
    osname=solaris, osvers=2.10, archname=sun4-solaris-thread-multi-64int
    uname='sunos sparcy 5.10 generic_142909-17 sun4u sparc sunw,a70 '
    config_args='-de -Dprefix=/export/home/smoke/perl5/perlbrew/perls/perl-5.10.1 -Duse64bitint -Duse4bitall -Dusethreads -Dcc=gcc -Dusedevel'
    hint=recommended, useposix=true, d_sigaction=define
    useithreads=define, usemultiplicity=define
    useperlio=define, d_sfio=undef, uselargefiles=define, usesocks=undef
    use64bitint=define, use64bitall=undef, uselongdouble=undef
    usemymalloc=n, bincompat5005=undef
  Compiler:
    cc='gcc', ccflags ='-D_REENTRANT -fno-strict-aliasing -pipe -I/usr/local/include -D_LARGEFILE_SOURCE -D_FILE_OFFSET_BITS=64 -DPERL_USE_SAFE_PUTENV',
    optimize='-O',
    cppflags='-D_REENTRANT -fno-strict-aliasing -pipe -I/usr/local/include'
    ccversion='', gccversion='3.4.6', gccosandvers='solaris2.10'
    intsize=4, longsize=4, ptrsize=4, doublesize=8, byteorder=87654321
    d_longlong=define, longlongsize=8, d_longdbl=define, longdblsize=16
    ivtype='long long', ivsize=8, nvtype='double', nvsize=8, Off_t='off_t', lseeksize=8
    alignbytes=8, prototype=define
  Linker and Libraries:
    ld='gcc', ldflags =' -L/usr/local/lib '
    libpth=/usr/local/lib /usr/lib /usr/ccs/lib
    libs=-lsocket -lnsl -lgdbm -ldl -lm -lpthread -lc
    perllibs=-lsocket -lnsl -ldl -lm -lpthread -lc
    libc=/lib/libc.so, so=so, useshrplib=false, libperl=libperl.a
    gnulibc_version=''
  Dynamic Linking:
    dlsrc=dl_dlopen.xs, dlext=so, d_dlsymun=undef, ccdlflags=' '
    cccdlflags='-fPIC', lddlflags='-G -L/usr/local/lib'


Characteristics of this binary (from libperl): 
  Compile-time options: MULTIPLICITY PERL_DONT_CREATE_GVSV
                        PERL_IMPLICIT_CONTEXT PERL_MALLOC_WRAP PERL_USE_DEVEL
                        PERL_USE_SAFE_PUTENV USE_64_BIT_INT USE_ITHREADS
                        USE_LARGE_FILES USE_PERLIO USE_REENTRANT_API
  Built under solaris
  Compiled at Dec  4 2012 15:26:14
  %ENV:
    PERL5LIB=""
    PERL5OPT=""
    PERL5_CPANPLUS_IS_RUNNING="12198"
    PERL5_CPAN_IS_RUNNING="12198"
    PERL5_CPAN_IS_RUNNING_IN_RECURSION="13694,12198"
    PERLBREW_MANPATH="/export/home/smoke/perl5/perlbrew/perls/perl-5.10.1/man"
    PERLBREW_PATH="/export/home/smoke/perl5/perlbrew/bin:/export/home/smoke/perl5/perlbrew/perls/perl-5.10.1/bin"
    PERLBREW_PERL="perl-5.10.1"
    PERLBREW_ROOT="/export/home/smoke/perl5/perlbrew"
    PERLBREW_VERSION="0.59"
    PERL_CR_SMOKER_CURRENT="MojoX-Renderer-Alloy-1.121150"
    PERL_EXTUTILS_AUTOINSTALL="--defaultdeps"
    PERL_MM_USE_DEFAULT="1"
  @INC:
    /export/home/smoke/perl5/perlbrew/perls/perl-5.10.1/lib/5.10.1/sun4-solaris-thread-multi-64int
    /export/home/smoke/perl5/perlbrew/perls/perl-5.10.1/lib/5.10.1
    /export/home/smoke/perl5/perlbrew/perls/perl-5.10.1/lib/site_perl/5.10.1/sun4-solaris-thread-multi-64int
    /export/home/smoke/perl5/perlbrew/perls/perl-5.10.1/lib/site_perl/5.10.1
    .