Report for IO-Event-0.813

Back
From: metabase:user:320bfe00-2aae-11df-837a-5e0a49663a4f
Subject: FAIL IO-Event-0.813 v5.21.7 GNU/Linux
Date: 2015-03-13T14:16:58Z

This distribution has been tested as part of the CPAN Testers
project, supporting the Perl programming language.  See
http://wiki.cpantesters.org/ for more information or email
questions to cpan-testers-discuss@perl.org


--
Dear David Muir Sharnoff,

This is a computer-generated report for IO-Event-0.813
on perl 5.21.7, created by CPAN-Reporter-1.2011.

Thank you for uploading your work to CPAN.  However, there was a problem
testing your distribution.

If you think this report is invalid, please consult the CPAN Testers Wiki
for suggestions on how to avoid getting FAIL reports for missing library
or binary dependencies, unsupported operating systems, and so on:

http://wiki.cpantesters.org/wiki/CPANAuthorNotes

Sections of this report:

    * Tester comments
    * Program output
    * Prerequisites
    * Environment and other context

------------------------------
TESTER COMMENTS
------------------------------

Additional comments from tester:

this report is from an automated smoke testing program
and was not reviewed by a human for accuracy

------------------------------
PROGRAM OUTPUT
------------------------------

Output from '/usr/bin/make test':

PERL_DL_NONLAZY=1 "/home/sand/src/perl/repoperls/installed-perls/perl/v5.21.7/8378/bin/perl" "-MExtUtils::Command::MM" "-MTest::Harness" "-e" "undef *Test::Harness::Switches; test_harness(0, 'blib/lib', 'blib/arch')" t/*.t
t/callbacks1.t .. ok
t/callbacks2.t .. ok
t/callbacks3.t .. ok
Warning: unable to close filehandle GEN4 properly: Broken pipe during global destruction.
t/forked1.t ..... ok
Warning: unable to close filehandle GEN1 properly: Broken pipe during global destruction.
t/forked2.t ..... ok
Warning: unable to close filehandle GEN1 properly: Broken pipe during global destruction.
t/forked3.t ..... ok
t/getline1.t .... ok
t/getline2.t .... ok
t/getline3.t .... ok
t/multifork1.t .. 
All 10 subtests passed 
t/multifork2.t .. 
All 10 subtests passed 
t/multifork3.t .. 
All 10 subtests passed 

Test Summary Report
-------------------
t/multifork1.t (Wstat: 0 Tests: 151 Failed: 141)
  Failed tests:  1, 1, 1, 1, 1, 1, 1, 1, 1, 1, 1, 1, 1-2
                2, 2, 2, 2, 2, 2, 2, 2, 2, 2, 2, 2-3, 3
                3, 3, 3, 3, 3, 3, 3, 3, 3, 3, 3-4, 4, 4
                4, 4, 4, 4, 4, 4, 4, 4, 4, 4, 4-5, 5, 5
                5, 5, 5, 5, 5, 5, 5, 5, 5, 5, 5-6, 6, 6
                6, 6, 6, 6, 6, 6, 6, 6, 6, 6, 6-7, 7, 7
                7, 7, 7, 7, 7, 7, 7, 7, 7, 7, 7, 7-8, 8
                8, 8, 8, 8, 8, 8, 8, 8, 8, 8, 8, 8, 8-9
                9, 9, 9, 9, 9, 9, 9, 9, 9, 9, 9, 9, 9, 9-10
                10, 10, 10, 10, 10, 10, 10, 10, 10, 10
                10, 10, 10, 10
  Parse errors: More than one plan found in TAP output
                Tests out of sequence.  Found (1) but expected (4)
                More than one plan found in TAP output
                Tests out of sequence.  Found (4) but expected (5)
                Tests out of sequence.  Found (5) but expected (6)
Displayed the first 5 of 164 TAP syntax errors.
Re-run prove with the -p option to see them all.
t/multifork2.t (Wstat: 0 Tests: 151 Failed: 141)
  Failed tests:  1, 1, 1, 1, 1, 1, 1, 1, 1, 1, 1, 1, 1, 1
                1-2, 2, 2, 2, 2, 2, 2, 2, 2, 2, 2, 2, 2
                2-3, 3, 3, 3, 3, 3, 3, 3, 3, 3, 3, 3, 3
                3-4, 4, 4, 4, 4, 4, 4, 4, 4, 4, 4, 4, 4
                4-5, 5, 5, 5, 5, 5, 5, 5, 5, 5, 5, 5, 5
                5-6, 6, 6, 6, 6, 6, 6, 6, 6, 6, 6, 6, 6
                6-7, 7, 7, 7, 7, 7, 7, 7, 7, 7, 7, 7, 7
                7-8, 8, 8, 8, 8, 8, 8, 8, 8, 8, 8, 8, 8
                8-9, 9, 9, 9, 9, 9, 9, 9, 9, 9, 9, 9, 9
                9-10, 10, 10, 10, 10, 10, 10, 10, 10, 10
                10, 10, 10, 10
  Parse errors: More than one plan found in TAP output
                More than one plan found in TAP output
                Tests out of sequence.  Found (1) but expected (11)
                Tests out of sequence.  Found (2) but expected (12)
                Tests out of sequence.  Found (3) but expected (13)
Displayed the first 5 of 157 TAP syntax errors.
Re-run prove with the -p option to see them all.
t/multifork3.t (Wstat: 0 Tests: 151 Failed: 141)
  Failed tests:  1, 1, 1, 1, 1, 1, 1, 1, 1, 1, 1, 1, 1, 1-2
                2, 2, 2, 2, 2, 2, 2, 2, 2, 2, 2, 2, 2-3
                3, 3, 3, 3, 3, 3, 3, 3, 3, 3, 3, 3, 3-4
                4, 4, 4, 4, 4, 4, 4, 4, 4, 4, 4, 4, 4-5
                5, 5, 5, 5, 5, 5, 5, 5, 5, 5, 5, 5, 5-6
                6, 6, 6, 6, 6, 6, 6, 6, 6, 6, 6, 6, 6-7
                7, 7, 7, 7, 7, 7, 7, 7, 7, 7, 7, 7, 7-8
                8, 8, 8, 8, 8, 8, 8, 8, 8, 8, 8, 8, 8-9
                9, 9, 9, 9, 9, 9, 9, 9, 9, 9, 9, 9, 9-10
                10, 10, 10, 10, 10, 10, 10, 10, 10, 10
                10, 10, 10, 10
  Parse errors: More than one plan found in TAP output
                Tests out of sequence.  Found (1) but expected (6)
                More than one plan found in TAP output
                Tests out of sequence.  Found (6) but expected (7)
                Tests out of sequence.  Found (7) but expected (8)
Displayed the first 5 of 162 TAP syntax errors.
Re-run prove with the -p option to see them all.
Files=12, Tests=879, 129 wallclock secs ( 0.21 usr  0.02 sys +  1.52 cusr  0.20 csys =  1.95 CPU)
Result: FAIL
Failed 3/12 test programs. 423/879 subtests failed.
Makefile:871: recipe for target 'test_dynamic' failed
make: *** [test_dynamic] Error 255

------------------------------
PREREQUISITES
------------------------------

Prerequisite modules loaded:

requires:

    Module              Need Have        
    ------------------- ---- ------------
    IO::Handle          0    1.35        
    List::MoreUtils     0    0.406       
    Time::HiRes         0    1.9726      

build_requires:

    Module              Need Have        
    ------------------- ---- ------------
    AnyEvent            0    7.08        
    diagnostics         0    1.34        
    Event               0    1.24        
    Test::Simple        0    1.301001_099

configure_requires:

    Module              Need Have        
    ------------------- ---- ------------
    ExtUtils::MakeMaker 0    7.04        


------------------------------
ENVIRONMENT AND OTHER CONTEXT
------------------------------

Environment variables:

    AUTOMATED_TESTING = 1
    LANG = en_US.UTF-8
    LANGUAGE = en_US:en
    PATH = /usr/lib/ccache:/home/sand/bin:/usr/local/bin:/usr/bin:/bin:/usr/games:/usr/local/perl/bin:/usr/X11/bin:/sbin:/usr/sbin
    PERL5LIB = 
    PERL5OPT = 
    PERL5_CPANPLUS_IS_RUNNING = 25639
    PERL5_CPAN_IS_RUNNING = 25639
    PERL_MM_USE_DEFAULT = 1
    SHELL = /usr/bin/zsh
    TERM = screen

Perl special variables (and OS-specific diagnostics, for MSWin32):

    $^X = /home/sand/src/perl/repoperls/installed-perls/perl/v5.21.7/8378/bin/perl
    $UID/$EUID = 1005 / 1005
    $GID = 1005 1005
    $EGID = 1005 1005

Perl module toolchain versions installed:

    Module              Have        
    ------------------- ------------
    CPAN                2.10        
    CPAN::Meta          2.143240    
    Cwd                 3.54        
    ExtUtils::CBuilder  0.280221    
    ExtUtils::Command   1.18        
    ExtUtils::Install   2.04        
    ExtUtils::MakeMaker 7.04        
    ExtUtils::Manifest  1.69        
    ExtUtils::ParseXS   3.27        
    File::Spec          3.53        
    JSON                2.90        
    JSON::PP            2.27300     
    Module::Build       0.4211      
    Module::Signature   0.73        
    Parse::CPAN::Meta   1.4414      
    Test::Harness       3.35        
    Test::More          1.301001_099
    YAML                1.14        
    YAML::Syck          1.29        
    version             0.9909      


--

Summary of my perl5 (revision 5 version 21 subversion 7) configuration:
  Commit id: 846dac6786c1ada87b95d0268c0a9772a4bd04fc
  Platform:
    osname=linux, osvers=3.16.0-4-amd64, archname=x86_64-linux-ld
    uname='linux k83 3.16.0-4-amd64 #1 smp debian 3.16.7-ckt7-1 (2015-03-01) x86_64 gnulinux '
    config_args='-Dprefix=/home/sand/src/perl/repoperls/installed-perls/perl/v5.21.7/8378 -Dmyhostname=k83 -Dinstallusrbinperl=n -Uversiononly -Dusedevel -des -Ui_db -Uuseithreads -Duselongdouble'
    hint=recommended, useposix=true, d_sigaction=define
    useithreads=undef, usemultiplicity=undef
    use64bitint=define, use64bitall=define, uselongdouble=define
    usemymalloc=n, bincompat5005=undef
  Compiler:
    cc='cc', ccflags ='-fwrapv -fno-strict-aliasing -pipe -fstack-protector-strong -I/usr/local/include -D_LARGEFILE_SOURCE -D_FILE_OFFSET_BITS=64 -D_FORTIFY_SOURCE=2',
    optimize='-O2',
    cppflags='-fwrapv -fno-strict-aliasing -pipe -fstack-protector-strong -I/usr/local/include'
    ccversion='', gccversion='4.9.2', gccosandvers=''
    intsize=4, longsize=8, ptrsize=8, doublesize=8, byteorder=12345678, doublekind=3
    d_longlong=define, longlongsize=8, d_longdbl=define, longdblsize=16, longdblkind=3
    ivtype='long', ivsize=8, nvtype='long double', nvsize=16, Off_t='off_t', lseeksize=8
    alignbytes=16, prototype=define
  Linker and Libraries:
    ld='cc', ldflags =' -fstack-protector-strong -L/usr/local/lib'
    libpth=/usr/local/lib /usr/lib/gcc/x86_64-linux-gnu/4.9/include-fixed /usr/include/x86_64-linux-gnu /usr/lib /lib/x86_64-linux-gnu /lib/../lib /usr/lib/x86_64-linux-gnu /usr/lib/../lib /lib
    libs=-lnsl -lgdbm -ldb -ldl -lm -lcrypt -lutil -lc -lpthread -lgdbm_compat
    perllibs=-lnsl -ldl -lm -lcrypt -lutil -lc -lpthread
    libc=libc-2.19.so, so=so, useshrplib=false, libperl=libperl.a
    gnulibc_version='2.19'
  Dynamic Linking:
    dlsrc=dl_dlopen.xs, dlext=so, d_dlsymun=undef, ccdlflags='-Wl,-E'
    cccdlflags='-fPIC', lddlflags='-shared -O2 -L/usr/local/lib -fstack-protector-strong'


Characteristics of this binary (from libperl): 
  Compile-time options: HAS_TIMES PERLIO_LAYERS PERL_DONT_CREATE_GVSV
                        PERL_HASH_FUNC_ONE_AT_A_TIME_HARD PERL_MALLOC_WRAP
                        PERL_NEW_COPY_ON_WRITE PERL_PRESERVE_IVUV
                        PERL_USE_DEVEL USE_64_BIT_ALL USE_64_BIT_INT
                        USE_LARGE_FILES USE_LOCALE USE_LOCALE_COLLATE
                        USE_LOCALE_CTYPE USE_LOCALE_NUMERIC USE_LOCALE_TIME
                        USE_LONG_DOUBLE USE_PERLIO USE_PERL_ATOF
  Built under linux
  Compiled at Mar  7 2015 13:10:09
  %ENV:
    PERL5LIB=""
    PERL5OPT=""
    PERL5_CPANPLUS_IS_RUNNING="25639"
    PERL5_CPAN_IS_RUNNING="25639"
    PERL_MM_USE_DEFAULT="1"
  @INC:
    /home/sand/src/perl/repoperls/installed-perls/perl/v5.21.7/8378/lib/site_perl/5.21.7/x86_64-linux-ld
    /home/sand/src/perl/repoperls/installed-perls/perl/v5.21.7/8378/lib/site_perl/5.21.7
    /home/sand/src/perl/repoperls/installed-perls/perl/v5.21.7/8378/lib/5.21.7/x86_64-linux-ld
    /home/sand/src/perl/repoperls/installed-perls/perl/v5.21.7/8378/lib/5.21.7
    .