Report for Variable-Strongly-Typed-v1.1.0

Back
From: metabase:user:30ae4450-2aae-11df-837a-5e0a49663a4f
Subject: FAIL Variable-Strongly-Typed-v1.1.0 v5.10.0 
Date: 2013-12-13T11:40:40Z

This distribution has been tested as part of the CPAN Testers
project, supporting the Perl programming language.  See
http://wiki.cpantesters.org/ for more information or email
questions to cpan-testers-discuss@perl.org


--
Dear Mark Ethan Trostler,

This is a computer-generated report for Variable-Strongly-Typed-v1.1.0
on perl 5.10.0, created by CPAN-Reporter-1.2010_01.

Thank you for uploading your work to CPAN.  However, there was a problem
testing your distribution.

If you think this report is invalid, please consult the CPAN Testers Wiki
for suggestions on how to avoid getting FAIL reports for missing library
or binary dependencies, unsupported operating systems, and so on:

http://wiki.cpantesters.org/wiki/CPANAuthorNotes

Sections of this report:

    * Tester comments
    * Program output
    * Prerequisites
    * Environment and other context

------------------------------
TESTER COMMENTS
------------------------------

Additional comments from tester:

this report is from an automated smoke testing program
and was not reviewed by a human for accuracy

------------------------------
PROGRAM OUTPUT
------------------------------

Output from 'C:\strawberry\perl\bin\perl.exe ./Build test':

# Testing Variable::Strongly::Typed 1.1.0
t\00.load.t ......... ok
# Testing Variable::Strongly::Typed 1.1.0
Error handler must be a CODE ref! at C:/strawberry/perl/lib/Attribute/Handlers.pm line 201.
# Looks like you planned 19 tests but ran 1.
# Looks like your test exited with 255 just after 1.
t\01.simple.type.t .. 
Dubious, test returned 255 (wstat 65280, 0xff00)
Failed 18/19 subtests 
# Testing Variable::Strongly::Typed 1.1.0
Error handler must be a CODE ref! at C:/strawberry/perl/lib/Attribute/Handlers.pm line 201.
# Looks like you planned 4 tests but ran 1.
# Looks like your test exited with 255 just after 1.
t\02.my.type.t ...... 
Dubious, test returned 255 (wstat 65280, 0xff00)
Failed 3/4 subtests 
# Testing Variable::Strongly::Typed 1.1.0
Error handler must be a CODE ref! at C:/strawberry/perl/lib/Attribute/Handlers.pm line 201.
# Looks like you planned 9 tests but ran 1.
# Looks like your test exited with 255 just after 1.
t\03.array.type.t ... 
Dubious, test returned 255 (wstat 65280, 0xff00)
Failed 8/9 subtests 
# Testing Variable::Strongly::Typed 1.1.0
Error handler must be a CODE ref! at C:/strawberry/perl/lib/Attribute/Handlers.pm line 201.
# Looks like you planned 8 tests but ran 1.
# Looks like your test exited with 255 just after 1.
t\04.hash.type.t .... 
Dubious, test returned 255 (wstat 65280, 0xff00)
Failed 7/8 subtests 
# Testing Variable::Strongly::Typed 1.1.0
Error handler must be a CODE ref! at C:/strawberry/perl/lib/Attribute/Handlers.pm line 201.
# Looks like you planned 3 tests but ran 1.
# Looks like your test exited with 255 just after 1.
t\05.no.type.t ...... 
Dubious, test returned 255 (wstat 65280, 0xff00)
Failed 2/3 subtests 
Error handler must be a CODE ref! at C:/strawberry/perl/lib/Attribute/Handlers.pm line 201.
CHECK failed--call queue aborted.
t\06.code.t ......... 
Dubious, test returned 255 (wstat 65280, 0xff00)
Failed 3/4 subtests 
t\pod-coverage.t .... ok
t\pod.t ............. ok

Test Summary Report
-------------------
t\01.simple.type.t (Wstat: 65280 Tests: 1 Failed: 0)
  Non-zero exit status: 255
  Parse errors: Bad plan.  You planned 19 tests but ran 1.
t\02.my.type.t    (Wstat: 65280 Tests: 1 Failed: 0)
  Non-zero exit status: 255
  Parse errors: Bad plan.  You planned 4 tests but ran 1.
t\03.array.type.t (Wstat: 65280 Tests: 1 Failed: 0)
  Non-zero exit status: 255
  Parse errors: Bad plan.  You planned 9 tests but ran 1.
t\04.hash.type.t  (Wstat: 65280 Tests: 1 Failed: 0)
  Non-zero exit status: 255
  Parse errors: Bad plan.  You planned 8 tests but ran 1.
t\05.no.type.t    (Wstat: 65280 Tests: 1 Failed: 0)
  Non-zero exit status: 255
  Parse errors: Bad plan.  You planned 3 tests but ran 1.
t\06.code.t       (Wstat: 65280 Tests: 1 Failed: 0)
  Non-zero exit status: 255
  Parse errors: Bad plan.  You planned 4 tests but ran 1.
Files=9, Tests=18,  1 wallclock secs ( 0.02 usr +  0.11 sys =  0.13 CPU)
Result: FAIL
Failed 6/9 test programs. 0/18 subtests failed.

------------------------------
PREREQUISITES
------------------------------

Prerequisite modules loaded:

requires:

    Module              Need Have    
    ------------------- ---- --------
    Attribute::Handlers 0    0.85    
    Class::Std::Utils   0    0.0.3   
    IO::File            0    1.14    
    Test::More          0    1.001002
    Tie::Array          0    1.03    
    Tie::Hash           0    1.02    
    Tie::Scalar         0    1.00    
    version             0    0.9904  


------------------------------
ENVIRONMENT AND OTHER CONTEXT
------------------------------

Environment variables:

    AUTOMATED_TESTING = 1
    COMSPEC = C:\WINDOWS\system32\cmd.exe
    NUMBER_OF_PROCESSORS = 1
    PATH = C:\Program Files\Far Manager\;C:\WINDOWS\system32;C:\WINDOWS;C:\WINDOWS\System32\Wbem;C:\strawberry\c\bin;C:\strawberry\perl\bin
    PERL5LIB = 
    PERL5OPT = 
    PERL5_CPANPLUS_IS_RUNNING = 31116
    PERL5_CPAN_IS_RUNNING = 31116
    PERL5_CPAN_IS_RUNNING_IN_RECURSION = 1716,31116
    PERL_CR_SMOKER_CURRENT = Variable-Strongly-Typed-v1.1.0
    PERL_EXTUTILS_AUTOINSTALL = --defaultdeps
    PERL_MM_USE_DEFAULT = 1
    PROCESSOR_IDENTIFIER = x86 Family 16 Model 5 Stepping 3, AuthenticAMD
    TEMP = C:\DOCUME~1\c\LOCALS~1\Temp
    TERM = dumb

Perl special variables (and OS-specific diagnostics, for MSWin32):

    $^X = C:\strawberry\perl\bin\perl.exe
    $UID/$EUID = 0 / 0
    $GID = 0
    $EGID = 0
    Win32::GetOSName = WinXP/.Net
    Win32::GetOSVersion = Service Pack 3, 5, 1, 2600, 2, 3, 0, 256, 1
    Win32::FsType = NTFS
    Win32::IsAdminUser = 1

Perl module toolchain versions installed:

    Module              Have    
    ------------------- --------
    CPAN                2.00    
    CPAN::Meta          2.132830
    Cwd                 3.40    
    ExtUtils::CBuilder  0.280212
    ExtUtils::Command   1.16    
    ExtUtils::Install   1.54    
    ExtUtils::MakeMaker 6.82    
    ExtUtils::Manifest  1.60    
    ExtUtils::ParseXS   3.22    
    File::Spec          3.40    
    JSON                2.90    
    JSON::PP            2.27203 
    Module::Build       0.4202  
    Module::Signature   0.73    
    Parse::CPAN::Meta   1.4409  
    Test::Harness       3.30    
    Test::More          1.001002
    YAML                0.84    
    YAML::Syck          1.27    
    version             0.9904  


--

Summary of my perl5 (revision 5 version 10 subversion 0) configuration:
  Platform:
    osname=MSWin32, osvers=5.1, archname=MSWin32-x86-multi-thread
    uname='Win32 strawberryperl 5.10.0.6 #1 Wed Jul 29 22:19:01 2009 i386'
    config_args='undef'
    hint=recommended, useposix=true, d_sigaction=undef
    useithreads=define, usemultiplicity=define
    useperlio=define, d_sfio=undef, uselargefiles=define, usesocks=undef
    use64bitint=undef, use64bitall=undef, uselongdouble=undef
    usemymalloc=n, bincompat5005=undef
  Compiler:
    cc='gcc', ccflags =' -s -O2 -DWIN32 -DHAVE_DES_FCRYPT  -DPERL_IMPLICIT_CONTEXT -DPERL_IMPLICIT_SYS -fno-strict-aliasing -DPERL_MSVCRT_READFIX',
    optimize='-s -O2',
    cppflags='-DWIN32'
    ccversion='', gccversion='3.4.5', gccosandvers=''
    intsize=4, longsize=4, ptrsize=4, doublesize=8, byteorder=1234
    d_longlong=undef, longlongsize=8, d_longdbl=define, longdblsize=12
    ivtype='long', ivsize=4, nvtype='double', nvsize=8, Off_t='long long', lseeksize=8
    alignbytes=8, prototype=define
  Linker and Libraries:
    ld='g++', ldflags ='-s -L"C:\strawberry\perl\lib\CORE" -L"C:\strawberry\c\lib"'
    libpth=C:\strawberry\c\lib
    libs= -lmsvcrt -lmoldname -lkernel32 -luser32 -lgdi32 -lwinspool -lcomdlg32 -ladvapi32 -lshell32 -lole32 -loleaut32 -lnetapi32 -luuid -lws2_32 -lmpr -lwinmm -lversion -lodbc32 -lodbccp32
    perllibs= -lmsvcrt -lmoldname -lkernel32 -luser32 -lgdi32 -lwinspool -lcomdlg32 -ladvapi32 -lshell32 -lole32 -loleaut32 -lnetapi32 -luuid -lws2_32 -lmpr -lwinmm -lversion -lodbc32 -lodbccp32
    libc=-lmsvcrt, so=dll, useshrplib=true, libperl=libperl510.a
    gnulibc_version=''
  Dynamic Linking:
    dlsrc=dl_win32.xs, dlext=dll, d_dlsymun=undef, ccdlflags=' '
    cccdlflags=' ', lddlflags='-mdll -s -L"C:\strawberry\perl\lib\CORE" -L"C:\strawberry\c\lib"'


Characteristics of this binary (from libperl): 
  Compile-time options: MULTIPLICITY PERL_DONT_CREATE_GVSV
                        PERL_IMPLICIT_CONTEXT PERL_IMPLICIT_SYS
                        PERL_MALLOC_WRAP PL_OP_SLAB_ALLOC USE_ITHREADS
                        USE_LARGE_FILES USE_PERLIO
  Built under MSWin32
  Compiled at Jul 29 2009 22:37:03
  %ENV:
    PERL5_CPANPLUS_IS_RUNNING="31116"
    PERL5_CPAN_IS_RUNNING="31116"
    PERL5_CPAN_IS_RUNNING_IN_RECURSION="1716,31116"
    PERL_CR_SMOKER_CURRENT="Variable-Strongly-Typed-v1.1.0"
    PERL_EXTUTILS_AUTOINSTALL="--defaultdeps"
    PERL_MM_USE_DEFAULT="1"
  @INC:
    C:/strawberry/perl/lib
    C:/strawberry/perl/site/lib
    .