Test-Module-Runnable v0.2.1 Perl 5 v5.24.1 x86_64-linux-thread-multi
- Status
- Fail
- From
- Slaven Rezić (SREZIC)
- Dist
-
Test-Module-Runnable v0.2.1
- Platform
- Perl 5 v5.24.1 x86_64-linux-thread-multi
- Date
- 2017-10-15 13:34:46
- ID
- 9bd9d922-b1ad-11e7-9b66-db973799ee74
This distribution has been tested as part of the CPAN Testers
project, supporting the Perl programming language. See
http://wiki.cpantesters.org/ for more information or email
questions to cpan-testers-discuss@perl.org
--
Dear Duncan Ross Palmer,
This is a computer-generated report for Test-Module-Runnable-0.2.1
on perl 5.24.1, created by CPAN-Reporter-1.2018.
Thank you for uploading your work to CPAN. However, there was a problem
testing your distribution.
If you think this report is invalid, please consult the CPAN Testers Wiki
for suggestions on how to avoid getting FAIL reports for missing library
or binary dependencies, unsupported operating systems, and so on:
http://wiki.cpantesters.org/wiki/CPANAuthorNotes
Sections of this report:
* Tester comments
* Program output
* Prerequisites
* Environment and other context
------------------------------
TESTER COMMENTS
------------------------------
Additional comments from tester:
none provided
------------------------------
PROGRAM OUTPUT
------------------------------
Output from '/usr/bin/make test':
PERL_DL_NONLAZY=1 "/opt/perl-5.24.1t/bin/perl" "-MExtUtils::Command::MM" "-MTest::Harness" "-e" "undef *Test::Harness::Switches; test_harness(0, 'blib/lib', 'blib/arch')" t/*.t
t/getopts.t ..... ok
t/podchecker.t .. ok
t/tester.t ...... ok
# Failed test 'result 140307209 not seen previously'
# at t/lib/Private/Test/Module/Runnable/unique.pm line 104.
# got: '0'
# expected: ''
# Looks like you failed 1 test of 5.
# Failed test 'trial iteration 1/500'
# at t/lib/Private/Test/Module/Runnable/unique.pm line 126.
# Failed test 'result 243873153 not seen previously'
# at t/lib/Private/Test/Module/Runnable/unique.pm line 104.
# got: '0'
# expected: ''
# Looks like you failed 1 test of 5.
# Failed test 'trial iteration 2/500'
# at t/lib/Private/Test/Module/Runnable/unique.pm line 126.
# Failed test 'result 616278360 not seen previously'
# at t/lib/Private/Test/Module/Runnable/unique.pm line 104.
# got: '0'
# expected: ''
# Looks like you failed 1 test of 5.
# Failed test 'trial iteration 3/500'
# at t/lib/Private/Test/Module/Runnable/unique.pm line 126.
# Failed test 'result 565849418 not seen previously'
# at t/lib/Private/Test/Module/Runnable/unique.pm line 104.
# got: '0'
# expected: ''
# Looks like you failed 1 test of 5.
# Failed test 'trial iteration 4/500'
# at t/lib/Private/Test/Module/Runnable/unique.pm line 126.
# Failed test 'result 459238771 not seen previously'
# at t/lib/Private/Test/Module/Runnable/unique.pm line 104.
# got: '0'
# expected: ''
# Looks like you failed 1 test of 5.
# Failed test 'trial iteration 5/500'
# at t/lib/Private/Test/Module/Runnable/unique.pm line 126.
# Failed test 'result 766409346 not seen previously'
# at t/lib/Private/Test/Module/Runnable/unique.pm line 104.
# got: '0'
# expected: ''
# Looks like you failed 1 test of 5.
# Failed test 'trial iteration 6/500'
# at t/lib/Private/Test/Module/Runnable/unique.pm line 126.
# Failed test 'result 9147188 not seen previously'
# at t/lib/Private/Test/Module/Runnable/unique.pm line 104.
# got: '0'
# expected: ''
# Looks like you failed 1 test of 5.
# Failed test 'trial iteration 7/500'
# at t/lib/Private/Test/Module/Runnable/unique.pm line 126.
# Failed test 'result 27170887 not seen previously'
# at t/lib/Private/Test/Module/Runnable/unique.pm line 104.
# got: '0'
# expected: ''
# Looks like you failed 1 test of 5.
# Failed test 'trial iteration 8/500'
# at t/lib/Private/Test/Module/Runnable/unique.pm line 126.
# Failed test 'result 548370827 not seen previously'
# at t/lib/Private/Test/Module/Runnable/unique.pm line 104.
# got: '0'
# expected: ''
# Looks like you failed 1 test of 5.
# Failed test 'trial iteration 9/500'
# at t/lib/Private/Test/Module/Runnable/unique.pm line 126.
# Failed test 'result 557951083 not seen previously'
# at t/lib/Private/Test/Module/Runnable/unique.pm line 104.
# got: '0'
# expected: ''
# Looks like you failed 1 test of 5.
# Failed test 'trial iteration 10/500'
# at t/lib/Private/Test/Module/Runnable/unique.pm line 126.
# Failed test 'result 585973234 not seen previously'
# at t/lib/Private/Test/Module/Runnable/unique.pm line 104.
# got: '0'
# expected: ''
# Looks like you failed 1 test of 5.
# Failed test 'trial iteration 11/500'
# at t/lib/Private/Test/Module/Runnable/unique.pm line 126.
# Failed test 'result 142762162 not seen previously'
# at t/lib/Private/Test/Module/Runnable/unique.pm line 104.
# got: '0'
# expected: ''
# Looks like you failed 1 test of 5.
# Failed test 'trial iteration 12/500'
# at t/lib/Private/Test/Module/Runnable/unique.pm line 126.
# Failed test 'result 922533594 not seen previously'
# at t/lib/Private/Test/Module/Runnable/unique.pm line 104.
# got: '0'
# expected: ''
# Looks like you failed 1 test of 5.
# Failed test 'trial iteration 13/500'
# at t/lib/Private/Test/Module/Runnable/unique.pm line 126.
# Failed test 'result 708087047 not seen previously'
# at t/lib/Private/Test/Module/Runnable/unique.pm line 104.
# got: '0'
# expected: ''
# Looks like you failed 1 test of 5.
# Failed test 'trial iteration 14/500'
# at t/lib/Private/Test/Module/Runnable/unique.pm line 126.
# Failed test 'result 819104148 not seen previously'
# at t/lib/Private/Test/Module/Runnable/unique.pm line 104.
# got: '0'
# expected: ''
# Looks like you failed 1 test of 5.
# Failed test 'trial iteration 15/500'
# at t/lib/Private/Test/Module/Runnable/unique.pm line 126.
# Failed test 'result 185285428 not seen previously'
# at t/lib/Private/Test/Module/Runnable/unique.pm line 104.
# got: '0'
# expected: ''
# Looks like you failed 1 test of 5.
# Failed test 'trial iteration 16/500'
# at t/lib/Private/Test/Module/Runnable/unique.pm line 126.
# Failed test 'result 162435547 not seen previously'
# at t/lib/Private/Test/Module/Runnable/unique.pm line 104.
# got: '0'
# expected: ''
# Looks like you failed 1 test of 5.
# Failed test 'trial iteration 17/500'
# at t/lib/Private/Test/Module/Runnable/unique.pm line 126.
# Failed test 'result 521410633 not seen previously'
# at t/lib/Private/Test/Module/Runnable/unique.pm line 104.
# got: '0'
# expected: ''
# Looks like you failed 1 test of 5.
# Failed test 'trial iteration 18/500'
# at t/lib/Private/Test/Module/Runnable/unique.pm line 126.
# Failed test 'result 601792836 not seen previously'
# at t/lib/Private/Test/Module/Runnable/unique.pm line 104.
# got: '0'
# expected: ''
# Looks like you failed 1 test of 5.
# Failed test 'trial iteration 19/500'
# at t/lib/Private/Test/Module/Runnable/unique.pm line 126.
# Failed test 'result 460247021 not seen previously'
# at t/lib/Private/Test/Module/Runnable/unique.pm line 104.
# got: '0'
# expected: ''
# Looks like you failed 1 test of 5.
# Failed test 'trial iteration 20/500'
# at t/lib/Private/Test/Module/Runnable/unique.pm line 126.
# Failed test 'result 60195018 not seen previously'
# at t/lib/Private/Test/Module/Runnable/unique.pm line 104.
# got: '0'
# expected: ''
# Looks like you failed 1 test of 5.
# Failed test 'trial iteration 21/500'
# at t/lib/Private/Test/Module/Runnable/unique.pm line 126.
# Failed test 'result 524934020 not seen previously'
# at t/lib/Private/Test/Module/Runnable/unique.pm line 104.
# got: '0'
# expected: ''
# Looks like you failed 1 test of 5.
# Failed test 'trial iteration 22/500'
# at t/lib/Private/Test/Module/Runnable/unique.pm line 126.
# Failed test 'result 806706761 not seen previously'
# at t/lib/Private/Test/Module/Runnable/unique.pm line 104.
# got: '0'
# expected: ''
# Looks like you failed 1 test of 5.
# Failed test 'trial iteration 23/500'
# at t/lib/Private/Test/Module/Runnable/unique.pm line 126.
# Failed test 'result 195363176 not seen previously'
# at t/lib/Private/Test/Module/Runnable/unique.pm line 104.
# got: '0'
# expected: ''
# Looks like you failed 1 test of 5.
# Failed test 'trial iteration 24/500'
# at t/lib/Private/Test/Module/Runnable/unique.pm line 126.
# Failed test 'result 310302768 not seen previously'
# at t/lib/Private/Test/Module/Runnable/unique.pm line 104.
# got: '0'
# expected: ''
# Looks like you failed 1 test of 5.
# Failed test 'trial iteration 25/500'
# at t/lib/Private/Test/Module/Runnable/unique.pm line 126.
# Failed test 'result 368022452 not seen previously'
# at t/lib/Private/Test/Module/Runnable/unique.pm line 104.
# got: '0'
# expected: ''
# Looks like you failed 1 test of 5.
# Failed test 'trial iteration 26/500'
# at t/lib/Private/Test/Module/Runnable/unique.pm line 126.
# Failed test 'result 386730755 not seen previously'
# at t/lib/Private/Test/Module/Runnable/unique.pm line 104.
# got: '0'
# expected: ''
# Looks like you failed 1 test of 5.
# Failed test 'trial iteration 27/500'
# at t/lib/Private/Test/Module/Runnable/unique.pm line 126.
# Failed test 'result 590019915 not seen previously'
# at t/lib/Private/Test/Module/Runnable/unique.pm line 104.
# got: '0'
# expected: ''
# Looks like you failed 1 test of 5.
# Failed test 'trial iteration 28/500'
# at t/lib/Private/Test/Module/Runnable/unique.pm line 126.
# Failed test 'result 131522407 not seen previously'
# at t/lib/Private/Test/Module/Runnable/unique.pm line 104.
# got: '0'
# expected: ''
# Looks like you failed 1 test of 5.
# Failed test 'trial iteration 29/500'
# at t/lib/Private/Test/Module/Runnable/unique.pm line 126.
# Failed test 'result 717006546 not seen previously'
# at t/lib/Private/Test/Module/Runnable/unique.pm line 104.
# got: '0'
# expected: ''
# Looks like you failed 1 test of 5.
# Failed test 'trial iteration 30/500'
# at t/lib/Private/Test/Module/Runnable/unique.pm line 126.
# Failed test 'result 893867506 not seen previously'
# at t/lib/Private/Test/Module/Runnable/unique.pm line 104.
# got: '0'
# expected: ''
# Looks like you failed 1 test of 5.
# Failed test 'trial iteration 31/500'
# at t/lib/Private/Test/Module/Runnable/unique.pm line 126.
# Failed test 'result 775447239 not seen previously'
# at t/lib/Private/Test/Module/Runnable/unique.pm line 104.
# got: '0'
# expected: ''
# Looks like you failed 1 test of 5.
# Failed test 'trial iteration 32/500'
# at t/lib/Private/Test/Module/Runnable/unique.pm line 126.
# Failed test 'result 337883976 not seen previously'
# at t/lib/Private/Test/Module/Runnable/unique.pm line 104.
# got: '0'
# expected: ''
# Looks like you failed 1 test of 5.
# Failed test 'trial iteration 33/500'
# at t/lib/Private/Test/Module/Runnable/unique.pm line 126.
# Failed test 'result 47110368 not seen previously'
# at t/lib/Private/Test/Module/Runnable/unique.pm line 104.
# got: '0'
# expected: ''
# Looks like you failed 1 test of 5.
# Failed test 'trial iteration 34/500'
# at t/lib/Private/Test/Module/Runnable/unique.pm line 126.
# Failed test 'result 800207205 not seen previously'
# at t/lib/Private/Test/Module/Runnable/unique.pm line 104.
# got: '0'
# expected: ''
# Looks like you failed 1 test of 5.
# Failed test 'trial iteration 35/500'
# at t/lib/Private/Test/Module/Runnable/unique.pm line 126.
# Failed test 'result 715131674 not seen previously'
# at t/lib/Private/Test/Module/Runnable/unique.pm line 104.
# got: '0'
# expected: ''
# Looks like you failed 1 test of 5.
# Failed test 'trial iteration 36/500'
# at t/lib/Private/Test/Module/Runnable/unique.pm line 126.
# Failed test 'result 642692207 not seen previously'
# at t/lib/Private/Test/Module/Runnable/unique.pm line 104.
# got: '0'
# expected: ''
# Looks like you failed 1 test of 5.
# Failed test 'trial iteration 37/500'
# at t/lib/Private/Test/Module/Runnable/unique.pm line 126.
# Failed test 'result 513389519 not seen previously'
# at t/lib/Private/Test/Module/Runnable/unique.pm line 104.
# got: '0'
# expected: ''
# Looks like you failed 1 test of 5.
# Failed test 'trial iteration 38/500'
# at t/lib/Private/Test/Module/Runnable/unique.pm line 126.
# Failed test 'result 271710999 not seen previously'
# at t/lib/Private/Test/Module/Runnable/unique.pm line 104.
# got: '0'
# expected: ''
# Looks like you failed 1 test of 5.
# Failed test 'trial iteration 39/500'
# at t/lib/Private/Test/Module/Runnable/unique.pm line 126.
# Failed test 'result 760694563 not seen previously'
# at t/lib/Private/Test/Module/Runnable/unique.pm line 104.
# got: '0'
# expected: ''
# Looks like you failed 1 test of 5.
# Failed test 'trial iteration 40/500'
# at t/lib/Private/Test/Module/Runnable/unique.pm line 126.
# Failed test 'result 930112537 not seen previously'
# at t/lib/Private/Test/Module/Runnable/unique.pm line 104.
# got: '0'
# expected: ''
# Looks like you failed 1 test of 5.
# Failed test 'trial iteration 41/500'
# at t/lib/Private/Test/Module/Runnable/unique.pm line 126.
# Failed test 'result 481608299 not seen previously'
# at t/lib/Private/Test/Module/Runnable/unique.pm line 104.
# got: '0'
# expected: ''
# Looks like you failed 1 test of 5.
# Failed test 'trial iteration 42/500'
# at t/lib/Private/Test/Module/Runnable/unique.pm line 126.
# Failed test 'result 505502436 not seen previously'
# at t/lib/Private/Test/Module/Runnable/unique.pm line 104.
# got: '0'
# expected: ''
# Looks like you failed 1 test of 5.
# Failed test 'trial iteration 43/500'
# at t/lib/Private/Test/Module/Runnable/unique.pm line 126.
# Failed test 'result 539130116 not seen previously'
# at t/lib/Private/Test/Module/Runnable/unique.pm line 104.
# got: '0'
# expected: ''
# Looks like you failed 1 test of 5.
# Failed test 'trial iteration 44/500'
# at t/lib/Private/Test/Module/Runnable/unique.pm line 126.
# Failed test 'result 994297947 not seen previously'
# at t/lib/Private/Test/Module/Runnable/unique.pm line 104.
# got: '0'
# expected: ''
# Looks like you failed 1 test of 5.
# Failed test 'trial iteration 45/500'
# at t/lib/Private/Test/Module/Runnable/unique.pm line 126.
# Failed test 'result 476624529 not seen previously'
# at t/lib/Private/Test/Module/Runnable/unique.pm line 104.
# got: '0'
# expected: ''
# Looks like you failed 1 test of 5.
# Failed test 'trial iteration 46/500'
# at t/lib/Private/Test/Module/Runnable/unique.pm line 126.
# Failed test 'result 532182153 not seen previously'
# at t/lib/Private/Test/Module/Runnable/unique.pm line 104.
# got: '0'
# expected: ''
# Looks like you failed 1 test of 5.
# Failed test 'trial iteration 47/500'
# at t/lib/Private/Test/Module/Runnable/unique.pm line 126.
# Failed test 'result 591716337 not seen previously'
# at t/lib/Private/Test/Module/Runnable/unique.pm line 104.
# got: '0'
# expected: ''
# Looks like you failed 1 test of 5.
# Failed test 'trial iteration 48/500'
# at t/lib/Private/Test/Module/Runnable/unique.pm line 126.
# Failed test 'result 784185704 not seen previously'
# at t/lib/Private/Test/Module/Runnable/unique.pm line 104.
# got: '0'
# expected: ''
# Looks like you failed 1 test of 5.
# Failed test 'trial iteration 49/500'
# at t/lib/Private/Test/Module/Runnable/unique.pm line 126.
# Failed test 'result 182746535 not seen previously'
# at t/lib/Private/Test/Module/Runnable/unique.pm line 104.
# got: '0'
# expected: ''
# Looks like you failed 1 test of 5.
# Failed test 'trial iteration 50/500'
# at t/lib/Private/Test/Module/Runnable/unique.pm line 126.
# Failed test 'result 597193997 not seen previously'
# at t/lib/Private/Test/Module/Runnable/unique.pm line 104.
# got: '0'
# expected: ''
# Looks like you failed 1 test of 5.
# Failed test 'trial iteration 51/500'
# at t/lib/Private/Test/Module/Runnable/unique.pm line 126.
# Failed test 'result 112497552 not seen previously'
# at t/lib/Private/Test/Module/Runnable/unique.pm line 104.
# got: '0'
# expected: ''
# Looks like you failed 1 test of 5.
# Failed test 'trial iteration 52/500'
# at t/lib/Private/Test/Module/Runnable/unique.pm line 126.
# Failed test 'result 539158071 not seen previously'
# at t/lib/Private/Test/Module/Runnable/unique.pm line 104.
# got: '0'
# expected: ''
# Looks like you failed 1 test of 5.
# Failed test 'trial iteration 53/500'
# at t/lib/Private/Test/Module/Runnable/unique.pm line 126.
# Failed test 'result 146155623 not seen previously'
# at t/lib/Private/Test/Module/Runnable/unique.pm line 104.
# got: '0'
# expected: ''
# Looks like you failed 1 test of 5.
# Failed test 'trial iteration 54/500'
# at t/lib/Private/Test/Module/Runnable/unique.pm line 126.
# Failed test 'result 163421009 not seen previously'
# at t/lib/Private/Test/Module/Runnable/unique.pm line 104.
# got: '0'
# expected: ''
# Looks like you failed 1 test of 5.
# Failed test 'trial iteration 55/500'
# at t/lib/Private/Test/Module/Runnable/unique.pm line 126.
# Failed test 'result 785028426 not seen previously'
# at t/lib/Private/Test/Module/Runnable/unique.pm line 104.
# got: '0'
# expected: ''
# Looks like you failed 1 test of 5.
# Failed test 'trial iteration 56/500'
# at t/lib/Private/Test/Module/Runnable/unique.pm line 126.
# Failed test 'result 720982768 not seen previously'
# at t/lib/Private/Test/Module/Runnable/unique.pm line 104.
# got: '0'
# expected: ''
# Looks like you failed 1 test of 5.
# Failed test 'trial iteration 57/500'
# at t/lib/Private/Test/Module/Runnable/unique.pm line 126.
# Failed test 'result 187950636 not seen previously'
# at t/lib/Private/Test/Module/Runnable/unique.pm line 104.
# got: '0'
# expected: ''
# Looks like you failed 1 test of 5.
# Failed test 'trial iteration 58/500'
# at t/lib/Private/Test/Module/Runnable/unique.pm line 126.
# Failed test 'result 968047316 not seen previously'
# at t/lib/Private/Test/Module/Runnable/unique.pm line 104.
# got: '0'
# expected: ''
# Looks like you failed 1 test of 5.
# Failed test 'trial iteration 59/500'
# at t/lib/Private/Test/Module/Runnable/unique.pm line 126.
# Failed test 'result 20730167 not seen previously'
# at t/lib/Private/Test/Module/Runnable/unique.pm line 104.
# got: '0'
# expected: ''
# Looks like you failed 1 test of 5.
# Failed test 'trial iteration 60/500'
# at t/lib/Private/Test/Module/Runnable/unique.pm line 126.
# Failed test 'result 283210202 not seen previously'
# at t/lib/Private/Test/Module/Runnable/unique.pm line 104.
# got: '0'
# expected: ''
# Looks like you failed 1 test of 5.
# Failed test 'trial iteration 61/500'
# at t/lib/Private/Test/Module/Runnable/unique.pm line 126.
# Failed test 'result 457395523 not seen previously'
# at t/lib/Private/Test/Module/Runnable/unique.pm line 104.
# got: '0'
# expected: ''
# Looks like you failed 1 test of 5.
# Failed test 'trial iteration 62/500'
# at t/lib/Private/Test/Module/Runnable/unique.pm line 126.
# Failed test 'result 870482599 not seen previously'
# at t/lib/Private/Test/Module/Runnable/unique.pm line 104.
# got: '0'
# expected: ''
# Looks like you failed 1 test of 5.
# Failed test 'trial iteration 63/500'
# at t/lib/Private/Test/Module/Runnable/unique.pm line 126.
# Failed test 'result 432029064 not seen previously'
# at t/lib/Private/Test/Module/Runnable/unique.pm line 104.
# got: '0'
# expected: ''
# Looks like you failed 1 test of 5.
# Failed test 'trial iteration 64/500'
# at t/lib/Private/Test/Module/Runnable/unique.pm line 126.
# Failed test 'result 341013137 not seen previously'
# at t/lib/Private/Test/Module/Runnable/unique.pm line 104.
# got: '0'
# expected: ''
# Looks like you failed 1 test of 5.
# Failed test 'trial iteration 65/500'
# at t/lib/Private/Test/Module/Runnable/unique.pm line 126.
# Failed test 'result 23887779 not seen previously'
# at t/lib/Private/Test/Module/Runnable/unique.pm line 104.
# got: '0'
# expected: ''
# Looks like you failed 1 test of 5.
# Failed test 'trial iteration 66/500'
# at t/lib/Private/Test/Module/Runnable/unique.pm line 126.
# Failed test 'result 848129371 not seen previously'
# at t/lib/Private/Test/Module/Runnable/unique.pm line 104.
# got: '0'
# expected: ''
# Looks like you failed 1 test of 5.
# Failed test 'trial iteration 67/500'
# at t/lib/Private/Test/Module/Runnable/unique.pm line 126.
# Failed test 'result 590339816 not seen previously'
# at t/lib/Private/Test/Module/Runnable/unique.pm line 104.
# got: '0'
# expected: ''
# Looks like you failed 1 test of 5.
# Failed test 'trial iteration 68/500'
# at t/lib/Private/Test/Module/Runnable/unique.pm line 126.
# Failed test 'result 560943261 not seen previously'
# at t/lib/Private/Test/Module/Runnable/unique.pm line 104.
# got: '0'
# expected: ''
# Looks like you failed 1 test of 5.
# Failed test 'trial iteration 69/500'
# at t/lib/Private/Test/Module/Runnable/unique.pm line 126.
# Failed test 'result 923991656 not seen previously'
# at t/lib/Private/Test/Module/Runnable/unique.pm line 104.
# got: '0'
# expected: ''
# Looks like you failed 1 test of 5.
# Failed test 'trial iteration 70/500'
# at t/lib/Private/Test/Module/Runnable/unique.pm line 126.
# Failed test 'result 39425542 not seen previously'
# at t/lib/Private/Test/Module/Runnable/unique.pm line 104.
# got: '0'
# expected: ''
# Looks like you failed 1 test of 5.
# Failed test 'trial iteration 71/500'
# at t/lib/Private/Test/Module/Runnable/unique.pm line 126.
# Failed test 'result 625460097 not seen previously'
# at t/lib/Private/Test/Module/Runnable/unique.pm line 104.
# got: '0'
# expected: ''
# Looks like you failed 1 test of 5.
# Failed test 'trial iteration 72/500'
# at t/lib/Private/Test/Module/Runnable/unique.pm line 126.
# Failed test 'result 758005891 not seen previously'
# at t/lib/Private/Test/Module/Runnable/unique.pm line 104.
# got: '0'
# expected: ''
# Looks like you failed 1 test of 5.
# Failed test 'trial iteration 73/500'
# at t/lib/Private/Test/Module/Runnable/unique.pm line 126.
# Failed test 'result 413196915 not seen previously'
# at t/lib/Private/Test/Module/Runnable/unique.pm line 104.
# got: '0'
# expected: ''
# Looks like you failed 1 test of 5.
# Failed test 'trial iteration 74/500'
# at t/lib/Private/Test/Module/Runnable/unique.pm line 126.
# Failed test 'result 258485539 not seen previously'
# at t/lib/Private/Test/Module/Runnable/unique.pm line 104.
# got: '0'
# expected: ''
# Looks like you failed 1 test of 5.
# Failed test 'trial iteration 75/500'
# at t/lib/Private/Test/Module/Runnable/unique.pm line 126.
# Failed test 'result 12222788 not seen previously'
# at t/lib/Private/Test/Module/Runnable/unique.pm line 104.
# got: '0'
# expected: ''
# Looks like you failed 1 test of 5.
# Failed test 'trial iteration 76/500'
# at t/lib/Private/Test/Module/Runnable/unique.pm line 126.
# Failed test 'result 21701660 not seen previously'
# at t/lib/Private/Test/Module/Runnable/unique.pm line 104.
# got: '0'
# expected: ''
# Looks like you failed 1 test of 5.
# Failed test 'trial iteration 77/500'
# at t/lib/Private/Test/Module/Runnable/unique.pm line 126.
# Failed test 'result 603097893 not seen previously'
# at t/lib/Private/Test/Module/Runnable/unique.pm line 104.
# got: '0'
# expected: ''
# Looks like you failed 1 test of 5.
# Failed test 'trial iteration 78/500'
# at t/lib/Private/Test/Module/Runnable/unique.pm line 126.
# Failed test 'result 675488337 not seen previously'
# at t/lib/Private/Test/Module/Runnable/unique.pm line 104.
# got: '0'
# expected: ''
# Looks like you failed 1 test of 5.
# Failed test 'trial iteration 79/500'
# at t/lib/Private/Test/Module/Runnable/unique.pm line 126.
# Failed test 'result 596097161 not seen previously'
# at t/lib/Private/Test/Module/Runnable/unique.pm line 104.
# got: '0'
# expected: ''
# Looks like you failed 1 test of 5.
# Failed test 'trial iteration 80/500'
# at t/lib/Private/Test/Module/Runnable/unique.pm line 126.
# Failed test 'result 776260217 not seen previously'
# at t/lib/Private/Test/Module/Runnable/unique.pm line 104.
# got: '0'
# expected: ''
# Looks like you failed 1 test of 5.
# Failed test 'trial iteration 81/500'
# at t/lib/Private/Test/Module/Runnable/unique.pm line 126.
# Failed test 'result 741290680 not seen previously'
# at t/lib/Private/Test/Module/Runnable/unique.pm line 104.
# got: '0'
# expected: ''
# Looks like you failed 1 test of 5.
# Failed test 'trial iteration 82/500'
# at t/lib/Private/Test/Module/Runnable/unique.pm line 126.
# Failed test 'result 87540024 not seen previously'
# at t/lib/Private/Test/Module/Runnable/unique.pm line 104.
# got: '0'
# expected: ''
# Looks like you failed 1 test of 5.
# Failed test 'trial iteration 83/500'
# at t/lib/Private/Test/Module/Runnable/unique.pm line 126.
# Failed test 'result 56254203 not seen previously'
# at t/lib/Private/Test/Module/Runnable/unique.pm line 104.
# got: '0'
# expected: ''
# Looks like you failed 1 test of 5.
# Failed test 'trial iteration 84/500'
# at t/lib/Private/Test/Module/Runnable/unique.pm line 126.
# Failed test 'result 174328615 not seen previously'
# at t/lib/Private/Test/Module/Runnable/unique.pm line 104.
# got: '0'
# expected: ''
# Looks like you failed 1 test of 5.
# Failed test 'trial iteration 85/500'
# at t/lib/Private/Test/Module/Runnable/unique.pm line 126.
# Failed test 'result 676934475 not seen previously'
# at t/lib/Private/Test/Module/Runnable/unique.pm line 104.
# got: '0'
# expected: ''
# Looks like you failed 1 test of 5.
# Failed test 'trial iteration 86/500'
# at t/lib/Private/Test/Module/Runnable/unique.pm line 126.
# Failed test 'result 315017703 not seen previously'
# at t/lib/Private/Test/Module/Runnable/unique.pm line 104.
# got: '0'
# expected: ''
# Looks like you failed 1 test of 5.
# Failed test 'trial iteration 87/500'
# at t/lib/Private/Test/Module/Runnable/unique.pm line 126.
# Failed test 'result 257453189 not seen previously'
# at t/lib/Private/Test/Module/Runnable/unique.pm line 104.
# got: '0'
# expected: ''
# Looks like you failed 1 test of 5.
# Failed test 'trial iteration 88/500'
# at t/lib/Private/Test/Module/Runnable/unique.pm line 126.
# Failed test 'result 117133910 not seen previously'
# at t/lib/Private/Test/Module/Runnable/unique.pm line 104.
# got: '0'
# expected: ''
# Looks like you failed 1 test of 5.
# Failed test 'trial iteration 89/500'
# at t/lib/Private/Test/Module/Runnable/unique.pm line 126.
# Failed test 'result 878718560 not seen previously'
# at t/lib/Private/Test/Module/Runnable/unique.pm line 104.
# got: '0'
# expected: ''
# Looks like you failed 1 test of 5.
# Failed test 'trial iteration 90/500'
# at t/lib/Private/Test/Module/Runnable/unique.pm line 126.
# Failed test 'result 120450580 not seen previously'
# at t/lib/Private/Test/Module/Runnable/unique.pm line 104.
# got: '0'
# expected: ''
# Looks like you failed 1 test of 5.
# Failed test 'trial iteration 91/500'
# at t/lib/Private/Test/Module/Runnable/unique.pm line 126.
# Failed test 'result 356630732 not seen previously'
# at t/lib/Private/Test/Module/Runnable/unique.pm line 104.
# got: '0'
# expected: ''
# Looks like you failed 1 test of 5.
# Failed test 'trial iteration 92/500'
# at t/lib/Private/Test/Module/Runnable/unique.pm line 126.
# Failed test 'result 554998430 not seen previously'
# at t/lib/Private/Test/Module/Runnable/unique.pm line 104.
# got: '0'
# expected: ''
# Looks like you failed 1 test of 5.
# Failed test 'trial iteration 93/500'
# at t/lib/Private/Test/Module/Runnable/unique.pm line 126.
# Failed test 'result 78645158 not seen previously'
# at t/lib/Private/Test/Module/Runnable/unique.pm line 104.
# got: '0'
# expected: ''
# Looks like you failed 1 test of 5.
# Failed test 'trial iteration 94/500'
# at t/lib/Private/Test/Module/Runnable/unique.pm line 126.
# Failed test 'result 736008533 not seen previously'
# at t/lib/Private/Test/Module/Runnable/unique.pm line 104.
# got: '0'
# expected: ''
# Looks like you failed 1 test of 5.
# Failed test 'trial iteration 95/500'
# at t/lib/Private/Test/Module/Runnable/unique.pm line 126.
# Failed test 'result 802568757 not seen previously'
# at t/lib/Private/Test/Module/Runnable/unique.pm line 104.
# got: '0'
# expected: ''
# Looks like you failed 1 test of 5.
# Failed test 'trial iteration 96/500'
# at t/lib/Private/Test/Module/Runnable/unique.pm line 126.
# Failed test 'result 945554947 not seen previously'
# at t/lib/Private/Test/Module/Runnable/unique.pm line 104.
# got: '0'
# expected: ''
# Looks like you failed 1 test of 5.
# Failed test 'trial iteration 97/500'
# at t/lib/Private/Test/Module/Runnable/unique.pm line 126.
# Failed test 'result 814932386 not seen previously'
# at t/lib/Private/Test/Module/Runnable/unique.pm line 104.
# got: '0'
# expected: ''
# Looks like you failed 1 test of 5.
# Failed test 'trial iteration 98/500'
# at t/lib/Private/Test/Module/Runnable/unique.pm line 126.
# Failed test 'result 629968550 not seen previously'
# at t/lib/Private/Test/Module/Runnable/unique.pm line 104.
# got: '0'
# expected: ''
# Looks like you failed 1 test of 5.
# Failed test 'trial iteration 99/500'
# at t/lib/Private/Test/Module/Runnable/unique.pm line 126.
# Failed test 'result 84398423 not seen previously'
# at t/lib/Private/Test/Module/Runnable/unique.pm line 104.
# got: '0'
# expected: ''
# Looks like you failed 1 test of 5.
# Failed test 'trial iteration 100/500'
# at t/lib/Private/Test/Module/Runnable/unique.pm line 126.
# Failed test 'result 306720422 not seen previously'
# at t/lib/Private/Test/Module/Runnable/unique.pm line 104.
# got: '0'
# expected: ''
# Looks like you failed 1 test of 5.
# Failed test 'trial iteration 101/500'
# at t/lib/Private/Test/Module/Runnable/unique.pm line 126.
# Failed test 'result 966437172 not seen previously'
# at t/lib/Private/Test/Module/Runnable/unique.pm line 104.
# got: '0'
# expected: ''
# Looks like you failed 1 test of 5.
# Failed test 'trial iteration 102/500'
# at t/lib/Private/Test/Module/Runnable/unique.pm line 126.
# Failed test 'result 773560442 not seen previously'
# at t/lib/Private/Test/Module/Runnable/unique.pm line 104.
# got: '0'
# expected: ''
# Looks like you failed 1 test of 5.
# Failed test 'trial iteration 103/500'
# at t/lib/Private/Test/Module/Runnable/unique.pm line 126.
# Failed test 'result 974501807 not seen previously'
# at t/lib/Private/Test/Module/Runnable/unique.pm line 104.
# got: '0'
# expected: ''
# Looks like you failed 1 test of 5.
# Failed test 'trial iteration 104/500'
# at t/lib/Private/Test/Module/Runnable/unique.pm line 126.
# Failed test 'result 999198977 not seen previously'
# at t/lib/Private/Test/Module/Runnable/unique.pm line 104.
# got: '0'
# expected: ''
# Looks like you failed 1 test of 5.
# Failed test 'trial iteration 105/500'
# at t/lib/Private/Test/Module/Runnable/unique.pm line 126.
# Failed test 'result 700896765 not seen previously'
# at t/lib/Private/Test/Module/Runnable/unique.pm line 104.
# got: '0'
# expected: ''
# Looks like you failed 1 test of 5.
# Failed test 'trial iteration 106/500'
# at t/lib/Private/Test/Module/Runnable/unique.pm line 126.
# Failed test 'result 71925560 not seen previously'
# at t/lib/Private/Test/Module/Runnable/unique.pm line 104.
# got: '0'
# expected: ''
# Looks like you failed 1 test of 5.
# Failed test 'trial iteration 107/500'
# at t/lib/Private/Test/Module/Runnable/unique.pm line 126.
# Failed test 'result 191766439 not seen previously'
# at t/lib/Private/Test/Module/Runnable/unique.pm line 104.
# got: '0'
# expected: ''
# Looks like you failed 1 test of 5.
# Failed test 'trial iteration 108/500'
# at t/lib/Private/Test/Module/Runnable/unique.pm line 126.
# Failed test 'result 588879960 not seen previously'
# at t/lib/Private/Test/Module/Runnable/unique.pm line 104.
# got: '0'
# expected: ''
# Looks like you failed 1 test of 5.
# Failed test 'trial iteration 109/500'
# at t/lib/Private/Test/Module/Runnable/unique.pm line 126.
# Failed test 'result 7216155 not seen previously'
# at t/lib/Private/Test/Module/Runnable/unique.pm line 104.
# got: '0'
# expected: ''
# Looks like you failed 1 test of 5.
# Failed test 'trial iteration 110/500'
# at t/lib/Private/Test/Module/Runnable/unique.pm line 126.
# Failed test 'result 184251119 not seen previously'
# at t/lib/Private/Test/Module/Runnable/unique.pm line 104.
# got: '0'
# expected: ''
# Looks like you failed 1 test of 5.
# Failed test 'trial iteration 111/500'
# at t/lib/Private/Test/Module/Runnable/unique.pm line 126.
# Failed test 'result 640918359 not seen previously'
# at t/lib/Private/Test/Module/Runnable/unique.pm line 104.
# got: '0'
# expected: ''
# Looks like you failed 1 test of 5.
# Failed test 'trial iteration 112/500'
# at t/lib/Private/Test/Module/Runnable/unique.pm line 126.
# Failed test 'result 80983332 not seen previously'
# at t/lib/Private/Test/Module/Runnable/unique.pm line 104.
# got: '0'
# expected: ''
# Looks like you failed 1 test of 5.
# Failed test 'trial iteration 113/500'
# at t/lib/Private/Test/Module/Runnable/unique.pm line 126.
# Failed test 'result 320838655 not seen previously'
# at t/lib/Private/Test/Module/Runnable/unique.pm line 104.
# got: '0'
# expected: ''
# Looks like you failed 1 test of 5.
# Failed test 'trial iteration 114/500'
# at t/lib/Private/Test/Module/Runnable/unique.pm line 126.
# Failed test 'result 19288519 not seen previously'
# at t/lib/Private/Test/Module/Runnable/unique.pm line 104.
# got: '0'
# expected: ''
# Looks like you failed 1 test of 5.
# Failed test 'trial iteration 115/500'
# at t/lib/Private/Test/Module/Runnable/unique.pm line 126.
# Failed test 'result 312221633 not seen previously'
# at t/lib/Private/Test/Module/Runnable/unique.pm line 104.
# got: '0'
# expected: ''
# Looks like you failed 1 test of 5.
# Failed test 'trial iteration 116/500'
# at t/lib/Private/Test/Module/Runnable/unique.pm line 126.
# Failed test 'result 771314915 not seen previously'
# at t/lib/Private/Test/Module/Runnable/unique.pm line 104.
# got: '0'
# expected: ''
# Looks like you failed 1 test of 5.
# Failed test 'trial iteration 117/500'
# at t/lib/Private/Test/Module/Runnable/unique.pm line 126.
# Failed test 'result 369404768 not seen previously'
# at t/lib/Private/Test/Module/Runnable/unique.pm line 104.
# got: '0'
# expected: ''
# Looks like you failed 1 test of 5.
# Failed test 'trial iteration 118/500'
# at t/lib/Private/Test/Module/Runnable/unique.pm line 126.
# Failed test 'result 297372056 not seen previously'
# at t/lib/Private/Test/Module/Runnable/unique.pm line 104.
# got: '0'
# expected: ''
# Looks like you failed 1 test of 5.
# Failed test 'trial iteration 119/500'
# at t/lib/Private/Test/Module/Runnable/unique.pm line 126.
# Failed test 'result 343224887 not seen previously'
# at t/lib/Private/Test/Module/Runnable/unique.pm line 104.
# got: '0'
# expected: ''
# Looks like you failed 1 test of 5.
# Failed test 'trial iteration 120/500'
# at t/lib/Private/Test/Module/Runnable/unique.pm line 126.
# Failed test 'result 539786026 not seen previously'
# at t/lib/Private/Test/Module/Runnable/unique.pm line 104.
# got: '0'
# expected: ''
# Looks like you failed 1 test of 5.
# Failed test 'trial iteration 121/500'
# at t/lib/Private/Test/Module/Runnable/unique.pm line 126.
# Failed test 'result 717531831 not seen previously'
# at t/lib/Private/Test/Module/Runnable/unique.pm line 104.
# got: '0'
# expected: ''
# Looks like you failed 1 test of 5.
# Failed test 'trial iteration 122/500'
# at t/lib/Private/Test/Module/Runnable/unique.pm line 126.
# Failed test 'result 715794888 not seen previously'
# at t/lib/Private/Test/Module/Runnable/unique.pm line 104.
# got: '0'
# expected: ''
# Looks like you failed 1 test of 5.
# Failed test 'trial iteration 123/500'
# at t/lib/Private/Test/Module/Runnable/unique.pm line 126.
# Failed test 'result 831122880 not seen previously'
# at t/lib/Private/Test/Module/Runnable/unique.pm line 104.
# got: '0'
# expected: ''
# Looks like you failed 1 test of 5.
# Failed test 'trial iteration 124/500'
# at t/lib/Private/Test/Module/Runnable/unique.pm line 126.
# Failed test 'result 809808621 not seen previously'
# at t/lib/Private/Test/Module/Runnable/unique.pm line 104.
# got: '0'
# expected: ''
# Looks like you failed 1 test of 5.
# Failed test 'trial iteration 125/500'
# at t/lib/Private/Test/Module/Runnable/unique.pm line 126.
# Failed test 'result 44360304 not seen previously'
# at t/lib/Private/Test/Module/Runnable/unique.pm line 104.
# got: '0'
# expected: ''
# Looks like you failed 1 test of 5.
# Failed test 'trial iteration 126/500'
# at t/lib/Private/Test/Module/Runnable/unique.pm line 126.
# Failed test 'result 141167523 not seen previously'
# at t/lib/Private/Test/Module/Runnable/unique.pm line 104.
# got: '0'
# expected: ''
# Looks like you failed 1 test of 5.
# Failed test 'trial iteration 127/500'
# at t/lib/Private/Test/Module/Runnable/unique.pm line 126.
# Failed test 'result 561972098 not seen previously'
# at t/lib/Private/Test/Module/Runnable/unique.pm line 104.
# got: '0'
# expected: ''
# Looks like you failed 1 test of 5.
# Failed test 'trial iteration 128/500'
# at t/lib/Private/Test/Module/Runnable/unique.pm line 126.
# Failed test 'result 634806003 not seen previously'
# at t/lib/Private/Test/Module/Runnable/unique.pm line 104.
# got: '0'
# expected: ''
# Looks like you failed 1 test of 5.
# Failed test 'trial iteration 129/500'
# at t/lib/Private/Test/Module/Runnable/unique.pm line 126.
# Failed test 'result 680863550 not seen previously'
# at t/lib/Private/Test/Module/Runnable/unique.pm line 104.
# got: '0'
# expected: ''
# Looks like you failed 1 test of 5.
# Failed test 'trial iteration 130/500'
# at t/lib/Private/Test/Module/Runnable/unique.pm line 126.
# Failed test 'result 533500498 not seen previously'
# at t/lib/Private/Test/Module/Runnable/unique.pm line 104.
# got: '0'
# expected: ''
# Looks like you failed 1 test of 5.
# Failed test 'trial iteration 131/500'
# at t/lib/Private/Test/Module/Runnable/unique.pm line 126.
# Failed test 'result 603368220 not seen previously'
# at t/lib/Private/Test/Module/Runnable/unique.pm line 104.
# got: '0'
# expected: ''
# Looks like you failed 1 test of 5.
# Failed test 'trial iteration 132/500'
# at t/lib/Private/Test/Module/Runnable/unique.pm line 126.
# Failed test 'result 548513260 not seen previously'
# at t/lib/Private/Test/Module/Runnable/unique.pm line 104.
# got: '0'
# expected: ''
# Looks like you failed 1 test of 5.
# Failed test 'trial iteration 133/500'
# at t/lib/Private/Test/Module/Runnable/unique.pm line 126.
# Failed test 'result 616783106 not seen previously'
# at t/lib/Private/Test/Module/Runnable/unique.pm line 104.
# got: '0'
# expected: ''
# Looks like you failed 1 test of 5.
# Failed test 'trial iteration 134/500'
# at t/lib/Private/Test/Module/Runnable/unique.pm line 126.
# Failed test 'result 838662962 not seen previously'
# at t/lib/Private/Test/Module/Runnable/unique.pm line 104.
# got: '0'
# expected: ''
# Looks like you failed 1 test of 5.
# Failed test 'trial iteration 135/500'
# at t/lib/Private/Test/Module/Runnable/unique.pm line 126.
# Failed test 'result 542798908 not seen previously'
# at t/lib/Private/Test/Module/Runnable/unique.pm line 104.
# got: '0'
# expected: ''
# Looks like you failed 1 test of 5.
# Failed test 'trial iteration 136/500'
# at t/lib/Private/Test/Module/Runnable/unique.pm line 126.
# Failed test 'result 355738692 not seen previously'
# at t/lib/Private/Test/Module/Runnable/unique.pm line 104.
# got: '0'
# expected: ''
# Looks like you failed 1 test of 5.
# Failed test 'trial iteration 137/500'
# at t/lib/Private/Test/Module/Runnable/unique.pm line 126.
# Failed test 'result 76032299 not seen previously'
# at t/lib/Private/Test/Module/Runnable/unique.pm line 104.
# got: '0'
# expected: ''
# Looks like you failed 1 test of 5.
# Failed test 'trial iteration 138/500'
# at t/lib/Private/Test/Module/Runnable/unique.pm line 126.
# Failed test 'result 178142489 not seen previously'
# at t/lib/Private/Test/Module/Runnable/unique.pm line 104.
# got: '0'
# expected: ''
# Looks like you failed 1 test of 5.
# Failed test 'trial iteration 139/500'
# at t/lib/Private/Test/Module/Runnable/unique.pm line 126.
# Failed test 'result 287891852 not seen previously'
# at t/lib/Private/Test/Module/Runnable/unique.pm line 104.
# got: '0'
# expected: ''
# Looks like you failed 1 test of 5.
# Failed test 'trial iteration 140/500'
# at t/lib/Private/Test/Module/Runnable/unique.pm line 126.
# Failed test 'result 949700408 not seen previously'
# at t/lib/Private/Test/Module/Runnable/unique.pm line 104.
# got: '0'
# expected: ''
# Looks like you failed 1 test of 5.
# Failed test 'trial iteration 141/500'
# at t/lib/Private/Test/Module/Runnable/unique.pm line 126.
# Failed test 'result 886734219 not seen previously'
# at t/lib/Private/Test/Module/Runnable/unique.pm line 104.
# got: '0'
# expected: ''
# Looks like you failed 1 test of 5.
# Failed test 'trial iteration 142/500'
# at t/lib/Private/Test/Module/Runnable/unique.pm line 126.
# Failed test 'result 330364305 not seen previously'
# at t/lib/Private/Test/Module/Runnable/unique.pm line 104.
# got: '0'
# expected: ''
# Looks like you failed 1 test of 5.
# Failed test 'trial iteration 143/500'
# at t/lib/Private/Test/Module/Runnable/unique.pm line 126.
# Failed test 'result 660974479 not seen previously'
# at t/lib/Private/Test/Module/Runnable/unique.pm line 104.
# got: '0'
# expected: ''
# Looks like you failed 1 test of 5.
# Failed test 'trial iteration 144/500'
# at t/lib/Private/Test/Module/Runnable/unique.pm line 126.
# Failed test 'result 353948766 not seen previously'
# at t/lib/Private/Test/Module/Runnable/unique.pm line 104.
# got: '0'
# expected: ''
# Looks like you failed 1 test of 5.
# Failed test 'trial iteration 145/500'
# at t/lib/Private/Test/Module/Runnable/unique.pm line 126.
# Failed test 'result 535577060 not seen previously'
# at t/lib/Private/Test/Module/Runnable/unique.pm line 104.
# got: '0'
# expected: ''
# Looks like you failed 1 test of 5.
# Failed test 'trial iteration 146/500'
# at t/lib/Private/Test/Module/Runnable/unique.pm line 126.
# Failed test 'result 702040292 not seen previously'
# at t/lib/Private/Test/Module/Runnable/unique.pm line 104.
# got: '0'
# expected: ''
# Looks like you failed 1 test of 5.
# Failed test 'trial iteration 147/500'
# at t/lib/Private/Test/Module/Runnable/unique.pm line 126.
# Failed test 'result 293162158 not seen previously'
# at t/lib/Private/Test/Module/Runnable/unique.pm line 104.
# got: '0'
# expected: ''
# Looks like you failed 1 test of 5.
# Failed test 'trial iteration 148/500'
# at t/lib/Private/Test/Module/Runnable/unique.pm line 126.
# Failed test 'result 412368277 not seen previously'
# at t/lib/Private/Test/Module/Runnable/unique.pm line 104.
# got: '0'
# expected: ''
# Looks like you failed 1 test of 5.
# Failed test 'trial iteration 149/500'
# at t/lib/Private/Test/Module/Runnable/unique.pm line 126.
# Failed test 'result 809357241 not seen previously'
# at t/lib/Private/Test/Module/Runnable/unique.pm line 104.
# got: '0'
# expected: ''
# Looks like you failed 1 test of 5.
# Failed test 'trial iteration 150/500'
# at t/lib/Private/Test/Module/Runnable/unique.pm line 126.
# Failed test 'result 900055002 not seen previously'
# at t/lib/Private/Test/Module/Runnable/unique.pm line 104.
# got: '0'
# expected: ''
# Looks like you failed 1 test of 5.
# Failed test 'trial iteration 151/500'
# at t/lib/Private/Test/Module/Runnable/unique.pm line 126.
# Failed test 'result 467635241 not seen previously'
# at t/lib/Private/Test/Module/Runnable/unique.pm line 104.
# got: '0'
# expected: ''
# Looks like you failed 1 test of 5.
# Failed test 'trial iteration 152/500'
# at t/lib/Private/Test/Module/Runnable/unique.pm line 126.
# Failed test 'result 129079796 not seen previously'
# at t/lib/Private/Test/Module/Runnable/unique.pm line 104.
# got: '0'
# expected: ''
# Looks like you failed 1 test of 5.
# Failed test 'trial iteration 153/500'
# at t/lib/Private/Test/Module/Runnable/unique.pm line 126.
# Failed test 'result 868540104 not seen previously'
# at t/lib/Private/Test/Module/Runnable/unique.pm line 104.
# got: '0'
# expected: ''
# Looks like you failed 1 test of 5.
# Failed test 'trial iteration 154/500'
# at t/lib/Private/Test/Module/Runnable/unique.pm line 126.
# Failed test 'result 256327854 not seen previously'
# at t/lib/Private/Test/Module/Runnable/unique.pm line 104.
# got: '0'
# expected: ''
# Looks like you failed 1 test of 5.
# Failed test 'trial iteration 155/500'
# at t/lib/Private/Test/Module/Runnable/unique.pm line 126.
# Failed test 'result 883515944 not seen previously'
# at t/lib/Private/Test/Module/Runnable/unique.pm line 104.
# got: '0'
# expected: ''
# Looks like you failed 1 test of 5.
# Failed test 'trial iteration 156/500'
# at t/lib/Private/Test/Module/Runnable/unique.pm line 126.
# Failed test 'result 408618002 not seen previously'
# at t/lib/Private/Test/Module/Runnable/unique.pm line 104.
# got: '0'
# expected: ''
# Looks like you failed 1 test of 5.
# Failed test 'trial iteration 157/500'
# at t/lib/Private/Test/Module/Runnable/unique.pm line 126.
# Failed test 'result 63125913 not seen previously'
# at t/lib/Private/Test/Module/Runnable/unique.pm line 104.
# got: '0'
# expected: ''
# Looks like you failed 1 test of 5.
# Failed test 'trial iteration 158/500'
# at t/lib/Private/Test/Module/Runnable/unique.pm line 126.
# Failed test 'result 555112922 not seen previously'
# at t/lib/Private/Test/Module/Runnable/unique.pm line 104.
# got: '0'
# expected: ''
# Looks like you failed 1 test of 5.
# Failed test 'trial iteration 159/500'
# at t/lib/Private/Test/Module/Runnable/unique.pm line 126.
# Failed test 'result 757102883 not seen previously'
# at t/lib/Private/Test/Module/Runnable/unique.pm line 104.
# got: '0'
# expected: ''
# Looks like you failed 1 test of 5.
# Failed test 'trial iteration 160/500'
# at t/lib/Private/Test/Module/Runnable/unique.pm line 126.
# Failed test 'result 511048318 not seen previously'
# at t/lib/Private/Test/Module/Runnable/unique.pm line 104.
# got: '0'
# expected: ''
# Looks like you failed 1 test of 5.
# Failed test 'trial iteration 161/500'
# at t/lib/Private/Test/Module/Runnable/unique.pm line 126.
# Failed test 'result 650416864 not seen previously'
# at t/lib/Private/Test/Module/Runnable/unique.pm line 104.
# got: '0'
# expected: ''
# Looks like you failed 1 test of 5.
# Failed test 'trial iteration 162/500'
# at t/lib/Private/Test/Module/Runnable/unique.pm line 126.
# Failed test 'result 42630631 not seen previously'
# at t/lib/Private/Test/Module/Runnable/unique.pm line 104.
# got: '0'
# expected: ''
# Looks like you failed 1 test of 5.
# Failed test 'trial iteration 163/500'
# at t/lib/Private/Test/Module/Runnable/unique.pm line 126.
# Failed test 'result 83078167 not seen previously'
# at t/lib/Private/Test/Module/Runnable/unique.pm line 104.
# got: '0'
# expected: ''
# Looks like you failed 1 test of 5.
# Failed test 'trial iteration 164/500'
# at t/lib/Private/Test/Module/Runnable/unique.pm line 126.
# Failed test 'result 640344153 not seen previously'
# at t/lib/Private/Test/Module/Runnable/unique.pm line 104.
# got: '0'
# expected: ''
# Looks like you failed 1 test of 5.
# Failed test 'trial iteration 165/500'
# at t/lib/Private/Test/Module/Runnable/unique.pm line 126.
# Failed test 'result 183415532 not seen previously'
# at t/lib/Private/Test/Module/Runnable/unique.pm line 104.
# got: '0'
# expected: ''
# Looks like you failed 1 test of 5.
# Failed test 'trial iteration 166/500'
# at t/lib/Private/Test/Module/Runnable/unique.pm line 126.
# Failed test 'result 44214496 not seen previously'
# at t/lib/Private/Test/Module/Runnable/unique.pm line 104.
# got: '0'
# expected: ''
# Looks like you failed 1 test of 5.
# Failed test 'trial iteration 167/500'
# at t/lib/Private/Test/Module/Runnable/unique.pm line 126.
# Failed test 'result 222208370 not seen previously'
# at t/lib/Private/Test/Module/Runnable/unique.pm line 104.
# got: '0'
# expected: ''
# Looks like you failed 1 test of 5.
# Failed test 'trial iteration 168/500'
# at t/lib/Private/Test/Module/Runnable/unique.pm line 126.
# Failed test 'result 779127621 not seen previously'
# at t/lib/Private/Test/Module/Runnable/unique.pm line 104.
# got: '0'
# expected: ''
# Looks like you failed 1 test of 5.
# Failed test 'trial iteration 169/500'
# at t/lib/Private/Test/Module/Runnable/unique.pm line 126.
# Failed test 'result 849148025 not seen previously'
# at t/lib/Private/Test/Module/Runnable/unique.pm line 104.
# got: '0'
# expected: ''
# Looks like you failed 1 test of 5.
# Failed test 'trial iteration 170/500'
# at t/lib/Private/Test/Module/Runnable/unique.pm line 126.
# Failed test 'result 108871189 not seen previously'
# at t/lib/Private/Test/Module/Runnable/unique.pm line 104.
# got: '0'
# expected: ''
# Looks like you failed 1 test of 5.
# Failed test 'trial iteration 171/500'
# at t/lib/Private/Test/Module/Runnable/unique.pm line 126.
# Failed test 'result 632180472 not seen previously'
# at t/lib/Private/Test/Module/Runnable/unique.pm line 104.
# got: '0'
# expected: ''
# Looks like you failed 1 test of 5.
# Failed test 'trial iteration 172/500'
# at t/lib/Private/Test/Module/Runnable/unique.pm line 126.
# Failed test 'result 798667440 not seen previously'
# at t/lib/Private/Test/Module/Runnable/unique.pm line 104.
# got: '0'
# expected: ''
# Looks like you failed 1 test of 5.
# Failed test 'trial iteration 173/500'
# at t/lib/Private/Test/Module/Runnable/unique.pm line 126.
# Failed test 'result 605422856 not seen previously'
# at t/lib/Private/Test/Module/Runnable/unique.pm line 104.
# got: '0'
# expected: ''
# Looks like you failed 1 test of 5.
# Failed test 'trial iteration 174/500'
# at t/lib/Private/Test/Module/Runnable/unique.pm line 126.
# Failed test 'result 182988903 not seen previously'
# at t/lib/Private/Test/Module/Runnable/unique.pm line 104.
# got: '0'
# expected: ''
# Looks like you failed 1 test of 5.
# Failed test 'trial iteration 175/500'
# at t/lib/Private/Test/Module/Runnable/unique.pm line 126.
# Failed test 'result 523336078 not seen previously'
# at t/lib/Private/Test/Module/Runnable/unique.pm line 104.
# got: '0'
# expected: ''
# Looks like you failed 1 test of 5.
# Failed test 'trial iteration 176/500'
# at t/lib/Private/Test/Module/Runnable/unique.pm line 126.
# Failed test 'result 467834405 not seen previously'
# at t/lib/Private/Test/Module/Runnable/unique.pm line 104.
# got: '0'
# expected: ''
# Looks like you failed 1 test of 5.
# Failed test 'trial iteration 177/500'
# at t/lib/Private/Test/Module/Runnable/unique.pm line 126.
# Failed test 'result 15260517 not seen previously'
# at t/lib/Private/Test/Module/Runnable/unique.pm line 104.
# got: '0'
# expected: ''
# Looks like you failed 1 test of 5.
# Failed test 'trial iteration 178/500'
# at t/lib/Private/Test/Module/Runnable/unique.pm line 126.
# Failed test 'result 474707571 not seen previously'
# at t/lib/Private/Test/Module/Runnable/unique.pm line 104.
# got: '0'
# expected: ''
# Looks like you failed 1 test of 5.
# Failed test 'trial iteration 179/500'
# at t/lib/Private/Test/Module/Runnable/unique.pm line 126.
# Failed test 'result 400605957 not seen previously'
# at t/lib/Private/Test/Module/Runnable/unique.pm line 104.
# got: '0'
# expected: ''
# Looks like you failed 1 test of 5.
# Failed test 'trial iteration 180/500'
# at t/lib/Private/Test/Module/Runnable/unique.pm line 126.
# Failed test 'result 794670395 not seen previously'
# at t/lib/Private/Test/Module/Runnable/unique.pm line 104.
# got: '0'
# expected: ''
# Looks like you failed 1 test of 5.
# Failed test 'trial iteration 181/500'
# at t/lib/Private/Test/Module/Runnable/unique.pm line 126.
# Failed test 'result 148935719 not seen previously'
# at t/lib/Private/Test/Module/Runnable/unique.pm line 104.
# got: '0'
# expected: ''
# Looks like you failed 1 test of 5.
# Failed test 'trial iteration 182/500'
# at t/lib/Private/Test/Module/Runnable/unique.pm line 126.
# Failed test 'result 202130328 not seen previously'
# at t/lib/Private/Test/Module/Runnable/unique.pm line 104.
# got: '0'
# expected: ''
# Looks like you failed 1 test of 5.
# Failed test 'trial iteration 183/500'
# at t/lib/Private/Test/Module/Runnable/unique.pm line 126.
# Failed test 'result 886941248 not seen previously'
# at t/lib/Private/Test/Module/Runnable/unique.pm line 104.
# got: '0'
# expected: ''
# Looks like you failed 1 test of 5.
# Failed test 'trial iteration 184/500'
# at t/lib/Private/Test/Module/Runnable/unique.pm line 126.
# Failed test 'result 23589247 not seen previously'
# at t/lib/Private/Test/Module/Runnable/unique.pm line 104.
# got: '0'
# expected: ''
# Looks like you failed 1 test of 5.
# Failed test 'trial iteration 185/500'
# at t/lib/Private/Test/Module/Runnable/unique.pm line 126.
# Failed test 'result 518365660 not seen previously'
# at t/lib/Private/Test/Module/Runnable/unique.pm line 104.
# got: '0'
# expected: ''
# Looks like you failed 1 test of 5.
# Failed test 'trial iteration 186/500'
# at t/lib/Private/Test/Module/Runnable/unique.pm line 126.
# Failed test 'result 569178879 not seen previously'
# at t/lib/Private/Test/Module/Runnable/unique.pm line 104.
# got: '0'
# expected: ''
# Looks like you failed 1 test of 5.
# Failed test 'trial iteration 187/500'
# at t/lib/Private/Test/Module/Runnable/unique.pm line 126.
# Failed test 'result 342651581 not seen previously'
# at t/lib/Private/Test/Module/Runnable/unique.pm line 104.
# got: '0'
# expected: ''
# Looks like you failed 1 test of 5.
# Failed test 'trial iteration 188/500'
# at t/lib/Private/Test/Module/Runnable/unique.pm line 126.
# Failed test 'result 22379662 not seen previously'
# at t/lib/Private/Test/Module/Runnable/unique.pm line 104.
# got: '0'
# expected: ''
# Looks like you failed 1 test of 5.
# Failed test 'trial iteration 189/500'
# at t/lib/Private/Test/Module/Runnable/unique.pm line 126.
# Failed test 'result 447180129 not seen previously'
# at t/lib/Private/Test/Module/Runnable/unique.pm line 104.
# got: '0'
# expected: ''
# Looks like you failed 1 test of 5.
# Failed test 'trial iteration 190/500'
# at t/lib/Private/Test/Module/Runnable/unique.pm line 126.
# Failed test 'result 32671656 not seen previously'
# at t/lib/Private/Test/Module/Runnable/unique.pm line 104.
# got: '0'
# expected: ''
# Looks like you failed 1 test of 5.
# Failed test 'trial iteration 191/500'
# at t/lib/Private/Test/Module/Runnable/unique.pm line 126.
# Failed test 'result 670582974 not seen previously'
# at t/lib/Private/Test/Module/Runnable/unique.pm line 104.
# got: '0'
# expected: ''
# Looks like you failed 1 test of 5.
# Failed test 'trial iteration 192/500'
# at t/lib/Private/Test/Module/Runnable/unique.pm line 126.
# Failed test 'result 996629639 not seen previously'
# at t/lib/Private/Test/Module/Runnable/unique.pm line 104.
# got: '0'
# expected: ''
# Looks like you failed 1 test of 5.
# Failed test 'trial iteration 193/500'
# at t/lib/Private/Test/Module/Runnable/unique.pm line 126.
# Failed test 'result 547574287 not seen previously'
# at t/lib/Private/Test/Module/Runnable/unique.pm line 104.
# got: '0'
# expected: ''
# Looks like you failed 1 test of 5.
# Failed test 'trial iteration 194/500'
# at t/lib/Private/Test/Module/Runnable/unique.pm line 126.
# Failed test 'result 116452855 not seen previously'
# at t/lib/Private/Test/Module/Runnable/unique.pm line 104.
# got: '0'
# expected: ''
# Looks like you failed 1 test of 5.
# Failed test 'trial iteration 195/500'
# at t/lib/Private/Test/Module/Runnable/unique.pm line 126.
# Failed test 'result 290913775 not seen previously'
# at t/lib/Private/Test/Module/Runnable/unique.pm line 104.
# got: '0'
# expected: ''
# Looks like you failed 1 test of 5.
# Failed test 'trial iteration 196/500'
# at t/lib/Private/Test/Module/Runnable/unique.pm line 126.
# Failed test 'result 813571266 not seen previously'
# at t/lib/Private/Test/Module/Runnable/unique.pm line 104.
# got: '0'
# expected: ''
# Looks like you failed 1 test of 5.
# Failed test 'trial iteration 197/500'
# at t/lib/Private/Test/Module/Runnable/unique.pm line 126.
# Failed test 'result 572949217 not seen previously'
# at t/lib/Private/Test/Module/Runnable/unique.pm line 104.
# got: '0'
# expected: ''
# Looks like you failed 1 test of 5.
# Failed test 'trial iteration 198/500'
# at t/lib/Private/Test/Module/Runnable/unique.pm line 126.
# Failed test 'result 799568304 not seen previously'
# at t/lib/Private/Test/Module/Runnable/unique.pm line 104.
# got: '0'
# expected: ''
# Looks like you failed 1 test of 5.
# Failed test 'trial iteration 199/500'
# at t/lib/Private/Test/Module/Runnable/unique.pm line 126.
# Failed test 'result 684054029 not seen previously'
# at t/lib/Private/Test/Module/Runnable/unique.pm line 104.
# got: '0'
# expected: ''
# Looks like you failed 1 test of 5.
# Failed test 'trial iteration 200/500'
# at t/lib/Private/Test/Module/Runnable/unique.pm line 126.
# Failed test 'result 379412175 not seen previously'
# at t/lib/Private/Test/Module/Runnable/unique.pm line 104.
# got: '0'
# expected: ''
# Looks like you failed 1 test of 5.
# Failed test 'trial iteration 201/500'
# at t/lib/Private/Test/Module/Runnable/unique.pm line 126.
# Failed test 'result 109990198 not seen previously'
# at t/lib/Private/Test/Module/Runnable/unique.pm line 104.
# got: '0'
# expected: ''
# Looks like you failed 1 test of 5.
# Failed test 'trial iteration 202/500'
# at t/lib/Private/Test/Module/Runnable/unique.pm line 126.
# Failed test 'result 415140547 not seen previously'
# at t/lib/Private/Test/Module/Runnable/unique.pm line 104.
# got: '0'
# expected: ''
# Looks like you failed 1 test of 5.
# Failed test 'trial iteration 203/500'
# at t/lib/Private/Test/Module/Runnable/unique.pm line 126.
# Failed test 'result 628866801 not seen previously'
# at t/lib/Private/Test/Module/Runnable/unique.pm line 104.
# got: '0'
# expected: ''
# Looks like you failed 1 test of 5.
# Failed test 'trial iteration 204/500'
# at t/lib/Private/Test/Module/Runnable/unique.pm line 126.
# Failed test 'result 748858153 not seen previously'
# at t/lib/Private/Test/Module/Runnable/unique.pm line 104.
# got: '0'
# expected: ''
# Looks like you failed 1 test of 5.
# Failed test 'trial iteration 205/500'
# at t/lib/Private/Test/Module/Runnable/unique.pm line 126.
# Failed test 'result 647444921 not seen previously'
# at t/lib/Private/Test/Module/Runnable/unique.pm line 104.
# got: '0'
# expected: ''
# Looks like you failed 1 test of 5.
# Failed test 'trial iteration 206/500'
# at t/lib/Private/Test/Module/Runnable/unique.pm line 126.
# Failed test 'result 307436176 not seen previously'
# at t/lib/Private/Test/Module/Runnable/unique.pm line 104.
# got: '0'
# expected: ''
# Looks like you failed 1 test of 5.
# Failed test 'trial iteration 207/500'
# at t/lib/Private/Test/Module/Runnable/unique.pm line 126.
# Failed test 'result 439977897 not seen previously'
# at t/lib/Private/Test/Module/Runnable/unique.pm line 104.
# got: '0'
# expected: ''
# Looks like you failed 1 test of 5.
# Failed test 'trial iteration 208/500'
# at t/lib/Private/Test/Module/Runnable/unique.pm line 126.
# Failed test 'result 35748254 not seen previously'
# at t/lib/Private/Test/Module/Runnable/unique.pm line 104.
# got: '0'
# expected: ''
# Looks like you failed 1 test of 5.
# Failed test 'trial iteration 209/500'
# at t/lib/Private/Test/Module/Runnable/unique.pm line 126.
# Failed test 'result 59294914 not seen previously'
# at t/lib/Private/Test/Module/Runnable/unique.pm line 104.
# got: '0'
# expected: ''
# Looks like you failed 1 test of 5.
# Failed test 'trial iteration 210/500'
# at t/lib/Private/Test/Module/Runnable/unique.pm line 126.
# Failed test 'result 422463467 not seen previously'
# at t/lib/Private/Test/Module/Runnable/unique.pm line 104.
# got: '0'
# expected: ''
# Looks like you failed 1 test of 5.
# Failed test 'trial iteration 211/500'
# at t/lib/Private/Test/Module/Runnable/unique.pm line 126.
# Failed test 'result 156717525 not seen previously'
# at t/lib/Private/Test/Module/Runnable/unique.pm line 104.
# got: '0'
# expected: ''
# Looks like you failed 1 test of 5.
# Failed test 'trial iteration 212/500'
# at t/lib/Private/Test/Module/Runnable/unique.pm line 126.
# Failed test 'result 900651963 not seen previously'
# at t/lib/Private/Test/Module/Runnable/unique.pm line 104.
# got: '0'
# expected: ''
# Looks like you failed 1 test of 5.
# Failed test 'trial iteration 213/500'
# at t/lib/Private/Test/Module/Runnable/unique.pm line 126.
# Failed test 'result 530739888 not seen previously'
# at t/lib/Private/Test/Module/Runnable/unique.pm line 104.
# got: '0'
# expected: ''
# Looks like you failed 1 test of 5.
# Failed test 'trial iteration 214/500'
# at t/lib/Private/Test/Module/Runnable/unique.pm line 126.
# Failed test 'result 971233026 not seen previously'
# at t/lib/Private/Test/Module/Runnable/unique.pm line 104.
# got: '0'
# expected: ''
# Looks like you failed 1 test of 5.
# Failed test 'trial iteration 215/500'
# at t/lib/Private/Test/Module/Runnable/unique.pm line 126.
# Failed test 'result 922282426 not seen previously'
# at t/lib/Private/Test/Module/Runnable/unique.pm line 104.
# got: '0'
# expected: ''
# Looks like you failed 1 test of 5.
# Failed test 'trial iteration 216/500'
# at t/lib/Private/Test/Module/Runnable/unique.pm line 126.
# Failed test 'result 904175517 not seen previously'
# at t/lib/Private/Test/Module/Runnable/unique.pm line 104.
# got: '0'
# expected: ''
# Looks like you failed 1 test of 5.
# Failed test 'trial iteration 217/500'
# at t/lib/Private/Test/Module/Runnable/unique.pm line 126.
# Failed test 'result 265538212 not seen previously'
# at t/lib/Private/Test/Module/Runnable/unique.pm line 104.
# got: '0'
# expected: ''
# Looks like you failed 1 test of 5.
# Failed test 'trial iteration 218/500'
# at t/lib/Private/Test/Module/Runnable/unique.pm line 126.
# Failed test 'result 176628935 not seen previously'
# at t/lib/Private/Test/Module/Runnable/unique.pm line 104.
# got: '0'
# expected: ''
# Looks like you failed 1 test of 5.
# Failed test 'trial iteration 219/500'
# at t/lib/Private/Test/Module/Runnable/unique.pm line 126.
# Failed test 'result 270684294 not seen previously'
# at t/lib/Private/Test/Module/Runnable/unique.pm line 104.
# got: '0'
# expected: ''
# Looks like you failed 1 test of 5.
# Failed test 'trial iteration 220/500'
# at t/lib/Private/Test/Module/Runnable/unique.pm line 126.
# Failed test 'result 400973968 not seen previously'
# at t/lib/Private/Test/Module/Runnable/unique.pm line 104.
# got: '0'
# expected: ''
# Looks like you failed 1 test of 5.
# Failed test 'trial iteration 221/500'
# at t/lib/Private/Test/Module/Runnable/unique.pm line 126.
# Failed test 'result 787493633 not seen previously'
# at t/lib/Private/Test/Module/Runnable/unique.pm line 104.
# got: '0'
# expected: ''
# Looks like you failed 1 test of 5.
# Failed test 'trial iteration 222/500'
# at t/lib/Private/Test/Module/Runnable/unique.pm line 126.
# Failed test 'result 469867900 not seen previously'
# at t/lib/Private/Test/Module/Runnable/unique.pm line 104.
# got: '0'
# expected: ''
# Looks like you failed 1 test of 5.
# Failed test 'trial iteration 223/500'
# at t/lib/Private/Test/Module/Runnable/unique.pm line 126.
# Failed test 'result 907248599 not seen previously'
# at t/lib/Private/Test/Module/Runnable/unique.pm line 104.
# got: '0'
# expected: ''
# Looks like you failed 1 test of 5.
# Failed test 'trial iteration 224/500'
# at t/lib/Private/Test/Module/Runnable/unique.pm line 126.
# Failed test 'result 804575024 not seen previously'
# at t/lib/Private/Test/Module/Runnable/unique.pm line 104.
# got: '0'
# expected: ''
# Looks like you failed 1 test of 5.
# Failed test 'trial iteration 225/500'
# at t/lib/Private/Test/Module/Runnable/unique.pm line 126.
# Failed test 'result 397600515 not seen previously'
# at t/lib/Private/Test/Module/Runnable/unique.pm line 104.
# got: '0'
# expected: ''
# Looks like you failed 1 test of 5.
# Failed test 'trial iteration 226/500'
# at t/lib/Private/Test/Module/Runnable/unique.pm line 126.
# Failed test 'result 869089659 not seen previously'
# at t/lib/Private/Test/Module/Runnable/unique.pm line 104.
# got: '0'
# expected: ''
# Looks like you failed 1 test of 5.
# Failed test 'trial iteration 227/500'
# at t/lib/Private/Test/Module/Runnable/unique.pm line 126.
# Failed test 'result 912761698 not seen previously'
# at t/lib/Private/Test/Module/Runnable/unique.pm line 104.
# got: '0'
# expected: ''
# Looks like you failed 1 test of 5.
# Failed test 'trial iteration 228/500'
# at t/lib/Private/Test/Module/Runnable/unique.pm line 126.
# Failed test 'result 950722780 not seen previously'
# at t/lib/Private/Test/Module/Runnable/unique.pm line 104.
# got: '0'
# expected: ''
# Looks like you failed 1 test of 5.
# Failed test 'trial iteration 229/500'
# at t/lib/Private/Test/Module/Runnable/unique.pm line 126.
# Failed test 'result 997533530 not seen previously'
# at t/lib/Private/Test/Module/Runnable/unique.pm line 104.
# got: '0'
# expected: ''
# Looks like you failed 1 test of 5.
# Failed test 'trial iteration 230/500'
# at t/lib/Private/Test/Module/Runnable/unique.pm line 126.
# Failed test 'result 382168525 not seen previously'
# at t/lib/Private/Test/Module/Runnable/unique.pm line 104.
# got: '0'
# expected: ''
# Looks like you failed 1 test of 5.
# Failed test 'trial iteration 231/500'
# at t/lib/Private/Test/Module/Runnable/unique.pm line 126.
# Failed test 'result 349371955 not seen previously'
# at t/lib/Private/Test/Module/Runnable/unique.pm line 104.
# got: '0'
# expected: ''
# Looks like you failed 1 test of 5.
# Failed test 'trial iteration 232/500'
# at t/lib/Private/Test/Module/Runnable/unique.pm line 126.
# Failed test 'result 228801975 not seen previously'
# at t/lib/Private/Test/Module/Runnable/unique.pm line 104.
# got: '0'
# expected: ''
# Looks like you failed 1 test of 5.
# Failed test 'trial iteration 233/500'
# at t/lib/Private/Test/Module/Runnable/unique.pm line 126.
# Failed test 'result 431394754 not seen previously'
# at t/lib/Private/Test/Module/Runnable/unique.pm line 104.
# got: '0'
# expected: ''
# Looks like you failed 1 test of 5.
# Failed test 'trial iteration 234/500'
# at t/lib/Private/Test/Module/Runnable/unique.pm line 126.
# Failed test 'result 312933874 not seen previously'
# at t/lib/Private/Test/Module/Runnable/unique.pm line 104.
# got: '0'
# expected: ''
# Looks like you failed 1 test of 5.
# Failed test 'trial iteration 235/500'
# at t/lib/Private/Test/Module/Runnable/unique.pm line 126.
# Failed test 'result 616197036 not seen previously'
# at t/lib/Private/Test/Module/Runnable/unique.pm line 104.
# got: '0'
# expected: ''
# Looks like you failed 1 test of 5.
# Failed test 'trial iteration 236/500'
# at t/lib/Private/Test/Module/Runnable/unique.pm line 126.
# Failed test 'result 16889351 not seen previously'
# at t/lib/Private/Test/Module/Runnable/unique.pm line 104.
# got: '0'
# expected: ''
# Looks like you failed 1 test of 5.
# Failed test 'trial iteration 237/500'
# at t/lib/Private/Test/Module/Runnable/unique.pm line 126.
# Failed test 'result 138137822 not seen previously'
# at t/lib/Private/Test/Module/Runnable/unique.pm line 104.
# got: '0'
# expected: ''
# Looks like you failed 1 test of 5.
# Failed test 'trial iteration 238/500'
# at t/lib/Private/Test/Module/Runnable/unique.pm line 126.
# Failed test 'result 202331948 not seen previously'
# at t/lib/Private/Test/Module/Runnable/unique.pm line 104.
# got: '0'
# expected: ''
# Looks like you failed 1 test of 5.
# Failed test 'trial iteration 239/500'
# at t/lib/Private/Test/Module/Runnable/unique.pm line 126.
# Failed test 'result 853063287 not seen previously'
# at t/lib/Private/Test/Module/Runnable/unique.pm line 104.
# got: '0'
# expected: ''
# Looks like you failed 1 test of 5.
# Failed test 'trial iteration 240/500'
# at t/lib/Private/Test/Module/Runnable/unique.pm line 126.
# Failed test 'result 454105629 not seen previously'
# at t/lib/Private/Test/Module/Runnable/unique.pm line 104.
# got: '0'
# expected: ''
# Looks like you failed 1 test of 5.
# Failed test 'trial iteration 241/500'
# at t/lib/Private/Test/Module/Runnable/unique.pm line 126.
# Failed test 'result 919726911 not seen previously'
# at t/lib/Private/Test/Module/Runnable/unique.pm line 104.
# got: '0'
# expected: ''
# Looks like you failed 1 test of 5.
# Failed test 'trial iteration 242/500'
# at t/lib/Private/Test/Module/Runnable/unique.pm line 126.
# Failed test 'result 644472681 not seen previously'
# at t/lib/Private/Test/Module/Runnable/unique.pm line 104.
# got: '0'
# expected: ''
# Looks like you failed 1 test of 5.
# Failed test 'trial iteration 243/500'
# at t/lib/Private/Test/Module/Runnable/unique.pm line 126.
# Failed test 'result 371318380 not seen previously'
# at t/lib/Private/Test/Module/Runnable/unique.pm line 104.
# got: '0'
# expected: ''
# Looks like you failed 1 test of 5.
# Failed test 'trial iteration 244/500'
# at t/lib/Private/Test/Module/Runnable/unique.pm line 126.
# Failed test 'result 500342518 not seen previously'
# at t/lib/Private/Test/Module/Runnable/unique.pm line 104.
# got: '0'
# expected: ''
# Looks like you failed 1 test of 5.
# Failed test 'trial iteration 245/500'
# at t/lib/Private/Test/Module/Runnable/unique.pm line 126.
# Failed test 'result 203334339 not seen previously'
# at t/lib/Private/Test/Module/Runnable/unique.pm line 104.
# got: '0'
# expected: ''
# Looks like you failed 1 test of 5.
# Failed test 'trial iteration 246/500'
# at t/lib/Private/Test/Module/Runnable/unique.pm line 126.
# Failed test 'result 425928931 not seen previously'
# at t/lib/Private/Test/Module/Runnable/unique.pm line 104.
# got: '0'
# expected: ''
# Looks like you failed 1 test of 5.
# Failed test 'trial iteration 247/500'
# at t/lib/Private/Test/Module/Runnable/unique.pm line 126.
# Failed test 'result 791254295 not seen previously'
# at t/lib/Private/Test/Module/Runnable/unique.pm line 104.
# got: '0'
# expected: ''
# Looks like you failed 1 test of 5.
# Failed test 'trial iteration 248/500'
# at t/lib/Private/Test/Module/Runnable/unique.pm line 126.
# Failed test 'result 682371870 not seen previously'
# at t/lib/Private/Test/Module/Runnable/unique.pm line 104.
# got: '0'
# expected: ''
# Looks like you failed 1 test of 5.
# Failed test 'trial iteration 249/500'
# at t/lib/Private/Test/Module/Runnable/unique.pm line 126.
# Failed test 'result 263835971 not seen previously'
# at t/lib/Private/Test/Module/Runnable/unique.pm line 104.
# got: '0'
# expected: ''
# Looks like you failed 1 test of 5.
# Failed test 'trial iteration 250/500'
# at t/lib/Private/Test/Module/Runnable/unique.pm line 126.
# Failed test 'result 842161584 not seen previously'
# at t/lib/Private/Test/Module/Runnable/unique.pm line 104.
# got: '0'
# expected: ''
# Looks like you failed 1 test of 5.
# Failed test 'trial iteration 251/500'
# at t/lib/Private/Test/Module/Runnable/unique.pm line 126.
# Failed test 'result 967018199 not seen previously'
# at t/lib/Private/Test/Module/Runnable/unique.pm line 104.
# got: '0'
# expected: ''
# Looks like you failed 1 test of 5.
# Failed test 'trial iteration 252/500'
# at t/lib/Private/Test/Module/Runnable/unique.pm line 126.
# Failed test 'result 599191233 not seen previously'
# at t/lib/Private/Test/Module/Runnable/unique.pm line 104.
# got: '0'
# expected: ''
# Looks like you failed 1 test of 5.
# Failed test 'trial iteration 253/500'
# at t/lib/Private/Test/Module/Runnable/unique.pm line 126.
# Failed test 'result 445255242 not seen previously'
# at t/lib/Private/Test/Module/Runnable/unique.pm line 104.
# got: '0'
# expected: ''
# Looks like you failed 1 test of 5.
# Failed test 'trial iteration 254/500'
# at t/lib/Private/Test/Module/Runnable/unique.pm line 126.
# Failed test 'result 847728015 not seen previously'
# at t/lib/Private/Test/Module/Runnable/unique.pm line 104.
# got: '0'
# expected: ''
# Looks like you failed 1 test of 5.
# Failed test 'trial iteration 255/500'
# at t/lib/Private/Test/Module/Runnable/unique.pm line 126.
# Failed test 'result 203262900 not seen previously'
# at t/lib/Private/Test/Module/Runnable/unique.pm line 104.
# got: '0'
# expected: ''
# Looks like you failed 1 test of 5.
# Failed test 'trial iteration 256/500'
# at t/lib/Private/Test/Module/Runnable/unique.pm line 126.
# Failed test 'result 678729664 not seen previously'
# at t/lib/Private/Test/Module/Runnable/unique.pm line 104.
# got: '0'
# expected: ''
# Looks like you failed 1 test of 5.
# Failed test 'trial iteration 257/500'
# at t/lib/Private/Test/Module/Runnable/unique.pm line 126.
# Failed test 'result 711985611 not seen previously'
# at t/lib/Private/Test/Module/Runnable/unique.pm line 104.
# got: '0'
# expected: ''
# Looks like you failed 1 test of 5.
# Failed test 'trial iteration 258/500'
# at t/lib/Private/Test/Module/Runnable/unique.pm line 126.
# Failed test 'result 50313456 not seen previously'
# at t/lib/Private/Test/Module/Runnable/unique.pm line 104.
# got: '0'
# expected: ''
# Looks like you failed 1 test of 5.
# Failed test 'trial iteration 259/500'
# at t/lib/Private/Test/Module/Runnable/unique.pm line 126.
# Failed test 'result 925110559 not seen previously'
# at t/lib/Private/Test/Module/Runnable/unique.pm line 104.
# got: '0'
# expected: ''
# Looks like you failed 1 test of 5.
# Failed test 'trial iteration 260/500'
# at t/lib/Private/Test/Module/Runnable/unique.pm line 126.
# Failed test 'result 441362369 not seen previously'
# at t/lib/Private/Test/Module/Runnable/unique.pm line 104.
# got: '0'
# expected: ''
# Looks like you failed 1 test of 5.
# Failed test 'trial iteration 261/500'
# at t/lib/Private/Test/Module/Runnable/unique.pm line 126.
# Failed test 'result 623564599 not seen previously'
# at t/lib/Private/Test/Module/Runnable/unique.pm line 104.
# got: '0'
# expected: ''
# Looks like you failed 1 test of 5.
# Failed test 'trial iteration 262/500'
# at t/lib/Private/Test/Module/Runnable/unique.pm line 126.
# Failed test 'result 819050402 not seen previously'
# at t/lib/Private/Test/Module/Runnable/unique.pm line 104.
# got: '0'
# expected: ''
# Looks like you failed 1 test of 5.
# Failed test 'trial iteration 263/500'
# at t/lib/Private/Test/Module/Runnable/unique.pm line 126.
# Failed test 'result 206812051 not seen previously'
# at t/lib/Private/Test/Module/Runnable/unique.pm line 104.
# got: '0'
# expected: ''
# Looks like you failed 1 test of 5.
# Failed test 'trial iteration 264/500'
# at t/lib/Private/Test/Module/Runnable/unique.pm line 126.
# Failed test 'result 559820486 not seen previously'
# at t/lib/Private/Test/Module/Runnable/unique.pm line 104.
# got: '0'
# expected: ''
# Looks like you failed 1 test of 5.
# Failed test 'trial iteration 265/500'
# at t/lib/Private/Test/Module/Runnable/unique.pm line 126.
# Failed test 'result 577081510 not seen previously'
# at t/lib/Private/Test/Module/Runnable/unique.pm line 104.
# got: '0'
# expected: ''
# Looks like you failed 1 test of 5.
# Failed test 'trial iteration 266/500'
# at t/lib/Private/Test/Module/Runnable/unique.pm line 126.
# Failed test 'result 754630554 not seen previously'
# at t/lib/Private/Test/Module/Runnable/unique.pm line 104.
# got: '0'
# expected: ''
# Looks like you failed 1 test of 5.
# Failed test 'trial iteration 267/500'
# at t/lib/Private/Test/Module/Runnable/unique.pm line 126.
# Failed test 'result 137943967 not seen previously'
# at t/lib/Private/Test/Module/Runnable/unique.pm line 104.
# got: '0'
# expected: ''
# Looks like you failed 1 test of 5.
# Failed test 'trial iteration 268/500'
# at t/lib/Private/Test/Module/Runnable/unique.pm line 126.
# Failed test 'result 814915834 not seen previously'
# at t/lib/Private/Test/Module/Runnable/unique.pm line 104.
# got: '0'
# expected: ''
# Looks like you failed 1 test of 5.
# Failed test 'trial iteration 269/500'
# at t/lib/Private/Test/Module/Runnable/unique.pm line 126.
# Failed test 'result 431202242 not seen previously'
# at t/lib/Private/Test/Module/Runnable/unique.pm line 104.
# got: '0'
# expected: ''
# Looks like you failed 1 test of 5.
# Failed test 'trial iteration 270/500'
# at t/lib/Private/Test/Module/Runnable/unique.pm line 126.
# Failed test 'result 975062160 not seen previously'
# at t/lib/Private/Test/Module/Runnable/unique.pm line 104.
# got: '0'
# expected: ''
# Looks like you failed 1 test of 5.
# Failed test 'trial iteration 271/500'
# at t/lib/Private/Test/Module/Runnable/unique.pm line 126.
# Failed test 'result 292884882 not seen previously'
# at t/lib/Private/Test/Module/Runnable/unique.pm line 104.
# got: '0'
# expected: ''
# Looks like you failed 1 test of 5.
# Failed test 'trial iteration 272/500'
# at t/lib/Private/Test/Module/Runnable/unique.pm line 126.
# Failed test 'result 965037609 not seen previously'
# at t/lib/Private/Test/Module/Runnable/unique.pm line 104.
# got: '0'
# expected: ''
# Looks like you failed 1 test of 5.
# Failed test 'trial iteration 273/500'
# at t/lib/Private/Test/Module/Runnable/unique.pm line 126.
# Failed test 'result 213139698 not seen previously'
# at t/lib/Private/Test/Module/Runnable/unique.pm line 104.
# got: '0'
# expected: ''
# Looks like you failed 1 test of 5.
# Failed test 'trial iteration 274/500'
# at t/lib/Private/Test/Module/Runnable/unique.pm line 126.
# Failed test 'result 572403477 not seen previously'
# at t/lib/Private/Test/Module/Runnable/unique.pm line 104.
# got: '0'
# expected: ''
# Looks like you failed 1 test of 5.
# Failed test 'trial iteration 275/500'
# at t/lib/Private/Test/Module/Runnable/unique.pm line 126.
# Failed test 'result 844066018 not seen previously'
# at t/lib/Private/Test/Module/Runnable/unique.pm line 104.
# got: '0'
# expected: ''
# Looks like you failed 1 test of 5.
# Failed test 'trial iteration 276/500'
# at t/lib/Private/Test/Module/Runnable/unique.pm line 126.
# Failed test 'result 985751551 not seen previously'
# at t/lib/Private/Test/Module/Runnable/unique.pm line 104.
# got: '0'
# expected: ''
# Looks like you failed 1 test of 5.
# Failed test 'trial iteration 277/500'
# at t/lib/Private/Test/Module/Runnable/unique.pm line 126.
# Failed test 'result 828163840 not seen previously'
# at t/lib/Private/Test/Module/Runnable/unique.pm line 104.
# got: '0'
# expected: ''
# Looks like you failed 1 test of 5.
# Failed test 'trial iteration 278/500'
# at t/lib/Private/Test/Module/Runnable/unique.pm line 126.
# Failed test 'result 861355575 not seen previously'
# at t/lib/Private/Test/Module/Runnable/unique.pm line 104.
# got: '0'
# expected: ''
# Looks like you failed 1 test of 5.
# Failed test 'trial iteration 279/500'
# at t/lib/Private/Test/Module/Runnable/unique.pm line 126.
# Failed test 'result 537138114 not seen previously'
# at t/lib/Private/Test/Module/Runnable/unique.pm line 104.
# got: '0'
# expected: ''
# Looks like you failed 1 test of 5.
# Failed test 'trial iteration 280/500'
# at t/lib/Private/Test/Module/Runnable/unique.pm line 126.
# Failed test 'result 833299945 not seen previously'
# at t/lib/Private/Test/Module/Runnable/unique.pm line 104.
# got: '0'
# expected: ''
# Looks like you failed 1 test of 5.
# Failed test 'trial iteration 281/500'
# at t/lib/Private/Test/Module/Runnable/unique.pm line 126.
# Failed test 'result 619532963 not seen previously'
# at t/lib/Private/Test/Module/Runnable/unique.pm line 104.
# got: '0'
# expected: ''
# Looks like you failed 1 test of 5.
# Failed test 'trial iteration 282/500'
# at t/lib/Private/Test/Module/Runnable/unique.pm line 126.
# Failed test 'result 792295258 not seen previously'
# at t/lib/Private/Test/Module/Runnable/unique.pm line 104.
# got: '0'
# expected: ''
# Looks like you failed 1 test of 5.
# Failed test 'trial iteration 283/500'
# at t/lib/Private/Test/Module/Runnable/unique.pm line 126.
# Failed test 'result 632400044 not seen previously'
# at t/lib/Private/Test/Module/Runnable/unique.pm line 104.
# got: '0'
# expected: ''
# Looks like you failed 1 test of 5.
# Failed test 'trial iteration 284/500'
# at t/lib/Private/Test/Module/Runnable/unique.pm line 126.
# Failed test 'result 159745632 not seen previously'
# at t/lib/Private/Test/Module/Runnable/unique.pm line 104.
# got: '0'
# expected: ''
# Looks like you failed 1 test of 5.
# Failed test 'trial iteration 285/500'
# at t/lib/Private/Test/Module/Runnable/unique.pm line 126.
# Failed test 'result 359763751 not seen previously'
# at t/lib/Private/Test/Module/Runnable/unique.pm line 104.
# got: '0'
# expected: ''
# Looks like you failed 1 test of 5.
# Failed test 'trial iteration 286/500'
# at t/lib/Private/Test/Module/Runnable/unique.pm line 126.
# Failed test 'result 964366729 not seen previously'
# at t/lib/Private/Test/Module/Runnable/unique.pm line 104.
# got: '0'
# expected: ''
# Looks like you failed 1 test of 5.
# Failed test 'trial iteration 287/500'
# at t/lib/Private/Test/Module/Runnable/unique.pm line 126.
# Failed test 'result 457884728 not seen previously'
# at t/lib/Private/Test/Module/Runnable/unique.pm line 104.
# got: '0'
# expected: ''
# Looks like you failed 1 test of 5.
# Failed test 'trial iteration 288/500'
# at t/lib/Private/Test/Module/Runnable/unique.pm line 126.
# Failed test 'result 403432949 not seen previously'
# at t/lib/Private/Test/Module/Runnable/unique.pm line 104.
# got: '0'
# expected: ''
# Looks like you failed 1 test of 5.
# Failed test 'trial iteration 289/500'
# at t/lib/Private/Test/Module/Runnable/unique.pm line 126.
# Failed test 'result 152293885 not seen previously'
# at t/lib/Private/Test/Module/Runnable/unique.pm line 104.
# got: '0'
# expected: ''
# Looks like you failed 1 test of 5.
# Failed test 'trial iteration 290/500'
# at t/lib/Private/Test/Module/Runnable/unique.pm line 126.
# Failed test 'result 826949158 not seen previously'
# at t/lib/Private/Test/Module/Runnable/unique.pm line 104.
# got: '0'
# expected: ''
# Looks like you failed 1 test of 5.
# Failed test 'trial iteration 291/500'
# at t/lib/Private/Test/Module/Runnable/unique.pm line 126.
# Failed test 'result 752308028 not seen previously'
# at t/lib/Private/Test/Module/Runnable/unique.pm line 104.
# got: '0'
# expected: ''
# Looks like you failed 1 test of 5.
# Failed test 'trial iteration 292/500'
# at t/lib/Private/Test/Module/Runnable/unique.pm line 126.
# Failed test 'result 619985928 not seen previously'
# at t/lib/Private/Test/Module/Runnable/unique.pm line 104.
# got: '0'
# expected: ''
# Looks like you failed 1 test of 5.
# Failed test 'trial iteration 293/500'
# at t/lib/Private/Test/Module/Runnable/unique.pm line 126.
# Failed test 'result 661803720 not seen previously'
# at t/lib/Private/Test/Module/Runnable/unique.pm line 104.
# got: '0'
# expected: ''
# Looks like you failed 1 test of 5.
# Failed test 'trial iteration 294/500'
# at t/lib/Private/Test/Module/Runnable/unique.pm line 126.
# Failed test 'result 881621787 not seen previously'
# at t/lib/Private/Test/Module/Runnable/unique.pm line 104.
# got: '0'
# expected: ''
# Looks like you failed 1 test of 5.
# Failed test 'trial iteration 295/500'
# at t/lib/Private/Test/Module/Runnable/unique.pm line 126.
# Failed test 'result 978195926 not seen previously'
# at t/lib/Private/Test/Module/Runnable/unique.pm line 104.
# got: '0'
# expected: ''
# Looks like you failed 1 test of 5.
# Failed test 'trial iteration 296/500'
# at t/lib/Private/Test/Module/Runnable/unique.pm line 126.
# Failed test 'result 857986903 not seen previously'
# at t/lib/Private/Test/Module/Runnable/unique.pm line 104.
# got: '0'
# expected: ''
# Looks like you failed 1 test of 5.
# Failed test 'trial iteration 297/500'
# at t/lib/Private/Test/Module/Runnable/unique.pm line 126.
# Failed test 'result 713354592 not seen previously'
# at t/lib/Private/Test/Module/Runnable/unique.pm line 104.
# got: '0'
# expected: ''
# Looks like you failed 1 test of 5.
# Failed test 'trial iteration 298/500'
# at t/lib/Private/Test/Module/Runnable/unique.pm line 126.
# Failed test 'result 426228949 not seen previously'
# at t/lib/Private/Test/Module/Runnable/unique.pm line 104.
# got: '0'
# expected: ''
# Looks like you failed 1 test of 5.
# Failed test 'trial iteration 299/500'
# at t/lib/Private/Test/Module/Runnable/unique.pm line 126.
# Failed test 'result 125078114 not seen previously'
# at t/lib/Private/Test/Module/Runnable/unique.pm line 104.
# got: '0'
# expected: ''
# Looks like you failed 1 test of 5.
# Failed test 'trial iteration 300/500'
# at t/lib/Private/Test/Module/Runnable/unique.pm line 126.
# Failed test 'result 949659940 not seen previously'
# at t/lib/Private/Test/Module/Runnable/unique.pm line 104.
# got: '0'
# expected: ''
# Looks like you failed 1 test of 5.
# Failed test 'trial iteration 301/500'
# at t/lib/Private/Test/Module/Runnable/unique.pm line 126.
# Failed test 'result 262297114 not seen previously'
# at t/lib/Private/Test/Module/Runnable/unique.pm line 104.
# got: '0'
# expected: ''
# Looks like you failed 1 test of 5.
# Failed test 'trial iteration 302/500'
# at t/lib/Private/Test/Module/Runnable/unique.pm line 126.
# Failed test 'result 755499683 not seen previously'
# at t/lib/Private/Test/Module/Runnable/unique.pm line 104.
# got: '0'
# expected: ''
# Looks like you failed 1 test of 5.
# Failed test 'trial iteration 303/500'
# at t/lib/Private/Test/Module/Runnable/unique.pm line 126.
# Failed test 'result 708461516 not seen previously'
# at t/lib/Private/Test/Module/Runnable/unique.pm line 104.
# got: '0'
# expected: ''
# Looks like you failed 1 test of 5.
# Failed test 'trial iteration 304/500'
# at t/lib/Private/Test/Module/Runnable/unique.pm line 126.
# Failed test 'result 238330732 not seen previously'
# at t/lib/Private/Test/Module/Runnable/unique.pm line 104.
# got: '0'
# expected: ''
# Looks like you failed 1 test of 5.
# Failed test 'trial iteration 305/500'
# at t/lib/Private/Test/Module/Runnable/unique.pm line 126.
# Failed test 'result 961454980 not seen previously'
# at t/lib/Private/Test/Module/Runnable/unique.pm line 104.
# got: '0'
# expected: ''
# Looks like you failed 1 test of 5.
# Failed test 'trial iteration 306/500'
# at t/lib/Private/Test/Module/Runnable/unique.pm line 126.
# Failed test 'result 839720884 not seen previously'
# at t/lib/Private/Test/Module/Runnable/unique.pm line 104.
# got: '0'
# expected: ''
# Looks like you failed 1 test of 5.
# Failed test 'trial iteration 307/500'
# at t/lib/Private/Test/Module/Runnable/unique.pm line 126.
# Failed test 'result 101789118 not seen previously'
# at t/lib/Private/Test/Module/Runnable/unique.pm line 104.
# got: '0'
# expected: ''
# Looks like you failed 1 test of 5.
# Failed test 'trial iteration 308/500'
# at t/lib/Private/Test/Module/Runnable/unique.pm line 126.
# Failed test 'result 37280861 not seen previously'
# at t/lib/Private/Test/Module/Runnable/unique.pm line 104.
# got: '0'
# expected: ''
# Looks like you failed 1 test of 5.
# Failed test 'trial iteration 309/500'
# at t/lib/Private/Test/Module/Runnable/unique.pm line 126.
# Failed test 'result 477874878 not seen previously'
# at t/lib/Private/Test/Module/Runnable/unique.pm line 104.
# got: '0'
# expected: ''
# Looks like you failed 1 test of 5.
# Failed test 'trial iteration 310/500'
# at t/lib/Private/Test/Module/Runnable/unique.pm line 126.
# Failed test 'result 638144314 not seen previously'
# at t/lib/Private/Test/Module/Runnable/unique.pm line 104.
# got: '0'
# expected: ''
# Looks like you failed 1 test of 5.
# Failed test 'trial iteration 311/500'
# at t/lib/Private/Test/Module/Runnable/unique.pm line 126.
# Failed test 'result 555786866 not seen previously'
# at t/lib/Private/Test/Module/Runnable/unique.pm line 104.
# got: '0'
# expected: ''
# Looks like you failed 1 test of 5.
# Failed test 'trial iteration 312/500'
# at t/lib/Private/Test/Module/Runnable/unique.pm line 126.
# Failed test 'result 873117276 not seen previously'
# at t/lib/Private/Test/Module/Runnable/unique.pm line 104.
# got: '0'
# expected: ''
# Looks like you failed 1 test of 5.
# Failed test 'trial iteration 313/500'
# at t/lib/Private/Test/Module/Runnable/unique.pm line 126.
# Failed test 'result 542552592 not seen previously'
# at t/lib/Private/Test/Module/Runnable/unique.pm line 104.
# got: '0'
# expected: ''
# Looks like you failed 1 test of 5.
# Failed test 'trial iteration 314/500'
# at t/lib/Private/Test/Module/Runnable/unique.pm line 126.
# Failed test 'result 114196785 not seen previously'
# at t/lib/Private/Test/Module/Runnable/unique.pm line 104.
# got: '0'
# expected: ''
# Looks like you failed 1 test of 5.
# Failed test 'trial iteration 315/500'
# at t/lib/Private/Test/Module/Runnable/unique.pm line 126.
# Failed test 'result 193168474 not seen previously'
# at t/lib/Private/Test/Module/Runnable/unique.pm line 104.
# got: '0'
# expected: ''
# Looks like you failed 1 test of 5.
# Failed test 'trial iteration 316/500'
# at t/lib/Private/Test/Module/Runnable/unique.pm line 126.
# Failed test 'result 753320361 not seen previously'
# at t/lib/Private/Test/Module/Runnable/unique.pm line 104.
# got: '0'
# expected: ''
# Looks like you failed 1 test of 5.
# Failed test 'trial iteration 317/500'
# at t/lib/Private/Test/Module/Runnable/unique.pm line 126.
# Failed test 'result 672726030 not seen previously'
# at t/lib/Private/Test/Module/Runnable/unique.pm line 104.
# got: '0'
# expected: ''
# Looks like you failed 1 test of 5.
# Failed test 'trial iteration 318/500'
# at t/lib/Private/Test/Module/Runnable/unique.pm line 126.
# Failed test 'result 155354566 not seen previously'
# at t/lib/Private/Test/Module/Runnable/unique.pm line 104.
# got: '0'
# expected: ''
# Looks like you failed 1 test of 5.
# Failed test 'trial iteration 319/500'
# at t/lib/Private/Test/Module/Runnable/unique.pm line 126.
# Failed test 'result 487893700 not seen previously'
# at t/lib/Private/Test/Module/Runnable/unique.pm line 104.
# got: '0'
# expected: ''
# Looks like you failed 1 test of 5.
# Failed test 'trial iteration 320/500'
# at t/lib/Private/Test/Module/Runnable/unique.pm line 126.
# Failed test 'result 582723799 not seen previously'
# at t/lib/Private/Test/Module/Runnable/unique.pm line 104.
# got: '0'
# expected: ''
# Looks like you failed 1 test of 5.
# Failed test 'trial iteration 321/500'
# at t/lib/Private/Test/Module/Runnable/unique.pm line 126.
# Failed test 'result 72919012 not seen previously'
# at t/lib/Private/Test/Module/Runnable/unique.pm line 104.
# got: '0'
# expected: ''
# Looks like you failed 1 test of 5.
# Failed test 'trial iteration 322/500'
# at t/lib/Private/Test/Module/Runnable/unique.pm line 126.
# Failed test 'result 365058029 not seen previously'
# at t/lib/Private/Test/Module/Runnable/unique.pm line 104.
# got: '0'
# expected: ''
# Looks like you failed 1 test of 5.
# Failed test 'trial iteration 323/500'
# at t/lib/Private/Test/Module/Runnable/unique.pm line 126.
# Failed test 'result 708974154 not seen previously'
# at t/lib/Private/Test/Module/Runnable/unique.pm line 104.
# got: '0'
# expected: ''
# Looks like you failed 1 test of 5.
# Failed test 'trial iteration 324/500'
# at t/lib/Private/Test/Module/Runnable/unique.pm line 126.
# Failed test 'result 285949556 not seen previously'
# at t/lib/Private/Test/Module/Runnable/unique.pm line 104.
# got: '0'
# expected: ''
# Looks like you failed 1 test of 5.
# Failed test 'trial iteration 325/500'
# at t/lib/Private/Test/Module/Runnable/unique.pm line 126.
# Failed test 'result 398902014 not seen previously'
# at t/lib/Private/Test/Module/Runnable/unique.pm line 104.
# got: '0'
# expected: ''
# Looks like you failed 1 test of 5.
# Failed test 'trial iteration 326/500'
# at t/lib/Private/Test/Module/Runnable/unique.pm line 126.
# Failed test 'result 693725883 not seen previously'
# at t/lib/Private/Test/Module/Runnable/unique.pm line 104.
# got: '0'
# expected: ''
# Looks like you failed 1 test of 5.
# Failed test 'trial iteration 327/500'
# at t/lib/Private/Test/Module/Runnable/unique.pm line 126.
# Failed test 'result 131731003 not seen previously'
# at t/lib/Private/Test/Module/Runnable/unique.pm line 104.
# got: '0'
# expected: ''
# Looks like you failed 1 test of 5.
# Failed test 'trial iteration 328/500'
# at t/lib/Private/Test/Module/Runnable/unique.pm line 126.
# Failed test 'result 349029286 not seen previously'
# at t/lib/Private/Test/Module/Runnable/unique.pm line 104.
# got: '0'
# expected: ''
# Looks like you failed 1 test of 5.
# Failed test 'trial iteration 329/500'
# at t/lib/Private/Test/Module/Runnable/unique.pm line 126.
# Failed test 'result 624709134 not seen previously'
# at t/lib/Private/Test/Module/Runnable/unique.pm line 104.
# got: '0'
# expected: ''
# Looks like you failed 1 test of 5.
# Failed test 'trial iteration 330/500'
# at t/lib/Private/Test/Module/Runnable/unique.pm line 126.
# Failed test 'result 170350542 not seen previously'
# at t/lib/Private/Test/Module/Runnable/unique.pm line 104.
# got: '0'
# expected: ''
# Looks like you failed 1 test of 5.
# Failed test 'trial iteration 331/500'
# at t/lib/Private/Test/Module/Runnable/unique.pm line 126.
# Failed test 'result 487595126 not seen previously'
# at t/lib/Private/Test/Module/Runnable/unique.pm line 104.
# got: '0'
# expected: ''
# Looks like you failed 1 test of 5.
# Failed test 'trial iteration 332/500'
# at t/lib/Private/Test/Module/Runnable/unique.pm line 126.
# Failed test 'result 128472335 not seen previously'
# at t/lib/Private/Test/Module/Runnable/unique.pm line 104.
# got: '0'
# expected: ''
# Looks like you failed 1 test of 5.
# Failed test 'trial iteration 333/500'
# at t/lib/Private/Test/Module/Runnable/unique.pm line 126.
# Failed test 'result 969040833 not seen previously'
# at t/lib/Private/Test/Module/Runnable/unique.pm line 104.
# got: '0'
# expected: ''
# Looks like you failed 1 test of 5.
# Failed test 'trial iteration 334/500'
# at t/lib/Private/Test/Module/Runnable/unique.pm line 126.
# Failed test 'result 348012365 not seen previously'
# at t/lib/Private/Test/Module/Runnable/unique.pm line 104.
# got: '0'
# expected: ''
# Looks like you failed 1 test of 5.
# Failed test 'trial iteration 335/500'
# at t/lib/Private/Test/Module/Runnable/unique.pm line 126.
# Failed test 'result 770791408 not seen previously'
# at t/lib/Private/Test/Module/Runnable/unique.pm line 104.
# got: '0'
# expected: ''
# Looks like you failed 1 test of 5.
# Failed test 'trial iteration 336/500'
# at t/lib/Private/Test/Module/Runnable/unique.pm line 126.
# Failed test 'result 972897940 not seen previously'
# at t/lib/Private/Test/Module/Runnable/unique.pm line 104.
# got: '0'
# expected: ''
# Looks like you failed 1 test of 5.
# Failed test 'trial iteration 337/500'
# at t/lib/Private/Test/Module/Runnable/unique.pm line 126.
# Failed test 'result 761641251 not seen previously'
# at t/lib/Private/Test/Module/Runnable/unique.pm line 104.
# got: '0'
# expected: ''
# Looks like you failed 1 test of 5.
# Failed test 'trial iteration 338/500'
# at t/lib/Private/Test/Module/Runnable/unique.pm line 126.
# Failed test 'result 201761168 not seen previously'
# at t/lib/Private/Test/Module/Runnable/unique.pm line 104.
# got: '0'
# expected: ''
# Looks like you failed 1 test of 5.
# Failed test 'trial iteration 339/500'
# at t/lib/Private/Test/Module/Runnable/unique.pm line 126.
# Failed test 'result 670978994 not seen previously'
# at t/lib/Private/Test/Module/Runnable/unique.pm line 104.
# got: '0'
# expected: ''
# Looks like you failed 1 test of 5.
# Failed test 'trial iteration 340/500'
# at t/lib/Private/Test/Module/Runnable/unique.pm line 126.
# Failed test 'result 622168149 not seen previously'
# at t/lib/Private/Test/Module/Runnable/unique.pm line 104.
# got: '0'
# expected: ''
# Looks like you failed 1 test of 5.
# Failed test 'trial iteration 341/500'
# at t/lib/Private/Test/Module/Runnable/unique.pm line 126.
# Failed test 'result 826043436 not seen previously'
# at t/lib/Private/Test/Module/Runnable/unique.pm line 104.
# got: '0'
# expected: ''
# Looks like you failed 1 test of 5.
# Failed test 'trial iteration 342/500'
# at t/lib/Private/Test/Module/Runnable/unique.pm line 126.
# Failed test 'result 34623697 not seen previously'
# at t/lib/Private/Test/Module/Runnable/unique.pm line 104.
# got: '0'
# expected: ''
# Looks like you failed 1 test of 5.
# Failed test 'trial iteration 343/500'
# at t/lib/Private/Test/Module/Runnable/unique.pm line 126.
# Failed test 'result 220167499 not seen previously'
# at t/lib/Private/Test/Module/Runnable/unique.pm line 104.
# got: '0'
# expected: ''
# Looks like you failed 1 test of 5.
# Failed test 'trial iteration 344/500'
# at t/lib/Private/Test/Module/Runnable/unique.pm line 126.
# Failed test 'result 480996045 not seen previously'
# at t/lib/Private/Test/Module/Runnable/unique.pm line 104.
# got: '0'
# expected: ''
# Looks like you failed 1 test of 5.
# Failed test 'trial iteration 345/500'
# at t/lib/Private/Test/Module/Runnable/unique.pm line 126.
# Failed test 'result 751527453 not seen previously'
# at t/lib/Private/Test/Module/Runnable/unique.pm line 104.
# got: '0'
# expected: ''
# Looks like you failed 1 test of 5.
# Failed test 'trial iteration 346/500'
# at t/lib/Private/Test/Module/Runnable/unique.pm line 126.
# Failed test 'result 829076155 not seen previously'
# at t/lib/Private/Test/Module/Runnable/unique.pm line 104.
# got: '0'
# expected: ''
# Looks like you failed 1 test of 5.
# Failed test 'trial iteration 347/500'
# at t/lib/Private/Test/Module/Runnable/unique.pm line 126.
# Failed test 'result 785659548 not seen previously'
# at t/lib/Private/Test/Module/Runnable/unique.pm line 104.
# got: '0'
# expected: ''
# Looks like you failed 1 test of 5.
# Failed test 'trial iteration 348/500'
# at t/lib/Private/Test/Module/Runnable/unique.pm line 126.
# Failed test 'result 775644065 not seen previously'
# at t/lib/Private/Test/Module/Runnable/unique.pm line 104.
# got: '0'
# expected: ''
# Looks like you failed 1 test of 5.
# Failed test 'trial iteration 349/500'
# at t/lib/Private/Test/Module/Runnable/unique.pm line 126.
# Failed test 'result 668961373 not seen previously'
# at t/lib/Private/Test/Module/Runnable/unique.pm line 104.
# got: '0'
# expected: ''
# Looks like you failed 1 test of 5.
# Failed test 'trial iteration 350/500'
# at t/lib/Private/Test/Module/Runnable/unique.pm line 126.
# Failed test 'result 502366525 not seen previously'
# at t/lib/Private/Test/Module/Runnable/unique.pm line 104.
# got: '0'
# expected: ''
# Looks like you failed 1 test of 5.
# Failed test 'trial iteration 351/500'
# at t/lib/Private/Test/Module/Runnable/unique.pm line 126.
# Failed test 'result 4671493 not seen previously'
# at t/lib/Private/Test/Module/Runnable/unique.pm line 104.
# got: '0'
# expected: ''
# Looks like you failed 1 test of 5.
# Failed test 'trial iteration 352/500'
# at t/lib/Private/Test/Module/Runnable/unique.pm line 126.
# Failed test 'result 689077229 not seen previously'
# at t/lib/Private/Test/Module/Runnable/unique.pm line 104.
# got: '0'
# expected: ''
# Looks like you failed 1 test of 5.
# Failed test 'trial iteration 353/500'
# at t/lib/Private/Test/Module/Runnable/unique.pm line 126.
# Failed test 'result 442745418 not seen previously'
# at t/lib/Private/Test/Module/Runnable/unique.pm line 104.
# got: '0'
# expected: ''
# Looks like you failed 1 test of 5.
# Failed test 'trial iteration 354/500'
# at t/lib/Private/Test/Module/Runnable/unique.pm line 126.
# Failed test 'result 712902762 not seen previously'
# at t/lib/Private/Test/Module/Runnable/unique.pm line 104.
# got: '0'
# expected: ''
# Looks like you failed 1 test of 5.
# Failed test 'trial iteration 355/500'
# at t/lib/Private/Test/Module/Runnable/unique.pm line 126.
# Failed test 'result 227570948 not seen previously'
# at t/lib/Private/Test/Module/Runnable/unique.pm line 104.
# got: '0'
# expected: ''
# Looks like you failed 1 test of 5.
# Failed test 'trial iteration 356/500'
# at t/lib/Private/Test/Module/Runnable/unique.pm line 126.
# Failed test 'result 805428777 not seen previously'
# at t/lib/Private/Test/Module/Runnable/unique.pm line 104.
# got: '0'
# expected: ''
# Looks like you failed 1 test of 5.
# Failed test 'trial iteration 357/500'
# at t/lib/Private/Test/Module/Runnable/unique.pm line 126.
# Failed test 'result 670331336 not seen previously'
# at t/lib/Private/Test/Module/Runnable/unique.pm line 104.
# got: '0'
# expected: ''
# Looks like you failed 1 test of 5.
# Failed test 'trial iteration 358/500'
# at t/lib/Private/Test/Module/Runnable/unique.pm line 126.
# Failed test 'result 452985236 not seen previously'
# at t/lib/Private/Test/Module/Runnable/unique.pm line 104.
# got: '0'
# expected: ''
# Looks like you failed 1 test of 5.
# Failed test 'trial iteration 359/500'
# at t/lib/Private/Test/Module/Runnable/unique.pm line 126.
# Failed test 'result 242880875 not seen previously'
# at t/lib/Private/Test/Module/Runnable/unique.pm line 104.
# got: '0'
# expected: ''
# Looks like you failed 1 test of 5.
# Failed test 'trial iteration 360/500'
# at t/lib/Private/Test/Module/Runnable/unique.pm line 126.
# Failed test 'result 380628943 not seen previously'
# at t/lib/Private/Test/Module/Runnable/unique.pm line 104.
# got: '0'
# expected: ''
# Looks like you failed 1 test of 5.
# Failed test 'trial iteration 361/500'
# at t/lib/Private/Test/Module/Runnable/unique.pm line 126.
# Failed test 'result 433344210 not seen previously'
# at t/lib/Private/Test/Module/Runnable/unique.pm line 104.
# got: '0'
# expected: ''
# Looks like you failed 1 test of 5.
# Failed test 'trial iteration 362/500'
# at t/lib/Private/Test/Module/Runnable/unique.pm line 126.
# Failed test 'result 335025343 not seen previously'
# at t/lib/Private/Test/Module/Runnable/unique.pm line 104.
# got: '0'
# expected: ''
# Looks like you failed 1 test of 5.
# Failed test 'trial iteration 363/500'
# at t/lib/Private/Test/Module/Runnable/unique.pm line 126.
# Failed test 'result 616499416 not seen previously'
# at t/lib/Private/Test/Module/Runnable/unique.pm line 104.
# got: '0'
# expected: ''
# Looks like you failed 1 test of 5.
# Failed test 'trial iteration 364/500'
# at t/lib/Private/Test/Module/Runnable/unique.pm line 126.
# Failed test 'result 472424053 not seen previously'
# at t/lib/Private/Test/Module/Runnable/unique.pm line 104.
# got: '0'
# expected: ''
# Looks like you failed 1 test of 5.
# Failed test 'trial iteration 365/500'
# at t/lib/Private/Test/Module/Runnable/unique.pm line 126.
# Failed test 'result 277418738 not seen previously'
# at t/lib/Private/Test/Module/Runnable/unique.pm line 104.
# got: '0'
# expected: ''
# Looks like you failed 1 test of 5.
# Failed test 'trial iteration 366/500'
# at t/lib/Private/Test/Module/Runnable/unique.pm line 126.
# Failed test 'result 621752344 not seen previously'
# at t/lib/Private/Test/Module/Runnable/unique.pm line 104.
# got: '0'
# expected: ''
# Looks like you failed 1 test of 5.
# Failed test 'trial iteration 367/500'
# at t/lib/Private/Test/Module/Runnable/unique.pm line 126.
# Failed test 'result 648761581 not seen previously'
# at t/lib/Private/Test/Module/Runnable/unique.pm line 104.
# got: '0'
# expected: ''
# Looks like you failed 1 test of 5.
# Failed test 'trial iteration 368/500'
# at t/lib/Private/Test/Module/Runnable/unique.pm line 126.
# Failed test 'result 17780780 not seen previously'
# at t/lib/Private/Test/Module/Runnable/unique.pm line 104.
# got: '0'
# expected: ''
# Looks like you failed 1 test of 5.
# Failed test 'trial iteration 369/500'
# at t/lib/Private/Test/Module/Runnable/unique.pm line 126.
# Failed test 'result 584328277 not seen previously'
# at t/lib/Private/Test/Module/Runnable/unique.pm line 104.
# got: '0'
# expected: ''
# Looks like you failed 1 test of 5.
# Failed test 'trial iteration 370/500'
# at t/lib/Private/Test/Module/Runnable/unique.pm line 126.
# Failed test 'result 6587538 not seen previously'
# at t/lib/Private/Test/Module/Runnable/unique.pm line 104.
# got: '0'
# expected: ''
# Looks like you failed 1 test of 5.
# Failed test 'trial iteration 371/500'
# at t/lib/Private/Test/Module/Runnable/unique.pm line 126.
# Failed test 'result 385437308 not seen previously'
# at t/lib/Private/Test/Module/Runnable/unique.pm line 104.
# got: '0'
# expected: ''
# Looks like you failed 1 test of 5.
# Failed test 'trial iteration 372/500'
# at t/lib/Private/Test/Module/Runnable/unique.pm line 126.
# Failed test 'result 824961886 not seen previously'
# at t/lib/Private/Test/Module/Runnable/unique.pm line 104.
# got: '0'
# expected: ''
# Looks like you failed 1 test of 5.
# Failed test 'trial iteration 373/500'
# at t/lib/Private/Test/Module/Runnable/unique.pm line 126.
# Failed test 'result 28309032 not seen previously'
# at t/lib/Private/Test/Module/Runnable/unique.pm line 104.
# got: '0'
# expected: ''
# Looks like you failed 1 test of 5.
# Failed test 'trial iteration 374/500'
# at t/lib/Private/Test/Module/Runnable/unique.pm line 126.
# Failed test 'result 462304079 not seen previously'
# at t/lib/Private/Test/Module/Runnable/unique.pm line 104.
# got: '0'
# expected: ''
# Looks like you failed 1 test of 5.
# Failed test 'trial iteration 375/500'
# at t/lib/Private/Test/Module/Runnable/unique.pm line 126.
# Failed test 'result 102559410 not seen previously'
# at t/lib/Private/Test/Module/Runnable/unique.pm line 104.
# got: '0'
# expected: ''
# Looks like you failed 1 test of 5.
# Failed test 'trial iteration 376/500'
# at t/lib/Private/Test/Module/Runnable/unique.pm line 126.
# Failed test 'result 765633093 not seen previously'
# at t/lib/Private/Test/Module/Runnable/unique.pm line 104.
# got: '0'
# expected: ''
# Looks like you failed 1 test of 5.
# Failed test 'trial iteration 377/500'
# at t/lib/Private/Test/Module/Runnable/unique.pm line 126.
# Failed test 'result 632765398 not seen previously'
# at t/lib/Private/Test/Module/Runnable/unique.pm line 104.
# got: '0'
# expected: ''
# Looks like you failed 1 test of 5.
# Failed test 'trial iteration 378/500'
# at t/lib/Private/Test/Module/Runnable/unique.pm line 126.
# Failed test 'result 141362560 not seen previously'
# at t/lib/Private/Test/Module/Runnable/unique.pm line 104.
# got: '0'
# expected: ''
# Looks like you failed 1 test of 5.
# Failed test 'trial iteration 379/500'
# at t/lib/Private/Test/Module/Runnable/unique.pm line 126.
# Failed test 'result 400768510 not seen previously'
# at t/lib/Private/Test/Module/Runnable/unique.pm line 104.
# got: '0'
# expected: ''
# Looks like you failed 1 test of 5.
# Failed test 'trial iteration 380/500'
# at t/lib/Private/Test/Module/Runnable/unique.pm line 126.
# Failed test 'result 401598494 not seen previously'
# at t/lib/Private/Test/Module/Runnable/unique.pm line 104.
# got: '0'
# expected: ''
# Looks like you failed 1 test of 5.
# Failed test 'trial iteration 381/500'
# at t/lib/Private/Test/Module/Runnable/unique.pm line 126.
# Failed test 'result 533512087 not seen previously'
# at t/lib/Private/Test/Module/Runnable/unique.pm line 104.
# got: '0'
# expected: ''
# Looks like you failed 1 test of 5.
# Failed test 'trial iteration 382/500'
# at t/lib/Private/Test/Module/Runnable/unique.pm line 126.
# Failed test 'result 30112022 not seen previously'
# at t/lib/Private/Test/Module/Runnable/unique.pm line 104.
# got: '0'
# expected: ''
# Looks like you failed 1 test of 5.
# Failed test 'trial iteration 383/500'
# at t/lib/Private/Test/Module/Runnable/unique.pm line 126.
# Failed test 'result 313939390 not seen previously'
# at t/lib/Private/Test/Module/Runnable/unique.pm line 104.
# got: '0'
# expected: ''
# Looks like you failed 1 test of 5.
# Failed test 'trial iteration 384/500'
# at t/lib/Private/Test/Module/Runnable/unique.pm line 126.
# Failed test 'result 881672177 not seen previously'
# at t/lib/Private/Test/Module/Runnable/unique.pm line 104.
# got: '0'
# expected: ''
# Looks like you failed 1 test of 5.
# Failed test 'trial iteration 385/500'
# at t/lib/Private/Test/Module/Runnable/unique.pm line 126.
# Failed test 'result 645715903 not seen previously'
# at t/lib/Private/Test/Module/Runnable/unique.pm line 104.
# got: '0'
# expected: ''
# Looks like you failed 1 test of 5.
# Failed test 'trial iteration 386/500'
# at t/lib/Private/Test/Module/Runnable/unique.pm line 126.
# Failed test 'result 484693825 not seen previously'
# at t/lib/Private/Test/Module/Runnable/unique.pm line 104.
# got: '0'
# expected: ''
# Looks like you failed 1 test of 5.
# Failed test 'trial iteration 387/500'
# at t/lib/Private/Test/Module/Runnable/unique.pm line 126.
# Failed test 'result 371128204 not seen previously'
# at t/lib/Private/Test/Module/Runnable/unique.pm line 104.
# got: '0'
# expected: ''
# Looks like you failed 1 test of 5.
# Failed test 'trial iteration 388/500'
# at t/lib/Private/Test/Module/Runnable/unique.pm line 126.
# Failed test 'result 295409030 not seen previously'
# at t/lib/Private/Test/Module/Runnable/unique.pm line 104.
# got: '0'
# expected: ''
# Looks like you failed 1 test of 5.
# Failed test 'trial iteration 389/500'
# at t/lib/Private/Test/Module/Runnable/unique.pm line 126.
# Failed test 'result 274721436 not seen previously'
# at t/lib/Private/Test/Module/Runnable/unique.pm line 104.
# got: '0'
# expected: ''
# Looks like you failed 1 test of 5.
# Failed test 'trial iteration 390/500'
# at t/lib/Private/Test/Module/Runnable/unique.pm line 126.
# Failed test 'result 765426983 not seen previously'
# at t/lib/Private/Test/Module/Runnable/unique.pm line 104.
# got: '0'
# expected: ''
# Looks like you failed 1 test of 5.
# Failed test 'trial iteration 391/500'
# at t/lib/Private/Test/Module/Runnable/unique.pm line 126.
# Failed test 'result 202891922 not seen previously'
# at t/lib/Private/Test/Module/Runnable/unique.pm line 104.
# got: '0'
# expected: ''
# Looks like you failed 1 test of 5.
# Failed test 'trial iteration 392/500'
# at t/lib/Private/Test/Module/Runnable/unique.pm line 126.
# Failed test 'result 198696066 not seen previously'
# at t/lib/Private/Test/Module/Runnable/unique.pm line 104.
# got: '0'
# expected: ''
# Looks like you failed 1 test of 5.
# Failed test 'trial iteration 393/500'
# at t/lib/Private/Test/Module/Runnable/unique.pm line 126.
# Failed test 'result 322582028 not seen previously'
# at t/lib/Private/Test/Module/Runnable/unique.pm line 104.
# got: '0'
# expected: ''
# Looks like you failed 1 test of 5.
# Failed test 'trial iteration 394/500'
# at t/lib/Private/Test/Module/Runnable/unique.pm line 126.
# Failed test 'result 548258538 not seen previously'
# at t/lib/Private/Test/Module/Runnable/unique.pm line 104.
# got: '0'
# expected: ''
# Looks like you failed 1 test of 5.
# Failed test 'trial iteration 395/500'
# at t/lib/Private/Test/Module/Runnable/unique.pm line 126.
# Failed test 'result 295944062 not seen previously'
# at t/lib/Private/Test/Module/Runnable/unique.pm line 104.
# got: '0'
# expected: ''
# Looks like you failed 1 test of 5.
# Failed test 'trial iteration 396/500'
# at t/lib/Private/Test/Module/Runnable/unique.pm line 126.
# Failed test 'result 736429789 not seen previously'
# at t/lib/Private/Test/Module/Runnable/unique.pm line 104.
# got: '0'
# expected: ''
# Looks like you failed 1 test of 5.
# Failed test 'trial iteration 397/500'
# at t/lib/Private/Test/Module/Runnable/unique.pm line 126.
# Failed test 'result 154596819 not seen previously'
# at t/lib/Private/Test/Module/Runnable/unique.pm line 104.
# got: '0'
# expected: ''
# Looks like you failed 1 test of 5.
# Failed test 'trial iteration 398/500'
# at t/lib/Private/Test/Module/Runnable/unique.pm line 126.
# Failed test 'result 139226603 not seen previously'
# at t/lib/Private/Test/Module/Runnable/unique.pm line 104.
# got: '0'
# expected: ''
# Looks like you failed 1 test of 5.
# Failed test 'trial iteration 399/500'
# at t/lib/Private/Test/Module/Runnable/unique.pm line 126.
# Failed test 'result 757713531 not seen previously'
# at t/lib/Private/Test/Module/Runnable/unique.pm line 104.
# got: '0'
# expected: ''
# Looks like you failed 1 test of 5.
# Failed test 'trial iteration 400/500'
# at t/lib/Private/Test/Module/Runnable/unique.pm line 126.
# Failed test 'result 512682845 not seen previously'
# at t/lib/Private/Test/Module/Runnable/unique.pm line 104.
# got: '0'
# expected: ''
# Looks like you failed 1 test of 5.
# Failed test 'trial iteration 401/500'
# at t/lib/Private/Test/Module/Runnable/unique.pm line 126.
# Failed test 'result 701327857 not seen previously'
# at t/lib/Private/Test/Module/Runnable/unique.pm line 104.
# got: '0'
# expected: ''
# Looks like you failed 1 test of 5.
# Failed test 'trial iteration 402/500'
# at t/lib/Private/Test/Module/Runnable/unique.pm line 126.
# Failed test 'result 716627112 not seen previously'
# at t/lib/Private/Test/Module/Runnable/unique.pm line 104.
# got: '0'
# expected: ''
# Looks like you failed 1 test of 5.
# Failed test 'trial iteration 403/500'
# at t/lib/Private/Test/Module/Runnable/unique.pm line 126.
# Failed test 'result 229080014 not seen previously'
# at t/lib/Private/Test/Module/Runnable/unique.pm line 104.
# got: '0'
# expected: ''
# Looks like you failed 1 test of 5.
# Failed test 'trial iteration 404/500'
# at t/lib/Private/Test/Module/Runnable/unique.pm line 126.
# Failed test 'result 10027407 not seen previously'
# at t/lib/Private/Test/Module/Runnable/unique.pm line 104.
# got: '0'
# expected: ''
# Looks like you failed 1 test of 5.
# Failed test 'trial iteration 405/500'
# at t/lib/Private/Test/Module/Runnable/unique.pm line 126.
# Failed test 'result 794914995 not seen previously'
# at t/lib/Private/Test/Module/Runnable/unique.pm line 104.
# got: '0'
# expected: ''
# Looks like you failed 1 test of 5.
# Failed test 'trial iteration 406/500'
# at t/lib/Private/Test/Module/Runnable/unique.pm line 126.
# Failed test 'result 544643498 not seen previously'
# at t/lib/Private/Test/Module/Runnable/unique.pm line 104.
# got: '0'
# expected: ''
# Looks like you failed 1 test of 5.
# Failed test 'trial iteration 407/500'
# at t/lib/Private/Test/Module/Runnable/unique.pm line 126.
# Failed test 'result 294409176 not seen previously'
# at t/lib/Private/Test/Module/Runnable/unique.pm line 104.
# got: '0'
# expected: ''
# Looks like you failed 1 test of 5.
# Failed test 'trial iteration 408/500'
# at t/lib/Private/Test/Module/Runnable/unique.pm line 126.
# Failed test 'result 176291184 not seen previously'
# at t/lib/Private/Test/Module/Runnable/unique.pm line 104.
# got: '0'
# expected: ''
# Looks like you failed 1 test of 5.
# Failed test 'trial iteration 409/500'
# at t/lib/Private/Test/Module/Runnable/unique.pm line 126.
# Failed test 'result 653121851 not seen previously'
# at t/lib/Private/Test/Module/Runnable/unique.pm line 104.
# got: '0'
# expected: ''
# Looks like you failed 1 test of 5.
# Failed test 'trial iteration 410/500'
# at t/lib/Private/Test/Module/Runnable/unique.pm line 126.
# Failed test 'result 363661657 not seen previously'
# at t/lib/Private/Test/Module/Runnable/unique.pm line 104.
# got: '0'
# expected: ''
# Looks like you failed 1 test of 5.
# Failed test 'trial iteration 411/500'
# at t/lib/Private/Test/Module/Runnable/unique.pm line 126.
# Failed test 'result 188667804 not seen previously'
# at t/lib/Private/Test/Module/Runnable/unique.pm line 104.
# got: '0'
# expected: ''
# Looks like you failed 1 test of 5.
# Failed test 'trial iteration 412/500'
# at t/lib/Private/Test/Module/Runnable/unique.pm line 126.
# Failed test 'result 596357422 not seen previously'
# at t/lib/Private/Test/Module/Runnable/unique.pm line 104.
# got: '0'
# expected: ''
# Looks like you failed 1 test of 5.
# Failed test 'trial iteration 413/500'
# at t/lib/Private/Test/Module/Runnable/unique.pm line 126.
# Failed test 'result 425160344 not seen previously'
# at t/lib/Private/Test/Module/Runnable/unique.pm line 104.
# got: '0'
# expected: ''
# Looks like you failed 1 test of 5.
# Failed test 'trial iteration 414/500'
# at t/lib/Private/Test/Module/Runnable/unique.pm line 126.
# Failed test 'result 391546060 not seen previously'
# at t/lib/Private/Test/Module/Runnable/unique.pm line 104.
# got: '0'
# expected: ''
# Looks like you failed 1 test of 5.
# Failed test 'trial iteration 415/500'
# at t/lib/Private/Test/Module/Runnable/unique.pm line 126.
# Failed test 'result 238152084 not seen previously'
# at t/lib/Private/Test/Module/Runnable/unique.pm line 104.
# got: '0'
# expected: ''
# Looks like you failed 1 test of 5.
# Failed test 'trial iteration 416/500'
# at t/lib/Private/Test/Module/Runnable/unique.pm line 126.
# Failed test 'result 94190573 not seen previously'
# at t/lib/Private/Test/Module/Runnable/unique.pm line 104.
# got: '0'
# expected: ''
# Looks like you failed 1 test of 5.
# Failed test 'trial iteration 417/500'
# at t/lib/Private/Test/Module/Runnable/unique.pm line 126.
# Failed test 'result 660305518 not seen previously'
# at t/lib/Private/Test/Module/Runnable/unique.pm line 104.
# got: '0'
# expected: ''
# Looks like you failed 1 test of 5.
# Failed test 'trial iteration 418/500'
# at t/lib/Private/Test/Module/Runnable/unique.pm line 126.
# Failed test 'result 845117042 not seen previously'
# at t/lib/Private/Test/Module/Runnable/unique.pm line 104.
# got: '0'
# expected: ''
# Looks like you failed 1 test of 5.
# Failed test 'trial iteration 419/500'
# at t/lib/Private/Test/Module/Runnable/unique.pm line 126.
# Failed test 'result 131125593 not seen previously'
# at t/lib/Private/Test/Module/Runnable/unique.pm line 104.
# got: '0'
# expected: ''
# Looks like you failed 1 test of 5.
# Failed test 'trial iteration 420/500'
# at t/lib/Private/Test/Module/Runnable/unique.pm line 126.
# Failed test 'result 389707383 not seen previously'
# at t/lib/Private/Test/Module/Runnable/unique.pm line 104.
# got: '0'
# expected: ''
# Looks like you failed 1 test of 5.
# Failed test 'trial iteration 421/500'
# at t/lib/Private/Test/Module/Runnable/unique.pm line 126.
# Failed test 'result 829603358 not seen previously'
# at t/lib/Private/Test/Module/Runnable/unique.pm line 104.
# got: '0'
# expected: ''
# Looks like you failed 1 test of 5.
# Failed test 'trial iteration 422/500'
# at t/lib/Private/Test/Module/Runnable/unique.pm line 126.
# Failed test 'result 93389342 not seen previously'
# at t/lib/Private/Test/Module/Runnable/unique.pm line 104.
# got: '0'
# expected: ''
# Looks like you failed 1 test of 5.
# Failed test 'trial iteration 423/500'
# at t/lib/Private/Test/Module/Runnable/unique.pm line 126.
# Failed test 'result 774976171 not seen previously'
# at t/lib/Private/Test/Module/Runnable/unique.pm line 104.
# got: '0'
# expected: ''
# Looks like you failed 1 test of 5.
# Failed test 'trial iteration 424/500'
# at t/lib/Private/Test/Module/Runnable/unique.pm line 126.
# Failed test 'result 618176614 not seen previously'
# at t/lib/Private/Test/Module/Runnable/unique.pm line 104.
# got: '0'
# expected: ''
# Looks like you failed 1 test of 5.
# Failed test 'trial iteration 425/500'
# at t/lib/Private/Test/Module/Runnable/unique.pm line 126.
# Failed test 'result 764193368 not seen previously'
# at t/lib/Private/Test/Module/Runnable/unique.pm line 104.
# got: '0'
# expected: ''
# Looks like you failed 1 test of 5.
# Failed test 'trial iteration 426/500'
# at t/lib/Private/Test/Module/Runnable/unique.pm line 126.
# Failed test 'result 418378391 not seen previously'
# at t/lib/Private/Test/Module/Runnable/unique.pm line 104.
# got: '0'
# expected: ''
# Looks like you failed 1 test of 5.
# Failed test 'trial iteration 427/500'
# at t/lib/Private/Test/Module/Runnable/unique.pm line 126.
# Failed test 'result 525526942 not seen previously'
# at t/lib/Private/Test/Module/Runnable/unique.pm line 104.
# got: '0'
# expected: ''
# Looks like you failed 1 test of 5.
# Failed test 'trial iteration 428/500'
# at t/lib/Private/Test/Module/Runnable/unique.pm line 126.
# Failed test 'result 736402441 not seen previously'
# at t/lib/Private/Test/Module/Runnable/unique.pm line 104.
# got: '0'
# expected: ''
# Looks like you failed 1 test of 5.
# Failed test 'trial iteration 429/500'
# at t/lib/Private/Test/Module/Runnable/unique.pm line 126.
# Failed test 'result 228141700 not seen previously'
# at t/lib/Private/Test/Module/Runnable/unique.pm line 104.
# got: '0'
# expected: ''
# Looks like you failed 1 test of 5.
# Failed test 'trial iteration 430/500'
# at t/lib/Private/Test/Module/Runnable/unique.pm line 126.
# Failed test 'result 523148777 not seen previously'
# at t/lib/Private/Test/Module/Runnable/unique.pm line 104.
# got: '0'
# expected: ''
# Looks like you failed 1 test of 5.
# Failed test 'trial iteration 431/500'
# at t/lib/Private/Test/Module/Runnable/unique.pm line 126.
# Failed test 'result 980665158 not seen previously'
# at t/lib/Private/Test/Module/Runnable/unique.pm line 104.
# got: '0'
# expected: ''
# Looks like you failed 1 test of 5.
# Failed test 'trial iteration 432/500'
# at t/lib/Private/Test/Module/Runnable/unique.pm line 126.
# Failed test 'result 548034482 not seen previously'
# at t/lib/Private/Test/Module/Runnable/unique.pm line 104.
# got: '0'
# expected: ''
# Looks like you failed 1 test of 5.
# Failed test 'trial iteration 433/500'
# at t/lib/Private/Test/Module/Runnable/unique.pm line 126.
# Failed test 'result 242060828 not seen previously'
# at t/lib/Private/Test/Module/Runnable/unique.pm line 104.
# got: '0'
# expected: ''
# Looks like you failed 1 test of 5.
# Failed test 'trial iteration 434/500'
# at t/lib/Private/Test/Module/Runnable/unique.pm line 126.
# Failed test 'result 981089131 not seen previously'
# at t/lib/Private/Test/Module/Runnable/unique.pm line 104.
# got: '0'
# expected: ''
# Looks like you failed 1 test of 5.
# Failed test 'trial iteration 435/500'
# at t/lib/Private/Test/Module/Runnable/unique.pm line 126.
# Failed test 'result 213897573 not seen previously'
# at t/lib/Private/Test/Module/Runnable/unique.pm line 104.
# got: '0'
# expected: ''
# Looks like you failed 1 test of 5.
# Failed test 'trial iteration 436/500'
# at t/lib/Private/Test/Module/Runnable/unique.pm line 126.
# Failed test 'result 816084260 not seen previously'
# at t/lib/Private/Test/Module/Runnable/unique.pm line 104.
# got: '0'
# expected: ''
# Looks like you failed 1 test of 5.
# Failed test 'trial iteration 437/500'
# at t/lib/Private/Test/Module/Runnable/unique.pm line 126.
# Failed test 'result 154655007 not seen previously'
# at t/lib/Private/Test/Module/Runnable/unique.pm line 104.
# got: '0'
# expected: ''
# Looks like you failed 1 test of 5.
# Failed test 'trial iteration 438/500'
# at t/lib/Private/Test/Module/Runnable/unique.pm line 126.
# Failed test 'result 559094791 not seen previously'
# at t/lib/Private/Test/Module/Runnable/unique.pm line 104.
# got: '0'
# expected: ''
# Looks like you failed 1 test of 5.
# Failed test 'trial iteration 439/500'
# at t/lib/Private/Test/Module/Runnable/unique.pm line 126.
# Failed test 'result 323841552 not seen previously'
# at t/lib/Private/Test/Module/Runnable/unique.pm line 104.
# got: '0'
# expected: ''
# Looks like you failed 1 test of 5.
# Failed test 'trial iteration 440/500'
# at t/lib/Private/Test/Module/Runnable/unique.pm line 126.
# Failed test 'result 558371509 not seen previously'
# at t/lib/Private/Test/Module/Runnable/unique.pm line 104.
# got: '0'
# expected: ''
# Looks like you failed 1 test of 5.
# Failed test 'trial iteration 441/500'
# at t/lib/Private/Test/Module/Runnable/unique.pm line 126.
# Failed test 'result 526778372 not seen previously'
# at t/lib/Private/Test/Module/Runnable/unique.pm line 104.
# got: '0'
# expected: ''
# Looks like you failed 1 test of 5.
# Failed test 'trial iteration 442/500'
# at t/lib/Private/Test/Module/Runnable/unique.pm line 126.
# Failed test 'result 17494100 not seen previously'
# at t/lib/Private/Test/Module/Runnable/unique.pm line 104.
# got: '0'
# expected: ''
# Looks like you failed 1 test of 5.
# Failed test 'trial iteration 443/500'
# at t/lib/Private/Test/Module/Runnable/unique.pm line 126.
# Failed test 'result 923681341 not seen previously'
# at t/lib/Private/Test/Module/Runnable/unique.pm line 104.
# got: '0'
# expected: ''
# Looks like you failed 1 test of 5.
# Failed test 'trial iteration 444/500'
# at t/lib/Private/Test/Module/Runnable/unique.pm line 126.
# Failed test 'result 583556816 not seen previously'
# at t/lib/Private/Test/Module/Runnable/unique.pm line 104.
# got: '0'
# expected: ''
# Looks like you failed 1 test of 5.
# Failed test 'trial iteration 445/500'
# at t/lib/Private/Test/Module/Runnable/unique.pm line 126.
# Failed test 'result 366351272 not seen previously'
# at t/lib/Private/Test/Module/Runnable/unique.pm line 104.
# got: '0'
# expected: ''
# Looks like you failed 1 test of 5.
# Failed test 'trial iteration 446/500'
# at t/lib/Private/Test/Module/Runnable/unique.pm line 126.
# Failed test 'result 541361669 not seen previously'
# at t/lib/Private/Test/Module/Runnable/unique.pm line 104.
# got: '0'
# expected: ''
# Looks like you failed 1 test of 5.
# Failed test 'trial iteration 447/500'
# at t/lib/Private/Test/Module/Runnable/unique.pm line 126.
# Failed test 'result 761547725 not seen previously'
# at t/lib/Private/Test/Module/Runnable/unique.pm line 104.
# got: '0'
# expected: ''
# Looks like you failed 1 test of 5.
# Failed test 'trial iteration 448/500'
# at t/lib/Private/Test/Module/Runnable/unique.pm line 126.
# Failed test 'result 892147660 not seen previously'
# at t/lib/Private/Test/Module/Runnable/unique.pm line 104.
# got: '0'
# expected: ''
# Looks like you failed 1 test of 5.
# Failed test 'trial iteration 449/500'
# at t/lib/Private/Test/Module/Runnable/unique.pm line 126.
# Failed test 'result 117901694 not seen previously'
# at t/lib/Private/Test/Module/Runnable/unique.pm line 104.
# got: '0'
# expected: ''
# Looks like you failed 1 test of 5.
# Failed test 'trial iteration 450/500'
# at t/lib/Private/Test/Module/Runnable/unique.pm line 126.
# Failed test 'result 294642435 not seen previously'
# at t/lib/Private/Test/Module/Runnable/unique.pm line 104.
# got: '0'
# expected: ''
# Looks like you failed 1 test of 5.
# Failed test 'trial iteration 451/500'
# at t/lib/Private/Test/Module/Runnable/unique.pm line 126.
# Failed test 'result 10530978 not seen previously'
# at t/lib/Private/Test/Module/Runnable/unique.pm line 104.
# got: '0'
# expected: ''
# Looks like you failed 1 test of 5.
# Failed test 'trial iteration 452/500'
# at t/lib/Private/Test/Module/Runnable/unique.pm line 126.
# Failed test 'result 87025523 not seen previously'
# at t/lib/Private/Test/Module/Runnable/unique.pm line 104.
# got: '0'
# expected: ''
# Looks like you failed 1 test of 5.
# Failed test 'trial iteration 453/500'
# at t/lib/Private/Test/Module/Runnable/unique.pm line 126.
# Failed test 'result 568559113 not seen previously'
# at t/lib/Private/Test/Module/Runnable/unique.pm line 104.
# got: '0'
# expected: ''
# Looks like you failed 1 test of 5.
# Failed test 'trial iteration 454/500'
# at t/lib/Private/Test/Module/Runnable/unique.pm line 126.
# Failed test 'result 816709357 not seen previously'
# at t/lib/Private/Test/Module/Runnable/unique.pm line 104.
# got: '0'
# expected: ''
# Looks like you failed 1 test of 5.
# Failed test 'trial iteration 455/500'
# at t/lib/Private/Test/Module/Runnable/unique.pm line 126.
# Failed test 'result 998150408 not seen previously'
# at t/lib/Private/Test/Module/Runnable/unique.pm line 104.
# got: '0'
# expected: ''
# Looks like you failed 1 test of 5.
# Failed test 'trial iteration 456/500'
# at t/lib/Private/Test/Module/Runnable/unique.pm line 126.
# Failed test 'result 88390453 not seen previously'
# at t/lib/Private/Test/Module/Runnable/unique.pm line 104.
# got: '0'
# expected: ''
# Looks like you failed 1 test of 5.
# Failed test 'trial iteration 457/500'
# at t/lib/Private/Test/Module/Runnable/unique.pm line 126.
# Failed test 'result 749629273 not seen previously'
# at t/lib/Private/Test/Module/Runnable/unique.pm line 104.
# got: '0'
# expected: ''
# Looks like you failed 1 test of 5.
# Failed test 'trial iteration 458/500'
# at t/lib/Private/Test/Module/Runnable/unique.pm line 126.
# Failed test 'result 660165389 not seen previously'
# at t/lib/Private/Test/Module/Runnable/unique.pm line 104.
# got: '0'
# expected: ''
# Looks like you failed 1 test of 5.
# Failed test 'trial iteration 459/500'
# at t/lib/Private/Test/Module/Runnable/unique.pm line 126.
# Failed test 'result 752743132 not seen previously'
# at t/lib/Private/Test/Module/Runnable/unique.pm line 104.
# got: '0'
# expected: ''
# Looks like you failed 1 test of 5.
# Failed test 'trial iteration 460/500'
# at t/lib/Private/Test/Module/Runnable/unique.pm line 126.
# Failed test 'result 483438899 not seen previously'
# at t/lib/Private/Test/Module/Runnable/unique.pm line 104.
# got: '0'
# expected: ''
# Looks like you failed 1 test of 5.
# Failed test 'trial iteration 461/500'
# at t/lib/Private/Test/Module/Runnable/unique.pm line 126.
# Failed test 'result 271646853 not seen previously'
# at t/lib/Private/Test/Module/Runnable/unique.pm line 104.
# got: '0'
# expected: ''
# Looks like you failed 1 test of 5.
# Failed test 'trial iteration 462/500'
# at t/lib/Private/Test/Module/Runnable/unique.pm line 126.
# Failed test 'result 61572209 not seen previously'
# at t/lib/Private/Test/Module/Runnable/unique.pm line 104.
# got: '0'
# expected: ''
# Looks like you failed 1 test of 5.
# Failed test 'trial iteration 463/500'
# at t/lib/Private/Test/Module/Runnable/unique.pm line 126.
# Failed test 'result 862188937 not seen previously'
# at t/lib/Private/Test/Module/Runnable/unique.pm line 104.
# got: '0'
# expected: ''
# Looks like you failed 1 test of 5.
# Failed test 'trial iteration 464/500'
# at t/lib/Private/Test/Module/Runnable/unique.pm line 126.
# Failed test 'result 844588727 not seen previously'
# at t/lib/Private/Test/Module/Runnable/unique.pm line 104.
# got: '0'
# expected: ''
# Looks like you failed 1 test of 5.
# Failed test 'trial iteration 465/500'
# at t/lib/Private/Test/Module/Runnable/unique.pm line 126.
# Failed test 'result 878890306 not seen previously'
# at t/lib/Private/Test/Module/Runnable/unique.pm line 104.
# got: '0'
# expected: ''
# Looks like you failed 1 test of 5.
# Failed test 'trial iteration 466/500'
# at t/lib/Private/Test/Module/Runnable/unique.pm line 126.
# Failed test 'result 759164422 not seen previously'
# at t/lib/Private/Test/Module/Runnable/unique.pm line 104.
# got: '0'
# expected: ''
# Looks like you failed 1 test of 5.
# Failed test 'trial iteration 467/500'
# at t/lib/Private/Test/Module/Runnable/unique.pm line 126.
# Failed test 'result 793071401 not seen previously'
# at t/lib/Private/Test/Module/Runnable/unique.pm line 104.
# got: '0'
# expected: ''
# Looks like you failed 1 test of 5.
# Failed test 'trial iteration 468/500'
# at t/lib/Private/Test/Module/Runnable/unique.pm line 126.
# Failed test 'result 482774826 not seen previously'
# at t/lib/Private/Test/Module/Runnable/unique.pm line 104.
# got: '0'
# expected: ''
# Looks like you failed 1 test of 5.
# Failed test 'trial iteration 469/500'
# at t/lib/Private/Test/Module/Runnable/unique.pm line 126.
# Failed test 'result 410225877 not seen previously'
# at t/lib/Private/Test/Module/Runnable/unique.pm line 104.
# got: '0'
# expected: ''
# Looks like you failed 1 test of 5.
# Failed test 'trial iteration 470/500'
# at t/lib/Private/Test/Module/Runnable/unique.pm line 126.
# Failed test 'result 742433961 not seen previously'
# at t/lib/Private/Test/Module/Runnable/unique.pm line 104.
# got: '0'
# expected: ''
# Looks like you failed 1 test of 5.
# Failed test 'trial iteration 471/500'
# at t/lib/Private/Test/Module/Runnable/unique.pm line 126.
# Failed test 'result 170826696 not seen previously'
# at t/lib/Private/Test/Module/Runnable/unique.pm line 104.
# got: '0'
# expected: ''
# Looks like you failed 1 test of 5.
# Failed test 'trial iteration 472/500'
# at t/lib/Private/Test/Module/Runnable/unique.pm line 126.
# Failed test 'result 853517451 not seen previously'
# at t/lib/Private/Test/Module/Runnable/unique.pm line 104.
# got: '0'
# expected: ''
# Looks like you failed 1 test of 5.
# Failed test 'trial iteration 473/500'
# at t/lib/Private/Test/Module/Runnable/unique.pm line 126.
# Failed test 'result 635927469 not seen previously'
# at t/lib/Private/Test/Module/Runnable/unique.pm line 104.
# got: '0'
# expected: ''
# Looks like you failed 1 test of 5.
# Failed test 'trial iteration 474/500'
# at t/lib/Private/Test/Module/Runnable/unique.pm line 126.
# Failed test 'result 609815313 not seen previously'
# at t/lib/Private/Test/Module/Runnable/unique.pm line 104.
# got: '0'
# expected: ''
# Looks like you failed 1 test of 5.
# Failed test 'trial iteration 475/500'
# at t/lib/Private/Test/Module/Runnable/unique.pm line 126.
# Failed test 'result 129315022 not seen previously'
# at t/lib/Private/Test/Module/Runnable/unique.pm line 104.
# got: '0'
# expected: ''
# Looks like you failed 1 test of 5.
# Failed test 'trial iteration 476/500'
# at t/lib/Private/Test/Module/Runnable/unique.pm line 126.
# Failed test 'result 270496250 not seen previously'
# at t/lib/Private/Test/Module/Runnable/unique.pm line 104.
# got: '0'
# expected: ''
# Looks like you failed 1 test of 5.
# Failed test 'trial iteration 477/500'
# at t/lib/Private/Test/Module/Runnable/unique.pm line 126.
# Failed test 'result 449522305 not seen previously'
# at t/lib/Private/Test/Module/Runnable/unique.pm line 104.
# got: '0'
# expected: ''
# Looks like you failed 1 test of 5.
# Failed test 'trial iteration 478/500'
# at t/lib/Private/Test/Module/Runnable/unique.pm line 126.
# Failed test 'result 897763582 not seen previously'
# at t/lib/Private/Test/Module/Runnable/unique.pm line 104.
# got: '0'
# expected: ''
# Looks like you failed 1 test of 5.
# Failed test 'trial iteration 479/500'
# at t/lib/Private/Test/Module/Runnable/unique.pm line 126.
# Failed test 'result 897854218 not seen previously'
# at t/lib/Private/Test/Module/Runnable/unique.pm line 104.
# got: '0'
# expected: ''
# Looks like you failed 1 test of 5.
# Failed test 'trial iteration 480/500'
# at t/lib/Private/Test/Module/Runnable/unique.pm line 126.
# Failed test 'result 599753570 not seen previously'
# at t/lib/Private/Test/Module/Runnable/unique.pm line 104.
# got: '0'
# expected: ''
# Looks like you failed 1 test of 5.
# Failed test 'trial iteration 481/500'
# at t/lib/Private/Test/Module/Runnable/unique.pm line 126.
# Failed test 'result 740090612 not seen previously'
# at t/lib/Private/Test/Module/Runnable/unique.pm line 104.
# got: '0'
# expected: ''
# Looks like you failed 1 test of 5.
# Failed test 'trial iteration 482/500'
# at t/lib/Private/Test/Module/Runnable/unique.pm line 126.
# Failed test 'result 755614310 not seen previously'
# at t/lib/Private/Test/Module/Runnable/unique.pm line 104.
# got: '0'
# expected: ''
# Looks like you failed 1 test of 5.
# Failed test 'trial iteration 483/500'
# at t/lib/Private/Test/Module/Runnable/unique.pm line 126.
# Failed test 'result 391995005 not seen previously'
# at t/lib/Private/Test/Module/Runnable/unique.pm line 104.
# got: '0'
# expected: ''
# Looks like you failed 1 test of 5.
# Failed test 'trial iteration 484/500'
# at t/lib/Private/Test/Module/Runnable/unique.pm line 126.
# Failed test 'result 181033979 not seen previously'
# at t/lib/Private/Test/Module/Runnable/unique.pm line 104.
# got: '0'
# expected: ''
# Looks like you failed 1 test of 5.
# Failed test 'trial iteration 485/500'
# at t/lib/Private/Test/Module/Runnable/unique.pm line 126.
# Failed test 'result 579777572 not seen previously'
# at t/lib/Private/Test/Module/Runnable/unique.pm line 104.
# got: '0'
# expected: ''
# Looks like you failed 1 test of 5.
# Failed test 'trial iteration 486/500'
# at t/lib/Private/Test/Module/Runnable/unique.pm line 126.
# Failed test 'result 407191896 not seen previously'
# at t/lib/Private/Test/Module/Runnable/unique.pm line 104.
# got: '0'
# expected: ''
# Looks like you failed 1 test of 5.
# Failed test 'trial iteration 487/500'
# at t/lib/Private/Test/Module/Runnable/unique.pm line 126.
# Failed test 'result 938731537 not seen previously'
# at t/lib/Private/Test/Module/Runnable/unique.pm line 104.
# got: '0'
# expected: ''
# Looks like you failed 1 test of 5.
# Failed test 'trial iteration 488/500'
# at t/lib/Private/Test/Module/Runnable/unique.pm line 126.
# Failed test 'result 652900732 not seen previously'
# at t/lib/Private/Test/Module/Runnable/unique.pm line 104.
# got: '0'
# expected: ''
# Looks like you failed 1 test of 5.
# Failed test 'trial iteration 489/500'
# at t/lib/Private/Test/Module/Runnable/unique.pm line 126.
# Failed test 'result 525158985 not seen previously'
# at t/lib/Private/Test/Module/Runnable/unique.pm line 104.
# got: '0'
# expected: ''
# Looks like you failed 1 test of 5.
# Failed test 'trial iteration 490/500'
# at t/lib/Private/Test/Module/Runnable/unique.pm line 126.
# Failed test 'result 146762650 not seen previously'
# at t/lib/Private/Test/Module/Runnable/unique.pm line 104.
# got: '0'
# expected: ''
# Looks like you failed 1 test of 5.
# Failed test 'trial iteration 491/500'
# at t/lib/Private/Test/Module/Runnable/unique.pm line 126.
# Failed test 'result 15593544 not seen previously'
# at t/lib/Private/Test/Module/Runnable/unique.pm line 104.
# got: '0'
# expected: ''
# Looks like you failed 1 test of 5.
# Failed test 'trial iteration 492/500'
# at t/lib/Private/Test/Module/Runnable/unique.pm line 126.
# Failed test 'result 525037083 not seen previously'
# at t/lib/Private/Test/Module/Runnable/unique.pm line 104.
# got: '0'
# expected: ''
# Looks like you failed 1 test of 5.
# Failed test 'trial iteration 493/500'
# at t/lib/Private/Test/Module/Runnable/unique.pm line 126.
# Failed test 'result 256765071 not seen previously'
# at t/lib/Private/Test/Module/Runnable/unique.pm line 104.
# got: '0'
# expected: ''
# Looks like you failed 1 test of 5.
# Failed test 'trial iteration 494/500'
# at t/lib/Private/Test/Module/Runnable/unique.pm line 126.
# Failed test 'result 51304256 not seen previously'
# at t/lib/Private/Test/Module/Runnable/unique.pm line 104.
# got: '0'
# expected: ''
# Looks like you failed 1 test of 5.
# Failed test 'trial iteration 495/500'
# at t/lib/Private/Test/Module/Runnable/unique.pm line 126.
# Failed test 'result 274946342 not seen previously'
# at t/lib/Private/Test/Module/Runnable/unique.pm line 104.
# got: '0'
# expected: ''
# Looks like you failed 1 test of 5.
# Failed test 'trial iteration 496/500'
# at t/lib/Private/Test/Module/Runnable/unique.pm line 126.
# Failed test 'result 952548511 not seen previously'
# at t/lib/Private/Test/Module/Runnable/unique.pm line 104.
# got: '0'
# expected: ''
# Looks like you failed 1 test of 5.
# Failed test 'trial iteration 497/500'
# at t/lib/Private/Test/Module/Runnable/unique.pm line 126.
# Failed test 'result 141361199 not seen previously'
# at t/lib/Private/Test/Module/Runnable/unique.pm line 104.
# got: '0'
# expected: ''
# Looks like you failed 1 test of 5.
# Failed test 'trial iteration 498/500'
# at t/lib/Private/Test/Module/Runnable/unique.pm line 126.
# Failed test 'result 994006104 not seen previously'
# at t/lib/Private/Test/Module/Runnable/unique.pm line 104.
# got: '0'
# expected: ''
# Looks like you failed 1 test of 5.
# Failed test 'trial iteration 499/500'
# at t/lib/Private/Test/Module/Runnable/unique.pm line 126.
# Failed test 'result 309246581 not seen previously'
# at t/lib/Private/Test/Module/Runnable/unique.pm line 104.
# got: '0'
# expected: ''
# Looks like you failed 1 test of 5.
# Failed test 'trial iteration 500/500'
# at t/lib/Private/Test/Module/Runnable/unique.pm line 126.
# Looks like you failed 500 tests of 500.
# Failed test 'testRandom'
# at /home/cpansand/.cpan/build/2017101512/Test-Module-Runnable-0.2.1-3HCIEw/blib/lib/Test/Module/Runnable/Base.pm line 341.
# Looks like you failed 1 test of 2.
t/unique.t ......
Dubious, test returned 1 (wstat 256, 0x100)
Failed 1/2 subtests
t/version.t ..... ok
Test Summary Report
-------------------
t/unique.t (Wstat: 256 Tests: 2 Failed: 1)
Failed test: 2
Non-zero exit status: 1
Files=5, Tests=18, 1 wallclock secs ( 0.20 usr 0.08 sys + 1.37 cusr 0.12 csys = 1.77 CPU)
Result: FAIL
Failed 1/5 test programs. 1/18 subtests failed.
Makefile:848: recipe for target 'test_dynamic' failed
make: *** [test_dynamic] Error 255
------------------------------
PREREQUISITES
------------------------------
Prerequisite modules loaded:
requires:
Module Need Have
------------------- ---- --------
Moose 0 2.2005
Test::More 0 1.302086
build_requires:
Module Need Have
------------------- ---- --------
Moose 0 2.2005
Readonly 0 2.05
Test::More 0 1.302086
configure_requires:
Module Need Have
------------------- ---- --------
ExtUtils::MakeMaker 0 7.10_02
------------------------------
ENVIRONMENT AND OTHER CONTEXT
------------------------------
Environment variables:
LANG = C
PATH = /usr/local/bin:/usr/bin:/bin:/usr/local/sbin:/usr/sbin:/sbin:/home/cpansand/bin/linux-gnu:/home/cpansand/bin/sh:/home/cpansand/bin:/usr/games:/home/cpansand/devel:/home/eserte/src/srezic-misc/scripts
PERL5LIB = /home/cpansand/.cpan/build/2017101512/Readonly-2.05-0k0TJd/blib/arch:/home/cpansand/.cpan/build/2017101512/Readonly-2.05-0k0TJd/blib/lib
PERL5OPT =
PERL5_CPANPLUS_IS_RUNNING = 3440
PERL5_CPAN_IS_RUNNING = 3440
PERL5_CPAN_IS_RUNNING_IN_RECURSION = 3413,3440
PERLDOC = -MPod::Perldoc::ToTextOverstrike
PERL_BATCH = yes
PERL_CANARY_STABILITY_NOPROMPT = 1
PERL_CPAN_REPORTER_CONFIG = /var/tmp/cpansmoker-1023/2017101512/cpanreporter_000_config.ini
PERL_EXTUTILS_AUTOINSTALL = --defaultdeps
SHELL = /usr/bin/zsh
TERM = screen
TMPDIR = /var/tmp/cpansmoker-1023/2017101512
Perl special variables (and OS-specific diagnostics, for MSWin32):
$^X = /opt/perl-5.24.1t/bin/perl
$UID/$EUID = 1023 / 1023
$GID = 1023 1023
$EGID = 1023 1023
Perl module toolchain versions installed:
Module Have
------------------- ----------
CPAN 2.11_01
CPAN::Meta 2.150005
Cwd 3.63_01
ExtUtils::CBuilder 0.280225
ExtUtils::Command 7.10_02
ExtUtils::Install 2.04
ExtUtils::MakeMaker 7.10_02
ExtUtils::Manifest 1.70
ExtUtils::ParseXS 3.31
File::Spec 3.63_01
JSON 2.94
JSON::PP 2.27300_01
Module::Build 0.4224
Module::Signature n/a
Parse::CPAN::Meta 1.4417_001
Test::Harness 3.36_01
Test::More 1.302086
YAML 1.23
YAML::Syck 1.30
version 0.9916
--
Summary of my perl5 (revision 5 version 24 subversion 1) configuration:
Platform:
osname=linux, osvers=4.9.0-3-amd64, archname=x86_64-linux-thread-multi
uname='linux debian9 4.9.0-3-amd64 #1 smp debian 4.9.30-2+deb9u1 (2017-06-18) x86_64 gnulinux '
config_args='-ds -e -Dprefix=/opt/perl-5.24.1t -Dusethreads -Dcf_email=srezic@cpan.org'
hint=recommended, useposix=true, d_sigaction=define
useithreads=define, usemultiplicity=define
use64bitint=define, use64bitall=define, uselongdouble=undef
usemymalloc=n, bincompat5005=undef
Compiler:
cc='cc', ccflags ='-D_REENTRANT -D_GNU_SOURCE -fwrapv -fno-strict-aliasing -pipe -fstack-protector-strong -I/usr/local/include -D_LARGEFILE_SOURCE -D_FILE_OFFSET_BITS=64',
optimize='-O2',
cppflags='-D_REENTRANT -D_GNU_SOURCE -fwrapv -fno-strict-aliasing -pipe -fstack-protector-strong -I/usr/local/include'
ccversion='', gccversion='6.3.0 20170516', gccosandvers=''
intsize=4, longsize=8, ptrsize=8, doublesize=8, byteorder=12345678, doublekind=3
d_longlong=define, longlongsize=8, d_longdbl=define, longdblsize=16, longdblkind=3
ivtype='long', ivsize=8, nvtype='double', nvsize=8, Off_t='off_t', lseeksize=8
alignbytes=8, prototype=define
Linker and Libraries:
ld='cc', ldflags =' -fstack-protector-strong -L/usr/local/lib'
libpth=/usr/local/lib /usr/lib/gcc/x86_64-linux-gnu/6/include-fixed /usr/include/x86_64-linux-gnu /usr/lib /lib/x86_64-linux-gnu /lib/../lib /usr/lib/x86_64-linux-gnu /usr/lib/../lib /lib
libs=-lpthread -lnsl -lgdbm -ldb -ldl -lm -lcrypt -lutil -lc -lgdbm_compat
perllibs=-lpthread -lnsl -ldl -lm -lcrypt -lutil -lc
libc=libc-2.24.so, so=so, useshrplib=false, libperl=libperl.a
gnulibc_version='2.24'
Dynamic Linking:
dlsrc=dl_dlopen.xs, dlext=so, d_dlsymun=undef, ccdlflags='-Wl,-E'
cccdlflags='-fPIC', lddlflags='-shared -O2 -L/usr/local/lib -fstack-protector-strong'
Characteristics of this binary (from libperl):
Compile-time options: HAS_TIMES MULTIPLICITY PERLIO_LAYERS
PERL_COPY_ON_WRITE PERL_DONT_CREATE_GVSV
PERL_HASH_FUNC_ONE_AT_A_TIME_HARD
PERL_IMPLICIT_CONTEXT PERL_MALLOC_WRAP
PERL_PRESERVE_IVUV USE_64_BIT_ALL USE_64_BIT_INT
USE_ITHREADS USE_LARGE_FILES USE_LOCALE
USE_LOCALE_COLLATE USE_LOCALE_CTYPE
USE_LOCALE_NUMERIC USE_LOCALE_TIME USE_PERLIO
USE_PERL_ATOF USE_REENTRANT_API
Locally applied patches:
Devel::PatchPerl 1.48
Built under linux
Compiled at Jun 25 2017 14:39:12
%ENV:
PERL5LIB="/home/cpansand/.cpan/build/2017101512/Readonly-2.05-0k0TJd/blib/arch:/home/cpansand/.cpan/build/2017101512/Readonly-2.05-0k0TJd/blib/lib"
PERL5OPT=""
PERL5_CPANPLUS_IS_RUNNING="3440"
PERL5_CPAN_IS_RUNNING="3440"
PERL5_CPAN_IS_RUNNING_IN_RECURSION="3413,3440"
PERLDOC="-MPod::Perldoc::ToTextOverstrike"
PERL_BATCH="yes"
PERL_CANARY_STABILITY_NOPROMPT="1"
PERL_CPAN_REPORTER_CONFIG="/var/tmp/cpansmoker-1023/2017101512/cpanreporter_000_config.ini"
PERL_EXTUTILS_AUTOINSTALL="--defaultdeps"
@INC:
/home/cpansand/.cpan/build/2017101512/Readonly-2.05-0k0TJd/blib/arch
/home/cpansand/.cpan/build/2017101512/Readonly-2.05-0k0TJd/blib/lib
/opt/perl-5.24.1t/lib/site_perl/5.24.1/x86_64-linux-thread-multi
/opt/perl-5.24.1t/lib/site_perl/5.24.1
/opt/perl-5.24.1t/lib/5.24.1/x86_64-linux-thread-multi
/opt/perl-5.24.1t/lib/5.24.1
.