HTTP-Async v0.33 Perl 5 v5.28.2 amd64-freebsd
- Status
- Fail
- From
- Slaven Rezić (SREZIC)
- Dist
-
HTTP-Async v0.33
- Platform
- Perl 5 v5.28.2 amd64-freebsd
- Date
- 2019-04-27 16:57:58
- ID
- 9bd7bbe2-690d-11e9-873a-f72f1f24ea8f
This distribution has been tested as part of the CPAN Testers
project, supporting the Perl programming language. See
http://wiki.cpantesters.org/ for more information or email
questions to cpan-testers-discuss@perl.org
--
Dear Alex Balhatchet,
This is a computer-generated report for HTTP-Async-0.33
on perl 5.28.2, created by CPAN-Reporter-1.2018.
Thank you for uploading your work to CPAN. However, there was a problem
testing your distribution.
If you think this report is invalid, please consult the CPAN Testers Wiki
for suggestions on how to avoid getting FAIL reports for missing library
or binary dependencies, unsupported operating systems, and so on:
http://wiki.cpantesters.org/wiki/CPANAuthorNotes
Sections of this report:
* Tester comments
* Program output
* Prerequisites
* Environment and other context
------------------------------
TESTER COMMENTS
------------------------------
Additional comments from tester:
none provided
------------------------------
PROGRAM OUTPUT
------------------------------
Output from '/usr/bin/make test':
PERL_DL_NONLAZY=1 "/usr/perl5.28.2p/bin/perl" "-MExtUtils::Command::MM" "-MTest::Harness" "-e" "undef *Test::Harness::Switches; test_harness(0, 'blib/lib', 'blib/arch')" t/*.t
t/bad-connections.t ....... ok
t/bad-headers.t ........... ok
t/bad-hosts.t ............. ok
t/cookies.t ............... ok
t/dead-connection.t ....... ok
t/headers.t ............... ok
t/invalid-options.t ....... ok
t/key_aliases.t ........... ok
t/local-addr.t ............ skipped: test requires Sys::HostIP to be installed
t/make-url-absolute.t ..... ok
t/not-modified.t .......... ok
t/peer-addr.t ............. ok
t/pod-coverage.t .......... ok
t/pod.t ................... ok
# Failed test 'Got correct total count'
# at t/polite.t line 44.
# got: '8'
# expected: '7'
# Looks like you failed 1 test of 14.
t/polite.t ................
Dubious, test returned 1 (wstat 256, 0x100)
Failed 1/14 subtests
t/poll-interval.t ......... ok
t/proxy-with-https.t ...... skipped: enable these tests by setting REAL_SERVERS
t/proxy.t ................. ok
t/real-servers.t .......... skipped: enable these tests by setting REAL_SERVERS
t/redirects.t ............. ok
t/release-cpan-changes.t .. skipped: install Test::CPAN::Changes to run this test
t/remove.t ................ ok
t/setup.t ................. ok
t/strip-host-from-uri.t ... ok
t/template.t .............. skipped: just a template to base other tests on
t/timeout.t ............... ok
Test Summary Report
-------------------
t/polite.t (Wstat: 256 Tests: 14 Failed: 1)
Failed test: 8
Non-zero exit status: 1
Files=26, Tests=193, 51 wallclock secs ( 0.13 usr 0.08 sys + 7.95 cusr 2.06 csys = 10.22 CPU)
Result: FAIL
Failed 1/26 test programs. 1/193 subtests failed.
*** Error code 255
Stop.
make: stopped in /usr/home/cpansand/.cpan/build/2019042714/HTTP-Async-0.33-2
------------------------------
PREREQUISITES
------------------------------
Prerequisite modules loaded:
requires:
Module Need Have
-------------------------- ----- --------
Carp 0 1.50
Data::Dumper 0 2.170
HTTP::Request 0 6.18
HTTP::Response 0 6.18
HTTP::Server::Simple::CGI 0 0
HTTP::Status 0 6.18
IO::Select 0 1.39
LWP::UserAgent 0 6.38
Net::EmptyPort 0 0
Net::HTTP 0 6.18
Net::HTTP::NB 0 6.18
Net::HTTPS::NB 0.13 0.15
perl 5.006 5.028002
Test::Fatal 0 0.014
Test::HTTP::Server::Simple 0 0.11
Test::More 0 1.302162
Time::HiRes 0 1.9759
URI 0 1.76
URI::Escape 0 3.31
build_requires:
Module Need Have
-------------------------- ----- --------
ExtUtils::MakeMaker 0 7.34
configure_requires:
Module Need Have
-------------------------- ----- --------
ExtUtils::MakeMaker 0 7.34
------------------------------
ENVIRONMENT AND OTHER CONTEXT
------------------------------
Environment variables:
PATH = /usr/local/bin:/usr/bin:/bin:/usr/local/sbin:/usr/sbin:/sbin:/home/cpansand/bin/freebsd13.0:/home/cpansand/bin/sh:/home/cpansand/bin:/usr/games:/home/cpansand/devel:/usr/home/eserte/src/srezic-misc/scripts
PERL5LIB = /home/cpansand/.cpan/build/2019042714/Test-HTTP-Server-Simple-0.11-2/blib/arch:/home/cpansand/.cpan/build/2019042714/Test-HTTP-Server-Simple-0.11-2/blib/lib:/home/cpansand/.cpan/build/2019042714/Net-HTTPS-NB-0.15-2/blib/arch:/home/cpansand/.cpan/build/2019042714/Net-HTTPS-NB-0.15-2/blib/lib
PERL5OPT =
PERL5_CPANPLUS_IS_RUNNING = 55271
PERL5_CPAN_IS_RUNNING = 55271
PERL5_CPAN_IS_RUNNING_IN_RECURSION = 20513,55271
PERLDOC = -MPod::Perldoc::ToTextOverstrike
PERL_BATCH = yes
PERL_CANARY_STABILITY_NOPROMPT = 1
PERL_CPAN_REPORTER_CONFIG = /var/tmp/cpansmoker-1023/2019042714/cpanreporter_001_config.ini
PERL_EXTUTILS_AUTOINSTALL = --defaultdeps
PERL_USE_UNSAFE_INC = 1
SHELL = /usr/local/bin/zsh
TERM = screen
TMPDIR = /var/tmp/cpansmoker-1023/2019042714
Perl special variables (and OS-specific diagnostics, for MSWin32):
$^X = /usr/perl5.28.2p/bin/perl
$UID/$EUID = 1023 / 1023
$GID = 1023 1023
$EGID = 1023 1023
Perl module toolchain versions installed:
Module Have
------------------- --------
CPAN 2.20
CPAN::Meta 2.150010
Cwd 3.74
ExtUtils::CBuilder 0.280231
ExtUtils::Command 7.34
ExtUtils::Install 2.14
ExtUtils::MakeMaker 7.34
ExtUtils::Manifest 1.70
ExtUtils::ParseXS 3.39
File::Spec 3.74
JSON 4.02
JSON::PP 2.97001
Module::Build 0.4229
Module::Signature n/a
Parse::CPAN::Meta 2.150010
Test::Harness 3.42
Test::More 1.302162
YAML 1.27
YAML::Syck 1.31
version 0.9923
--
Summary of my perl5 (revision 5 version 28 subversion 2) configuration:
Platform:
osname=freebsd
osvers=13.0-current
archname=amd64-freebsd
uname='freebsd cloud2.bbbike.org 13.0-current freebsd 13.0-current 9454609db31(master) generic-nodebug amd64 '
config_args='-ds -e -Dprefix=/usr/perl5.28.2p -Dcf_email=srezic@cpan.org -Dnoextensions=GDBM_File -Doptimize=-O2 -pipe'
hint=recommended
useposix=true
d_sigaction=define
useithreads=undef
usemultiplicity=undef
use64bitint=define
use64bitall=define
uselongdouble=undef
usemymalloc=n
default_inc_excludes_dot=define
bincompat5005=undef
Compiler:
cc='cc'
ccflags ='-DHAS_FPSETMASK -DHAS_FLOATINGPOINT_H -fno-strict-aliasing -pipe -fstack-protector-strong -I/usr/local/include -D_FORTIFY_SOURCE=2'
optimize='-O2 -pipe'
cppflags='-DHAS_FPSETMASK -DHAS_FLOATINGPOINT_H -fno-strict-aliasing -pipe -fstack-protector-strong -I/usr/local/include'
ccversion=''
gccversion='4.2.1 Compatible FreeBSD Clang 8.0.0 (tags/RELEASE_800/final 356365)'
gccosandvers=''
intsize=4
longsize=8
ptrsize=8
doublesize=8
byteorder=12345678
doublekind=3
d_longlong=define
longlongsize=8
d_longdbl=define
longdblsize=16
longdblkind=3
ivtype='long'
ivsize=8
nvtype='double'
nvsize=8
Off_t='off_t'
lseeksize=8
alignbytes=8
prototype=define
Linker and Libraries:
ld='cc'
ldflags ='-pthread -Wl,-E -fstack-protector-strong -L/usr/local/lib'
libpth=/usr/lib /usr/local/lib /usr/lib/clang/8.0.0/lib /usr/lib
libs=-lpthread -lgdbm -ldl -lm -lcrypt -lutil -lc
perllibs=-lpthread -ldl -lm -lcrypt -lutil -lc
libc=
so=so
useshrplib=false
libperl=libperl.a
gnulibc_version=''
Dynamic Linking:
dlsrc=dl_dlopen.xs
dlext=so
d_dlsymun=undef
ccdlflags=' '
cccdlflags='-DPIC -fPIC'
lddlflags='-shared -L/usr/local/lib -fstack-protector-strong'
Characteristics of this binary (from libperl):
Compile-time options:
HAS_TIMES
PERLIO_LAYERS
PERL_COPY_ON_WRITE
PERL_DONT_CREATE_GVSV
PERL_MALLOC_WRAP
PERL_OP_PARENT
PERL_PRESERVE_IVUV
USE_64_BIT_ALL
USE_64_BIT_INT
USE_LARGE_FILES
USE_LOCALE
USE_LOCALE_COLLATE
USE_LOCALE_CTYPE
USE_LOCALE_NUMERIC
USE_LOCALE_TIME
USE_PERLIO
USE_PERL_ATOF
Built under freebsd
Compiled at Apr 20 2019 05:44:54
%ENV:
PERL5LIB="/home/cpansand/.cpan/build/2019042714/Test-HTTP-Server-Simple-0.11-2/blib/arch:/home/cpansand/.cpan/build/2019042714/Test-HTTP-Server-Simple-0.11-2/blib/lib:/home/cpansand/.cpan/build/2019042714/Net-HTTPS-NB-0.15-2/blib/arch:/home/cpansand/.cpan/build/2019042714/Net-HTTPS-NB-0.15-2/blib/lib"
PERL5OPT=""
PERL5_CPANPLUS_IS_RUNNING="55271"
PERL5_CPAN_IS_RUNNING="55271"
PERL5_CPAN_IS_RUNNING_IN_RECURSION="20513,55271"
PERLDOC="-MPod::Perldoc::ToTextOverstrike"
PERL_BATCH="yes"
PERL_CANARY_STABILITY_NOPROMPT="1"
PERL_CPAN_REPORTER_CONFIG="/var/tmp/cpansmoker-1023/2019042714/cpanreporter_001_config.ini"
PERL_EXTUTILS_AUTOINSTALL="--defaultdeps"
PERL_USE_UNSAFE_INC="1"
@INC:
/home/cpansand/.cpan/build/2019042714/Test-HTTP-Server-Simple-0.11-2/blib/arch
/home/cpansand/.cpan/build/2019042714/Test-HTTP-Server-Simple-0.11-2/blib/lib
/home/cpansand/.cpan/build/2019042714/Net-HTTPS-NB-0.15-2/blib/arch
/home/cpansand/.cpan/build/2019042714/Net-HTTPS-NB-0.15-2/blib/lib
/usr/perl5.28.2p/lib/site_perl/5.28.2/amd64-freebsd
/usr/perl5.28.2p/lib/site_perl/5.28.2
/usr/perl5.28.2p/lib/5.28.2/amd64-freebsd
/usr/perl5.28.2p/lib/5.28.2
.