Back
From: metabase:user:3198cbe2-2aae-11df-837a-5e0a49663a4f
Subject: FAIL Unicode-Digits-20090607 v5.14.2 GNU/Linux
Date: 2012-12-01T17:50:35Z
This distribution has been tested as part of the CPAN Testers
project, supporting the Perl programming language. See
http://wiki.cpantesters.org/ for more information or email
questions to cpan-testers-discuss@perl.org
--
Dear Chas. J. Owens IV,
This is a computer-generated report for Unicode-Digits-20090607
on perl 5.14.2, created by CPAN-Reporter-1.2006.
Thank you for uploading your work to CPAN. However, there was a problem
testing your distribution.
If you think this report is invalid, please consult the CPAN Testers Wiki
for suggestions on how to avoid getting FAIL reports for missing library
or binary dependencies, unsupported operating systems, and so on:
http://wiki.cpantesters.org/wiki/CPANAuthorNotes
Sections of this report:
* Tester comments
* Program output
* Prerequisites
* Environment and other context
------------------------------
TESTER COMMENTS
------------------------------
Additional comments from tester:
this report is from an automated smoke testing program
and was not reviewed by a human for accuracy
------------------------------
PROGRAM OUTPUT
------------------------------
Output from './Build test':
# Testing Unicode::Digits 20090607, Perl 5.014002, /home/graham/perls/perl-5.14.2-thread/bin/perl
t/00-load.t ........... ok
# Failed test at t/01-digits_to_int.t line 12.
# got: 'string '4á ' contains digits from different ranges at t/01-digits_to_int.t line 30.
# '
# expected: 'string '4á ' contains digits from different ranges at t/01-digits_to_int.t line 30
# '
# Failed test at t/01-digits_to_int.t line 12.
# got: 'string 'a is Û´Û²' contains non-digit characters at t/01-digits_to_int.t line 31.
# '
# expected: 'string 'a is Û´Û²' contains non-digit characters at t/01-digits_to_int.t line 31
# '
# Failed test at t/01-digits_to_int.t line 12.
# got: 'string '4á ' contains digits from different ranges at t/01-digits_to_int.t line 35.
# '
# expected: 'string '4á ' contains digits from different ranges at t/01-digits_to_int.t line 35
# '
# Failed test at t/01-digits_to_int.t line 37.
# got: 'string 'a is Û´Û²' contains non-digit characters at t/01-digits_to_int.t line 36.
# '
# expected: 'string 'a is Û´Û²' contains non-digit characters at t/01-digits_to_int.t line 36
# '
# Failed test at t/01-digits_to_int.t line 12.
# got: 'Wide character in print at /home/graham/perls/perl-5.14.2-thread/lib/5.14.2/Test/Builder.pm line 1759.
# '
# expected: ''
# Failed test at t/01-digits_to_int.t line 42.
# got: 'string '4á ' contains digits from different ranges at t/01-digits_to_int.t line 41.
# '
# expected: 'string '4á ' contains digits from different ranges at t/01-digits_to_int.t line 41
# '
# Failed test at t/01-digits_to_int.t line 44.
# got: 'string 'a is Û´Û²' contains non-digit characters at t/01-digits_to_int.t line 43.
# '
# expected: 'string 'a is Û´Û²' contains non-digit characters at t/01-digits_to_int.t line 43
# '
# Looks like you failed 7 tests of 37.
t/01-digits_to_int.t ..
Dubious, test returned 7 (wstat 1792, 0x700)
Failed 7/37 subtests
t/boilerplate.t ....... ok
t/pod-coverage.t ...... ok
t/pod.t ............... ok
Test Summary Report
-------------------
t/01-digits_to_int.t (Wstat: 1792 Tests: 37 Failed: 7)
Failed tests: 22, 24, 30-31, 33, 36-37
Non-zero exit status: 7
Files=5, Tests=43, 1 wallclock secs ( 0.05 usr 0.01 sys + 0.47 cusr 0.05 csys = 0.58 CPU)
Result: FAIL
Failed 1/5 test programs. 7/43 subtests failed.
------------------------------
PREREQUISITES
------------------------------
Prerequisite modules loaded:
build_requires:
Module Need Have
------------ ---- ----
Carp 0 1.26
Exporter 0 5.67
strict 0 1.04
Test::More 0 0.98
Unicode::UCD 0 0.32
warnings 0 1.12
------------------------------
ENVIRONMENT AND OTHER CONTEXT
------------------------------
Environment variables:
AUTOMATED_TESTING = 1
LANG = C
PATH = /home/graham/perls/perl-5.14.2-thread/bin:/home/graham/perls/perl-5.14.2-thread/bin:/usr/local/bin:/usr/bin:/bin:/usr/local/sbin:/usr/sbin:/sbin:/usr/bin/core_perl
PERL5LIB =
PERL5OPT =
PERL5_CPANPLUS_IS_RUNNING = 15785
PERL5_CPAN_IS_RUNNING = 15785
PERL5_CPAN_IS_RUNNING_IN_RECURSION = 12888,15785
PERL_CR_SMOKER_CURRENT = Unicode-Digits-20090607
PERL_EXTUTILS_AUTOINSTALL = --defaultdeps
PERL_MM_USE_DEFAULT = 1
SHELL = /bin/bash
TERM = xterm
Perl special variables (and OS-specific diagnostics, for MSWin32):
$^X = /home/graham/perls/perl-5.14.2-thread/bin/perl
$UID/$EUID = 1000 / 1000
$GID = 100 100
$EGID = 100 100
Perl module toolchain versions installed:
Module Have
------------------- --------
CPAN 1.9800
CPAN::Meta 2.120351
Cwd 3.33
ExtUtils::CBuilder 0.280205
ExtUtils::Command 1.17
ExtUtils::Install 1.56
ExtUtils::MakeMaker 6.62
ExtUtils::Manifest 1.61
ExtUtils::ParseXS 3.18
File::Spec 3.33
JSON 2.53
JSON::PP 2.27008
Module::Build 0.4003
Module::Signature 0.70
Parse::CPAN::Meta 1.4404
Test::Harness 3.23
Test::More 0.98
YAML 0.73
YAML::Syck 1.21
version 0.9901
--
Summary of my perl5 (revision 5 version 14 subversion 2) configuration:
Platform:
osname=linux, osvers=3.5.6-1-arch, archname=x86_64-linux-thread-multi
uname='linux grosics 3.5.6-1-arch #1 smp preempt sun oct 7 19:30:49 cest 2012 x86_64 gnulinux '
config_args='-Dusethreads -Dprefix=/home/graham/perls/perl-5.14.2-thread'
hint=recommended, useposix=true, d_sigaction=define
useithreads=define, usemultiplicity=define
useperlio=define, d_sfio=undef, uselargefiles=define, usesocks=undef
use64bitint=define, use64bitall=define, uselongdouble=undef
usemymalloc=n, bincompat5005=undef
Compiler:
cc='cc', ccflags ='-D_REENTRANT -D_GNU_SOURCE -fno-strict-aliasing -pipe -fstack-protector -I/usr/local/include -D_LARGEFILE_SOURCE -D_FILE_OFFSET_BITS=64',
optimize='-O2',
cppflags='-D_REENTRANT -D_GNU_SOURCE -fno-strict-aliasing -pipe -fstack-protector -I/usr/local/include'
ccversion='', gccversion='4.7.2', gccosandvers=''
intsize=4, longsize=8, ptrsize=8, doublesize=8, byteorder=12345678
d_longlong=define, longlongsize=8, d_longdbl=define, longdblsize=16
ivtype='long', ivsize=8, nvtype='double', nvsize=8, Off_t='off_t', lseeksize=8
alignbytes=8, prototype=define
Linker and Libraries:
ld='cc', ldflags =' -fstack-protector -L/usr/local/lib'
libpth=/usr/local/lib /lib/../lib /usr/lib/../lib /lib /usr/lib
libs=-lnsl -lgdbm -ldb -ldl -lm -lcrypt -lutil -lpthread -lc -lgdbm_compat
perllibs=-lnsl -ldl -lm -lcrypt -lutil -lpthread -lc
libc=/lib/libc-2.16.so, so=so, useshrplib=false, libperl=libperl.a
gnulibc_version='2.16'
Dynamic Linking:
dlsrc=dl_dlopen.xs, dlext=so, d_dlsymun=undef, ccdlflags='-Wl,-E'
cccdlflags='-fPIC', lddlflags='-shared -O2 -L/usr/local/lib -fstack-protector'
Characteristics of this binary (from libperl):
Compile-time options: MULTIPLICITY PERL_DONT_CREATE_GVSV
PERL_IMPLICIT_CONTEXT PERL_MALLOC_WRAP
PERL_PRESERVE_IVUV USE_64_BIT_ALL USE_64_BIT_INT
USE_ITHREADS USE_LARGE_FILES USE_PERLIO USE_PERL_ATOF
USE_REENTRANT_API
Built under linux
Compiled at Oct 13 2012 14:36:03
%ENV:
PERL5LIB=""
PERL5OPT=""
PERL5_CPANPLUS_IS_RUNNING="15785"
PERL5_CPAN_IS_RUNNING="15785"
PERL5_CPAN_IS_RUNNING_IN_RECURSION="12888,15785"
PERL_CR_SMOKER_CURRENT="Unicode-Digits-20090607"
PERL_EXTUTILS_AUTOINSTALL="--defaultdeps"
PERL_MM_USE_DEFAULT="1"
@INC:
/home/graham/perls/perl-5.14.2-thread/lib/site_perl/5.14.2/x86_64-linux-thread-multi
/home/graham/perls/perl-5.14.2-thread/lib/site_perl/5.14.2
/home/graham/perls/perl-5.14.2-thread/lib/5.14.2/x86_64-linux-thread-multi
/home/graham/perls/perl-5.14.2-thread/lib/5.14.2
.