Bio-VertRes-Config v1.133090 Perl 5 v5.14.4 amd64-freebsd

Status
Fail
From
Slaven Rezić (SREZIC)
Dist
Bio-VertRes-Config v1.133090
Platform
Perl 5 v5.14.4 amd64-freebsd
Date
2019-11-06 21:22:58
ID
9aedc33c-00db-11ea-a7f3-784d1f24ea8f
This distribution has been tested as part of the CPAN Testers
project, supporting the Perl programming language.  See
http://wiki.cpantesters.org/ for more information or email
questions to cpan-testers-discuss@perl.org


--
Dear Andrew Page,

This is a computer-generated report for Bio-VertRes-Config-1.133090
on perl 5.14.4, created by CPAN-Reporter-1.2018.

Thank you for uploading your work to CPAN.  However, there was a problem
testing your distribution.

If you think this report is invalid, please consult the CPAN Testers Wiki
for suggestions on how to avoid getting FAIL reports for missing library
or binary dependencies, unsupported operating systems, and so on:

http://wiki.cpantesters.org/wiki/CPANAuthorNotes

Sections of this report:

    * Tester comments
    * Program output
    * Prerequisites
    * Environment and other context

------------------------------
TESTER COMMENTS
------------------------------

Additional comments from tester:

none provided

------------------------------
PROGRAM OUTPUT
------------------------------

Output from '/usr/bin/make test':

PERL_DL_NONLAZY=1 "/usr/perl5.14.4/bin/perl" "-MExtUtils::Command::MM" "-MTest::Harness" "-e" "undef *Test::Harness::Switches; test_harness(0, 'blib/lib', 'blib/arch')" t/Bio/VertRes/Config/*.t t/Bio/VertRes/Config/CommandLine/*.t t/Bio/VertRes/Config/Pipelines/*.t t/Bio/VertRes/Config/Recipes/*.t t/bin/*.t
t/bin/bacteria_assembly_and_annotation.t ........................... ok
t/bin/bacteria_assembly_single_cell.t .............................. ok
t/bin/bacteria_mapping.t ........................................... ok
t/bin/bacteria_register_and_qc_study.t ............................. ok
t/bin/bacteria_rna_seq_expression.t ................................ ok
t/bin/bacteria_snp_calling.t ....................................... ok
t/bin/eukaryote_assembly.t ......................................... ok
t/bin/eukaryote_mapping.t .......................................... ok
t/bin/eukaryote_register_and_qc_study.t ............................ ok
t/bin/eukaryote_rna_seq_expression.t ............................... ok
t/bin/eukaryote_snp_calling.t ...................................... ok
t/bin/helminth_mapping.t ........................................... ok
t/bin/helminth_register_and_qc_study.t ............................. ok
t/bin/helminth_rna_seq_expression.t ................................ ok
t/bin/helminth_snp_calling.t ....................................... ok

#   Failed test 'log file has been created for bacteria_assembly_and_annotation'
#   at t/bin/log_parameters.t line 23.
readline() on closed filehandle $fh at t/bin/log_parameters.t line 25.

#   Failed test 'correct format of log file'
#   at t/bin/log_parameters.t line 25.

#   Failed test 'log file has been created for bacteria_assembly_single_cell'
#   at t/bin/log_parameters.t line 23.
readline() on closed filehandle $fh at t/bin/log_parameters.t line 25.

#   Failed test 'correct format of log file'
#   at t/bin/log_parameters.t line 25.

#   Failed test 'log file has been created for bacteria_mapping'
#   at t/bin/log_parameters.t line 23.
readline() on closed filehandle $fh at t/bin/log_parameters.t line 25.

#   Failed test 'correct format of log file'
#   at t/bin/log_parameters.t line 25.

#   Failed test 'log file has been created for bacteria_register_and_qc_study'
#   at t/bin/log_parameters.t line 23.
readline() on closed filehandle $fh at t/bin/log_parameters.t line 25.

#   Failed test 'correct format of log file'
#   at t/bin/log_parameters.t line 25.

#   Failed test 'log file has been created for bacteria_rna_seq_expression'
#   at t/bin/log_parameters.t line 23.
readline() on closed filehandle $fh at t/bin/log_parameters.t line 25.

#   Failed test 'correct format of log file'
#   at t/bin/log_parameters.t line 25.

#   Failed test 'log file has been created for bacteria_snp_calling'
#   at t/bin/log_parameters.t line 23.
readline() on closed filehandle $fh at t/bin/log_parameters.t line 25.

#   Failed test 'correct format of log file'
#   at t/bin/log_parameters.t line 25.

#   Failed test 'log file has been created for eukaryote_assembly'
#   at t/bin/log_parameters.t line 23.
readline() on closed filehandle $fh at t/bin/log_parameters.t line 25.

#   Failed test 'correct format of log file'
#   at t/bin/log_parameters.t line 25.

#   Failed test 'log file has been created for eukaryote_mapping'
#   at t/bin/log_parameters.t line 23.
readline() on closed filehandle $fh at t/bin/log_parameters.t line 25.

#   Failed test 'correct format of log file'
#   at t/bin/log_parameters.t line 25.

#   Failed test 'log file has been created for eukaryote_register_and_qc_study'
#   at t/bin/log_parameters.t line 23.
readline() on closed filehandle $fh at t/bin/log_parameters.t line 25.

#   Failed test 'correct format of log file'
#   at t/bin/log_parameters.t line 25.

#   Failed test 'log file has been created for eukaryote_rna_seq_expression'
#   at t/bin/log_parameters.t line 23.
readline() on closed filehandle $fh at t/bin/log_parameters.t line 25.

#   Failed test 'correct format of log file'
#   at t/bin/log_parameters.t line 25.

#   Failed test 'log file has been created for eukaryote_snp_calling'
#   at t/bin/log_parameters.t line 23.
readline() on closed filehandle $fh at t/bin/log_parameters.t line 25.

#   Failed test 'correct format of log file'
#   at t/bin/log_parameters.t line 25.

#   Failed test 'log file has been created for helminth_mapping'
#   at t/bin/log_parameters.t line 23.
readline() on closed filehandle $fh at t/bin/log_parameters.t line 25.

#   Failed test 'correct format of log file'
#   at t/bin/log_parameters.t line 25.

#   Failed test 'log file has been created for helminth_register_and_qc_study'
#   at t/bin/log_parameters.t line 23.
readline() on closed filehandle $fh at t/bin/log_parameters.t line 25.

#   Failed test 'correct format of log file'
#   at t/bin/log_parameters.t line 25.

#   Failed test 'log file has been created for helminth_snp_calling'
#   at t/bin/log_parameters.t line 23.
readline() on closed filehandle $fh at t/bin/log_parameters.t line 25.

#   Failed test 'correct format of log file'
#   at t/bin/log_parameters.t line 25.

#   Failed test 'log file has been created for helminth_rna_seq_expression'
#   at t/bin/log_parameters.t line 23.
readline() on closed filehandle $fh at t/bin/log_parameters.t line 25.

#   Failed test 'correct format of log file'
#   at t/bin/log_parameters.t line 25.

#   Failed test 'log file has been created for setup_global_configs'
#   at t/bin/log_parameters.t line 23.
readline() on closed filehandle $fh at t/bin/log_parameters.t line 25.

#   Failed test 'correct format of log file'
#   at t/bin/log_parameters.t line 25.

#   Failed test 'log file has been created for virus_assembly_and_annotation'
#   at t/bin/log_parameters.t line 23.
readline() on closed filehandle $fh at t/bin/log_parameters.t line 25.

#   Failed test 'correct format of log file'
#   at t/bin/log_parameters.t line 25.

#   Failed test 'log file has been created for virus_mapping'
#   at t/bin/log_parameters.t line 23.
readline() on closed filehandle $fh at t/bin/log_parameters.t line 25.

#   Failed test 'correct format of log file'
#   at t/bin/log_parameters.t line 25.

#   Failed test 'log file has been created for virus_register_and_qc_study'
#   at t/bin/log_parameters.t line 23.
readline() on closed filehandle $fh at t/bin/log_parameters.t line 25.

#   Failed test 'correct format of log file'
#   at t/bin/log_parameters.t line 25.

#   Failed test 'log file has been created for virus_rna_seq_expression'
#   at t/bin/log_parameters.t line 23.
readline() on closed filehandle $fh at t/bin/log_parameters.t line 25.

#   Failed test 'correct format of log file'
#   at t/bin/log_parameters.t line 25.

#   Failed test 'log file has been created for virus_snp_calling'
#   at t/bin/log_parameters.t line 23.
readline() on closed filehandle $fh at t/bin/log_parameters.t line 25.

#   Failed test 'correct format of log file'
#   at t/bin/log_parameters.t line 25.
# Looks like you failed 42 tests of 42.
t/bin/log_parameters.t ............................................. 
Dubious, test returned 42 (wstat 10752, 0x2a00)
Failed 42/42 subtests 

#   Failed test 'files created as expected for ./bin/setup_global_configs -d pathogen_euk_track -c /var/tmp/cpansmoker-1023/2019110621/4P_UbeDYzV -l t/data/refs.index'
#   at t/lib/TestHelper.pm line 25.
#     Structures begin differing at:
#          $got->[0] = Does not exist
#     $expected->[0] = 'command_line.log'

#   Failed test 'files created as expected for ./bin/setup_global_configs -d some_other_db_name -c /var/tmp/cpansmoker-1023/2019110621/RY4UJxmjAI -l t/data/refs.index'
#   at t/lib/TestHelper.pm line 25.
#     Structures begin differing at:
#          $got->[0] = Does not exist
#     $expected->[0] = 'command_line.log'
# Looks like you failed 2 tests of 2.
t/bin/setup_global_configs.t ....................................... 
Dubious, test returned 2 (wstat 512, 0x200)
Failed 2/2 subtests 
t/bin/virus_assembly_and_annotation.t .............................. ok
t/bin/virus_mapping.t .............................................. ok
t/bin/virus_register_and_qc_study.t ................................ ok
t/bin/virus_rna_seq_expression.t ................................... ok
t/bin/virus_snp_calling.t .......................................... ok
t/Bio/VertRes/Config/CommandLine/Common.t .......................... ok
t/Bio/VertRes/Config/CommandLine/ConstructLimits.t ................. ok
t/Bio/VertRes/Config/CommandLine/LogParameters.t ................... ok
t/Bio/VertRes/Config/CommandLine/StudyNameSearch.t ................. ok
t/Bio/VertRes/Config/MultipleTopLevelFiles.t ....................... ok
t/Bio/VertRes/Config/Pipelines/AnnotateAssembly.t .................. ok
t/Bio/VertRes/Config/Pipelines/Assembly.t .......................... ok
t/Bio/VertRes/Config/Pipelines/BamImprovement.t .................... ok
t/Bio/VertRes/Config/Pipelines/Bowtie2Mapping.t .................... ok
t/Bio/VertRes/Config/Pipelines/BwaMapping.t ........................ ok
t/Bio/VertRes/Config/Pipelines/Common.t ............................ ok
t/Bio/VertRes/Config/Pipelines/Import.t ............................ ok
t/Bio/VertRes/Config/Pipelines/Mapping.t ........................... ok
t/Bio/VertRes/Config/Pipelines/QC.t ................................ ok
t/Bio/VertRes/Config/Pipelines/RnaSeqExpression.t .................. ok
t/Bio/VertRes/Config/Pipelines/SmaltMapping.t ...................... ok
t/Bio/VertRes/Config/Pipelines/SnpCalling.t ........................ ok
t/Bio/VertRes/Config/Pipelines/SpadesAssembly.t .................... ok
t/Bio/VertRes/Config/Pipelines/Ssaha2Mapping.t ..................... ok
t/Bio/VertRes/Config/Pipelines/StampyMapping.t ..................... ok
t/Bio/VertRes/Config/Pipelines/Store.t ............................. ok
t/Bio/VertRes/Config/Pipelines/Tradis.t ............................ ok
t/Bio/VertRes/Config/Pipelines/VelvetAssembly.t .................... ok
t/Bio/VertRes/Config/Recipes/BacteriaAssemblyAndAnnotation.t ....... ok
t/Bio/VertRes/Config/Recipes/BacteriaAssemblySingleCell.t .......... ok
t/Bio/VertRes/Config/Recipes/BacteriaRegisterAndQCStudy.t .......... ok
t/Bio/VertRes/Config/Recipes/BacteriaRnaSeqExpressionUsingBwa.t .... ok
t/Bio/VertRes/Config/Recipes/BacteriaRnaSeqExpressionUsingSmalt.t .. ok
t/Bio/VertRes/Config/Recipes/BacteriaSnpCallingUsingBwa.t .......... ok
t/Bio/VertRes/Config/Recipes/BacteriaSnpCallingUsingSmalt.t ........ ok
t/Bio/VertRes/Config/Recipes/EukaryotesAssembly.t .................. ok
t/Bio/VertRes/Config/Recipes/EukaryotesMappingUsingBwa.t ........... ok
t/Bio/VertRes/Config/Recipes/EukaryotesMappingUsingSmalt.t ......... ok
t/Bio/VertRes/Config/Recipes/EukaryotesMappingUsingSsaha2.t ........ ok
t/Bio/VertRes/Config/Recipes/EukaryotesMappingUsingStampy.t ........ ok
t/Bio/VertRes/Config/Recipes/EukaryotesRegisterAndQCStudy.t ........ ok
t/Bio/VertRes/Config/Recipes/EukaryotesRnaSeqExpression.t .......... ok
t/Bio/VertRes/Config/Recipes/EukaryotesSnpCallingUsingBwa.t ........ ok
t/Bio/VertRes/Config/Recipes/EukaryotesSnpCallingUsingSmalt.t ...... ok
t/Bio/VertRes/Config/Recipes/EukaryotesSnpCallingUsingSsaha2.t ..... ok
t/Bio/VertRes/Config/Recipes/EukaryotesSnpCallingUsingStampy.t ..... ok
t/Bio/VertRes/Config/Recipes/Global.t .............................. ok
t/Bio/VertRes/Config/Recipes/HelminthRegisterAndQCStudy.t .......... ok
t/Bio/VertRes/Config/Recipes/VirusAssemblyAndAnnotation.t .......... ok
t/Bio/VertRes/Config/Recipes/VirusRegisterAndQCStudy.t ............. ok
t/Bio/VertRes/Config/References.t .................................. ok
t/Bio/VertRes/Config/RegisterStudy.t ............................... ok
t/Bio/VertRes/Config/TopLevel.t .................................... ok

Test Summary Report
-------------------
t/bin/log_parameters.t                                           (Wstat: 10752 Tests: 42 Failed: 42)
  Failed tests:  1-42
  Non-zero exit status: 42
t/bin/setup_global_configs.t                                     (Wstat: 512 Tests: 2 Failed: 2)
  Failed tests:  1-2
  Non-zero exit status: 2
Files=70, Tests=802, 31 wallclock secs ( 0.05 usr  0.39 sys + 26.77 cusr  2.18 csys = 29.39 CPU)
Result: FAIL
Failed 2/70 test programs. 44/802 subtests failed.
*** [test_dynamic] Error code 255

Stop in /usr/home/cpansand/.cpan/build/2019110621/Bio-VertRes-Config-1.133090-3.

------------------------------
PREREQUISITES
------------------------------

Prerequisite modules loaded:

requires:

    Module                       Need Have   
    ---------------------------- ---- -------
    Data::Dumper                 0    2.173  
    DBI                          0    1.641  
    Exception::Class             0    1.44   
    File::Basename               0    2.82   
    File::Path                   0    2.15   
    File::Slurp                  0    9999.27
    Getopt::Long                 0    2.5    
    Moose                        0    2.2011 
    Moose::Role                  0    2.2011 
    Moose::Util::TypeConstraints 0    2.2011 

build_requires:

    Module                       Need Have   
    ---------------------------- ---- -------
    File::Find                   0    1.19   
    File::Temp                   0    0.2309 
    strict                       0    1.04   
    Test::Most                   0    0.35   
    warnings                     0    1.12   

configure_requires:

    Module                       Need Have   
    ---------------------------- ---- -------
    ExtUtils::MakeMaker          6.30 7.36   


------------------------------
ENVIRONMENT AND OTHER CONTEXT
------------------------------

Environment variables:

    LC_ALL = de_DE.ISO8859-1
    PATH = /usr/local/bin:/usr/bin:/bin:/usr/local/sbin:/usr/sbin:/sbin:/home/cpansand/bin/freebsd9.3:/home/cpansand/bin/sh:/home/cpansand/bin:/usr/games:/home/cpansand/devel:/usr/home/eserte/src/srezic-misc/scripts
    PERL5LIB = 
    PERL5OPT = 
    PERL5_CPANPLUS_IS_RUNNING = 75892
    PERL5_CPAN_IS_RUNNING = 75892
    PERL5_CPAN_IS_RUNNING_IN_RECURSION = 66051,75892
    PERLDOC = -MPod::Perldoc::ToTextOverstrike
    PERL_BATCH = yes
    PERL_CANARY_STABILITY_NOPROMPT = 1
    PERL_CPAN_REPORTER_CONFIG = /var/tmp/cpansmoker-1023/2019110621/cpanreporter_000_config.ini
    PERL_EXTUTILS_AUTOINSTALL = --defaultdeps
    PERL_USE_UNSAFE_INC = 1
    SHELL = /usr/local/bin/zsh
    TERM = screen
    TMPDIR = /var/tmp/cpansmoker-1023/2019110621

Perl special variables (and OS-specific diagnostics, for MSWin32):

    $^X = /usr/perl5.14.4/bin/perl
    $UID/$EUID = 1023 / 1023
    $GID = 1023 1023
    $EGID = 1023 1023

Perl module toolchain versions installed:

    Module              Have    
    ------------------- --------
    CPAN                2.27    
    CPAN::Meta          2.150010
    Cwd                 3.75    
    ExtUtils::CBuilder  0.280231
    ExtUtils::Command   7.36    
    ExtUtils::Install   2.14    
    ExtUtils::MakeMaker 7.36    
    ExtUtils::Manifest  1.72    
    ExtUtils::ParseXS   3.35    
    File::Spec          3.75    
    JSON                4.02    
    JSON::PP            4.04    
    Module::Build       0.4229  
    Module::Signature   0.83    
    Parse::CPAN::Meta   2.150010
    Test::Harness       3.42    
    Test::More          1.302167
    YAML                1.29    
    YAML::Syck          1.31    
    version             0.9924  


--

Summary of my perl5 (revision 5 version 14 subversion 4) configuration:
   
  Platform:
    osname=freebsd, osvers=9.2-release-p4, archname=amd64-freebsd
    uname='freebsd cvrsnica-freebsd-92 9.2-release-p4 freebsd 9.2-release-p4 #0: tue apr 8 18:08:22 utc 2014 root@amd64-builder.daemonology.net:usrobjusrsrcsysgeneric amd64 '
    config_args='-ds -e -Dprefix=/usr/perl5.14.4'
    hint=recommended, useposix=true, d_sigaction=define
    useithreads=undef, usemultiplicity=undef
    useperlio=define, d_sfio=undef, uselargefiles=define, usesocks=undef
    use64bitint=define, use64bitall=define, uselongdouble=undef
    usemymalloc=n, bincompat5005=undef
  Compiler:
    cc='cc', ccflags ='-DHAS_FPSETMASK -DHAS_FLOATINGPOINT_H -fno-strict-aliasing -pipe -fstack-protector -I/usr/local/include',
    optimize='-O',
    cppflags='-DHAS_FPSETMASK -DHAS_FLOATINGPOINT_H -fno-strict-aliasing -pipe -fstack-protector -I/usr/local/include'
    ccversion='', gccversion='4.2.1 20070831 patched [FreeBSD]', gccosandvers=''
    intsize=4, longsize=8, ptrsize=8, doublesize=8, byteorder=12345678
    d_longlong=define, longlongsize=8, d_longdbl=define, longdblsize=16
    ivtype='long', ivsize=8, nvtype='double', nvsize=8, Off_t='off_t', lseeksize=8
    alignbytes=8, prototype=define
  Linker and Libraries:
    ld='cc', ldflags ='-Wl,-E  -fstack-protector -L/usr/local/lib'
    libpth=/usr/lib /usr/local/lib
    libs=-lgdbm -lm -lcrypt -lutil -lc
    perllibs=-lm -lcrypt -lutil -lc
    libc=, so=so, useshrplib=false, libperl=libperl.a
    gnulibc_version=''
  Dynamic Linking:
    dlsrc=dl_dlopen.xs, dlext=so, d_dlsymun=undef, ccdlflags=' '
    cccdlflags='-DPIC -fPIC', lddlflags='-shared  -L/usr/local/lib -fstack-protector'


Characteristics of this binary (from libperl): 
  Compile-time options: PERL_DONT_CREATE_GVSV PERL_MALLOC_WRAP
                        PERL_PRESERVE_IVUV USE_64_BIT_ALL USE_64_BIT_INT
                        USE_LARGE_FILES USE_PERLIO USE_PERL_ATOF
  Built under freebsd
  Compiled at May 16 2014 00:20:44
  %ENV:
    PERL5LIB=""
    PERL5OPT=""
    PERL5_CPANPLUS_IS_RUNNING="75892"
    PERL5_CPAN_IS_RUNNING="75892"
    PERL5_CPAN_IS_RUNNING_IN_RECURSION="66051,75892"
    PERLDOC="-MPod::Perldoc::ToTextOverstrike"
    PERL_BATCH="yes"
    PERL_CANARY_STABILITY_NOPROMPT="1"
    PERL_CPAN_REPORTER_CONFIG="/var/tmp/cpansmoker-1023/2019110621/cpanreporter_000_config.ini"
    PERL_EXTUTILS_AUTOINSTALL="--defaultdeps"
    PERL_USE_UNSAFE_INC="1"
  @INC:
    /usr/perl5.14.4/lib/site_perl/5.14.4/amd64-freebsd
    /usr/perl5.14.4/lib/site_perl/5.14.4
    /usr/perl5.14.4/lib/5.14.4/amd64-freebsd
    /usr/perl5.14.4/lib/5.14.4
    .