Report for PYX-XMLSchema-List-0.03

Back
From: metabase:user:30f4dfbe-2aae-11df-837a-5e0a49663a4f
Subject: FAIL PYX-XMLSchema-List-0.03 v5.10.0 Mac OS X
Date: 2015-10-27T09:17:54Z

This distribution has been tested as part of the CPAN Testers
project, supporting the Perl programming language.  See
http://wiki.cpantesters.org/ for more information or email
questions to cpan-testers-discuss@perl.org


--
Dear Michal Spacek,

This is a computer-generated report for PYX-XMLSchema-List-0.03
on perl 5.10.0, created by CPAN-Reporter-1.2015.

Thank you for uploading your work to CPAN.  However, there was a problem
testing your distribution.

If you think this report is invalid, please consult the CPAN Testers Wiki
for suggestions on how to avoid getting FAIL reports for missing library
or binary dependencies, unsupported operating systems, and so on:

http://wiki.cpantesters.org/wiki/CPANAuthorNotes

Sections of this report:

    * Tester comments
    * Program output
    * Prerequisites
    * Environment and other context

------------------------------
TESTER COMMENTS
------------------------------

Additional comments from tester:

this report is from an automated smoke testing program
and was not reviewed by a human for accuracy

------------------------------
PROGRAM OUTPUT
------------------------------

Output from '/sw/bin/make test':

PERL_DL_NONLAZY=1 "/Users/hornenj/perl5/perlbrew/perls/perl-5.10.0/bin/perl" "-MExtUtils::Command::MM" "-MTest::Harness" "-e" "undef *Test::Harness::Switches; test_harness(0, 'inc', 'blib/lib', 'blib/arch')" t/PYX-XMLSchema-List/*.t
t/PYX-XMLSchema-List/01-use.t ............ ok
t/PYX-XMLSchema-List/02-version.t ........ ok
t/PYX-XMLSchema-List/03-new.t ............ ok

#   Failed test 'no warnings'
#   at /Users/hornenj/perl5/perlbrew/perls/perl-5.10.0/lib/site_perl/5.10.0/Test/NoWarnings.pm line 45.
# There were 1 warning(s)
# 	Previous test 0 ''
# 	Use of uninitialized value in length at /Users/hornenj/.cpan/build/PYX-XMLSchema-List-0.03-2Y15js/blib/lib/PYX/XMLSchema/List.pm line 116.
#  at /Users/hornenj/.cpan/build/PYX-XMLSchema-List-0.03-2Y15js/blib/lib/PYX/XMLSchema/List.pm line 116.
# 	PYX::XMLSchema::List::_call_final(PYX::Parser=HASH(0x7f948b915fd8)) called at /Users/hornenj/.cpan/build/PYX-0.04-N5aZQl/blib/lib/PYX/Parser.pm line 91
# 	PYX::Parser::parse(PYX::Parser=HASH(0x7f948b915fd8), "(tag\x{a}Aattr1 value\x{a}Aattr2 value\x{a}Aattr3 value\x{a}-text\x{a})tag\x{a}", undef) called at /Users/hornenj/.cpan/build/PYX-XMLSchema-List-0.03-2Y15js/blib/lib/PYX/XMLSchema/List.pm line 52
# 	PYX::XMLSchema::List::parse(PYX::XMLSchema::List=HASH(0x7f948b915f18), "(tag\x{a}Aattr1 value\x{a}Aattr2 value\x{a}Aattr3 value\x{a}-text\x{a})tag\x{a}") called at t/PYX-XMLSchema-List/04-parse.t line 24
# 	main::__ANON__() called at /Users/hornenj/perl5/perlbrew/perls/perl-5.10.0/lib/site_perl/5.10.0/Test/Output.pm line 826
# 	Test::Output::__ANON__() called at /Users/hornenj/perl5/perlbrew/perls/perl-5.10.0/lib/site_perl/5.10.0/Capture/Tiny.pm line 369
# 	eval {...} called at /Users/hornenj/perl5/perlbrew/perls/perl-5.10.0/lib/site_perl/5.10.0/Capture/Tiny.pm line 369
# 	Capture::Tiny::_capture_tee(1, 0, 0, 0, CODE(0x7f948b918230)) called at /Users/hornenj/perl5/perlbrew/perls/perl-5.10.0/lib/site_perl/5.10.0/Test/Output.pm line 827
# 	Test::Output::stdout_from(CODE(0x7f948b9156a8)) called at /Users/hornenj/perl5/perlbrew/perls/perl-5.10.0/lib/site_perl/5.10.0/Test/Output.pm line 149
# 	Test::Output::stdout_is(CODE(0x7f948b9156a8), "No XML schemas.\x{a}", "Parse data from ex1.pyx file.") called at t/PYX-XMLSchema-List/04-parse.t line 27
# 
# Looks like you failed 1 test of 4.
t/PYX-XMLSchema-List/04-parse.t .......... 
Dubious, test returned 1 (wstat 256, 0x100)
Failed 1/4 subtests 

#   Failed test 'no warnings'
#   at /Users/hornenj/perl5/perlbrew/perls/perl-5.10.0/lib/site_perl/5.10.0/Test/NoWarnings.pm line 45.
# There were 1 warning(s)
# 	Previous test 0 ''
# 	Use of uninitialized value in length at /Users/hornenj/.cpan/build/PYX-XMLSchema-List-0.03-2Y15js/blib/lib/PYX/XMLSchema/List.pm line 116, <$inf> line 6.
#  at /Users/hornenj/.cpan/build/PYX-XMLSchema-List-0.03-2Y15js/blib/lib/PYX/XMLSchema/List.pm line 116, <$inf> line 6.
# 	PYX::XMLSchema::List::_call_final(PYX::Parser=HASH(0x7fe49110e500)) called at /Users/hornenj/.cpan/build/PYX-0.04-N5aZQl/blib/lib/PYX/Parser.pm line 122
# 	PYX::Parser::parse_handler(PYX::Parser=HASH(0x7fe49110e500), GLOB(0x7fe4910462a0), undef) called at /Users/hornenj/.cpan/build/PYX-0.04-N5aZQl/blib/lib/PYX/Parser.pm line 101
# 	PYX::Parser::parse_file(PYX::Parser=HASH(0x7fe49110e500), "/Users/hornenj/.cpan/build/PYX-XMLSchema-List-0.03-2Y15js/t/d"..., undef) called at /Users/hornenj/.cpan/build/PYX-XMLSchema-List-0.03-2Y15js/blib/lib/PYX/XMLSchema/List.pm line 59
# 	PYX::XMLSchema::List::parse_file(PYX::XMLSchema::List=HASH(0x7fe49110e2c0), "/Users/hornenj/.cpan/build/PYX-XMLSchema-List-0.03-2Y15js/t/d"...) called at t/PYX-XMLSchema-List/05-parse_file.t line 22
# 	main::__ANON__() called at /Users/hornenj/perl5/perlbrew/perls/perl-5.10.0/lib/site_perl/5.10.0/Test/Output.pm line 826
# 	Test::Output::__ANON__() called at /Users/hornenj/perl5/perlbrew/perls/perl-5.10.0/lib/site_perl/5.10.0/Capture/Tiny.pm line 369
# 	eval {...} called at /Users/hornenj/perl5/perlbrew/perls/perl-5.10.0/lib/site_perl/5.10.0/Capture/Tiny.pm line 369
# 	Capture::Tiny::_capture_tee(1, 0, 0, 0, CODE(0x7fe49110e608)) called at /Users/hornenj/perl5/perlbrew/perls/perl-5.10.0/lib/site_perl/5.10.0/Test/Output.pm line 827
# 	Test::Output::stdout_from(CODE(0x7fe49110e3b0)) called at /Users/hornenj/perl5/perlbrew/perls/perl-5.10.0/lib/site_perl/5.10.0/Test/Output.pm line 149
# 	Test::Output::stdout_is(CODE(0x7fe49110e3b0), "No XML schemas.\x{a}", "Parse ex1.pyx file.") called at t/PYX-XMLSchema-List/05-parse_file.t line 25
# 
# Looks like you failed 1 test of 4.
t/PYX-XMLSchema-List/05-parse_file.t ..... 
Dubious, test returned 1 (wstat 256, 0x100)
Failed 1/4 subtests 

#   Failed test 'no warnings'
#   at /Users/hornenj/perl5/perlbrew/perls/perl-5.10.0/lib/site_perl/5.10.0/Test/NoWarnings.pm line 45.
# There were 1 warning(s)
# 	Previous test 0 ''
# 	Use of uninitialized value in length at /Users/hornenj/.cpan/build/PYX-XMLSchema-List-0.03-2Y15js/blib/lib/PYX/XMLSchema/List.pm line 116, <$pyx_handler> line 6.
#  at /Users/hornenj/.cpan/build/PYX-XMLSchema-List-0.03-2Y15js/blib/lib/PYX/XMLSchema/List.pm line 116, <$pyx_handler> line 6.
# 	PYX::XMLSchema::List::_call_final(PYX::Parser=HASH(0x7fe85a10ecb0)) called at /Users/hornenj/.cpan/build/PYX-0.04-N5aZQl/blib/lib/PYX/Parser.pm line 122
# 	PYX::Parser::parse_handler(PYX::Parser=HASH(0x7fe85a10ecb0), GLOB(0x7fe85a10eb48), undef) called at /Users/hornenj/.cpan/build/PYX-XMLSchema-List-0.03-2Y15js/blib/lib/PYX/XMLSchema/List.pm line 66
# 	PYX::XMLSchema::List::parse_handler(PYX::XMLSchema::List=HASH(0x7fe85a10ea70), GLOB(0x7fe85a10eb48)) called at t/PYX-XMLSchema-List/06-parse_handler.t line 23
# 	main::__ANON__() called at /Users/hornenj/perl5/perlbrew/perls/perl-5.10.0/lib/site_perl/5.10.0/Test/Output.pm line 826
# 	Test::Output::__ANON__() called at /Users/hornenj/perl5/perlbrew/perls/perl-5.10.0/lib/site_perl/5.10.0/Capture/Tiny.pm line 369
# 	eval {...} called at /Users/hornenj/perl5/perlbrew/perls/perl-5.10.0/lib/site_perl/5.10.0/Capture/Tiny.pm line 369
# 	Capture::Tiny::_capture_tee(1, 0, 0, 0, CODE(0x7fe85a0d9f78)) called at /Users/hornenj/perl5/perlbrew/perls/perl-5.10.0/lib/site_perl/5.10.0/Test/Output.pm line 827
# 	Test::Output::stdout_from(CODE(0x7fe85a10eb60)) called at /Users/hornenj/perl5/perlbrew/perls/perl-5.10.0/lib/site_perl/5.10.0/Test/Output.pm line 149
# 	Test::Output::stdout_is(CODE(0x7fe85a10eb60), "No XML schemas.\x{a}", "Parse ex1.pyx file handler.") called at t/PYX-XMLSchema-List/06-parse_handler.t line 26
# 
# Looks like you failed 1 test of 4.
t/PYX-XMLSchema-List/06-parse_handler.t .. 
Dubious, test returned 1 (wstat 256, 0x100)
Failed 1/4 subtests 
t/PYX-XMLSchema-List/07-reset.t .......... ok
t/PYX-XMLSchema-List/08-stats.t .......... ok

Test Summary Report
-------------------
t/PYX-XMLSchema-List/04-parse.t        (Wstat: 256 Tests: 4 Failed: 1)
  Failed test:  4
  Non-zero exit status: 1
t/PYX-XMLSchema-List/05-parse_file.t   (Wstat: 256 Tests: 4 Failed: 1)
  Failed test:  4
  Non-zero exit status: 1
t/PYX-XMLSchema-List/06-parse_handler.t (Wstat: 256 Tests: 4 Failed: 1)
  Failed test:  4
  Non-zero exit status: 1
Files=8, Tests=27,  0 wallclock secs ( 0.02 usr  0.02 sys +  0.27 cusr  0.10 csys =  0.41 CPU)
Result: FAIL
Failed 3/8 test programs. 3/27 subtests failed.
Makefile:773: recipe for target 'test_dynamic' failed
make: *** [test_dynamic] Error 255

------------------------------
PREREQUISITES
------------------------------

Prerequisite modules loaded:

requires:

    Module              Need Have    
    ------------------- ---- --------
    Class::Utils        0.05 0.07    
    Error::Pure         0.16 0.24    
    List::Util          0    1.42    
    PYX::Parser         0.02 0.04    
    Readonly            0    2.00    

build_requires:

    Module              Need Have    
    ------------------- ---- --------
    English             0    1.04    
    Error::Pure::Utils  0.22 0.24    
    ExtUtils::MakeMaker 6.36 7.10    
    File::Object        0.07 0.09    
    Perl6::Slurp        0    0.051005
    Test::More          0    1.001014
    Test::NoWarnings    0    1.04    
    Test::Output        1.02 1.03    

configure_requires:

    Module              Need Have    
    ------------------- ---- --------
    ExtUtils::MakeMaker 6.36 7.10    


------------------------------
ENVIRONMENT AND OTHER CONTEXT
------------------------------

Environment variables:

    AUTOMATED_TESTING = 1
    LANG = en_US.UTF-8
    LC_ALL = POSIX
    LD_LIBRARY_PATH = :/net/traces01.be-md.ncbi.nlm.nih.gov/trace_software/vdb/mac/release/x86_64/lib
    NO_NETWORK_TESTING = 1
    PATH = /Users/hornenj/perl5/perlbrew/bin:/Users/hornenj/perl5/perlbrew/perls/perl-5.10.0/bin:/Users/hornenj/perl5/perlbrew/bin:/Users/hornenj/perl5/perlbrew/perls/perl-5.14.2/bin:/Users/hornenj/bin:/sw/lib/perl5/ExtUtils:/sw/bin:/am/ncbiapdata/bin:/usr/bin:/bin:/usr/X11R6/bin:/netopt/ncbi_tools/bin:/usr/local/ncbi/blast/bin:/net/traces01.be-md.ncbi.nlm.nih.gov/trace_software/vdb/mac/release/x86_64/bin
    PERL5LIB = /Users/hornenj/.cpan/build/PYX-0.04-N5aZQl/blib/arch:/Users/hornenj/.cpan/build/PYX-0.04-N5aZQl/blib/lib:/Users/hornenj/.cpan/build/PYX-Utils-0.04-FjL0Qg/blib/arch:/Users/hornenj/.cpan/build/PYX-Utils-0.04-FjL0Qg/blib/lib:/Users/hornenj/.cpan/build/File-Object-0.09-HLlzX3/blib/arch:/Users/hornenj/.cpan/build/File-Object-0.09-HLlzX3/blib/lib:/Users/hornenj/.cpan/build/Class-Utils-0.07-badFtv/blib/arch:/Users/hornenj/.cpan/build/Class-Utils-0.07-badFtv/blib/lib:/Users/hornenj/.cpan/build/Error-Pure-0.24-P9SFXo/blib/arch:/Users/hornenj/.cpan/build/Error-Pure-0.24-P9SFXo/blib/lib:/Users/hornenj/.cpan/build/Error-Pure-Output-Text-0.22-j6O6R5/blib/arch:/Users/hornenj/.cpan/build/Error-Pure-Output-Text-0.22-j6O6R5/blib/lib:/Users/hornenj/.cpan/build/Perl6-Slurp-0.051005-eiUqhe/blib/arch:/Users/hornenj/.cpan/build/Perl6-Slurp-0.051005-eiUqhe/blib/lib
    PERL5OPT = 
    PERL5_CPANPLUS_IS_RUNNING = 11471
    PERL5_CPAN_IS_RUNNING = 11471
    PERL5_MINISMOKEBOX = 0.58
    PERLBREW_BASHRC_VERSION = 0.73
    PERLBREW_HOME = /Users/hornenj/.perlbrew
    PERLBREW_LIB = 
    PERLBREW_MANPATH = /Users/hornenj/perl5/perlbrew/perls/perl-5.10.0/man
    PERLBREW_PATH = /Users/hornenj/perl5/perlbrew/bin:/Users/hornenj/perl5/perlbrew/perls/perl-5.10.0/bin
    PERLBREW_PERL = perl-5.10.0
    PERLBREW_ROOT = /Users/hornenj/perl5/perlbrew
    PERLBREW_VERSION = 0.73
    PERL_EXTUTILS_AUTOINSTALL = --defaultdeps
    PERL_LOCAL_LIB_ROOT = 
    PERL_MM_USE_DEFAULT = 1
    SHELL = /bin/bash
    TERM = xterm-256color
    TMPDIR = /var/folders/pz/pd7y1qjs6s3cbk170cw50fjc000c61/T/
    VERSIONER_PERL_PREFER_32_BIT = no
    VERSIONER_PERL_VERSION = 5.18
    ac_cv_path_INTLTOOL_PERL = /usr/bin/perl

Perl special variables (and OS-specific diagnostics, for MSWin32):

    $^X = /Users/hornenj/perl5/perlbrew/perls/perl-5.10.0/bin/perl
    $UID/$EUID = 12481 / 12481
    $GID = 14 14 5344 37191 527 241
    $EGID = 14 14 5344 37191 527 241

Perl module toolchain versions installed:

    Module              Have    
    ------------------- --------
    CPAN                2.10    
    CPAN::Meta          2.150005
    Cwd                 3.47    
    ExtUtils::CBuilder  0.280224
    ExtUtils::Command   7.10    
    ExtUtils::Install   2.04    
    ExtUtils::MakeMaker 7.10    
    ExtUtils::Manifest  1.70    
    ExtUtils::ParseXS   3.30    
    File::Spec          3.47    
    JSON                2.90    
    JSON::PP            2.27300 
    Module::Build       0.4214  
    Module::Signature   n/a     
    Parse::CPAN::Meta   1.4417  
    Test::Harness       3.35    
    Test::More          1.001014
    YAML                1.15    
    YAML::Syck          1.29    
    version             0.9912  


--

Summary of my perl5 (revision 5 version 10 subversion 0) configuration:
  Platform:
    osname=darwin, osvers=12.5.0, archname=darwin-thread-multi-2level
    uname='darwin ncbimac2008.ncbi.nlm.nih.gov 12.5.0 darwin kernel version 12.5.0: sun sep 29 13:33:47 pdt 2013; root:xnu-2050.48.12~1release_x86_64 x86_64 '
    config_args='-de -Dprefix=/Users/hornenj/perl5/perlbrew/perls/perl-5.10.0 -Duseithreads -Dusemultiplicity -Accflags=-O2 -W -Wformat=2 -Wswitch -Wshadow -Wwrite-strings -Wuninitialized -Wall -pipe -mtune=native -march=native -fomit-frame-pointer -msse2 -msse -mmmx -pedantic -D_FORTIFY_SOURCE=2 -Wpointer-arith -Wstrict-prototypes -fstack-protector -Wstack-protector -Wextra -Wbad-function-cast -Wcast-align -Wcast-qual -Wdisabled-optimization -Wendif-labels -Wfloat-equal -Wformat-nonliteral -Winline -Wmissing-declarations -Wmissing-prototypes -Wnested-externs -Wpointer-arith -Wundef -Wformat-security -fassociative-math -Acc=cc -Aeval:scriptdir=/Users/hornenj/perl5/perlbrew/perls/perl-5.10.0/bin'
    hint=recommended, useposix=true, d_sigaction=define
    useithreads=define, usemultiplicity=define
    useperlio=define, d_sfio=undef, uselargefiles=define, usesocks=undef
    use64bitint=define, use64bitall=define, uselongdouble=undef
    usemymalloc=n, bincompat5005=undef
  Compiler:
    cc=' cc', ccflags ='-fno-common -DPERL_DARWIN -O2 -W -Wformat=2 -Wswitch -Wshadow -Wwrite-strings -Wuninitialized -Wall -pipe -mtune=native -march=native -fomit-frame-pointer -msse2 -msse -mmmx -pedantic -D_FORTIFY_SOURCE=2 -Wpointer-arith -Wstrict-prototypes -fstack-protector -Wstack-protector -Wextra -Wbad-function-cast -Wcast-align -Wcast-qual -Wdisabled-optimization -Wendif-labels -Wfloat-equal -Wformat-nonliteral -Winline -Wmissing-declarations -Wmissing-prototypes -Wnested-externs -Wpointer-arith -Wundef -Wformat-security -fassociative-math -fno-strict-aliasing -I/usr/local/include',
    optimize='-O3',
    cppflags='-fno-common -DPERL_DARWIN -O2 -W -Wformat=2 -Wswitch -Wshadow -Wwrite-strings -Wuninitialized -Wall -pipe -mtune=native -march=native -fomit-frame-pointer -msse2 -msse -mmmx -pedantic -D_FORTIFY_SOURCE=2 -Wpointer-arith -Wstrict-prototypes -fstack-protector -Wstack-protector -Wextra -Wbad-function-cast -Wcast-align -Wcast-qual -Wdisabled-optimization -Wendif-labels -Wfloat-equal -Wformat-nonliteral -Winline -Wmissing-declarations -Wmissing-prototypes -Wnested-externs -Wpointer-arith -Wundef -Wformat-security -fassociative-math -fno-strict-aliasing -I/usr/local/include'
    ccversion='', gccversion='4.2.1 Compatible Apple LLVM 4.2 (clang-425.0.24)', gccosandvers=''
    intsize=4, longsize=8, ptrsize=8, doublesize=8, byteorder=12345678
    d_longlong=define, longlongsize=8, d_longdbl=define, longdblsize=16
    ivtype='long', ivsize=8, nvtype='double', nvsize=8, Off_t='off_t', lseeksize=8
    alignbytes=8, prototype=define
  Linker and Libraries:
    ld='env MACOSX_DEPLOYMENT_TARGET=10.3 cc', ldflags =' -L/usr/local/lib'
    libpth=/usr/local/lib /usr/lib
    libs=-ldbm -ldl -lm -lutil -lc
    perllibs=-ldl -lm -lutil -lc
    libc=, so=dylib, useshrplib=false, libperl=libperl.a
    gnulibc_version=''
  Dynamic Linking:
    dlsrc=dl_dlopen.xs, dlext=bundle, d_dlsymun=undef, ccdlflags=' '
    cccdlflags=' ', lddlflags=' -bundle -undefined dynamic_lookup -L/usr/local/lib'


Characteristics of this binary (from libperl): 
  Compile-time options: MULTIPLICITY PERL_DONT_CREATE_GVSV
                        PERL_IMPLICIT_CONTEXT PERL_MALLOC_WRAP USE_64_BIT_ALL
                        USE_64_BIT_INT USE_ITHREADS USE_LARGE_FILES
                        USE_PERLIO USE_REENTRANT_API
  Built under darwin
  Compiled at Sep 15 2014 10:12:06
  %ENV:
    PERL5LIB="/Users/hornenj/.cpan/build/PYX-0.04-N5aZQl/blib/arch:/Users/hornenj/.cpan/build/PYX-0.04-N5aZQl/blib/lib:/Users/hornenj/.cpan/build/PYX-Utils-0.04-FjL0Qg/blib/arch:/Users/hornenj/.cpan/build/PYX-Utils-0.04-FjL0Qg/blib/lib:/Users/hornenj/.cpan/build/File-Object-0.09-HLlzX3/blib/arch:/Users/hornenj/.cpan/build/File-Object-0.09-HLlzX3/blib/lib:/Users/hornenj/.cpan/build/Class-Utils-0.07-badFtv/blib/arch:/Users/hornenj/.cpan/build/Class-Utils-0.07-badFtv/blib/lib:/Users/hornenj/.cpan/build/Error-Pure-0.24-P9SFXo/blib/arch:/Users/hornenj/.cpan/build/Error-Pure-0.24-P9SFXo/blib/lib:/Users/hornenj/.cpan/build/Error-Pure-Output-Text-0.22-j6O6R5/blib/arch:/Users/hornenj/.cpan/build/Error-Pure-Output-Text-0.22-j6O6R5/blib/lib:/Users/hornenj/.cpan/build/Perl6-Slurp-0.051005-eiUqhe/blib/arch:/Users/hornenj/.cpan/build/Perl6-Slurp-0.051005-eiUqhe/blib/lib"
    PERL5OPT=""
    PERL5_CPANPLUS_IS_RUNNING="11471"
    PERL5_CPAN_IS_RUNNING="11471"
    PERL5_MINISMOKEBOX="0.58"
    PERLBREW_BASHRC_VERSION="0.73"
    PERLBREW_HOME="/Users/hornenj/.perlbrew"
    PERLBREW_LIB=""
    PERLBREW_MANPATH="/Users/hornenj/perl5/perlbrew/perls/perl-5.10.0/man"
    PERLBREW_PATH="/Users/hornenj/perl5/perlbrew/bin:/Users/hornenj/perl5/perlbrew/perls/perl-5.10.0/bin"
    PERLBREW_PERL="perl-5.10.0"
    PERLBREW_ROOT="/Users/hornenj/perl5/perlbrew"
    PERLBREW_VERSION="0.73"
    PERL_EXTUTILS_AUTOINSTALL="--defaultdeps"
    PERL_LOCAL_LIB_ROOT=""
    PERL_MM_USE_DEFAULT="1"
  @INC:
    /Users/hornenj/.cpan/build/PYX-0.04-N5aZQl/blib/arch
    /Users/hornenj/.cpan/build/PYX-0.04-N5aZQl/blib/lib
    /Users/hornenj/.cpan/build/PYX-Utils-0.04-FjL0Qg/blib/arch
    /Users/hornenj/.cpan/build/PYX-Utils-0.04-FjL0Qg/blib/lib
    /Users/hornenj/.cpan/build/File-Object-0.09-HLlzX3/blib/arch
    /Users/hornenj/.cpan/build/File-Object-0.09-HLlzX3/blib/lib
    /Users/hornenj/.cpan/build/Class-Utils-0.07-badFtv/blib/arch
    /Users/hornenj/.cpan/build/Class-Utils-0.07-badFtv/blib/lib
    /Users/hornenj/.cpan/build/Error-Pure-0.24-P9SFXo/blib/arch
    /Users/hornenj/.cpan/build/Error-Pure-0.24-P9SFXo/blib/lib
    /Users/hornenj/.cpan/build/Error-Pure-Output-Text-0.22-j6O6R5/blib/arch
    /Users/hornenj/.cpan/build/Error-Pure-Output-Text-0.22-j6O6R5/blib/lib
    /Users/hornenj/.cpan/build/Perl6-Slurp-0.051005-eiUqhe/blib/arch
    /Users/hornenj/.cpan/build/Perl6-Slurp-0.051005-eiUqhe/blib/lib
    /Users/hornenj/perl5/perlbrew/perls/perl-5.10.0/lib/5.10.0/darwin-thread-multi-2level
    /Users/hornenj/perl5/perlbrew/perls/perl-5.10.0/lib/5.10.0
    /Users/hornenj/perl5/perlbrew/perls/perl-5.10.0/lib/site_perl/5.10.0/darwin-thread-multi-2level
    /Users/hornenj/perl5/perlbrew/perls/perl-5.10.0/lib/site_perl/5.10.0
    .