Report for DBIx-Class-DigestColumns-0.06001_01

Back
From: metabase:user:3198cbe2-2aae-11df-837a-5e0a49663a4f
Subject: FAIL DBIx-Class-DigestColumns-0.06001_01 v5.14.2 GNU/Linux
Date: 2012-12-01T06:59:08Z

This distribution has been tested as part of the CPAN Testers
project, supporting the Perl programming language.  See
http://wiki.cpantesters.org/ for more information or email
questions to cpan-testers-discuss@perl.org


--
Dear Arthur Axel 'fREW' Schmidt,

This is a computer-generated report for DBIx-Class-DigestColumns-0.06001_01
on perl 5.14.2, created by CPAN-Reporter-1.2006.

Thank you for uploading your work to CPAN.  However, there was a problem
testing your distribution.

If you think this report is invalid, please consult the CPAN Testers Wiki
for suggestions on how to avoid getting FAIL reports for missing library
or binary dependencies, unsupported operating systems, and so on:

http://wiki.cpantesters.org/wiki/CPANAuthorNotes

Sections of this report:

    * Tester comments
    * Program output
    * Prerequisites
    * Environment and other context

------------------------------
TESTER COMMENTS
------------------------------

Additional comments from tester:

this report is from an automated smoke testing program
and was not reviewed by a human for accuracy

------------------------------
PROGRAM OUTPUT
------------------------------

Output from '/usr/bin/make test':

PERL_DL_NONLAZY=1 /home/graham/perls/perl-5.14.2-thread/bin/perl "-MExtUtils::Command::MM" "-e" "test_harness(0, 'inc', 'blib/lib', 'blib/arch')" t/*.t
t/02pod.t ........ ok
Useless use of a variable in void context at /home/graham/perls/perl-5.14.2-thread/lib/site_perl/5.14.2/x86_64-linux-thread-multi/List/MoreUtils.pm line 362.
t/04basic.t ...... ok
Useless use of a variable in void context at /home/graham/perls/perl-5.14.2-thread/lib/site_perl/5.14.2/x86_64-linux-thread-multi/List/MoreUtils.pm line 362.
Name "Package::DeprecationManager::a" used only once: possible typo at /home/graham/perls/perl-5.14.2-thread/lib/site_perl/5.14.2/x86_64-linux-thread-multi/List/MoreUtils.pm line 362.
Name "Package::DeprecationManager::b" used only once: possible typo at /home/graham/perls/perl-5.14.2-thread/lib/site_perl/5.14.2/x86_64-linux-thread-multi/List/MoreUtils.pm line 362.
t/05digest.t ..... ok
Useless use of a variable in void context at /home/graham/perls/perl-5.14.2-thread/lib/site_perl/5.14.2/x86_64-linux-thread-multi/List/MoreUtils.pm line 362.
Name "Package::DeprecationManager::a" used only once: possible typo at /home/graham/perls/perl-5.14.2-thread/lib/site_perl/5.14.2/x86_64-linux-thread-multi/List/MoreUtils.pm line 362.
Name "Package::DeprecationManager::b" used only once: possible typo at /home/graham/perls/perl-5.14.2-thread/lib/site_perl/5.14.2/x86_64-linux-thread-multi/List/MoreUtils.pm line 362.
t/05md5.t ........ ok
Useless use of a variable in void context at /home/graham/perls/perl-5.14.2-thread/lib/site_perl/5.14.2/x86_64-linux-thread-multi/List/MoreUtils.pm line 362.
Name "Package::DeprecationManager::a" used only once: possible typo at /home/graham/perls/perl-5.14.2-thread/lib/site_perl/5.14.2/x86_64-linux-thread-multi/List/MoreUtils.pm line 362.
Name "Package::DeprecationManager::b" used only once: possible typo at /home/graham/perls/perl-5.14.2-thread/lib/site_perl/5.14.2/x86_64-linux-thread-multi/List/MoreUtils.pm line 362.
t/06md4.t ........ ok
Useless use of a variable in void context at /home/graham/perls/perl-5.14.2-thread/lib/site_perl/5.14.2/x86_64-linux-thread-multi/List/MoreUtils.pm line 362.
Name "Package::DeprecationManager::a" used only once: possible typo at /home/graham/perls/perl-5.14.2-thread/lib/site_perl/5.14.2/x86_64-linux-thread-multi/List/MoreUtils.pm line 362.
Name "Package::DeprecationManager::b" used only once: possible typo at /home/graham/perls/perl-5.14.2-thread/lib/site_perl/5.14.2/x86_64-linux-thread-multi/List/MoreUtils.pm line 362.
t/07md2.t ........ ok
Useless use of a variable in void context at /home/graham/perls/perl-5.14.2-thread/lib/site_perl/5.14.2/x86_64-linux-thread-multi/List/MoreUtils.pm line 362.
Name "Package::DeprecationManager::a" used only once: possible typo at /home/graham/perls/perl-5.14.2-thread/lib/site_perl/5.14.2/x86_64-linux-thread-multi/List/MoreUtils.pm line 362.
Name "Package::DeprecationManager::b" used only once: possible typo at /home/graham/perls/perl-5.14.2-thread/lib/site_perl/5.14.2/x86_64-linux-thread-multi/List/MoreUtils.pm line 362.
t/08sha.t ........ ok
Useless use of a variable in void context at /home/graham/perls/perl-5.14.2-thread/lib/site_perl/5.14.2/x86_64-linux-thread-multi/List/MoreUtils.pm line 362.
Name "Package::DeprecationManager::a" used only once: possible typo at /home/graham/perls/perl-5.14.2-thread/lib/site_perl/5.14.2/x86_64-linux-thread-multi/List/MoreUtils.pm line 362.
Name "Package::DeprecationManager::b" used only once: possible typo at /home/graham/perls/perl-5.14.2-thread/lib/site_perl/5.14.2/x86_64-linux-thread-multi/List/MoreUtils.pm line 362.
Use of uninitialized value in numeric gt (>) at /home/graham/perls/perl-5.14.2-thread/lib/site_perl/5.14.2/Digest/HMAC.pm line 12.
Use of uninitialized value $key in bitwise xor (^) at /home/graham/perls/perl-5.14.2-thread/lib/site_perl/5.14.2/Digest/HMAC.pm line 15.
Use of uninitialized value $key in bitwise xor (^) at /home/graham/perls/perl-5.14.2-thread/lib/site_perl/5.14.2/Digest/HMAC.pm line 16.
Use of uninitialized value in numeric gt (>) at /home/graham/perls/perl-5.14.2-thread/lib/site_perl/5.14.2/Digest/HMAC.pm line 12.
Use of uninitialized value $key in bitwise xor (^) at /home/graham/perls/perl-5.14.2-thread/lib/site_perl/5.14.2/Digest/HMAC.pm line 15.
Use of uninitialized value $key in bitwise xor (^) at /home/graham/perls/perl-5.14.2-thread/lib/site_perl/5.14.2/Digest/HMAC.pm line 16.
Use of uninitialized value in numeric gt (>) at /home/graham/perls/perl-5.14.2-thread/lib/site_perl/5.14.2/Digest/HMAC.pm line 12.
Use of uninitialized value $key in bitwise xor (^) at /home/graham/perls/perl-5.14.2-thread/lib/site_perl/5.14.2/Digest/HMAC.pm line 15.
Use of uninitialized value $key in bitwise xor (^) at /home/graham/perls/perl-5.14.2-thread/lib/site_perl/5.14.2/Digest/HMAC.pm line 16.
Use of uninitialized value in numeric gt (>) at /home/graham/perls/perl-5.14.2-thread/lib/site_perl/5.14.2/Digest/HMAC.pm line 12.
Use of uninitialized value $key in bitwise xor (^) at /home/graham/perls/perl-5.14.2-thread/lib/site_perl/5.14.2/Digest/HMAC.pm line 15.
Use of uninitialized value $key in bitwise xor (^) at /home/graham/perls/perl-5.14.2-thread/lib/site_perl/5.14.2/Digest/HMAC.pm line 16.
t/09hmacmd5.t .... ok
Useless use of a variable in void context at /home/graham/perls/perl-5.14.2-thread/lib/site_perl/5.14.2/x86_64-linux-thread-multi/List/MoreUtils.pm line 362.
Name "Package::DeprecationManager::a" used only once: possible typo at /home/graham/perls/perl-5.14.2-thread/lib/site_perl/5.14.2/x86_64-linux-thread-multi/List/MoreUtils.pm line 362.
Name "Package::DeprecationManager::b" used only once: possible typo at /home/graham/perls/perl-5.14.2-thread/lib/site_perl/5.14.2/x86_64-linux-thread-multi/List/MoreUtils.pm line 362.
Use of uninitialized value in numeric gt (>) at /home/graham/perls/perl-5.14.2-thread/lib/site_perl/5.14.2/Digest/HMAC.pm line 12.
Use of uninitialized value $key in bitwise xor (^) at /home/graham/perls/perl-5.14.2-thread/lib/site_perl/5.14.2/Digest/HMAC.pm line 15.
Use of uninitialized value $key in bitwise xor (^) at /home/graham/perls/perl-5.14.2-thread/lib/site_perl/5.14.2/Digest/HMAC.pm line 16.
Use of uninitialized value in numeric gt (>) at /home/graham/perls/perl-5.14.2-thread/lib/site_perl/5.14.2/Digest/HMAC.pm line 12.
Use of uninitialized value $key in bitwise xor (^) at /home/graham/perls/perl-5.14.2-thread/lib/site_perl/5.14.2/Digest/HMAC.pm line 15.
Use of uninitialized value $key in bitwise xor (^) at /home/graham/perls/perl-5.14.2-thread/lib/site_perl/5.14.2/Digest/HMAC.pm line 16.
Use of uninitialized value in numeric gt (>) at /home/graham/perls/perl-5.14.2-thread/lib/site_perl/5.14.2/Digest/HMAC.pm line 12.
Use of uninitialized value $key in bitwise xor (^) at /home/graham/perls/perl-5.14.2-thread/lib/site_perl/5.14.2/Digest/HMAC.pm line 15.
Use of uninitialized value $key in bitwise xor (^) at /home/graham/perls/perl-5.14.2-thread/lib/site_perl/5.14.2/Digest/HMAC.pm line 16.
Use of uninitialized value in numeric gt (>) at /home/graham/perls/perl-5.14.2-thread/lib/site_perl/5.14.2/Digest/HMAC.pm line 12.
Use of uninitialized value $key in bitwise xor (^) at /home/graham/perls/perl-5.14.2-thread/lib/site_perl/5.14.2/Digest/HMAC.pm line 15.
Use of uninitialized value $key in bitwise xor (^) at /home/graham/perls/perl-5.14.2-thread/lib/site_perl/5.14.2/Digest/HMAC.pm line 16.
t/10hmacsha1.t ... ok
Useless use of a variable in void context at /home/graham/perls/perl-5.14.2-thread/lib/site_perl/5.14.2/x86_64-linux-thread-multi/List/MoreUtils.pm line 362.
Name "Package::DeprecationManager::a" used only once: possible typo at /home/graham/perls/perl-5.14.2-thread/lib/site_perl/5.14.2/x86_64-linux-thread-multi/List/MoreUtils.pm line 362.
Name "Package::DeprecationManager::b" used only once: possible typo at /home/graham/perls/perl-5.14.2-thread/lib/site_perl/5.14.2/x86_64-linux-thread-multi/List/MoreUtils.pm line 362.

#   Failed test 'got base64 CRC-16 from Digest'
#   at t/11crc.t line 33.
#          got: '9yk=
# '
#     expected: 'NjMyNz'

#   Failed test 'got base64 CRC-32 from Digest'
#   at t/11crc.t line 45.
#          got: 'RSsC4A==
# '
#     expected: 'MTE2MDQ0NjY4OA'

#   Failed test 'got base64 CRC-CCITT from Digest'
#   at t/11crc.t line 57.
#          got: 'L14=
# '
#     expected: 'MTIxMj'
# Looks like you failed 3 tests of 6.
t/11crc.t ........ 
Dubious, test returned 3 (wstat 768, 0x300)
Failed 3/6 subtests 
Useless use of a variable in void context at /home/graham/perls/perl-5.14.2-thread/lib/site_perl/5.14.2/x86_64-linux-thread-multi/List/MoreUtils.pm line 362.
Name "Package::DeprecationManager::a" used only once: possible typo at /home/graham/perls/perl-5.14.2-thread/lib/site_perl/5.14.2/x86_64-linux-thread-multi/List/MoreUtils.pm line 362.
Name "Package::DeprecationManager::b" used only once: possible typo at /home/graham/perls/perl-5.14.2-thread/lib/site_perl/5.14.2/x86_64-linux-thread-multi/List/MoreUtils.pm line 362.
t/12whirlpool.t .. ok
t/13alder32.t .... skipped: needs Digest::Adler32 for testing
Useless use of a variable in void context at /home/graham/perls/perl-5.14.2-thread/lib/site_perl/5.14.2/x86_64-linux-thread-multi/List/MoreUtils.pm line 362.
Name "Package::DeprecationManager::a" used only once: possible typo at /home/graham/perls/perl-5.14.2-thread/lib/site_perl/5.14.2/x86_64-linux-thread-multi/List/MoreUtils.pm line 362.
Name "Package::DeprecationManager::b" used only once: possible typo at /home/graham/perls/perl-5.14.2-thread/lib/site_perl/5.14.2/x86_64-linux-thread-multi/List/MoreUtils.pm line 362.
t/15dirty.t ...... ok

Test Summary Report
-------------------
t/11crc.t      (Wstat: 768 Tests: 6 Failed: 3)
  Failed tests:  2, 4, 6
  Non-zero exit status: 3
Files=13, Tests=47,  5 wallclock secs ( 0.08 usr  0.02 sys +  3.55 cusr  0.40 csys =  4.05 CPU)
Result: FAIL
Failed 1/13 test programs. 3/47 subtests failed.
make: *** [test_dynamic] Error 255

------------------------------
PREREQUISITES
------------------------------

Prerequisite modules loaded:

requires:

    Module              Need     Have    
    ------------------- -------- --------
    DBD::SQLite         1.25     1.38_01 
    DBIx::Class         0.08121  0.08204 
    Digest              1.11     1.17    
    Digest::MD5         0        2.52    
    Digest::SHA         0        5.74    
    perl                5.008001 5.014002
    SQL::Translator     0.11006  0.11010 

build_requires:

    Module              Need     Have    
    ------------------- -------- --------
    DBD::SQLite         1.25     1.38_01 
    DBIx::Class         0.08121  0.08204 
    ExtUtils::MakeMaker 6.42     6.62    
    SQL::Translator     0.11006  0.11010 

configure_requires:

    Module              Need     Have    
    ------------------- -------- --------
    DBIx::Class         0.08121  0.08204 
    ExtUtils::MakeMaker 6.42     6.62    


------------------------------
ENVIRONMENT AND OTHER CONTEXT
------------------------------

Environment variables:

    AUTOMATED_TESTING = 1
    LANG = C
    PATH = /home/graham/perls/perl-5.14.2-thread/bin:/home/graham/perls/perl-5.14.2-thread/bin:/usr/local/bin:/usr/bin:/bin:/usr/local/sbin:/usr/sbin:/sbin:/usr/bin/core_perl
    PERL5LIB = 
    PERL5OPT = 
    PERL5_CPANPLUS_IS_RUNNING = 3316
    PERL5_CPAN_IS_RUNNING = 3316
    PERL5_CPAN_IS_RUNNING_IN_RECURSION = 12888,3316
    PERL_CR_SMOKER_CURRENT = DBIx-Class-DigestColumns-0.06001_01
    PERL_EXTUTILS_AUTOINSTALL = --defaultdeps
    PERL_MM_USE_DEFAULT = 1
    SHELL = /bin/bash
    TERM = xterm

Perl special variables (and OS-specific diagnostics, for MSWin32):

    $^X = /home/graham/perls/perl-5.14.2-thread/bin/perl
    $UID/$EUID = 1000 / 1000
    $GID = 100 100
    $EGID = 100 100

Perl module toolchain versions installed:

    Module              Have    
    ------------------- --------
    CPAN                1.9800  
    CPAN::Meta          2.120351
    Cwd                 3.33    
    ExtUtils::CBuilder  0.280205
    ExtUtils::Command   1.17    
    ExtUtils::Install   1.56    
    ExtUtils::MakeMaker 6.62    
    ExtUtils::Manifest  1.61    
    ExtUtils::ParseXS   3.18    
    File::Spec          3.33    
    JSON                2.53    
    JSON::PP            2.27008 
    Module::Build       0.4003  
    Module::Signature   0.70    
    Parse::CPAN::Meta   1.4404  
    Test::Harness       3.23    
    Test::More          0.98    
    YAML                0.73    
    YAML::Syck          1.21    
    version             0.9901  


--

Summary of my perl5 (revision 5 version 14 subversion 2) configuration:
   
  Platform:
    osname=linux, osvers=3.5.6-1-arch, archname=x86_64-linux-thread-multi
    uname='linux grosics 3.5.6-1-arch #1 smp preempt sun oct 7 19:30:49 cest 2012 x86_64 gnulinux '
    config_args='-Dusethreads -Dprefix=/home/graham/perls/perl-5.14.2-thread'
    hint=recommended, useposix=true, d_sigaction=define
    useithreads=define, usemultiplicity=define
    useperlio=define, d_sfio=undef, uselargefiles=define, usesocks=undef
    use64bitint=define, use64bitall=define, uselongdouble=undef
    usemymalloc=n, bincompat5005=undef
  Compiler:
    cc='cc', ccflags ='-D_REENTRANT -D_GNU_SOURCE -fno-strict-aliasing -pipe -fstack-protector -I/usr/local/include -D_LARGEFILE_SOURCE -D_FILE_OFFSET_BITS=64',
    optimize='-O2',
    cppflags='-D_REENTRANT -D_GNU_SOURCE -fno-strict-aliasing -pipe -fstack-protector -I/usr/local/include'
    ccversion='', gccversion='4.7.2', gccosandvers=''
    intsize=4, longsize=8, ptrsize=8, doublesize=8, byteorder=12345678
    d_longlong=define, longlongsize=8, d_longdbl=define, longdblsize=16
    ivtype='long', ivsize=8, nvtype='double', nvsize=8, Off_t='off_t', lseeksize=8
    alignbytes=8, prototype=define
  Linker and Libraries:
    ld='cc', ldflags =' -fstack-protector -L/usr/local/lib'
    libpth=/usr/local/lib /lib/../lib /usr/lib/../lib /lib /usr/lib
    libs=-lnsl -lgdbm -ldb -ldl -lm -lcrypt -lutil -lpthread -lc -lgdbm_compat
    perllibs=-lnsl -ldl -lm -lcrypt -lutil -lpthread -lc
    libc=/lib/libc-2.16.so, so=so, useshrplib=false, libperl=libperl.a
    gnulibc_version='2.16'
  Dynamic Linking:
    dlsrc=dl_dlopen.xs, dlext=so, d_dlsymun=undef, ccdlflags='-Wl,-E'
    cccdlflags='-fPIC', lddlflags='-shared -O2 -L/usr/local/lib -fstack-protector'


Characteristics of this binary (from libperl): 
  Compile-time options: MULTIPLICITY PERL_DONT_CREATE_GVSV
                        PERL_IMPLICIT_CONTEXT PERL_MALLOC_WRAP
                        PERL_PRESERVE_IVUV USE_64_BIT_ALL USE_64_BIT_INT
                        USE_ITHREADS USE_LARGE_FILES USE_PERLIO USE_PERL_ATOF
                        USE_REENTRANT_API
  Built under linux
  Compiled at Oct 13 2012 14:36:03
  %ENV:
    PERL5LIB=""
    PERL5OPT=""
    PERL5_CPANPLUS_IS_RUNNING="3316"
    PERL5_CPAN_IS_RUNNING="3316"
    PERL5_CPAN_IS_RUNNING_IN_RECURSION="12888,3316"
    PERL_CR_SMOKER_CURRENT="DBIx-Class-DigestColumns-0.06001_01"
    PERL_EXTUTILS_AUTOINSTALL="--defaultdeps"
    PERL_MM_USE_DEFAULT="1"
  @INC:
    /home/graham/perls/perl-5.14.2-thread/lib/site_perl/5.14.2/x86_64-linux-thread-multi
    /home/graham/perls/perl-5.14.2-thread/lib/site_perl/5.14.2
    /home/graham/perls/perl-5.14.2-thread/lib/5.14.2/x86_64-linux-thread-multi
    /home/graham/perls/perl-5.14.2-thread/lib/5.14.2
    .