Report for Math-Random-MT-Auto-6.19

Back
From: metabase:user:e7b34f46-36ca-11e0-a826-945c7ca43f85
Subject: FAIL Math-Random-MT-Auto-6.19 v5.10.1 Haiku
Date: 2012-08-05T05:15:42Z

This distribution has been tested as part of the CPAN Testers
project, supporting the Perl programming language.  See
http://wiki.cpantesters.org/ for more information or email
questions to cpan-testers-discuss@perl.org


--
Dear Jerry D. Hedden,

This is a computer-generated report for Math-Random-MT-Auto-6.19
on perl 5.10.1, created by CPAN-Reporter-1.2006.

Thank you for uploading your work to CPAN.  However, there was a problem
testing your distribution.

If you think this report is invalid, please consult the CPAN Testers Wiki
for suggestions on how to avoid getting FAIL reports for missing library
or binary dependencies, unsupported operating systems, and so on:

http://wiki.cpantesters.org/wiki/CPANAuthorNotes

Sections of this report:

    * Tester comments
    * Program output
    * Prerequisites
    * Environment and other context

------------------------------
TESTER COMMENTS
------------------------------

Additional comments from tester:

this report is from an automated smoke testing program
and was not reviewed by a human for accuracy

------------------------------
PROGRAM OUTPUT
------------------------------

Output from '/boot/common/bin/make test':

/boot/common/bin/perl "-MExtUtils::Command::MM" "-e" "test_harness(0, 'blib/lib', 'blib/arch')" t/*.t
# Testing Math::Random::MT::Auto 6.19
t/00-load.t ......... ok
t/01-mersenne.t ..... ok
Failure setting non-blocking mode on random device '/dev/urandom': OIO error: Trapped uncaught error
Error: Failed setting filehandle flags: General system error
Package: Math::Random::MT::Auto
File: /boot/home/.cpan/build/Math-Random-MT-Auto-6.19-fNgrNq/blib/lib/Math/Random/MT/Auto.pm
Line: 458


Trace begun at /boot/home/.cpan/build/Math-Random-MT-Auto-6.19-fNgrNq/blib/lib/Math/Random/MT/Auto.pm line 458
eval {...} at /boot/home/.cpan/build/Math-Random-MT-Auto-6.19-fNgrNq/blib/lib/Math/Random/MT/Auto.pm line 452
Math::Random::MT::Auto::_acq_device('/dev/urandom', 'Math::Random::MT::Auto=SCALAR(0x1817f188)', 624) called at /boot/home/.cpan/build/Math-Random-MT-Auto-6.19-fNgrNq/blib/lib/Math/Random/MT/Auto.pm line 405
Math::Random::MT::Auto::_acquire_seed('Math::Random::MT::Auto=SCALAR(0x1817f188)') called at /boot/home/.cpan/build/Math-Random-MT-Auto-6.19-fNgrNq/blib/lib/Math/Random/MT/Auto.pm line 265
Object::InsideOut::new('Math::Random::MT::Auto', 'HASH(0x18384868)') called at /boot/home/.cpan/build/Math-Random-MT-Auto-6.19-fNgrNq/blib/lib/Math/Random/MT/Auto.pm line 105
Math::Random::MT::Auto::import('Math::Random::MT::Auto', 'gaussian') called at (eval 4) line 2
main::BEGIN at /boot/common/lib/perl5/5.10.1/BePC-haiku/Fcntl.pm line 2
eval {...} at /boot/common/lib/perl5/5.10.1/BePC-haiku/Fcntl.pm line 2
eval 'package main;
use Math::Random::MT::Auto @{$args[0]};
1;

;' at /boot/common/lib/perl5/5.10.1/Test/More.pm line 885
Test::More::_eval('package main;^Juse Math::Random::MT::Auto @{$args[0]};^J1;^J', 'ARRAY(0x18150650)') called at /boot/common/lib/perl5/5.10.1/Test/More.pm line 860
Test::More::use_ok('Math::Random::MT::Auto', 'gaussian') called at t/02-gaussian.t line 10
 at (eval 4) line 2.
Failure setting non-blocking mode on random device '/dev/urandom': OIO error: Trapped uncaught error
Error: Failed setting filehandle flags: General system error
Package: Math::Random::MT::Auto
File: /boot/home/.cpan/build/Math-Random-MT-Auto-6.19-fNgrNq/blib/lib/Math/Random/MT/Auto.pm
Line: 458


Trace begun at /boot/home/.cpan/build/Math-Random-MT-Auto-6.19-fNgrNq/blib/lib/Math/Random/MT/Auto.pm line 458
eval {...} at /boot/home/.cpan/build/Math-Random-MT-Auto-6.19-fNgrNq/blib/lib/Math/Random/MT/Auto.pm line 452
Math::Random::MT::Auto::_acq_device('/dev/urandom', 'Math::Random::MT::Auto=SCALAR(0x183848f8)', 624) called at /boot/home/.cpan/build/Math-Random-MT-Auto-6.19-fNgrNq/blib/lib/Math/Random/MT/Auto.pm line 405
Math::Random::MT::Auto::_acquire_seed('Math::Random::MT::Auto=SCALAR(0x183848f8)') called at /boot/home/.cpan/build/Math-Random-MT-Auto-6.19-fNgrNq/blib/lib/Math/Random/MT/Auto.pm line 265
Object::InsideOut::new('Math::Random::MT::Auto', 'HASH(0x18177dd8)') called at t/02-gaussian.t line 102
eval {...} at t/02-gaussian.t line 102
 at t/02-gaussian.t line 102.
t/02-gaussian.t ..... ok
t/03-threads.t ...... skipped: Threads not supported
t/04-win32.t ........ skipped: Not MSWin32 or Cygwin

#   Failed test 'Acquired seed data'
#   at t/05-dev_urandom.t line 24.
# Seed warnings: Failure setting non-blocking mode on random device '/dev/urandom': OIO error: Trapped uncaught error
# Error: Failed setting filehandle flags: General system error
# Package: Math::Random::MT::Auto
# File: /boot/home/.cpan/build/Math-Random-MT-Auto-6.19-fNgrNq/blib/lib/Math/Random/MT/Auto.pm
# Line: 458
# 
# 
# Trace begun at /boot/home/.cpan/build/Math-Random-MT-Auto-6.19-fNgrNq/blib/lib/Math/Random/MT/Auto.pm line 458
# eval {...} at /boot/home/.cpan/build/Math-Random-MT-Auto-6.19-fNgrNq/blib/lib/Math/Random/MT/Auto.pm line 452
# Math::Random::MT::Auto::_acq_device('/dev/urandom', 'Math::Random::MT::Auto=SCALAR(0x18221ea0)', 624) called at /boot/home/.cpan/build/Math-Random-MT-Auto-6.19-fNgrNq/blib/lib/Math/Random/MT/Auto.pm line 405
# Math::Random::MT::Auto::_acquire_seed('Math::Random::MT::Auto=SCALAR(0x18221ea0)') called at /boot/home/.cpan/build/Math-Random-MT-Auto-6.19-fNgrNq/blib/lib/Math/Random/MT/Auto.pm line 265
# Object::InsideOut::new('Math::Random::MT::Auto', 'HASH(0x183844b8)') called at /boot/home/.cpan/build/Math-Random-MT-Auto-6.19-fNgrNq/blib/lib/Math/Random/MT/Auto.pm line 105
# Math::Random::MT::Auto::import('Math::Random::MT::Auto', 'rand', 'irand', '/dev/urandom') called at (eval 4) line 2
# main::BEGIN at /boot/common/lib/perl5/5.10.1/BePC-haiku/Fcntl.pm line 2
# eval {...} at /boot/common/lib/perl5/5.10.1/BePC-haiku/Fcntl.pm line 2
# eval 'package main;
# use Math::Random::MT::Auto @{$args[0]};
# 1;
# 
# ;' at /boot/common/lib/perl5/5.10.1/Test/More.pm line 885
# Test::More::_eval('package main;^Juse Math::Random::MT::Auto @{$args[0]};^J1;^J', 'ARRAY(0x18150630)') called at /boot/common/lib/perl5/5.10.1/Test/More.pm line 860
# Test::More::use_ok('Math::Random::MT::Auto', 'rand', 'irand', '/dev/urandom') called at t/05-dev_urandom.t line 20
#  at (eval 4) line 2.
# Looks like you failed 1 test of 92.
t/05-dev_urandom.t .. 
Dubious, test returned 1 (wstat 256, 0x100)
Failed 1/92 subtests 

#   Failed test 'Acquired seed data'
#   at t/06-dev_random.t line 51.
# Seed warnings: Failure setting non-blocking mode on random device '/dev/random': OIO error: Trapped uncaught error
# Error: Failed setting filehandle flags: General system error
# Package: Math::Random::MT::Auto
# File: /boot/home/.cpan/build/Math-Random-MT-Auto-6.19-fNgrNq/blib/lib/Math/Random/MT/Auto.pm
# Line: 458
# 
# 
# Trace begun at /boot/home/.cpan/build/Math-Random-MT-Auto-6.19-fNgrNq/blib/lib/Math/Random/MT/Auto.pm line 458
# eval {...} at /boot/home/.cpan/build/Math-Random-MT-Auto-6.19-fNgrNq/blib/lib/Math/Random/MT/Auto.pm line 452
# Math::Random::MT::Auto::_acq_device('/dev/random', 'Math::Random::MT::Auto=SCALAR(0x18223348)', 624) called at /boot/home/.cpan/build/Math-Random-MT-Auto-6.19-fNgrNq/blib/lib/Math/Random/MT/Auto.pm line 405
# Math::Random::MT::Auto::_acquire_seed('Math::Random::MT::Auto=SCALAR(0x18223348)') called at /boot/home/.cpan/build/Math-Random-MT-Auto-6.19-fNgrNq/blib/lib/Math/Random/MT/Auto.pm line 265
# Object::InsideOut::new('Math::Random::MT::Auto', 'HASH(0x18384408)') called at /boot/home/.cpan/build/Math-Random-MT-Auto-6.19-fNgrNq/blib/lib/Math/Random/MT/Auto.pm line 105
# Math::Random::MT::Auto::import('Math::Random::MT::Auto', 'rand', 'irand', '/dev/random') called at (eval 4) line 2
# main::BEGIN at /boot/common/lib/perl5/5.10.1/BePC-haiku/Fcntl.pm line 2
# eval {...} at /boot/common/lib/perl5/5.10.1/BePC-haiku/Fcntl.pm line 2
# eval 'package main;
# use Math::Random::MT::Auto @{$args[0]};
# 1;
# 
# ;' at /boot/common/lib/perl5/5.10.1/Test/More.pm line 885
# Test::More::_eval('package main;^Juse Math::Random::MT::Auto @{$args[0]};^J1;^J', 'ARRAY(0x18150630)') called at /boot/common/lib/perl5/5.10.1/Test/More.pm line 860
# Test::More::use_ok('Math::Random::MT::Auto', 'rand', 'irand', '/dev/random') called at t/06-dev_random.t line 35
#  at (eval 4) line 2.
# Looks like you failed 1 test of 92.
t/06-dev_random.t ... 
Dubious, test returned 1 (wstat 256, 0x100)
Failed 1/92 subtests 
t/07-random_org.t ... skipped: Seed not obtained from random.org
t/08-hotbits.t ...... skipped: Seed not obtained from HotBits site
Failure setting non-blocking mode on random device '/dev/urandom': OIO error: Trapped uncaught error
Error: Failed setting filehandle flags: General system error
Package: Math::Random::MT::Auto
File: /boot/home/.cpan/build/Math-Random-MT-Auto-6.19-fNgrNq/blib/lib/Math/Random/MT/Auto.pm
Line: 458


Trace begun at /boot/home/.cpan/build/Math-Random-MT-Auto-6.19-fNgrNq/blib/lib/Math/Random/MT/Auto.pm line 458
eval {...} at /boot/home/.cpan/build/Math-Random-MT-Auto-6.19-fNgrNq/blib/lib/Math/Random/MT/Auto.pm line 452
Math::Random::MT::Auto::_acq_device('/dev/urandom', 'Math::Random::MT::Auto=SCALAR(0x18270a28)', 624) called at /boot/home/.cpan/build/Math-Random-MT-Auto-6.19-fNgrNq/blib/lib/Math/Random/MT/Auto.pm line 405
Math::Random::MT::Auto::_acquire_seed('Math::Random::MT::Auto=SCALAR(0x18270a28)') called at /boot/home/.cpan/build/Math-Random-MT-Auto-6.19-fNgrNq/blib/lib/Math/Random/MT/Auto.pm line 265
Object::InsideOut::new('Math::Random::MT::Auto', 'HASH(0x183b0410)') called at /boot/home/.cpan/build/Math-Random-MT-Auto-6.19-fNgrNq/blib/lib/Math/Random/MT/Auto.pm line 105
Math::Random::MT::Auto::import('Math::Random::MT::Auto', 'irand', 'get_state', 'set_state') called at (eval 4) line 2
main::BEGIN at /boot/common/lib/perl5/5.10.1/BePC-haiku/Fcntl.pm line 2
eval {...} at /boot/common/lib/perl5/5.10.1/BePC-haiku/Fcntl.pm line 2
eval 'package main;
use Math::Random::MT::Auto @{$args[0]};
1;

;' at /boot/common/lib/perl5/5.10.1/Test/More.pm line 885
Test::More::_eval('package main;^Juse Math::Random::MT::Auto @{$args[0]};^J1;^J', 'ARRAY(0x18150650)') called at /boot/common/lib/perl5/5.10.1/Test/More.pm line 860
Test::More::use_ok('Math::Random::MT::Auto', 'irand', 'get_state', 'set_state') called at t/09-state.t line 9
 at (eval 4) line 2.
t/09-state.t ........ ok

#   Failed test 'Acquired seed data'
#   at t/10-deviates.t line 22.
# Seed warnings: Failure setting non-blocking mode on random device '/dev/urandom': OIO error: Trapped uncaught error
# Error: Failed setting filehandle flags: General system error
# Package: Math::Random::MT::Auto
# File: /boot/home/.cpan/build/Math-Random-MT-Auto-6.19-fNgrNq/blib/lib/Math/Random/MT/Auto.pm
# Line: 458
# 
# 
# Trace begun at /boot/home/.cpan/build/Math-Random-MT-Auto-6.19-fNgrNq/blib/lib/Math/Random/MT/Auto.pm line 458
# eval {...} at /boot/home/.cpan/build/Math-Random-MT-Auto-6.19-fNgrNq/blib/lib/Math/Random/MT/Auto.pm line 452
# Math::Random::MT::Auto::_acq_device('/dev/urandom', 'Math::Random::MT::Auto=SCALAR(0x18226260)', 624) called at /boot/home/.cpan/build/Math-Random-MT-Auto-6.19-fNgrNq/blib/lib/Math/Random/MT/Auto.pm line 405
# Math::Random::MT::Auto::_acquire_seed('Math::Random::MT::Auto=SCALAR(0x18226260)') called at /boot/home/.cpan/build/Math-Random-MT-Auto-6.19-fNgrNq/blib/lib/Math/Random/MT/Auto.pm line 265
# Object::InsideOut::new('Math::Random::MT::Auto', 'HASH(0x183878e0)') called at /boot/home/.cpan/build/Math-Random-MT-Auto-6.19-fNgrNq/blib/lib/Math/Random/MT/Auto.pm line 105
# Math::Random::MT::Auto::import('Math::Random::MT::Auto', 'exponential', 'erlang', 'poisson', 'binomial', 'shuffle') called at (eval 4) line 2
# main::BEGIN at /boot/common/lib/perl5/5.10.1/BePC-haiku/Fcntl.pm line 2
# eval {...} at /boot/common/lib/perl5/5.10.1/BePC-haiku/Fcntl.pm line 2
# eval 'package main;
# use Math::Random::MT::Auto @{$args[0]};
# 1;
# 
# ;' at /boot/common/lib/perl5/5.10.1/Test/More.pm line 885
# Test::More::_eval('package main;^Juse Math::Random::MT::Auto @{$args[0]};^J1;^J', 'ARRAY(0x181517c8)') called at /boot/common/lib/perl5/5.10.1/Test/More.pm line 860
# Test::More::use_ok('Math::Random::MT::Auto', 'exponential', 'erlang', 'poisson', 'binomial', 'shuffle') called at t/10-deviates.t line 14
#  at (eval 4) line 2.

#   Failed test 'Acquired seed data'
#   at t/10-deviates.t line 180.
# Seed warnings: Failure setting non-blocking mode on random device '/dev/urandom': OIO error: Trapped uncaught error
# Error: Failed setting filehandle flags: General system error
# Package: Math::Random::MT::Auto
# File: /boot/home/.cpan/build/Math-Random-MT-Auto-6.19-fNgrNq/blib/lib/Math/Random/MT/Auto.pm
# Line: 458
# 
# 
# Trace begun at /boot/home/.cpan/build/Math-Random-MT-Auto-6.19-fNgrNq/blib/lib/Math/Random/MT/Auto.pm line 458
# eval {...} at /boot/home/.cpan/build/Math-Random-MT-Auto-6.19-fNgrNq/blib/lib/Math/Random/MT/Auto.pm line 452
# Math::Random::MT::Auto::_acq_device('/dev/urandom', 'Math::Random::MT::Auto=SCALAR(0x18387970)', 624) called at /boot/home/.cpan/build/Math-Random-MT-Auto-6.19-fNgrNq/blib/lib/Math/Random/MT/Auto.pm line 405
# Math::Random::MT::Auto::_acquire_seed('Math::Random::MT::Auto=SCALAR(0x18387970)') called at /boot/home/.cpan/build/Math-Random-MT-Auto-6.19-fNgrNq/blib/lib/Math/Random/MT/Auto.pm line 265
# Object::InsideOut::new('Math::Random::MT::Auto', 'HASH(0x18434140)') called at t/10-deviates.t line 171
# eval {...} at t/10-deviates.t line 171
#  at t/10-deviates.t line 171.
# Looks like you failed 2 tests of 934.
t/10-deviates.t ..... 
Dubious, test returned 2 (wstat 512, 0x200)
Failed 2/934 subtests 

#   Failed test 'Acquired seed data'
#   at t/11-range.t line 50.
# Seed warnings: Failure setting non-blocking mode on random device '/dev/urandom': OIO error: Trapped uncaught error
# Error: Failed setting filehandle flags: General system error
# Package: Math::Random::MT::Auto
# File: /boot/home/.cpan/build/Math-Random-MT-Auto-6.19-fNgrNq/blib/lib/Math/Random/MT/Auto.pm
# Line: 458
# 
# 
# Trace begun at /boot/home/.cpan/build/Math-Random-MT-Auto-6.19-fNgrNq/blib/lib/Math/Random/MT/Auto.pm line 458
# eval {...} at /boot/home/.cpan/build/Math-Random-MT-Auto-6.19-fNgrNq/blib/lib/Math/Random/MT/Auto.pm line 452
# Math::Random::MT::Auto::_acq_device('/dev/urandom', 'Math::Random::MT::Auto=SCALAR(0x181813d8)', 624) called at /boot/home/.cpan/build/Math-Random-MT-Auto-6.19-fNgrNq/blib/lib/Math/Random/MT/Auto.pm line 405
# Math::Random::MT::Auto::_acquire_seed('Math::Random::MT::Auto=SCALAR(0x181813d8)') called at /boot/home/.cpan/build/Math-Random-MT-Auto-6.19-fNgrNq/blib/lib/Math/Random/MT/Auto.pm line 265
# Object::InsideOut::new('Math::Random::MT::Auto', 'HASH(0x18385560)') called at /boot/home/.cpan/build/Math-Random-MT-Auto-6.19-fNgrNq/blib/lib/Math/Random/MT/Auto.pm line 105
# Math::Random::MT::Auto::import('Math::Random::MT::Auto') called at t/11-range.t line 22
# main::BEGIN at /boot/common/lib/perl5/5.10.1/BePC-haiku/Fcntl.pm line 22
# eval {...} at /boot/common/lib/perl5/5.10.1/BePC-haiku/Fcntl.pm line 22
#  at t/11-range.t line 22.
#  | Failure setting non-blocking mode on random device '/dev/urandom': OIO error: Trapped uncaught error
# Error: Failed setting filehandle flags: General system error
# Package: Math::Random::MT::Auto
# File: /boot/home/.cpan/build/Math-Random-MT-Auto-6.19-fNgrNq/blib/lib/Math/Random/MT/Auto.pm
# Line: 458
# 
# 
# Trace begun at /boot/home/.cpan/build/Math-Random-MT-Auto-6.19-fNgrNq/blib/lib/Math/Random/MT/Auto.pm line 458
# eval {...} at /boot/home/.cpan/build/Math-Random-MT-Auto-6.19-fNgrNq/blib/lib/Math/Random/MT/Auto.pm line 452
# Math::Random::MT::Auto::_acq_device('/dev/urandom', 'Math::Random::MT::Auto=SCALAR(0x183e1ef8)', 624) called at /boot/home/.cpan/build/Math-Random-MT-Auto-6.19-fNgrNq/blib/lib/Math/Random/MT/Auto.pm line 405
# Math::Random::MT::Auto::_acquire_seed('Math::Random::MT::Auto=SCALAR(0x183e1ef8)') called at /boot/home/.cpan/build/Math-Random-MT-Auto-6.19-fNgrNq/blib/lib/Math/Random/MT/Auto.pm line 265
# Object::InsideOut::new('Math::Random::MT::Auto', 'HASH(0x181799a0)') called at /boot/home/.cpan/build/Math-Random-MT-Auto-6.19-fNgrNq/blib/lib/Math/Random/MT/Auto.pm line 105
# Math::Random::MT::Auto::import('Math::Random::MT::Auto::Range') called at t/11-range.t line 23
# main::BEGIN at /boot/home/.cpan/build/Math-Random-MT-Auto-6.19-fNgrNq/blib/lib/Math/Random/MT/Auto/Range.pm line 23
# eval {...} at /boot/home/.cpan/build/Math-Random-MT-Auto-6.19-fNgrNq/blib/lib/Math/Random/MT/Auto/Range.pm line 23
#  at t/11-range.t line 23.
#  | Failure setting non-blocking mode on random device '/dev/urandom': OIO error: Trapped uncaught error
# Error: Failed setting filehandle flags: General system error
# Package: Math::Random::MT::Auto
# File: /boot/home/.cpan/build/Math-Random-MT-Auto-6.19-fNgrNq/blib/lib/Math/Random/MT/Auto.pm
# Line: 458
# 
# 
# Trace begun at /boot/home/.cpan/build/Math-Random-MT-Auto-6.19-fNgrNq/blib/lib/Math/Random/MT/Auto.pm line 458
# eval {...} at /boot/home/.cpan/build/Math-Random-MT-Auto-6.19-fNgrNq/blib/lib/Math/Random/MT/Auto.pm line 452
# Math::Random::MT::Auto::_acq_device('/dev/urandom', 'Math::Random::MT::Auto::Range=SCALAR(0x183e1f68)', 624) called at /boot/home/.cpan/build/Math-Random-MT-Auto-6.19-fNgrNq/blib/lib/Math/Random/MT/Auto.pm line 405
# Math::Random::MT::Auto::_acquire_seed('Math::Random::MT::Auto::Range=SCALAR(0x183e1f68)') called at /boot/home/.cpan/build/Math-Random-MT-Auto-6.19-fNgrNq/blib/lib/Math/Random/MT/Auto.pm line 265
# Object::InsideOut::new('Math::Random::MT::Auto::Range', 'HASH(0x183c4408)') called at t/11-range.t line 27
# eval {...} at t/11-range.t line 27
#  at t/11-range.t line 27.

#   Failed test 'Acquired seed data'
#   at t/11-range.t line 90.
# Seed warnings: Failure setting non-blocking mode on random device '/dev/urandom': OIO error: Trapped uncaught error
# Error: Failed setting filehandle flags: General system error
# Package: Math::Random::MT::Auto
# File: /boot/home/.cpan/build/Math-Random-MT-Auto-6.19-fNgrNq/blib/lib/Math/Random/MT/Auto.pm
# Line: 458
# 
# 
# Trace begun at /boot/home/.cpan/build/Math-Random-MT-Auto-6.19-fNgrNq/blib/lib/Math/Random/MT/Auto.pm line 458
# eval {...} at /boot/home/.cpan/build/Math-Random-MT-Auto-6.19-fNgrNq/blib/lib/Math/Random/MT/Auto.pm line 452
# Math::Random::MT::Auto::_acq_device('/dev/urandom', 'Math::Random::MT::Auto::Range=SCALAR(0x183c44b8)', 624) called at /boot/home/.cpan/build/Math-Random-MT-Auto-6.19-fNgrNq/blib/lib/Math/Random/MT/Auto.pm line 405
# Math::Random::MT::Auto::_acquire_seed('Math::Random::MT::Auto::Range=SCALAR(0x183c44b8)') called at /boot/home/.cpan/build/Math-Random-MT-Auto-6.19-fNgrNq/blib/lib/Math/Random/MT/Auto.pm line 265
# Object::InsideOut::new('Math::Random::MT::Auto::Range=SCALAR(0x183e1f68)', 'HASH(0x1840a9d0)') called at t/11-range.t line 82
#  at t/11-range.t line 82.

#   Failed test 'Acquired seed data'
#   at t/11-range.t line 165.
# Seed warnings: Failure setting non-blocking mode on random device '/dev/urandom': OIO error: Trapped uncaught error
# Error: Failed setting filehandle flags: General system error
# Package: Math::Random::MT::Auto
# File: /boot/home/.cpan/build/Math-Random-MT-Auto-6.19-fNgrNq/blib/lib/Math/Random/MT/Auto.pm
# Line: 458
# 
# 
# Trace begun at /boot/home/.cpan/build/Math-Random-MT-Auto-6.19-fNgrNq/blib/lib/Math/Random/MT/Auto.pm line 458
# eval {...} at /boot/home/.cpan/build/Math-Random-MT-Auto-6.19-fNgrNq/blib/lib/Math/Random/MT/Auto.pm line 452
# Math::Random::MT::Auto::_acq_device('/dev/urandom', 'Math::Random::MT::Auto::Range::Sub=SCALAR(0x184074c8)', 624) called at /boot/home/.cpan/build/Math-Random-MT-Auto-6.19-fNgrNq/blib/lib/Math/Random/MT/Auto.pm line 405
# Math::Random::MT::Auto::_acquire_seed('Math::Random::MT::Auto::Range::Sub=SCALAR(0x184074c8)') called at /boot/home/.cpan/build/Math-Random-MT-Auto-6.19-fNgrNq/blib/lib/Math/Random/MT/Auto.pm line 265
# Object::InsideOut::new('Math::Random::MT::Auto::Range::Sub', 'HASH(0x18407608)') called at t/11-range.t line 153
# eval {...} at t/11-range.t line 153
#  at t/11-range.t line 153.
# Looks like you failed 3 tests of 227.
t/11-range.t ........ 
Dubious, test returned 3 (wstat 768, 0x300)
Failed 3/227 subtests 
	(less 60 skipped subtests: 164 okay)
t/12-rn_info.t ...... skipped: Seed not obtained from RandomNumbers.info
t/13-overload.t ..... ok
t/14-serialize.t .... ok
t/15-shared.t ....... skipped: Threads not supported
t/99-pod.t .......... skipped: Module maintainer tests

Test Summary Report
-------------------
t/05-dev_urandom.t (Wstat: 256 Tests: 92 Failed: 1)
  Failed test:  3
  Non-zero exit status: 1
t/06-dev_random.t (Wstat: 256 Tests: 92 Failed: 1)
  Failed test:  3
  Non-zero exit status: 1
t/10-deviates.t   (Wstat: 512 Tests: 934 Failed: 2)
  Failed tests:  4, 471
  Non-zero exit status: 2
t/11-range.t      (Wstat: 768 Tests: 227 Failed: 3)
  Failed tests:  6, 112, 167
  Non-zero exit status: 3
Files=17, Tests=5413,  9 wallclock secs ( 0.98 usr  0.24 sys +  7.30 cusr  1.09 csys =  9.61 CPU)
Result: FAIL
Failed 4/17 test programs. 7/5413 subtests failed.
make: *** [test_dynamic] Error 255

------------------------------
PREREQUISITES
------------------------------

Prerequisite modules loaded:

requires:

    Module              Need Have 
    ------------------- ---- -----
    Carp                0    1.26 
    Config              0    0    
    Data::Dumper        0    2.124
    Exception::Class    1.32 1.32 
    Fcntl               0    1.06 
    Object::InsideOut   3.88 3.95 
    Scalar::Util        1.23 1.25 
    strict              0    1.04 
    Test::More          0    0.98 
    warnings            0    1.06 
    XSLoader            0    0.10 

build_requires:

    Module              Need Have 
    ------------------- ---- -----
    ExtUtils::MakeMaker 0    6.62 

configure_requires:

    Module              Need Have 
    ------------------- ---- -----
    ExtUtils::MakeMaker 0    6.62 


------------------------------
ENVIRONMENT AND OTHER CONTEXT
------------------------------

Environment variables:

    AUTOMATED_TESTING = 1
    LC_CTYPE = en_US.UTF-8
    PATH = .:/boot/home/config/bin:/boot/common/bin:/bin:/boot/apps:/boot/preferences:/boot/system/apps:/boot/system/preferences:/boot/develop/tools/gnupro/bin
    PERL5LIB = 
    PERL5OPT = 
    PERL5_CPANPLUS_IS_RUNNING = 40419
    PERL5_CPAN_IS_RUNNING = 40419
    PERL5_CPAN_IS_RUNNING_IN_RECURSION = 24889,40419
    PERL_CR_SMOKER_CURRENT = Cache-Memcached-Queue-0.0.5
    PERL_EXTUTILS_AUTOINSTALL = --defaultdeps
    PERL_MM_USE_DEFAULT = 1
    SHELL = /bin/bash
    TERM = screen

Perl special variables (and OS-specific diagnostics, for MSWin32):

    $^X = /boot/common/bin/perl
    $UID/$EUID = 0 / 0
    $GID = 0 101 0
    $EGID = 0 101 0

Perl module toolchain versions installed:

    Module              Have    
    ------------------- --------
    CPAN                1.9800  
    CPAN::Meta          2.112150
    Cwd                 3.30    
    ExtUtils::CBuilder  0.280205
    ExtUtils::Command   1.16    
    ExtUtils::Install   1.54    
    ExtUtils::MakeMaker 6.62    
    ExtUtils::Manifest  1.58    
    ExtUtils::ParseXS   3.15    
    File::Spec          3.30    
    JSON                2.53    
    JSON::PP            2.27104 
    Module::Build       0.4002  
    Module::Signature   n/a     
    Parse::CPAN::Meta   1.4401  
    Test::Harness       3.17    
    Test::More          0.98    
    YAML                0.84    
    YAML::Syck          n/a     
    version             0.88    


--

Summary of my perl5 (revision 5 version 10 subversion 1) configuration:
   
  Platform:
    osname=haiku, osvers=1, archname=BePC-haiku
    uname='haiku shredder 1 41550 may 16 2011 19:14:49 bepc haiku '
    config_args='-Dcf_email=zooey@hirschkaefer.de -Uusenm -de'
    hint=recommended, useposix=true, d_sigaction=define
    useithreads=undef, usemultiplicity=undef
    useperlio=define, d_sfio=undef, uselargefiles=define, usesocks=undef
    use64bitint=undef, use64bitall=undef, uselongdouble=undef
    usemymalloc=n, bincompat5005=undef
  Compiler:
    cc='gcc', ccflags ='-fno-strict-aliasing -pipe',
    optimize='-O',
    cppflags='-fno-strict-aliasing -pipe'
    ccversion='', gccversion='2.95.3-haiku-100818', gccosandvers=''
    intsize=4, longsize=4, ptrsize=4, doublesize=8, byteorder=1234
    d_longlong=define, longlongsize=8, d_longdbl=define, longdblsize=12
    ivtype='long', ivsize=4, nvtype='double', nvsize=8, Off_t='off_t', lseeksize=8
    alignbytes=4, prototype=define
  Linker and Libraries:
    ld='gcc', ldflags =''
    libpth=/boot/home/config/lib /boot/common/lib /system/lib
    libs=-lnetwork
    perllibs=-lnetwork
    libc=/system/lib/libroot.so, so=so, useshrplib=true, libperl=libperl.so
    gnulibc_version=''
  Dynamic Linking:
    dlsrc=dl_dlopen.xs, dlext=so, d_dlsymun=undef, ccdlflags=' '
    cccdlflags='-fpic', lddlflags='-shared'


Characteristics of this binary (from libperl): 
  Compile-time options: PERL_DONT_CREATE_GVSV USE_LARGE_FILES USE_PERLIO
  Built under haiku
  Compiled at May 17 2011 14:41:35
  %ENV:
    PERL5LIB=""
    PERL5OPT=""
    PERL5_CPANPLUS_IS_RUNNING="40419"
    PERL5_CPAN_IS_RUNNING="40419"
    PERL5_CPAN_IS_RUNNING_IN_RECURSION="24889,40419"
    PERL_CR_SMOKER_CURRENT="Cache-Memcached-Queue-0.0.5"
    PERL_EXTUTILS_AUTOINSTALL="--defaultdeps"
    PERL_MM_USE_DEFAULT="1"
  @INC:
    /boot/common/lib/perl5/5.10.1/BePC-haiku
    /boot/common/lib/perl5/5.10.1
    /boot/common/lib/perl5/site_perl/5.10.1/BePC-haiku
    /boot/common/lib/perl5/site_perl/5.10.1
    .