Report for GOBO-0.03

Back
From: metabase:user:0d96120c-29e2-11e5-b049-ede3035d37de
Subject: FAIL GOBO-0.03 v5.23.1 SunOS/Solaris
Date: 2015-07-28T21:28:31Z

This distribution has been tested as part of the CPAN Testers
project, supporting the Perl programming language.  See
http://wiki.cpantesters.org/ for more information or email
questions to cpan-testers-discuss@perl.org


--
Dear Chris Mungall,

This is a computer-generated report for GOBO-0.03
on perl 5.23.1, created by CPAN-Reporter-1.2014.

Thank you for uploading your work to CPAN.  However, there was a problem
testing your distribution.

If you think this report is invalid, please consult the CPAN Testers Wiki
for suggestions on how to avoid getting FAIL reports for missing library
or binary dependencies, unsupported operating systems, and so on:

http://wiki.cpantesters.org/wiki/CPANAuthorNotes

Sections of this report:

    * Tester comments
    * Program output
    * Prerequisites
    * Environment and other context

------------------------------
TESTER COMMENTS
------------------------------

Additional comments from tester:

this report is from an automated smoke testing program
and was not reviewed by a human for accuracy

------------------------------
PROGRAM OUTPUT
------------------------------

Output from '/usr/bin/make test':

PERL_DL_NONLAZY=1 "/export/home/jmaslak/perl5/perlbrew/perls/perl-5.23.1-ld/bin/perl5.23.1" "-MExtUtils::Command::MM" "-MTest::Harness" "-e" "undef *Test::Harness::Switches; test_harness(0, 'blib/lib', 'blib/arch')" t/*.t
You cannot coerce an attribute (provenance) unless its type (GOBO::Node) has a coercion at /export/home/jmaslak/perl5/perlbrew/perls/perl-5.23.1-ld/lib/site_perl/5.23.1/i86pc-solaris-ld/Moose/Exporter.pm line 419
	Moose::with('GOBO::Attributed') called at /export/home/jmaslak/.cpan/build/GOBO-0.03-IkHGN4/blib/lib/GOBO/Synonym.pm line 17
	require GOBO/Synonym.pm at /export/home/jmaslak/.cpan/build/GOBO-0.03-IkHGN4/blib/lib/GOBO/Labeled.pm line 23
	GOBO::Labeled::BEGIN at /export/home/jmaslak/.cpan/build/GOBO-0.03-IkHGN4/blib/lib/GOBO/Synonym.pm line 0
	eval {...} at /export/home/jmaslak/.cpan/build/GOBO-0.03-IkHGN4/blib/lib/GOBO/Synonym.pm line 0
	require GOBO/Labeled.pm at /export/home/jmaslak/perl5/perlbrew/perls/perl-5.23.1-ld/lib/site_perl/5.23.1/Module/Runtime.pm line 317
	Module::Runtime::require_module('GOBO::Labeled') called at /export/home/jmaslak/perl5/perlbrew/perls/perl-5.23.1-ld/lib/site_perl/5.23.1/Module/Runtime.pm line 348
	Module::Runtime::use_module('GOBO::Labeled') called at /export/home/jmaslak/perl5/perlbrew/perls/perl-5.23.1-ld/lib/site_perl/5.23.1/i86pc-solaris-ld/Moose/Util.pm line 147
	Moose::Util::_apply_all_roles('Moose::Meta::Class=HASH(0x8a67ef0)', undef, 'GOBO::Labeled') called at /export/home/jmaslak/perl5/perlbrew/perls/perl-5.23.1-ld/lib/site_perl/5.23.1/i86pc-solaris-ld/Moose/Util.pm line 114
	Moose::Util::apply_all_roles('Moose::Meta::Class=HASH(0x8a67ef0)', 'GOBO::Labeled') called at /export/home/jmaslak/perl5/perlbrew/perls/perl-5.23.1-ld/lib/site_perl/5.23.1/i86pc-solaris-ld/Moose.pm line 59
	Moose::with('Moose::Meta::Class=HASH(0x8a67ef0)', 'GOBO::Labeled') called at /export/home/jmaslak/perl5/perlbrew/perls/perl-5.23.1-ld/lib/site_perl/5.23.1/i86pc-solaris-ld/Moose/Exporter.pm line 419
	Moose::with('GOBO::Labeled') called at /export/home/jmaslak/.cpan/build/GOBO-0.03-IkHGN4/blib/lib/GOBO/Node.pm line 6
	require GOBO/Node.pm at /export/home/jmaslak/perl5/perlbrew/perls/perl-5.23.1-ld/lib/site_perl/5.23.1/Module/Runtime.pm line 317
	Module::Runtime::require_module('GOBO::Node') called at /export/home/jmaslak/perl5/perlbrew/perls/perl-5.23.1-ld/lib/site_perl/5.23.1/Module/Runtime.pm line 381
	eval {...} at /export/home/jmaslak/perl5/perlbrew/perls/perl-5.23.1-ld/lib/site_perl/5.23.1/Module/Runtime.pm line 381
	Module::Runtime::use_package_optimistically('GOBO::Node') called at /export/home/jmaslak/perl5/perlbrew/perls/perl-5.23.1-ld/lib/site_perl/5.23.1/i86pc-solaris-ld/Moose/Util.pm line 352
	Moose::Util::_load_user_class('GOBO::Node', undef) called at /export/home/jmaslak/perl5/perlbrew/perls/perl-5.23.1-ld/lib/site_perl/5.23.1/i86pc-solaris-ld/Moose/Meta/Class.pm line 557
	Moose::Meta::Class::superclasses(undef, 'GOBO::Node') called at /export/home/jmaslak/perl5/perlbrew/perls/perl-5.23.1-ld/lib/site_perl/5.23.1/i86pc-solaris-ld/Moose.pm line 55
	Moose::extends('Moose::Meta::Class=HASH(0x899ec68)', 'GOBO::Node') called at /export/home/jmaslak/perl5/perlbrew/perls/perl-5.23.1-ld/lib/site_perl/5.23.1/i86pc-solaris-ld/Moose/Exporter.pm line 419
	Moose::extends('GOBO::Node') called at /export/home/jmaslak/.cpan/build/GOBO-0.03-IkHGN4/blib/lib/GOBO/Evidence.pm line 4
	require GOBO/Evidence.pm at /export/home/jmaslak/.cpan/build/GOBO-0.03-IkHGN4/blib/lib/GOBO/Annotation.pm line 5
	GOBO::Annotation::BEGIN at /export/home/jmaslak/.cpan/build/GOBO-0.03-IkHGN4/blib/lib/GOBO/Synonym.pm line 0
	eval {...} at /export/home/jmaslak/.cpan/build/GOBO-0.03-IkHGN4/blib/lib/GOBO/Synonym.pm line 0
	require GOBO/Annotation.pm at /export/home/jmaslak/.cpan/build/GOBO-0.03-IkHGN4/blib/lib/GOBO/Graph.pm line 55
	GOBO::Graph::BEGIN at /export/home/jmaslak/.cpan/build/GOBO-0.03-IkHGN4/blib/lib/GOBO/Synonym.pm line 0
	eval {...} at /export/home/jmaslak/.cpan/build/GOBO-0.03-IkHGN4/blib/lib/GOBO/Synonym.pm line 0
	require GOBO/Graph.pm at t/analysis_test.t line 4
	main::BEGIN at /export/home/jmaslak/.cpan/build/GOBO-0.03-IkHGN4/blib/lib/GOBO/Synonym.pm line 0
	eval {...} at /export/home/jmaslak/.cpan/build/GOBO-0.03-IkHGN4/blib/lib/GOBO/Synonym.pm line 0
Compilation failed in require at /export/home/jmaslak/.cpan/build/GOBO-0.03-IkHGN4/blib/lib/GOBO/Labeled.pm line 23.
BEGIN failed--compilation aborted at /export/home/jmaslak/.cpan/build/GOBO-0.03-IkHGN4/blib/lib/GOBO/Labeled.pm line 23.
Compilation failed in require at /export/home/jmaslak/perl5/perlbrew/perls/perl-5.23.1-ld/lib/site_perl/5.23.1/Module/Runtime.pm line 317.
Compilation failed in require at /export/home/jmaslak/perl5/perlbrew/perls/perl-5.23.1-ld/lib/site_perl/5.23.1/Module/Runtime.pm line 317.
Compilation failed in require at /export/home/jmaslak/.cpan/build/GOBO-0.03-IkHGN4/blib/lib/GOBO/Annotation.pm line 5.
BEGIN failed--compilation aborted at /export/home/jmaslak/.cpan/build/GOBO-0.03-IkHGN4/blib/lib/GOBO/Annotation.pm line 5.
Compilation failed in require at /export/home/jmaslak/.cpan/build/GOBO-0.03-IkHGN4/blib/lib/GOBO/Graph.pm line 55.
BEGIN failed--compilation aborted at /export/home/jmaslak/.cpan/build/GOBO-0.03-IkHGN4/blib/lib/GOBO/Graph.pm line 55.
Compilation failed in require at t/analysis_test.t line 4.
BEGIN failed--compilation aborted at t/analysis_test.t line 4.
t/analysis_test.t ............ 
Dubious, test returned 255 (wstat 65280, 0xff00)
No subtests run 
You cannot coerce an attribute (source) unless its type (GOBO::Node) has a coercion at /export/home/jmaslak/perl5/perlbrew/perls/perl-5.23.1-ld/lib/site_perl/5.23.1/i86pc-solaris-ld/Moose/Exporter.pm line 419
	Moose::with('GOBO::Attributed') called at /export/home/jmaslak/.cpan/build/GOBO-0.03-IkHGN4/blib/lib/GOBO/Synonym.pm line 17
	require GOBO/Synonym.pm at /export/home/jmaslak/.cpan/build/GOBO-0.03-IkHGN4/blib/lib/GOBO/Labeled.pm line 23
	GOBO::Labeled::BEGIN at /export/home/jmaslak/.cpan/build/GOBO-0.03-IkHGN4/blib/lib/GOBO/Synonym.pm line 0
	eval {...} at /export/home/jmaslak/.cpan/build/GOBO-0.03-IkHGN4/blib/lib/GOBO/Synonym.pm line 0
	require GOBO/Labeled.pm at /export/home/jmaslak/perl5/perlbrew/perls/perl-5.23.1-ld/lib/site_perl/5.23.1/Module/Runtime.pm line 317
	Module::Runtime::require_module('GOBO::Labeled') called at /export/home/jmaslak/perl5/perlbrew/perls/perl-5.23.1-ld/lib/site_perl/5.23.1/Module/Runtime.pm line 348
	Module::Runtime::use_module('GOBO::Labeled') called at /export/home/jmaslak/perl5/perlbrew/perls/perl-5.23.1-ld/lib/site_perl/5.23.1/i86pc-solaris-ld/Moose/Util.pm line 147
	Moose::Util::_apply_all_roles('Moose::Meta::Class=HASH(0x8a68620)', undef, 'GOBO::Labeled') called at /export/home/jmaslak/perl5/perlbrew/perls/perl-5.23.1-ld/lib/site_perl/5.23.1/i86pc-solaris-ld/Moose/Util.pm line 114
	Moose::Util::apply_all_roles('Moose::Meta::Class=HASH(0x8a68620)', 'GOBO::Labeled') called at /export/home/jmaslak/perl5/perlbrew/perls/perl-5.23.1-ld/lib/site_perl/5.23.1/i86pc-solaris-ld/Moose.pm line 59
	Moose::with('Moose::Meta::Class=HASH(0x8a68620)', 'GOBO::Labeled') called at /export/home/jmaslak/perl5/perlbrew/perls/perl-5.23.1-ld/lib/site_perl/5.23.1/i86pc-solaris-ld/Moose/Exporter.pm line 419
	Moose::with('GOBO::Labeled') called at /export/home/jmaslak/.cpan/build/GOBO-0.03-IkHGN4/blib/lib/GOBO/Node.pm line 6
	require GOBO/Node.pm at /export/home/jmaslak/.cpan/build/GOBO-0.03-IkHGN4/blib/lib/GOBO/Statement.pm line 7
	GOBO::Statement::BEGIN at /export/home/jmaslak/.cpan/build/GOBO-0.03-IkHGN4/blib/lib/GOBO/Synonym.pm line 0
	eval {...} at /export/home/jmaslak/.cpan/build/GOBO-0.03-IkHGN4/blib/lib/GOBO/Synonym.pm line 0
	require GOBO/Statement.pm at /export/home/jmaslak/.cpan/build/GOBO-0.03-IkHGN4/blib/lib/GOBO/ClassExpression/RelationalExpression.pm line 5
	GOBO::ClassExpression::RelationalExpression::BEGIN at /export/home/jmaslak/.cpan/build/GOBO-0.03-IkHGN4/blib/lib/GOBO/Synonym.pm line 0
	eval {...} at /export/home/jmaslak/.cpan/build/GOBO-0.03-IkHGN4/blib/lib/GOBO/Synonym.pm line 0
	require GOBO/ClassExpression/RelationalExpression.pm at /export/home/jmaslak/.cpan/build/GOBO-0.03-IkHGN4/blib/lib/GOBO/ClassExpression.pm line 80
	GOBO::ClassExpression::BEGIN at /export/home/jmaslak/.cpan/build/GOBO-0.03-IkHGN4/blib/lib/GOBO/Synonym.pm line 0
	eval {...} at /export/home/jmaslak/.cpan/build/GOBO-0.03-IkHGN4/blib/lib/GOBO/Synonym.pm line 0
	require GOBO/ClassExpression.pm at t/classexpr.t line 3
	main::BEGIN at /export/home/jmaslak/.cpan/build/GOBO-0.03-IkHGN4/blib/lib/GOBO/Synonym.pm line 0
	eval {...} at /export/home/jmaslak/.cpan/build/GOBO-0.03-IkHGN4/blib/lib/GOBO/Synonym.pm line 0
Compilation failed in require at /export/home/jmaslak/.cpan/build/GOBO-0.03-IkHGN4/blib/lib/GOBO/Labeled.pm line 23.
BEGIN failed--compilation aborted at /export/home/jmaslak/.cpan/build/GOBO-0.03-IkHGN4/blib/lib/GOBO/Labeled.pm line 23.
Compilation failed in require at /export/home/jmaslak/perl5/perlbrew/perls/perl-5.23.1-ld/lib/site_perl/5.23.1/Module/Runtime.pm line 317.
Compilation failed in require at /export/home/jmaslak/.cpan/build/GOBO-0.03-IkHGN4/blib/lib/GOBO/Statement.pm line 7.
BEGIN failed--compilation aborted at /export/home/jmaslak/.cpan/build/GOBO-0.03-IkHGN4/blib/lib/GOBO/Statement.pm line 7.
Compilation failed in require at /export/home/jmaslak/.cpan/build/GOBO-0.03-IkHGN4/blib/lib/GOBO/ClassExpression/RelationalExpression.pm line 5.
BEGIN failed--compilation aborted at /export/home/jmaslak/.cpan/build/GOBO-0.03-IkHGN4/blib/lib/GOBO/ClassExpression/RelationalExpression.pm line 5.
Compilation failed in require at /export/home/jmaslak/.cpan/build/GOBO-0.03-IkHGN4/blib/lib/GOBO/ClassExpression.pm line 80.
BEGIN failed--compilation aborted at /export/home/jmaslak/.cpan/build/GOBO-0.03-IkHGN4/blib/lib/GOBO/ClassExpression.pm line 80.
Compilation failed in require at t/classexpr.t line 3.
BEGIN failed--compilation aborted at t/classexpr.t line 3.
t/classexpr.t ................ 
Dubious, test returned 255 (wstat 65280, 0xff00)
No subtests run 
You cannot coerce an attribute (provenance) unless its type (GOBO::Node) has a coercion at /export/home/jmaslak/perl5/perlbrew/perls/perl-5.23.1-ld/lib/site_perl/5.23.1/i86pc-solaris-ld/Moose/Exporter.pm line 419
	Moose::with('GOBO::Attributed') called at /export/home/jmaslak/.cpan/build/GOBO-0.03-IkHGN4/blib/lib/GOBO/Synonym.pm line 17
	require GOBO/Synonym.pm at /export/home/jmaslak/.cpan/build/GOBO-0.03-IkHGN4/blib/lib/GOBO/Labeled.pm line 23
	GOBO::Labeled::BEGIN at /export/home/jmaslak/.cpan/build/GOBO-0.03-IkHGN4/blib/lib/GOBO/Synonym.pm line 0
	eval {...} at /export/home/jmaslak/.cpan/build/GOBO-0.03-IkHGN4/blib/lib/GOBO/Synonym.pm line 0
	require GOBO/Labeled.pm at /export/home/jmaslak/perl5/perlbrew/perls/perl-5.23.1-ld/lib/site_perl/5.23.1/Module/Runtime.pm line 317
	Module::Runtime::require_module('GOBO::Labeled') called at /export/home/jmaslak/perl5/perlbrew/perls/perl-5.23.1-ld/lib/site_perl/5.23.1/Module/Runtime.pm line 348
	Module::Runtime::use_module('GOBO::Labeled') called at /export/home/jmaslak/perl5/perlbrew/perls/perl-5.23.1-ld/lib/site_perl/5.23.1/i86pc-solaris-ld/Moose/Util.pm line 147
	Moose::Util::_apply_all_roles('Moose::Meta::Class=HASH(0x8a68208)', undef, 'GOBO::Labeled') called at /export/home/jmaslak/perl5/perlbrew/perls/perl-5.23.1-ld/lib/site_perl/5.23.1/i86pc-solaris-ld/Moose/Util.pm line 114
	Moose::Util::apply_all_roles('Moose::Meta::Class=HASH(0x8a68208)', 'GOBO::Labeled') called at /export/home/jmaslak/perl5/perlbrew/perls/perl-5.23.1-ld/lib/site_perl/5.23.1/i86pc-solaris-ld/Moose.pm line 59
	Moose::with('Moose::Meta::Class=HASH(0x8a68208)', 'GOBO::Labeled') called at /export/home/jmaslak/perl5/perlbrew/perls/perl-5.23.1-ld/lib/site_perl/5.23.1/i86pc-solaris-ld/Moose/Exporter.pm line 419
	Moose::with('GOBO::Labeled') called at /export/home/jmaslak/.cpan/build/GOBO-0.03-IkHGN4/blib/lib/GOBO/Node.pm line 6
	require GOBO/Node.pm at /export/home/jmaslak/perl5/perlbrew/perls/perl-5.23.1-ld/lib/site_perl/5.23.1/Module/Runtime.pm line 317
	Module::Runtime::require_module('GOBO::Node') called at /export/home/jmaslak/perl5/perlbrew/perls/perl-5.23.1-ld/lib/site_perl/5.23.1/Module/Runtime.pm line 381
	eval {...} at /export/home/jmaslak/perl5/perlbrew/perls/perl-5.23.1-ld/lib/site_perl/5.23.1/Module/Runtime.pm line 381
	Module::Runtime::use_package_optimistically('GOBO::Node') called at /export/home/jmaslak/perl5/perlbrew/perls/perl-5.23.1-ld/lib/site_perl/5.23.1/i86pc-solaris-ld/Moose/Util.pm line 352
	Moose::Util::_load_user_class('GOBO::Node', undef) called at /export/home/jmaslak/perl5/perlbrew/perls/perl-5.23.1-ld/lib/site_perl/5.23.1/i86pc-solaris-ld/Moose/Meta/Class.pm line 557
	Moose::Meta::Class::superclasses(undef, 'GOBO::Node') called at /export/home/jmaslak/perl5/perlbrew/perls/perl-5.23.1-ld/lib/site_perl/5.23.1/i86pc-solaris-ld/Moose.pm line 55
	Moose::extends('Moose::Meta::Class=HASH(0x899eab8)', 'GOBO::Node') called at /export/home/jmaslak/perl5/perlbrew/perls/perl-5.23.1-ld/lib/site_perl/5.23.1/i86pc-solaris-ld/Moose/Exporter.pm line 419
	Moose::extends('GOBO::Node') called at /export/home/jmaslak/.cpan/build/GOBO-0.03-IkHGN4/blib/lib/GOBO/Evidence.pm line 4
	require GOBO/Evidence.pm at /export/home/jmaslak/.cpan/build/GOBO-0.03-IkHGN4/blib/lib/GOBO/Annotation.pm line 5
	GOBO::Annotation::BEGIN at /export/home/jmaslak/.cpan/build/GOBO-0.03-IkHGN4/blib/lib/GOBO/Synonym.pm line 0
	eval {...} at /export/home/jmaslak/.cpan/build/GOBO-0.03-IkHGN4/blib/lib/GOBO/Synonym.pm line 0
	require GOBO/Annotation.pm at /export/home/jmaslak/.cpan/build/GOBO-0.03-IkHGN4/blib/lib/GOBO/Graph.pm line 55
	GOBO::Graph::BEGIN at /export/home/jmaslak/.cpan/build/GOBO-0.03-IkHGN4/blib/lib/GOBO/Synonym.pm line 0
	eval {...} at /export/home/jmaslak/.cpan/build/GOBO-0.03-IkHGN4/blib/lib/GOBO/Synonym.pm line 0
	require GOBO/Graph.pm at t/dbconnect.t line 4
	main::BEGIN at /export/home/jmaslak/.cpan/build/GOBO-0.03-IkHGN4/blib/lib/GOBO/Synonym.pm line 0
	eval {...} at /export/home/jmaslak/.cpan/build/GOBO-0.03-IkHGN4/blib/lib/GOBO/Synonym.pm line 0
Compilation failed in require at /export/home/jmaslak/.cpan/build/GOBO-0.03-IkHGN4/blib/lib/GOBO/Labeled.pm line 23.
BEGIN failed--compilation aborted at /export/home/jmaslak/.cpan/build/GOBO-0.03-IkHGN4/blib/lib/GOBO/Labeled.pm line 23.
Compilation failed in require at /export/home/jmaslak/perl5/perlbrew/perls/perl-5.23.1-ld/lib/site_perl/5.23.1/Module/Runtime.pm line 317.
Compilation failed in require at /export/home/jmaslak/perl5/perlbrew/perls/perl-5.23.1-ld/lib/site_perl/5.23.1/Module/Runtime.pm line 317.
Compilation failed in require at /export/home/jmaslak/.cpan/build/GOBO-0.03-IkHGN4/blib/lib/GOBO/Annotation.pm line 5.
BEGIN failed--compilation aborted at /export/home/jmaslak/.cpan/build/GOBO-0.03-IkHGN4/blib/lib/GOBO/Annotation.pm line 5.
Compilation failed in require at /export/home/jmaslak/.cpan/build/GOBO-0.03-IkHGN4/blib/lib/GOBO/Graph.pm line 55.
BEGIN failed--compilation aborted at /export/home/jmaslak/.cpan/build/GOBO-0.03-IkHGN4/blib/lib/GOBO/Graph.pm line 55.
Compilation failed in require at t/dbconnect.t line 4.
BEGIN failed--compilation aborted at t/dbconnect.t line 4.
t/dbconnect.t ................ 
Dubious, test returned 255 (wstat 65280, 0xff00)
No subtests run 
You cannot coerce an attribute (source) unless its type (GOBO::Node) has a coercion at /export/home/jmaslak/perl5/perlbrew/perls/perl-5.23.1-ld/lib/site_perl/5.23.1/i86pc-solaris-ld/Moose/Exporter.pm line 419
	Moose::with('GOBO::Attributed') called at /export/home/jmaslak/.cpan/build/GOBO-0.03-IkHGN4/blib/lib/GOBO/Synonym.pm line 17
	require GOBO/Synonym.pm at /export/home/jmaslak/.cpan/build/GOBO-0.03-IkHGN4/blib/lib/GOBO/Labeled.pm line 23
	GOBO::Labeled::BEGIN at /export/home/jmaslak/.cpan/build/GOBO-0.03-IkHGN4/blib/lib/GOBO/Synonym.pm line 0
	eval {...} at /export/home/jmaslak/.cpan/build/GOBO-0.03-IkHGN4/blib/lib/GOBO/Synonym.pm line 0
	require GOBO/Labeled.pm at /export/home/jmaslak/perl5/perlbrew/perls/perl-5.23.1-ld/lib/site_perl/5.23.1/Module/Runtime.pm line 317
	Module::Runtime::require_module('GOBO::Labeled') called at /export/home/jmaslak/perl5/perlbrew/perls/perl-5.23.1-ld/lib/site_perl/5.23.1/Module/Runtime.pm line 348
	Module::Runtime::use_module('GOBO::Labeled') called at /export/home/jmaslak/perl5/perlbrew/perls/perl-5.23.1-ld/lib/site_perl/5.23.1/i86pc-solaris-ld/Moose/Util.pm line 147
	Moose::Util::_apply_all_roles('Moose::Meta::Class=HASH(0x8a68800)', undef, 'GOBO::Labeled') called at /export/home/jmaslak/perl5/perlbrew/perls/perl-5.23.1-ld/lib/site_perl/5.23.1/i86pc-solaris-ld/Moose/Util.pm line 114
	Moose::Util::apply_all_roles('Moose::Meta::Class=HASH(0x8a68800)', 'GOBO::Labeled') called at /export/home/jmaslak/perl5/perlbrew/perls/perl-5.23.1-ld/lib/site_perl/5.23.1/i86pc-solaris-ld/Moose.pm line 59
	Moose::with('Moose::Meta::Class=HASH(0x8a68800)', 'GOBO::Labeled') called at /export/home/jmaslak/perl5/perlbrew/perls/perl-5.23.1-ld/lib/site_perl/5.23.1/i86pc-solaris-ld/Moose/Exporter.pm line 419
	Moose::with('GOBO::Labeled') called at /export/home/jmaslak/.cpan/build/GOBO-0.03-IkHGN4/blib/lib/GOBO/Node.pm line 6
	require GOBO/Node.pm at /export/home/jmaslak/perl5/perlbrew/perls/perl-5.23.1-ld/lib/site_perl/5.23.1/Module/Runtime.pm line 317
	Module::Runtime::require_module('GOBO::Node') called at /export/home/jmaslak/perl5/perlbrew/perls/perl-5.23.1-ld/lib/site_perl/5.23.1/Module/Runtime.pm line 381
	eval {...} at /export/home/jmaslak/perl5/perlbrew/perls/perl-5.23.1-ld/lib/site_perl/5.23.1/Module/Runtime.pm line 381
	Module::Runtime::use_package_optimistically('GOBO::Node') called at /export/home/jmaslak/perl5/perlbrew/perls/perl-5.23.1-ld/lib/site_perl/5.23.1/i86pc-solaris-ld/Moose/Util.pm line 352
	Moose::Util::_load_user_class('GOBO::Node', undef) called at /export/home/jmaslak/perl5/perlbrew/perls/perl-5.23.1-ld/lib/site_perl/5.23.1/i86pc-solaris-ld/Moose/Meta/Class.pm line 557
	Moose::Meta::Class::superclasses(undef, 'GOBO::Node') called at /export/home/jmaslak/perl5/perlbrew/perls/perl-5.23.1-ld/lib/site_perl/5.23.1/i86pc-solaris-ld/Moose.pm line 55
	Moose::extends('Moose::Meta::Class=HASH(0x899f388)', 'GOBO::Node') called at /export/home/jmaslak/perl5/perlbrew/perls/perl-5.23.1-ld/lib/site_perl/5.23.1/i86pc-solaris-ld/Moose/Exporter.pm line 419
	Moose::extends('GOBO::Node') called at /export/home/jmaslak/.cpan/build/GOBO-0.03-IkHGN4/blib/lib/GOBO/Evidence.pm line 4
	require GOBO/Evidence.pm at /export/home/jmaslak/.cpan/build/GOBO-0.03-IkHGN4/blib/lib/GOBO/Annotation.pm line 5
	GOBO::Annotation::BEGIN at /export/home/jmaslak/.cpan/build/GOBO-0.03-IkHGN4/blib/lib/GOBO/Synonym.pm line 0
	eval {...} at /export/home/jmaslak/.cpan/build/GOBO-0.03-IkHGN4/blib/lib/GOBO/Synonym.pm line 0
	require GOBO/Annotation.pm at /export/home/jmaslak/.cpan/build/GOBO-0.03-IkHGN4/blib/lib/GOBO/Graph.pm line 55
	GOBO::Graph::BEGIN at /export/home/jmaslak/.cpan/build/GOBO-0.03-IkHGN4/blib/lib/GOBO/Synonym.pm line 0
	eval {...} at /export/home/jmaslak/.cpan/build/GOBO-0.03-IkHGN4/blib/lib/GOBO/Synonym.pm line 0
	require GOBO/Graph.pm at t/gaf_inference_test.t line 4
	main::BEGIN at /export/home/jmaslak/.cpan/build/GOBO-0.03-IkHGN4/blib/lib/GOBO/Synonym.pm line 0
	eval {...} at /export/home/jmaslak/.cpan/build/GOBO-0.03-IkHGN4/blib/lib/GOBO/Synonym.pm line 0
Compilation failed in require at /export/home/jmaslak/.cpan/build/GOBO-0.03-IkHGN4/blib/lib/GOBO/Labeled.pm line 23.
BEGIN failed--compilation aborted at /export/home/jmaslak/.cpan/build/GOBO-0.03-IkHGN4/blib/lib/GOBO/Labeled.pm line 23.
Compilation failed in require at /export/home/jmaslak/perl5/perlbrew/perls/perl-5.23.1-ld/lib/site_perl/5.23.1/Module/Runtime.pm line 317.
Compilation failed in require at /export/home/jmaslak/perl5/perlbrew/perls/perl-5.23.1-ld/lib/site_perl/5.23.1/Module/Runtime.pm line 317.
Compilation failed in require at /export/home/jmaslak/.cpan/build/GOBO-0.03-IkHGN4/blib/lib/GOBO/Annotation.pm line 5.
BEGIN failed--compilation aborted at /export/home/jmaslak/.cpan/build/GOBO-0.03-IkHGN4/blib/lib/GOBO/Annotation.pm line 5.
Compilation failed in require at /export/home/jmaslak/.cpan/build/GOBO-0.03-IkHGN4/blib/lib/GOBO/Graph.pm line 55.
BEGIN failed--compilation aborted at /export/home/jmaslak/.cpan/build/GOBO-0.03-IkHGN4/blib/lib/GOBO/Graph.pm line 55.
Compilation failed in require at t/gaf_inference_test.t line 4.
BEGIN failed--compilation aborted at t/gaf_inference_test.t line 4.
t/gaf_inference_test.t ....... 
Dubious, test returned 255 (wstat 65280, 0xff00)
No subtests run 
You cannot coerce an attribute (provenance) unless its type (GOBO::Node) has a coercion at /export/home/jmaslak/perl5/perlbrew/perls/perl-5.23.1-ld/lib/site_perl/5.23.1/i86pc-solaris-ld/Moose/Exporter.pm line 419
	Moose::with('GOBO::Attributed') called at /export/home/jmaslak/.cpan/build/GOBO-0.03-IkHGN4/blib/lib/GOBO/Synonym.pm line 17
	require GOBO/Synonym.pm at /export/home/jmaslak/.cpan/build/GOBO-0.03-IkHGN4/blib/lib/GOBO/Labeled.pm line 23
	GOBO::Labeled::BEGIN at /export/home/jmaslak/.cpan/build/GOBO-0.03-IkHGN4/blib/lib/GOBO/Synonym.pm line 0
	eval {...} at /export/home/jmaslak/.cpan/build/GOBO-0.03-IkHGN4/blib/lib/GOBO/Synonym.pm line 0
	require GOBO/Labeled.pm at /export/home/jmaslak/perl5/perlbrew/perls/perl-5.23.1-ld/lib/site_perl/5.23.1/Module/Runtime.pm line 317
	Module::Runtime::require_module('GOBO::Labeled') called at /export/home/jmaslak/perl5/perlbrew/perls/perl-5.23.1-ld/lib/site_perl/5.23.1/Module/Runtime.pm line 348
	Module::Runtime::use_module('GOBO::Labeled') called at /export/home/jmaslak/perl5/perlbrew/perls/perl-5.23.1-ld/lib/site_perl/5.23.1/i86pc-solaris-ld/Moose/Util.pm line 147
	Moose::Util::_apply_all_roles('Moose::Meta::Class=HASH(0x8a68598)', undef, 'GOBO::Labeled') called at /export/home/jmaslak/perl5/perlbrew/perls/perl-5.23.1-ld/lib/site_perl/5.23.1/i86pc-solaris-ld/Moose/Util.pm line 114
	Moose::Util::apply_all_roles('Moose::Meta::Class=HASH(0x8a68598)', 'GOBO::Labeled') called at /export/home/jmaslak/perl5/perlbrew/perls/perl-5.23.1-ld/lib/site_perl/5.23.1/i86pc-solaris-ld/Moose.pm line 59
	Moose::with('Moose::Meta::Class=HASH(0x8a68598)', 'GOBO::Labeled') called at /export/home/jmaslak/perl5/perlbrew/perls/perl-5.23.1-ld/lib/site_perl/5.23.1/i86pc-solaris-ld/Moose/Exporter.pm line 419
	Moose::with('GOBO::Labeled') called at /export/home/jmaslak/.cpan/build/GOBO-0.03-IkHGN4/blib/lib/GOBO/Node.pm line 6
	require GOBO/Node.pm at /export/home/jmaslak/perl5/perlbrew/perls/perl-5.23.1-ld/lib/site_perl/5.23.1/Module/Runtime.pm line 317
	Module::Runtime::require_module('GOBO::Node') called at /export/home/jmaslak/perl5/perlbrew/perls/perl-5.23.1-ld/lib/site_perl/5.23.1/Module/Runtime.pm line 381
	eval {...} at /export/home/jmaslak/perl5/perlbrew/perls/perl-5.23.1-ld/lib/site_perl/5.23.1/Module/Runtime.pm line 381
	Module::Runtime::use_package_optimistically('GOBO::Node') called at /export/home/jmaslak/perl5/perlbrew/perls/perl-5.23.1-ld/lib/site_perl/5.23.1/i86pc-solaris-ld/Moose/Util.pm line 352
	Moose::Util::_load_user_class('GOBO::Node', undef) called at /export/home/jmaslak/perl5/perlbrew/perls/perl-5.23.1-ld/lib/site_perl/5.23.1/i86pc-solaris-ld/Moose/Meta/Class.pm line 557
	Moose::Meta::Class::superclasses(undef, 'GOBO::Node') called at /export/home/jmaslak/perl5/perlbrew/perls/perl-5.23.1-ld/lib/site_perl/5.23.1/i86pc-solaris-ld/Moose.pm line 55
	Moose::extends('Moose::Meta::Class=HASH(0x899e648)', 'GOBO::Node') called at /export/home/jmaslak/perl5/perlbrew/perls/perl-5.23.1-ld/lib/site_perl/5.23.1/i86pc-solaris-ld/Moose/Exporter.pm line 419
	Moose::extends('GOBO::Node') called at /export/home/jmaslak/.cpan/build/GOBO-0.03-IkHGN4/blib/lib/GOBO/Evidence.pm line 4
	require GOBO/Evidence.pm at /export/home/jmaslak/.cpan/build/GOBO-0.03-IkHGN4/blib/lib/GOBO/Annotation.pm line 5
	GOBO::Annotation::BEGIN at /export/home/jmaslak/.cpan/build/GOBO-0.03-IkHGN4/blib/lib/GOBO/Synonym.pm line 0
	eval {...} at /export/home/jmaslak/.cpan/build/GOBO-0.03-IkHGN4/blib/lib/GOBO/Synonym.pm line 0
	require GOBO/Annotation.pm at /export/home/jmaslak/.cpan/build/GOBO-0.03-IkHGN4/blib/lib/GOBO/Graph.pm line 55
	GOBO::Graph::BEGIN at /export/home/jmaslak/.cpan/build/GOBO-0.03-IkHGN4/blib/lib/GOBO/Synonym.pm line 0
	eval {...} at /export/home/jmaslak/.cpan/build/GOBO-0.03-IkHGN4/blib/lib/GOBO/Synonym.pm line 0
	require GOBO/Graph.pm at t/gaftest.t line 3
	main::BEGIN at /export/home/jmaslak/.cpan/build/GOBO-0.03-IkHGN4/blib/lib/GOBO/Synonym.pm line 0
	eval {...} at /export/home/jmaslak/.cpan/build/GOBO-0.03-IkHGN4/blib/lib/GOBO/Synonym.pm line 0
Compilation failed in require at /export/home/jmaslak/.cpan/build/GOBO-0.03-IkHGN4/blib/lib/GOBO/Labeled.pm line 23.
BEGIN failed--compilation aborted at /export/home/jmaslak/.cpan/build/GOBO-0.03-IkHGN4/blib/lib/GOBO/Labeled.pm line 23.
Compilation failed in require at /export/home/jmaslak/perl5/perlbrew/perls/perl-5.23.1-ld/lib/site_perl/5.23.1/Module/Runtime.pm line 317.
Compilation failed in require at /export/home/jmaslak/perl5/perlbrew/perls/perl-5.23.1-ld/lib/site_perl/5.23.1/Module/Runtime.pm line 317.
Compilation failed in require at /export/home/jmaslak/.cpan/build/GOBO-0.03-IkHGN4/blib/lib/GOBO/Annotation.pm line 5.
BEGIN failed--compilation aborted at /export/home/jmaslak/.cpan/build/GOBO-0.03-IkHGN4/blib/lib/GOBO/Annotation.pm line 5.
Compilation failed in require at /export/home/jmaslak/.cpan/build/GOBO-0.03-IkHGN4/blib/lib/GOBO/Graph.pm line 55.
BEGIN failed--compilation aborted at /export/home/jmaslak/.cpan/build/GOBO-0.03-IkHGN4/blib/lib/GOBO/Graph.pm line 55.
Compilation failed in require at t/gaftest.t line 3.
BEGIN failed--compilation aborted at t/gaftest.t line 3.
t/gaftest.t .................. 
Dubious, test returned 255 (wstat 65280, 0xff00)
No subtests run 
You cannot coerce an attribute (provenance) unless its type (GOBO::Node) has a coercion at /export/home/jmaslak/perl5/perlbrew/perls/perl-5.23.1-ld/lib/site_perl/5.23.1/i86pc-solaris-ld/Moose/Exporter.pm line 419
	Moose::with('GOBO::Attributed') called at /export/home/jmaslak/.cpan/build/GOBO-0.03-IkHGN4/blib/lib/GOBO/Synonym.pm line 17
	require GOBO/Synonym.pm at /export/home/jmaslak/.cpan/build/GOBO-0.03-IkHGN4/blib/lib/GOBO/Labeled.pm line 23
	GOBO::Labeled::BEGIN at /export/home/jmaslak/.cpan/build/GOBO-0.03-IkHGN4/blib/lib/GOBO/Synonym.pm line 0
	eval {...} at /export/home/jmaslak/.cpan/build/GOBO-0.03-IkHGN4/blib/lib/GOBO/Synonym.pm line 0
	require GOBO/Labeled.pm at /export/home/jmaslak/perl5/perlbrew/perls/perl-5.23.1-ld/lib/site_perl/5.23.1/Module/Runtime.pm line 317
	Module::Runtime::require_module('GOBO::Labeled') called at /export/home/jmaslak/perl5/perlbrew/perls/perl-5.23.1-ld/lib/site_perl/5.23.1/Module/Runtime.pm line 348
	Module::Runtime::use_module('GOBO::Labeled') called at /export/home/jmaslak/perl5/perlbrew/perls/perl-5.23.1-ld/lib/site_perl/5.23.1/i86pc-solaris-ld/Moose/Util.pm line 147
	Moose::Util::_apply_all_roles('Moose::Meta::Class=HASH(0x8a67fb8)', undef, 'GOBO::Labeled') called at /export/home/jmaslak/perl5/perlbrew/perls/perl-5.23.1-ld/lib/site_perl/5.23.1/i86pc-solaris-ld/Moose/Util.pm line 114
	Moose::Util::apply_all_roles('Moose::Meta::Class=HASH(0x8a67fb8)', 'GOBO::Labeled') called at /export/home/jmaslak/perl5/perlbrew/perls/perl-5.23.1-ld/lib/site_perl/5.23.1/i86pc-solaris-ld/Moose.pm line 59
	Moose::with('Moose::Meta::Class=HASH(0x8a67fb8)', 'GOBO::Labeled') called at /export/home/jmaslak/perl5/perlbrew/perls/perl-5.23.1-ld/lib/site_perl/5.23.1/i86pc-solaris-ld/Moose/Exporter.pm line 419
	Moose::with('GOBO::Labeled') called at /export/home/jmaslak/.cpan/build/GOBO-0.03-IkHGN4/blib/lib/GOBO/Node.pm line 6
	require GOBO/Node.pm at /export/home/jmaslak/perl5/perlbrew/perls/perl-5.23.1-ld/lib/site_perl/5.23.1/Module/Runtime.pm line 317
	Module::Runtime::require_module('GOBO::Node') called at /export/home/jmaslak/perl5/perlbrew/perls/perl-5.23.1-ld/lib/site_perl/5.23.1/Module/Runtime.pm line 381
	eval {...} at /export/home/jmaslak/perl5/perlbrew/perls/perl-5.23.1-ld/lib/site_perl/5.23.1/Module/Runtime.pm line 381
	Module::Runtime::use_package_optimistically('GOBO::Node') called at /export/home/jmaslak/perl5/perlbrew/perls/perl-5.23.1-ld/lib/site_perl/5.23.1/i86pc-solaris-ld/Moose/Util.pm line 352
	Moose::Util::_load_user_class('GOBO::Node', undef) called at /export/home/jmaslak/perl5/perlbrew/perls/perl-5.23.1-ld/lib/site_perl/5.23.1/i86pc-solaris-ld/Moose/Meta/Class.pm line 557
	Moose::Meta::Class::superclasses(undef, 'GOBO::Node') called at /export/home/jmaslak/perl5/perlbrew/perls/perl-5.23.1-ld/lib/site_perl/5.23.1/i86pc-solaris-ld/Moose.pm line 55
	Moose::extends('Moose::Meta::Class=HASH(0x899ee10)', 'GOBO::Node') called at /export/home/jmaslak/perl5/perlbrew/perls/perl-5.23.1-ld/lib/site_perl/5.23.1/i86pc-solaris-ld/Moose/Exporter.pm line 419
	Moose::extends('GOBO::Node') called at /export/home/jmaslak/.cpan/build/GOBO-0.03-IkHGN4/blib/lib/GOBO/Evidence.pm line 4
	require GOBO/Evidence.pm at /export/home/jmaslak/.cpan/build/GOBO-0.03-IkHGN4/blib/lib/GOBO/Annotation.pm line 5
	GOBO::Annotation::BEGIN at /export/home/jmaslak/.cpan/build/GOBO-0.03-IkHGN4/blib/lib/GOBO/Synonym.pm line 0
	eval {...} at /export/home/jmaslak/.cpan/build/GOBO-0.03-IkHGN4/blib/lib/GOBO/Synonym.pm line 0
	require GOBO/Annotation.pm at /export/home/jmaslak/.cpan/build/GOBO-0.03-IkHGN4/blib/lib/GOBO/Graph.pm line 55
	GOBO::Graph::BEGIN at /export/home/jmaslak/.cpan/build/GOBO-0.03-IkHGN4/blib/lib/GOBO/Synonym.pm line 0
	eval {...} at /export/home/jmaslak/.cpan/build/GOBO-0.03-IkHGN4/blib/lib/GOBO/Synonym.pm line 0
	require GOBO/Graph.pm at t/gaftest_chunked.t line 3
	main::BEGIN at /export/home/jmaslak/.cpan/build/GOBO-0.03-IkHGN4/blib/lib/GOBO/Synonym.pm line 0
	eval {...} at /export/home/jmaslak/.cpan/build/GOBO-0.03-IkHGN4/blib/lib/GOBO/Synonym.pm line 0
Compilation failed in require at /export/home/jmaslak/.cpan/build/GOBO-0.03-IkHGN4/blib/lib/GOBO/Labeled.pm line 23.
BEGIN failed--compilation aborted at /export/home/jmaslak/.cpan/build/GOBO-0.03-IkHGN4/blib/lib/GOBO/Labeled.pm line 23.
Compilation failed in require at /export/home/jmaslak/perl5/perlbrew/perls/perl-5.23.1-ld/lib/site_perl/5.23.1/Module/Runtime.pm line 317.
Compilation failed in require at /export/home/jmaslak/perl5/perlbrew/perls/perl-5.23.1-ld/lib/site_perl/5.23.1/Module/Runtime.pm line 317.
Compilation failed in require at /export/home/jmaslak/.cpan/build/GOBO-0.03-IkHGN4/blib/lib/GOBO/Annotation.pm line 5.
BEGIN failed--compilation aborted at /export/home/jmaslak/.cpan/build/GOBO-0.03-IkHGN4/blib/lib/GOBO/Annotation.pm line 5.
Compilation failed in require at /export/home/jmaslak/.cpan/build/GOBO-0.03-IkHGN4/blib/lib/GOBO/Graph.pm line 55.
BEGIN failed--compilation aborted at /export/home/jmaslak/.cpan/build/GOBO-0.03-IkHGN4/blib/lib/GOBO/Graph.pm line 55.
Compilation failed in require at t/gaftest_chunked.t line 3.
BEGIN failed--compilation aborted at t/gaftest_chunked.t line 3.
t/gaftest_chunked.t .......... 
Dubious, test returned 255 (wstat 65280, 0xff00)
No subtests run 
You cannot coerce an attribute (source) unless its type (GOBO::Node) has a coercion at /export/home/jmaslak/perl5/perlbrew/perls/perl-5.23.1-ld/lib/site_perl/5.23.1/i86pc-solaris-ld/Moose/Exporter.pm line 419
	Moose::with('GOBO::Attributed') called at /export/home/jmaslak/.cpan/build/GOBO-0.03-IkHGN4/blib/lib/GOBO/Synonym.pm line 17
	require GOBO/Synonym.pm at /export/home/jmaslak/.cpan/build/GOBO-0.03-IkHGN4/blib/lib/GOBO/Labeled.pm line 23
	GOBO::Labeled::BEGIN at /export/home/jmaslak/.cpan/build/GOBO-0.03-IkHGN4/blib/lib/GOBO/Synonym.pm line 0
	eval {...} at /export/home/jmaslak/.cpan/build/GOBO-0.03-IkHGN4/blib/lib/GOBO/Synonym.pm line 0
	require GOBO/Labeled.pm at /export/home/jmaslak/perl5/perlbrew/perls/perl-5.23.1-ld/lib/site_perl/5.23.1/Module/Runtime.pm line 317
	Module::Runtime::require_module('GOBO::Labeled') called at /export/home/jmaslak/perl5/perlbrew/perls/perl-5.23.1-ld/lib/site_perl/5.23.1/Module/Runtime.pm line 348
	Module::Runtime::use_module('GOBO::Labeled') called at /export/home/jmaslak/perl5/perlbrew/perls/perl-5.23.1-ld/lib/site_perl/5.23.1/i86pc-solaris-ld/Moose/Util.pm line 147
	Moose::Util::_apply_all_roles('Moose::Meta::Class=HASH(0x8a68258)', undef, 'GOBO::Labeled') called at /export/home/jmaslak/perl5/perlbrew/perls/perl-5.23.1-ld/lib/site_perl/5.23.1/i86pc-solaris-ld/Moose/Util.pm line 114
	Moose::Util::apply_all_roles('Moose::Meta::Class=HASH(0x8a68258)', 'GOBO::Labeled') called at /export/home/jmaslak/perl5/perlbrew/perls/perl-5.23.1-ld/lib/site_perl/5.23.1/i86pc-solaris-ld/Moose.pm line 59
	Moose::with('Moose::Meta::Class=HASH(0x8a68258)', 'GOBO::Labeled') called at /export/home/jmaslak/perl5/perlbrew/perls/perl-5.23.1-ld/lib/site_perl/5.23.1/i86pc-solaris-ld/Moose/Exporter.pm line 419
	Moose::with('GOBO::Labeled') called at /export/home/jmaslak/.cpan/build/GOBO-0.03-IkHGN4/blib/lib/GOBO/Node.pm line 6
	require GOBO/Node.pm at /export/home/jmaslak/perl5/perlbrew/perls/perl-5.23.1-ld/lib/site_perl/5.23.1/Module/Runtime.pm line 317
	Module::Runtime::require_module('GOBO::Node') called at /export/home/jmaslak/perl5/perlbrew/perls/perl-5.23.1-ld/lib/site_perl/5.23.1/Module/Runtime.pm line 381
	eval {...} at /export/home/jmaslak/perl5/perlbrew/perls/perl-5.23.1-ld/lib/site_perl/5.23.1/Module/Runtime.pm line 381
	Module::Runtime::use_package_optimistically('GOBO::Node') called at /export/home/jmaslak/perl5/perlbrew/perls/perl-5.23.1-ld/lib/site_perl/5.23.1/i86pc-solaris-ld/Moose/Util.pm line 352
	Moose::Util::_load_user_class('GOBO::Node', undef) called at /export/home/jmaslak/perl5/perlbrew/perls/perl-5.23.1-ld/lib/site_perl/5.23.1/i86pc-solaris-ld/Moose/Meta/Class.pm line 557
	Moose::Meta::Class::superclasses(undef, 'GOBO::Node') called at /export/home/jmaslak/perl5/perlbrew/perls/perl-5.23.1-ld/lib/site_perl/5.23.1/i86pc-solaris-ld/Moose.pm line 55
	Moose::extends('Moose::Meta::Class=HASH(0x8a5c500)', 'GOBO::Node') called at /export/home/jmaslak/perl5/perlbrew/perls/perl-5.23.1-ld/lib/site_perl/5.23.1/i86pc-solaris-ld/Moose/Exporter.pm line 419
	Moose::extends('GOBO::Node') called at /export/home/jmaslak/.cpan/build/GOBO-0.03-IkHGN4/blib/lib/GOBO/Evidence.pm line 4
	require GOBO/Evidence.pm at /export/home/jmaslak/.cpan/build/GOBO-0.03-IkHGN4/blib/lib/GOBO/Annotation.pm line 5
	GOBO::Annotation::BEGIN at /export/home/jmaslak/.cpan/build/GOBO-0.03-IkHGN4/blib/lib/GOBO/Synonym.pm line 0
	eval {...} at /export/home/jmaslak/.cpan/build/GOBO-0.03-IkHGN4/blib/lib/GOBO/Synonym.pm line 0
	require GOBO/Annotation.pm at /export/home/jmaslak/.cpan/build/GOBO-0.03-IkHGN4/blib/lib/GOBO/Graph.pm line 55
	GOBO::Graph::BEGIN at /export/home/jmaslak/.cpan/build/GOBO-0.03-IkHGN4/blib/lib/GOBO/Synonym.pm line 0
	eval {...} at /export/home/jmaslak/.cpan/build/GOBO-0.03-IkHGN4/blib/lib/GOBO/Synonym.pm line 0
	require GOBO/Graph.pm at t/gaftest_chunked_gzipped.t line 3
	main::BEGIN at /export/home/jmaslak/.cpan/build/GOBO-0.03-IkHGN4/blib/lib/GOBO/Synonym.pm line 0
	eval {...} at /export/home/jmaslak/.cpan/build/GOBO-0.03-IkHGN4/blib/lib/GOBO/Synonym.pm line 0
Compilation failed in require at /export/home/jmaslak/.cpan/build/GOBO-0.03-IkHGN4/blib/lib/GOBO/Labeled.pm line 23.
BEGIN failed--compilation aborted at /export/home/jmaslak/.cpan/build/GOBO-0.03-IkHGN4/blib/lib/GOBO/Labeled.pm line 23.
Compilation failed in require at /export/home/jmaslak/perl5/perlbrew/perls/perl-5.23.1-ld/lib/site_perl/5.23.1/Module/Runtime.pm line 317.
Compilation failed in require at /export/home/jmaslak/perl5/perlbrew/perls/perl-5.23.1-ld/lib/site_perl/5.23.1/Module/Runtime.pm line 317.
Compilation failed in require at /export/home/jmaslak/.cpan/build/GOBO-0.03-IkHGN4/blib/lib/GOBO/Annotation.pm line 5.
BEGIN failed--compilation aborted at /export/home/jmaslak/.cpan/build/GOBO-0.03-IkHGN4/blib/lib/GOBO/Annotation.pm line 5.
Compilation failed in require at /export/home/jmaslak/.cpan/build/GOBO-0.03-IkHGN4/blib/lib/GOBO/Graph.pm line 55.
BEGIN failed--compilation aborted at /export/home/jmaslak/.cpan/build/GOBO-0.03-IkHGN4/blib/lib/GOBO/Graph.pm line 55.
Compilation failed in require at t/gaftest_chunked_gzipped.t line 3.
BEGIN failed--compilation aborted at t/gaftest_chunked_gzipped.t line 3.
t/gaftest_chunked_gzipped.t .. 
Dubious, test returned 255 (wstat 65280, 0xff00)
No subtests run 
You cannot coerce an attribute (provenance) unless its type (GOBO::Node) has a coercion at /export/home/jmaslak/perl5/perlbrew/perls/perl-5.23.1-ld/lib/site_perl/5.23.1/i86pc-solaris-ld/Moose/Exporter.pm line 419
	Moose::with('GOBO::Attributed') called at /export/home/jmaslak/.cpan/build/GOBO-0.03-IkHGN4/blib/lib/GOBO/Synonym.pm line 17
	require GOBO/Synonym.pm at /export/home/jmaslak/.cpan/build/GOBO-0.03-IkHGN4/blib/lib/GOBO/Labeled.pm line 23
	GOBO::Labeled::BEGIN at /export/home/jmaslak/.cpan/build/GOBO-0.03-IkHGN4/blib/lib/GOBO/Synonym.pm line 0
	eval {...} at /export/home/jmaslak/.cpan/build/GOBO-0.03-IkHGN4/blib/lib/GOBO/Synonym.pm line 0
	require GOBO/Labeled.pm at /export/home/jmaslak/perl5/perlbrew/perls/perl-5.23.1-ld/lib/site_perl/5.23.1/Module/Runtime.pm line 317
	Module::Runtime::require_module('GOBO::Labeled') called at /export/home/jmaslak/perl5/perlbrew/perls/perl-5.23.1-ld/lib/site_perl/5.23.1/Module/Runtime.pm line 348
	Module::Runtime::use_module('GOBO::Labeled') called at /export/home/jmaslak/perl5/perlbrew/perls/perl-5.23.1-ld/lib/site_perl/5.23.1/i86pc-solaris-ld/Moose/Util.pm line 147
	Moose::Util::_apply_all_roles('Moose::Meta::Class=HASH(0x8b770d0)', undef, 'GOBO::Labeled') called at /export/home/jmaslak/perl5/perlbrew/perls/perl-5.23.1-ld/lib/site_perl/5.23.1/i86pc-solaris-ld/Moose/Util.pm line 114
	Moose::Util::apply_all_roles('Moose::Meta::Class=HASH(0x8b770d0)', 'GOBO::Labeled') called at /export/home/jmaslak/perl5/perlbrew/perls/perl-5.23.1-ld/lib/site_perl/5.23.1/i86pc-solaris-ld/Moose.pm line 59
	Moose::with('Moose::Meta::Class=HASH(0x8b770d0)', 'GOBO::Labeled') called at /export/home/jmaslak/perl5/perlbrew/perls/perl-5.23.1-ld/lib/site_perl/5.23.1/i86pc-solaris-ld/Moose/Exporter.pm line 419
	Moose::with('GOBO::Labeled') called at /export/home/jmaslak/.cpan/build/GOBO-0.03-IkHGN4/blib/lib/GOBO/Node.pm line 6
	require GOBO/Node.pm at /export/home/jmaslak/perl5/perlbrew/perls/perl-5.23.1-ld/lib/site_perl/5.23.1/Module/Runtime.pm line 317
	Module::Runtime::require_module('GOBO::Node') called at /export/home/jmaslak/perl5/perlbrew/perls/perl-5.23.1-ld/lib/site_perl/5.23.1/Module/Runtime.pm line 381
	eval {...} at /export/home/jmaslak/perl5/perlbrew/perls/perl-5.23.1-ld/lib/site_perl/5.23.1/Module/Runtime.pm line 381
	Module::Runtime::use_package_optimistically('GOBO::Node') called at /export/home/jmaslak/perl5/perlbrew/perls/perl-5.23.1-ld/lib/site_perl/5.23.1/i86pc-solaris-ld/Moose/Util.pm line 352
	Moose::Util::_load_user_class('GOBO::Node', undef) called at /export/home/jmaslak/perl5/perlbrew/perls/perl-5.23.1-ld/lib/site_perl/5.23.1/i86pc-solaris-ld/Moose/Meta/Class.pm line 557
	Moose::Meta::Class::superclasses(undef, 'GOBO::Node') called at /export/home/jmaslak/perl5/perlbrew/perls/perl-5.23.1-ld/lib/site_perl/5.23.1/i86pc-solaris-ld/Moose.pm line 55
	Moose::extends('Moose::Meta::Class=HASH(0x8aa3400)', 'GOBO::Node') called at /export/home/jmaslak/perl5/perlbrew/perls/perl-5.23.1-ld/lib/site_perl/5.23.1/i86pc-solaris-ld/Moose/Exporter.pm line 419
	Moose::extends('GOBO::Node') called at /export/home/jmaslak/.cpan/build/GOBO-0.03-IkHGN4/blib/lib/GOBO/Evidence.pm line 4
	require GOBO/Evidence.pm at /export/home/jmaslak/.cpan/build/GOBO-0.03-IkHGN4/blib/lib/GOBO/Annotation.pm line 5
	GOBO::Annotation::BEGIN at /export/home/jmaslak/.cpan/build/GOBO-0.03-IkHGN4/blib/lib/GOBO/Synonym.pm line 0
	eval {...} at /export/home/jmaslak/.cpan/build/GOBO-0.03-IkHGN4/blib/lib/GOBO/Synonym.pm line 0
	require GOBO/Annotation.pm at /export/home/jmaslak/.cpan/build/GOBO-0.03-IkHGN4/blib/lib/GOBO/Graph.pm line 55
	GOBO::Graph::BEGIN at /export/home/jmaslak/.cpan/build/GOBO-0.03-IkHGN4/blib/lib/GOBO/Synonym.pm line 0
	eval {...} at /export/home/jmaslak/.cpan/build/GOBO-0.03-IkHGN4/blib/lib/GOBO/Synonym.pm line 0
	require GOBO/Graph.pm at t/graph_creation.t line 11
	main::BEGIN at /export/home/jmaslak/.cpan/build/GOBO-0.03-IkHGN4/blib/lib/GOBO/Synonym.pm line 0
	eval {...} at /export/home/jmaslak/.cpan/build/GOBO-0.03-IkHGN4/blib/lib/GOBO/Synonym.pm line 0
Compilation failed in require at /export/home/jmaslak/.cpan/build/GOBO-0.03-IkHGN4/blib/lib/GOBO/Labeled.pm line 23.
BEGIN failed--compilation aborted at /export/home/jmaslak/.cpan/build/GOBO-0.03-IkHGN4/blib/lib/GOBO/Labeled.pm line 23.
Compilation failed in require at /export/home/jmaslak/perl5/perlbrew/perls/perl-5.23.1-ld/lib/site_perl/5.23.1/Module/Runtime.pm line 317.
Compilation failed in require at /export/home/jmaslak/perl5/perlbrew/perls/perl-5.23.1-ld/lib/site_perl/5.23.1/Module/Runtime.pm line 317.
Compilation failed in require at /export/home/jmaslak/.cpan/build/GOBO-0.03-IkHGN4/blib/lib/GOBO/Annotation.pm line 5.
BEGIN failed--compilation aborted at /export/home/jmaslak/.cpan/build/GOBO-0.03-IkHGN4/blib/lib/GOBO/Annotation.pm line 5.
Compilation failed in require at /export/home/jmaslak/.cpan/build/GOBO-0.03-IkHGN4/blib/lib/GOBO/Graph.pm line 55.
BEGIN failed--compilation aborted at /export/home/jmaslak/.cpan/build/GOBO-0.03-IkHGN4/blib/lib/GOBO/Graph.pm line 55.
Compilation failed in require at t/graph_creation.t line 11.
BEGIN failed--compilation aborted at t/graph_creation.t line 11.
t/graph_creation.t ........... 
Dubious, test returned 255 (wstat 65280, 0xff00)
No subtests run 
You cannot coerce an attribute (source) unless its type (GOBO::Node) has a coercion at /export/home/jmaslak/perl5/perlbrew/perls/perl-5.23.1-ld/lib/site_perl/5.23.1/i86pc-solaris-ld/Moose/Exporter.pm line 419
	Moose::with('GOBO::Attributed') called at /export/home/jmaslak/.cpan/build/GOBO-0.03-IkHGN4/blib/lib/GOBO/Synonym.pm line 17
	require GOBO/Synonym.pm at /export/home/jmaslak/.cpan/build/GOBO-0.03-IkHGN4/blib/lib/GOBO/Labeled.pm line 23
	GOBO::Labeled::BEGIN at /export/home/jmaslak/.cpan/build/GOBO-0.03-IkHGN4/blib/lib/GOBO/Synonym.pm line 0
	eval {...} at /export/home/jmaslak/.cpan/build/GOBO-0.03-IkHGN4/blib/lib/GOBO/Synonym.pm line 0
	require GOBO/Labeled.pm at /export/home/jmaslak/perl5/perlbrew/perls/perl-5.23.1-ld/lib/site_perl/5.23.1/Module/Runtime.pm line 317
	Module::Runtime::require_module('GOBO::Labeled') called at /export/home/jmaslak/perl5/perlbrew/perls/perl-5.23.1-ld/lib/site_perl/5.23.1/Module/Runtime.pm line 348
	Module::Runtime::use_module('GOBO::Labeled') called at /export/home/jmaslak/perl5/perlbrew/perls/perl-5.23.1-ld/lib/site_perl/5.23.1/i86pc-solaris-ld/Moose/Util.pm line 147
	Moose::Util::_apply_all_roles('Moose::Meta::Class=HASH(0x8a683a8)', undef, 'GOBO::Labeled') called at /export/home/jmaslak/perl5/perlbrew/perls/perl-5.23.1-ld/lib/site_perl/5.23.1/i86pc-solaris-ld/Moose/Util.pm line 114
	Moose::Util::apply_all_roles('Moose::Meta::Class=HASH(0x8a683a8)', 'GOBO::Labeled') called at /export/home/jmaslak/perl5/perlbrew/perls/perl-5.23.1-ld/lib/site_perl/5.23.1/i86pc-solaris-ld/Moose.pm line 59
	Moose::with('Moose::Meta::Class=HASH(0x8a683a8)', 'GOBO::Labeled') called at /export/home/jmaslak/perl5/perlbrew/perls/perl-5.23.1-ld/lib/site_perl/5.23.1/i86pc-solaris-ld/Moose/Exporter.pm line 419
	Moose::with('GOBO::Labeled') called at /export/home/jmaslak/.cpan/build/GOBO-0.03-IkHGN4/blib/lib/GOBO/Node.pm line 6
	require GOBO/Node.pm at /export/home/jmaslak/perl5/perlbrew/perls/perl-5.23.1-ld/lib/site_perl/5.23.1/Module/Runtime.pm line 317
	Module::Runtime::require_module('GOBO::Node') called at /export/home/jmaslak/perl5/perlbrew/perls/perl-5.23.1-ld/lib/site_perl/5.23.1/Module/Runtime.pm line 381
	eval {...} at /export/home/jmaslak/perl5/perlbrew/perls/perl-5.23.1-ld/lib/site_perl/5.23.1/Module/Runtime.pm line 381
	Module::Runtime::use_package_optimistically('GOBO::Node') called at /export/home/jmaslak/perl5/perlbrew/perls/perl-5.23.1-ld/lib/site_perl/5.23.1/i86pc-solaris-ld/Moose/Util.pm line 352
	Moose::Util::_load_user_class('GOBO::Node', undef) called at /export/home/jmaslak/perl5/perlbrew/perls/perl-5.23.1-ld/lib/site_perl/5.23.1/i86pc-solaris-ld/Moose/Meta/Class.pm line 557
	Moose::Meta::Class::superclasses(undef, 'GOBO::Node') called at /export/home/jmaslak/perl5/perlbrew/perls/perl-5.23.1-ld/lib/site_perl/5.23.1/i86pc-solaris-ld/Moose.pm line 55
	Moose::extends('Moose::Meta::Class=HASH(0x899ef70)', 'GOBO::Node') called at /export/home/jmaslak/perl5/perlbrew/perls/perl-5.23.1-ld/lib/site_perl/5.23.1/i86pc-solaris-ld/Moose/Exporter.pm line 419
	Moose::extends('GOBO::Node') called at /export/home/jmaslak/.cpan/build/GOBO-0.03-IkHGN4/blib/lib/GOBO/Evidence.pm line 4
	require GOBO/Evidence.pm at /export/home/jmaslak/.cpan/build/GOBO-0.03-IkHGN4/blib/lib/GOBO/Annotation.pm line 5
	GOBO::Annotation::BEGIN at /export/home/jmaslak/.cpan/build/GOBO-0.03-IkHGN4/blib/lib/GOBO/Synonym.pm line 0
	eval {...} at /export/home/jmaslak/.cpan/build/GOBO-0.03-IkHGN4/blib/lib/GOBO/Synonym.pm line 0
	require GOBO/Annotation.pm at /export/home/jmaslak/.cpan/build/GOBO-0.03-IkHGN4/blib/lib/GOBO/Graph.pm line 55
	GOBO::Graph::BEGIN at /export/home/jmaslak/.cpan/build/GOBO-0.03-IkHGN4/blib/lib/GOBO/Synonym.pm line 0
	eval {...} at /export/home/jmaslak/.cpan/build/GOBO-0.03-IkHGN4/blib/lib/GOBO/Synonym.pm line 0
	require GOBO/Graph.pm at t/inference_engine_test.t line 4
	main::BEGIN at /export/home/jmaslak/.cpan/build/GOBO-0.03-IkHGN4/blib/lib/GOBO/Synonym.pm line 0
	eval {...} at /export/home/jmaslak/.cpan/build/GOBO-0.03-IkHGN4/blib/lib/GOBO/Synonym.pm line 0
Compilation failed in require at /export/home/jmaslak/.cpan/build/GOBO-0.03-IkHGN4/blib/lib/GOBO/Labeled.pm line 23.
BEGIN failed--compilation aborted at /export/home/jmaslak/.cpan/build/GOBO-0.03-IkHGN4/blib/lib/GOBO/Labeled.pm line 23.
Compilation failed in require at /export/home/jmaslak/perl5/perlbrew/perls/perl-5.23.1-ld/lib/site_perl/5.23.1/Module/Runtime.pm line 317.
Compilation failed in require at /export/home/jmaslak/perl5/perlbrew/perls/perl-5.23.1-ld/lib/site_perl/5.23.1/Module/Runtime.pm line 317.
Compilation failed in require at /export/home/jmaslak/.cpan/build/GOBO-0.03-IkHGN4/blib/lib/GOBO/Annotation.pm line 5.
BEGIN failed--compilation aborted at /export/home/jmaslak/.cpan/build/GOBO-0.03-IkHGN4/blib/lib/GOBO/Annotation.pm line 5.
Compilation failed in require at /export/home/jmaslak/.cpan/build/GOBO-0.03-IkHGN4/blib/lib/GOBO/Graph.pm line 55.
BEGIN failed--compilation aborted at /export/home/jmaslak/.cpan/build/GOBO-0.03-IkHGN4/blib/lib/GOBO/Graph.pm line 55.
Compilation failed in require at t/inference_engine_test.t line 4.
BEGIN failed--compilation aborted at t/inference_engine_test.t line 4.
t/inference_engine_test.t .... 
Dubious, test returned 255 (wstat 65280, 0xff00)
No subtests run 
You cannot coerce an attribute (source) unless its type (GOBO::Node) has a coercion at /export/home/jmaslak/perl5/perlbrew/perls/perl-5.23.1-ld/lib/site_perl/5.23.1/i86pc-solaris-ld/Moose/Exporter.pm line 419
	Moose::with('GOBO::Attributed') called at /export/home/jmaslak/.cpan/build/GOBO-0.03-IkHGN4/blib/lib/GOBO/Synonym.pm line 17
	require GOBO/Synonym.pm at /export/home/jmaslak/.cpan/build/GOBO-0.03-IkHGN4/blib/lib/GOBO/Labeled.pm line 23
	GOBO::Labeled::BEGIN at /export/home/jmaslak/.cpan/build/GOBO-0.03-IkHGN4/blib/lib/GOBO/Synonym.pm line 0
	eval {...} at /export/home/jmaslak/.cpan/build/GOBO-0.03-IkHGN4/blib/lib/GOBO/Synonym.pm line 0
	require GOBO/Labeled.pm at /export/home/jmaslak/perl5/perlbrew/perls/perl-5.23.1-ld/lib/site_perl/5.23.1/Module/Runtime.pm line 317
	Module::Runtime::require_module('GOBO::Labeled') called at /export/home/jmaslak/perl5/perlbrew/perls/perl-5.23.1-ld/lib/site_perl/5.23.1/Module/Runtime.pm line 348
	Module::Runtime::use_module('GOBO::Labeled') called at /export/home/jmaslak/perl5/perlbrew/perls/perl-5.23.1-ld/lib/site_perl/5.23.1/i86pc-solaris-ld/Moose/Util.pm line 147
	Moose::Util::_apply_all_roles('Moose::Meta::Class=HASH(0x8a683c8)', undef, 'GOBO::Labeled') called at /export/home/jmaslak/perl5/perlbrew/perls/perl-5.23.1-ld/lib/site_perl/5.23.1/i86pc-solaris-ld/Moose/Util.pm line 114
	Moose::Util::apply_all_roles('Moose::Meta::Class=HASH(0x8a683c8)', 'GOBO::Labeled') called at /export/home/jmaslak/perl5/perlbrew/perls/perl-5.23.1-ld/lib/site_perl/5.23.1/i86pc-solaris-ld/Moose.pm line 59
	Moose::with('Moose::Meta::Class=HASH(0x8a683c8)', 'GOBO::Labeled') called at /export/home/jmaslak/perl5/perlbrew/perls/perl-5.23.1-ld/lib/site_perl/5.23.1/i86pc-solaris-ld/Moose/Exporter.pm line 419
	Moose::with('GOBO::Labeled') called at /export/home/jmaslak/.cpan/build/GOBO-0.03-IkHGN4/blib/lib/GOBO/Node.pm line 6
	require GOBO/Node.pm at /export/home/jmaslak/perl5/perlbrew/perls/perl-5.23.1-ld/lib/site_perl/5.23.1/Module/Runtime.pm line 317
	Module::Runtime::require_module('GOBO::Node') called at /export/home/jmaslak/perl5/perlbrew/perls/perl-5.23.1-ld/lib/site_perl/5.23.1/Module/Runtime.pm line 381
	eval {...} at /export/home/jmaslak/perl5/perlbrew/perls/perl-5.23.1-ld/lib/site_perl/5.23.1/Module/Runtime.pm line 381
	Module::Runtime::use_package_optimistically('GOBO::Node') called at /export/home/jmaslak/perl5/perlbrew/perls/perl-5.23.1-ld/lib/site_perl/5.23.1/i86pc-solaris-ld/Moose/Util.pm line 352
	Moose::Util::_load_user_class('GOBO::Node', undef) called at /export/home/jmaslak/perl5/perlbrew/perls/perl-5.23.1-ld/lib/site_perl/5.23.1/i86pc-solaris-ld/Moose/Meta/Class.pm line 557
	Moose::Meta::Class::superclasses(undef, 'GOBO::Node') called at /export/home/jmaslak/perl5/perlbrew/perls/perl-5.23.1-ld/lib/site_perl/5.23.1/i86pc-solaris-ld/Moose.pm line 55
	Moose::extends('Moose::Meta::Class=HASH(0x899edb0)', 'GOBO::Node') called at /export/home/jmaslak/perl5/perlbrew/perls/perl-5.23.1-ld/lib/site_perl/5.23.1/i86pc-solaris-ld/Moose/Exporter.pm line 419
	Moose::extends('GOBO::Node') called at /export/home/jmaslak/.cpan/build/GOBO-0.03-IkHGN4/blib/lib/GOBO/Evidence.pm line 4
	require GOBO/Evidence.pm at /export/home/jmaslak/.cpan/build/GOBO-0.03-IkHGN4/blib/lib/GOBO/Annotation.pm line 5
	GOBO::Annotation::BEGIN at /export/home/jmaslak/.cpan/build/GOBO-0.03-IkHGN4/blib/lib/GOBO/Synonym.pm line 0
	eval {...} at /export/home/jmaslak/.cpan/build/GOBO-0.03-IkHGN4/blib/lib/GOBO/Synonym.pm line 0
	require GOBO/Annotation.pm at /export/home/jmaslak/.cpan/build/GOBO-0.03-IkHGN4/blib/lib/GOBO/Graph.pm line 55
	GOBO::Graph::BEGIN at /export/home/jmaslak/.cpan/build/GOBO-0.03-IkHGN4/blib/lib/GOBO/Synonym.pm line 0
	eval {...} at /export/home/jmaslak/.cpan/build/GOBO-0.03-IkHGN4/blib/lib/GOBO/Synonym.pm line 0
	require GOBO/Graph.pm at t/logical_definition_test.t line 4
	main::BEGIN at /export/home/jmaslak/.cpan/build/GOBO-0.03-IkHGN4/blib/lib/GOBO/Synonym.pm line 0
	eval {...} at /export/home/jmaslak/.cpan/build/GOBO-0.03-IkHGN4/blib/lib/GOBO/Synonym.pm line 0
Compilation failed in require at /export/home/jmaslak/.cpan/build/GOBO-0.03-IkHGN4/blib/lib/GOBO/Labeled.pm line 23.
BEGIN failed--compilation aborted at /export/home/jmaslak/.cpan/build/GOBO-0.03-IkHGN4/blib/lib/GOBO/Labeled.pm line 23.
Compilation failed in require at /export/home/jmaslak/perl5/perlbrew/perls/perl-5.23.1-ld/lib/site_perl/5.23.1/Module/Runtime.pm line 317.
Compilation failed in require at /export/home/jmaslak/perl5/perlbrew/perls/perl-5.23.1-ld/lib/site_perl/5.23.1/Module/Runtime.pm line 317.
Compilation failed in require at /export/home/jmaslak/.cpan/build/GOBO-0.03-IkHGN4/blib/lib/GOBO/Annotation.pm line 5.
BEGIN failed--compilation aborted at /export/home/jmaslak/.cpan/build/GOBO-0.03-IkHGN4/blib/lib/GOBO/Annotation.pm line 5.
Compilation failed in require at /export/home/jmaslak/.cpan/build/GOBO-0.03-IkHGN4/blib/lib/GOBO/Graph.pm line 55.
BEGIN failed--compilation aborted at /export/home/jmaslak/.cpan/build/GOBO-0.03-IkHGN4/blib/lib/GOBO/Graph.pm line 55.
Compilation failed in require at t/logical_definition_test.t line 4.
BEGIN failed--compilation aborted at t/logical_definition_test.t line 4.
t/logical_definition_test.t .. 
Dubious, test returned 255 (wstat 65280, 0xff00)
No subtests run 
You cannot coerce an attribute (provenance) unless its type (GOBO::Node) has a coercion at /export/home/jmaslak/perl5/perlbrew/perls/perl-5.23.1-ld/lib/site_perl/5.23.1/i86pc-solaris-ld/Moose/Exporter.pm line 419
	Moose::with('GOBO::Attributed') called at /export/home/jmaslak/.cpan/build/GOBO-0.03-IkHGN4/blib/lib/GOBO/Synonym.pm line 17
	require GOBO/Synonym.pm at /export/home/jmaslak/.cpan/build/GOBO-0.03-IkHGN4/blib/lib/GOBO/Labeled.pm line 23
	GOBO::Labeled::BEGIN at /export/home/jmaslak/.cpan/build/GOBO-0.03-IkHGN4/blib/lib/GOBO/Synonym.pm line 0
	eval {...} at /export/home/jmaslak/.cpan/build/GOBO-0.03-IkHGN4/blib/lib/GOBO/Synonym.pm line 0
	require GOBO/Labeled.pm at /export/home/jmaslak/perl5/perlbrew/perls/perl-5.23.1-ld/lib/site_perl/5.23.1/Module/Runtime.pm line 317
	Module::Runtime::require_module('GOBO::Labeled') called at /export/home/jmaslak/perl5/perlbrew/perls/perl-5.23.1-ld/lib/site_perl/5.23.1/Module/Runtime.pm line 348
	Module::Runtime::use_module('GOBO::Labeled') called at /export/home/jmaslak/perl5/perlbrew/perls/perl-5.23.1-ld/lib/site_perl/5.23.1/i86pc-solaris-ld/Moose/Util.pm line 147
	Moose::Util::_apply_all_roles('Moose::Meta::Class=HASH(0x8aa9d80)', undef, 'GOBO::Labeled') called at /export/home/jmaslak/perl5/perlbrew/perls/perl-5.23.1-ld/lib/site_perl/5.23.1/i86pc-solaris-ld/Moose/Util.pm line 114
	Moose::Util::apply_all_roles('Moose::Meta::Class=HASH(0x8aa9d80)', 'GOBO::Labeled') called at /export/home/jmaslak/perl5/perlbrew/perls/perl-5.23.1-ld/lib/site_perl/5.23.1/i86pc-solaris-ld/Moose.pm line 59
	Moose::with('Moose::Meta::Class=HASH(0x8aa9d80)', 'GOBO::Labeled') called at /export/home/jmaslak/perl5/perlbrew/perls/perl-5.23.1-ld/lib/site_perl/5.23.1/i86pc-solaris-ld/Moose/Exporter.pm line 419
	Moose::with('GOBO::Labeled') called at /export/home/jmaslak/.cpan/build/GOBO-0.03-IkHGN4/blib/lib/GOBO/Node.pm line 6
	require GOBO/Node.pm at /export/home/jmaslak/perl5/perlbrew/perls/perl-5.23.1-ld/lib/site_perl/5.23.1/Module/Runtime.pm line 317
	Module::Runtime::require_module('GOBO::Node') called at /export/home/jmaslak/perl5/perlbrew/perls/perl-5.23.1-ld/lib/site_perl/5.23.1/Module/Runtime.pm line 381
	eval {...} at /export/home/jmaslak/perl5/perlbrew/perls/perl-5.23.1-ld/lib/site_perl/5.23.1/Module/Runtime.pm line 381
	Module::Runtime::use_package_optimistically('GOBO::Node') called at /export/home/jmaslak/perl5/perlbrew/perls/perl-5.23.1-ld/lib/site_perl/5.23.1/i86pc-solaris-ld/Moose/Util.pm line 352
	Moose::Util::_load_user_class('GOBO::Node', undef) called at /export/home/jmaslak/perl5/perlbrew/perls/perl-5.23.1-ld/lib/site_perl/5.23.1/i86pc-solaris-ld/Moose/Meta/Class.pm line 557
	Moose::Meta::Class::superclasses(undef, 'GOBO::Node') called at /export/home/jmaslak/perl5/perlbrew/perls/perl-5.23.1-ld/lib/site_perl/5.23.1/i86pc-solaris-ld/Moose.pm line 55
	Moose::extends('Moose::Meta::Class=HASH(0x89dd9d8)', 'GOBO::Node') called at /export/home/jmaslak/perl5/perlbrew/perls/perl-5.23.1-ld/lib/site_perl/5.23.1/i86pc-solaris-ld/Moose/Exporter.pm line 419
	Moose::extends('GOBO::Node') called at /export/home/jmaslak/.cpan/build/GOBO-0.03-IkHGN4/blib/lib/GOBO/Evidence.pm line 4
	require GOBO/Evidence.pm at /export/home/jmaslak/.cpan/build/GOBO-0.03-IkHGN4/blib/lib/GOBO/Annotation.pm line 5
	GOBO::Annotation::BEGIN at /export/home/jmaslak/.cpan/build/GOBO-0.03-IkHGN4/blib/lib/GOBO/Synonym.pm line 0
	eval {...} at /export/home/jmaslak/.cpan/build/GOBO-0.03-IkHGN4/blib/lib/GOBO/Synonym.pm line 0
	require GOBO/Annotation.pm at /export/home/jmaslak/.cpan/build/GOBO-0.03-IkHGN4/blib/lib/GOBO/Graph.pm line 55
	GOBO::Graph::BEGIN at /export/home/jmaslak/.cpan/build/GOBO-0.03-IkHGN4/blib/lib/GOBO/Synonym.pm line 0
	eval {...} at /export/home/jmaslak/.cpan/build/GOBO-0.03-IkHGN4/blib/lib/GOBO/Synonym.pm line 0
	require GOBO/Graph.pm at t/node_removal.t line 8
	main::BEGIN at /export/home/jmaslak/.cpan/build/GOBO-0.03-IkHGN4/blib/lib/GOBO/Synonym.pm line 0
	eval {...} at /export/home/jmaslak/.cpan/build/GOBO-0.03-IkHGN4/blib/lib/GOBO/Synonym.pm line 0
Compilation failed in require at /export/home/jmaslak/.cpan/build/GOBO-0.03-IkHGN4/blib/lib/GOBO/Labeled.pm line 23.
BEGIN failed--compilation aborted at /export/home/jmaslak/.cpan/build/GOBO-0.03-IkHGN4/blib/lib/GOBO/Labeled.pm line 23.
Compilation failed in require at /export/home/jmaslak/perl5/perlbrew/perls/perl-5.23.1-ld/lib/site_perl/5.23.1/Module/Runtime.pm line 317.
Compilation failed in require at /export/home/jmaslak/perl5/perlbrew/perls/perl-5.23.1-ld/lib/site_perl/5.23.1/Module/Runtime.pm line 317.
Compilation failed in require at /export/home/jmaslak/.cpan/build/GOBO-0.03-IkHGN4/blib/lib/GOBO/Annotation.pm line 5.
BEGIN failed--compilation aborted at /export/home/jmaslak/.cpan/build/GOBO-0.03-IkHGN4/blib/lib/GOBO/Annotation.pm line 5.
Compilation failed in require at /export/home/jmaslak/.cpan/build/GOBO-0.03-IkHGN4/blib/lib/GOBO/Graph.pm line 55.
BEGIN failed--compilation aborted at /export/home/jmaslak/.cpan/build/GOBO-0.03-IkHGN4/blib/lib/GOBO/Graph.pm line 55.
Compilation failed in require at t/node_removal.t line 8.
BEGIN failed--compilation aborted at t/node_removal.t line 8.
t/node_removal.t ............. 
Dubious, test returned 255 (wstat 65280, 0xff00)
No subtests run 
You cannot coerce an attribute (provenance) unless its type (GOBO::Node) has a coercion at /export/home/jmaslak/perl5/perlbrew/perls/perl-5.23.1-ld/lib/site_perl/5.23.1/i86pc-solaris-ld/Moose/Exporter.pm line 419
	Moose::with('GOBO::Attributed') called at /export/home/jmaslak/.cpan/build/GOBO-0.03-IkHGN4/blib/lib/GOBO/Synonym.pm line 17
	require GOBO/Synonym.pm at /export/home/jmaslak/.cpan/build/GOBO-0.03-IkHGN4/blib/lib/GOBO/Labeled.pm line 23
	GOBO::Labeled::BEGIN at /export/home/jmaslak/.cpan/build/GOBO-0.03-IkHGN4/blib/lib/GOBO/Synonym.pm line 0
	eval {...} at /export/home/jmaslak/.cpan/build/GOBO-0.03-IkHGN4/blib/lib/GOBO/Synonym.pm line 0
	require GOBO/Labeled.pm at /export/home/jmaslak/perl5/perlbrew/perls/perl-5.23.1-ld/lib/site_perl/5.23.1/Module/Runtime.pm line 317
	Module::Runtime::require_module('GOBO::Labeled') called at /export/home/jmaslak/perl5/perlbrew/perls/perl-5.23.1-ld/lib/site_perl/5.23.1/Module/Runtime.pm line 348
	Module::Runtime::use_module('GOBO::Labeled') called at /export/home/jmaslak/perl5/perlbrew/perls/perl-5.23.1-ld/lib/site_perl/5.23.1/i86pc-solaris-ld/Moose/Util.pm line 147
	Moose::Util::_apply_all_roles('Moose::Meta::Class=HASH(0x8a681b0)', undef, 'GOBO::Labeled') called at /export/home/jmaslak/perl5/perlbrew/perls/perl-5.23.1-ld/lib/site_perl/5.23.1/i86pc-solaris-ld/Moose/Util.pm line 114
	Moose::Util::apply_all_roles('Moose::Meta::Class=HASH(0x8a681b0)', 'GOBO::Labeled') called at /export/home/jmaslak/perl5/perlbrew/perls/perl-5.23.1-ld/lib/site_perl/5.23.1/i86pc-solaris-ld/Moose.pm line 59
	Moose::with('Moose::Meta::Class=HASH(0x8a681b0)', 'GOBO::Labeled') called at /export/home/jmaslak/perl5/perlbrew/perls/perl-5.23.1-ld/lib/site_perl/5.23.1/i86pc-solaris-ld/Moose/Exporter.pm line 419
	Moose::with('GOBO::Labeled') called at /export/home/jmaslak/.cpan/build/GOBO-0.03-IkHGN4/blib/lib/GOBO/Node.pm line 6
	require GOBO/Node.pm at /export/home/jmaslak/perl5/perlbrew/perls/perl-5.23.1-ld/lib/site_perl/5.23.1/Module/Runtime.pm line 317
	Module::Runtime::require_module('GOBO::Node') called at /export/home/jmaslak/perl5/perlbrew/perls/perl-5.23.1-ld/lib/site_perl/5.23.1/Module/Runtime.pm line 381
	eval {...} at /export/home/jmaslak/perl5/perlbrew/perls/perl-5.23.1-ld/lib/site_perl/5.23.1/Module/Runtime.pm line 381
	Module::Runtime::use_package_optimistically('GOBO::Node') called at /export/home/jmaslak/perl5/perlbrew/perls/perl-5.23.1-ld/lib/site_perl/5.23.1/i86pc-solaris-ld/Moose/Util.pm line 352
	Moose::Util::_load_user_class('GOBO::Node', undef) called at /export/home/jmaslak/perl5/perlbrew/perls/perl-5.23.1-ld/lib/site_perl/5.23.1/i86pc-solaris-ld/Moose/Meta/Class.pm line 557
	Moose::Meta::Class::superclasses(undef, 'GOBO::Node') called at /export/home/jmaslak/perl5/perlbrew/perls/perl-5.23.1-ld/lib/site_perl/5.23.1/i86pc-solaris-ld/Moose.pm line 55
	Moose::extends('Moose::Meta::Class=HASH(0x899fb90)', 'GOBO::Node') called at /export/home/jmaslak/perl5/perlbrew/perls/perl-5.23.1-ld/lib/site_perl/5.23.1/i86pc-solaris-ld/Moose/Exporter.pm line 419
	Moose::extends('GOBO::Node') called at /export/home/jmaslak/.cpan/build/GOBO-0.03-IkHGN4/blib/lib/GOBO/Evidence.pm line 4
	require GOBO/Evidence.pm at /export/home/jmaslak/.cpan/build/GOBO-0.03-IkHGN4/blib/lib/GOBO/Annotation.pm line 5
	GOBO::Annotation::BEGIN at /export/home/jmaslak/.cpan/build/GOBO-0.03-IkHGN4/blib/lib/GOBO/Synonym.pm line 0
	eval {...} at /export/home/jmaslak/.cpan/build/GOBO-0.03-IkHGN4/blib/lib/GOBO/Synonym.pm line 0
	require GOBO/Annotation.pm at /export/home/jmaslak/.cpan/build/GOBO-0.03-IkHGN4/blib/lib/GOBO/Graph.pm line 55
	GOBO::Graph::BEGIN at /export/home/jmaslak/.cpan/build/GOBO-0.03-IkHGN4/blib/lib/GOBO/Synonym.pm line 0
	eval {...} at /export/home/jmaslak/.cpan/build/GOBO-0.03-IkHGN4/blib/lib/GOBO/Synonym.pm line 0
	require GOBO/Graph.pm at t/oboparsertest.t line 6
	main::BEGIN at /export/home/jmaslak/.cpan/build/GOBO-0.03-IkHGN4/blib/lib/GOBO/Synonym.pm line 0
	eval {...} at /export/home/jmaslak/.cpan/build/GOBO-0.03-IkHGN4/blib/lib/GOBO/Synonym.pm line 0
Compilation failed in require at /export/home/jmaslak/.cpan/build/GOBO-0.03-IkHGN4/blib/lib/GOBO/Labeled.pm line 23.
BEGIN failed--compilation aborted at /export/home/jmaslak/.cpan/build/GOBO-0.03-IkHGN4/blib/lib/GOBO/Labeled.pm line 23.
Compilation failed in require at /export/home/jmaslak/perl5/perlbrew/perls/perl-5.23.1-ld/lib/site_perl/5.23.1/Module/Runtime.pm line 317.
Compilation failed in require at /export/home/jmaslak/perl5/perlbrew/perls/perl-5.23.1-ld/lib/site_perl/5.23.1/Module/Runtime.pm line 317.
Compilation failed in require at /export/home/jmaslak/.cpan/build/GOBO-0.03-IkHGN4/blib/lib/GOBO/Annotation.pm line 5.
BEGIN failed--compilation aborted at /export/home/jmaslak/.cpan/build/GOBO-0.03-IkHGN4/blib/lib/GOBO/Annotation.pm line 5.
Compilation failed in require at /export/home/jmaslak/.cpan/build/GOBO-0.03-IkHGN4/blib/lib/GOBO/Graph.pm line 55.
BEGIN failed--compilation aborted at /export/home/jmaslak/.cpan/build/GOBO-0.03-IkHGN4/blib/lib/GOBO/Graph.pm line 55.
Compilation failed in require at t/oboparsertest.t line 6.
BEGIN failed--compilation aborted at t/oboparsertest.t line 6.
t/oboparsertest.t ............ 
Dubious, test returned 255 (wstat 65280, 0xff00)
No subtests run 
Subroutine main::ok redefined at t/parsetest.t line 6.
Prototype mismatch: sub main::ok ($;$$) vs ($;$) at t/parsetest.t line 6.
Subroutine main::skip redefined at t/parsetest.t line 6.
Prototype mismatch: sub main::skip ($;$$$) vs none at t/parsetest.t line 6.
Subroutine main::plan redefined at t/parsetest.t line 6.
You cannot coerce an attribute (provenance) unless its type (GOBO::Node) has a coercion at /export/home/jmaslak/perl5/perlbrew/perls/perl-5.23.1-ld/lib/site_perl/5.23.1/i86pc-solaris-ld/Moose/Exporter.pm line 419
	Moose::with('GOBO::Attributed') called at /export/home/jmaslak/.cpan/build/GOBO-0.03-IkHGN4/blib/lib/GOBO/Synonym.pm line 17
	require GOBO/Synonym.pm at /export/home/jmaslak/.cpan/build/GOBO-0.03-IkHGN4/blib/lib/GOBO/Labeled.pm line 23
	GOBO::Labeled::BEGIN at /export/home/jmaslak/.cpan/build/GOBO-0.03-IkHGN4/blib/lib/GOBO/Synonym.pm line 0
	eval {...} at /export/home/jmaslak/.cpan/build/GOBO-0.03-IkHGN4/blib/lib/GOBO/Synonym.pm line 0
	require GOBO/Labeled.pm at /export/home/jmaslak/perl5/perlbrew/perls/perl-5.23.1-ld/lib/site_perl/5.23.1/Module/Runtime.pm line 317
	Module::Runtime::require_module('GOBO::Labeled') called at /export/home/jmaslak/perl5/perlbrew/perls/perl-5.23.1-ld/lib/site_perl/5.23.1/Module/Runtime.pm line 348
	Module::Runtime::use_module('GOBO::Labeled') called at /export/home/jmaslak/perl5/perlbrew/perls/perl-5.23.1-ld/lib/site_perl/5.23.1/i86pc-solaris-ld/Moose/Util.pm line 147
	Moose::Util::_apply_all_roles('Moose::Meta::Class=HASH(0x8b4dc40)', undef, 'GOBO::Labeled') called at /export/home/jmaslak/perl5/perlbrew/perls/perl-5.23.1-ld/lib/site_perl/5.23.1/i86pc-solaris-ld/Moose/Util.pm line 114
	Moose::Util::apply_all_roles('Moose::Meta::Class=HASH(0x8b4dc40)', 'GOBO::Labeled') called at /export/home/jmaslak/perl5/perlbrew/perls/perl-5.23.1-ld/lib/site_perl/5.23.1/i86pc-solaris-ld/Moose.pm line 59
	Moose::with('Moose::Meta::Class=HASH(0x8b4dc40)', 'GOBO::Labeled') called at /export/home/jmaslak/perl5/perlbrew/perls/perl-5.23.1-ld/lib/site_perl/5.23.1/i86pc-solaris-ld/Moose/Exporter.pm line 419
	Moose::with('GOBO::Labeled') called at /export/home/jmaslak/.cpan/build/GOBO-0.03-IkHGN4/blib/lib/GOBO/Node.pm line 6
	require GOBO/Node.pm at /export/home/jmaslak/.cpan/build/GOBO-0.03-IkHGN4/blib/lib/GOBO/Parsers/GAFParser.pm line 7
	GOBO::Parsers::GAFParser::BEGIN at /export/home/jmaslak/.cpan/build/GOBO-0.03-IkHGN4/blib/lib/GOBO/Synonym.pm line 0
	eval {...} at /export/home/jmaslak/.cpan/build/GOBO-0.03-IkHGN4/blib/lib/GOBO/Synonym.pm line 0
	require GOBO/Parsers/GAFParser.pm at t/parsetest.t line 10
	main::BEGIN at /export/home/jmaslak/.cpan/build/GOBO-0.03-IkHGN4/blib/lib/GOBO/Synonym.pm line 0
	eval {...} at /export/home/jmaslak/.cpan/build/GOBO-0.03-IkHGN4/blib/lib/GOBO/Synonym.pm line 0
Compilation failed in require at /export/home/jmaslak/.cpan/build/GOBO-0.03-IkHGN4/blib/lib/GOBO/Labeled.pm line 23.
BEGIN failed--compilation aborted at /export/home/jmaslak/.cpan/build/GOBO-0.03-IkHGN4/blib/lib/GOBO/Labeled.pm line 23.
Compilation failed in require at /export/home/jmaslak/perl5/perlbrew/perls/perl-5.23.1-ld/lib/site_perl/5.23.1/Module/Runtime.pm line 317.
Compilation failed in require at /export/home/jmaslak/.cpan/build/GOBO-0.03-IkHGN4/blib/lib/GOBO/Parsers/GAFParser.pm line 7.
BEGIN failed--compilation aborted at /export/home/jmaslak/.cpan/build/GOBO-0.03-IkHGN4/blib/lib/GOBO/Parsers/GAFParser.pm line 7.
Compilation failed in require at t/parsetest.t line 10.
BEGIN failed--compilation aborted at t/parsetest.t line 10.
# Looks like your test exited with 255 before it could output anything.
t/parsetest.t ................ 
Dubious, test returned 255 (wstat 65280, 0xff00)
No subtests run 
You cannot coerce an attribute (source) unless its type (GOBO::Node) has a coercion at /export/home/jmaslak/perl5/perlbrew/perls/perl-5.23.1-ld/lib/site_perl/5.23.1/i86pc-solaris-ld/Moose/Exporter.pm line 419
	Moose::with('GOBO::Attributed') called at /export/home/jmaslak/.cpan/build/GOBO-0.03-IkHGN4/blib/lib/GOBO/Synonym.pm line 17
	require GOBO/Synonym.pm at /export/home/jmaslak/.cpan/build/GOBO-0.03-IkHGN4/blib/lib/GOBO/Labeled.pm line 23
	GOBO::Labeled::BEGIN at /export/home/jmaslak/.cpan/build/GOBO-0.03-IkHGN4/blib/lib/GOBO/Synonym.pm line 0
	eval {...} at /export/home/jmaslak/.cpan/build/GOBO-0.03-IkHGN4/blib/lib/GOBO/Synonym.pm line 0
	require GOBO/Labeled.pm at /export/home/jmaslak/perl5/perlbrew/perls/perl-5.23.1-ld/lib/site_perl/5.23.1/Module/Runtime.pm line 317
	Module::Runtime::require_module('GOBO::Labeled') called at /export/home/jmaslak/perl5/perlbrew/perls/perl-5.23.1-ld/lib/site_perl/5.23.1/Module/Runtime.pm line 348
	Module::Runtime::use_module('GOBO::Labeled') called at /export/home/jmaslak/perl5/perlbrew/perls/perl-5.23.1-ld/lib/site_perl/5.23.1/i86pc-solaris-ld/Moose/Util.pm line 147
	Moose::Util::_apply_all_roles('Moose::Meta::Class=HASH(0x86b85b8)', undef, 'GOBO::Labeled') called at /export/home/jmaslak/perl5/perlbrew/perls/perl-5.23.1-ld/lib/site_perl/5.23.1/i86pc-solaris-ld/Moose/Util.pm line 114
	Moose::Util::apply_all_roles('Moose::Meta::Class=HASH(0x86b85b8)', 'GOBO::Labeled') called at /export/home/jmaslak/perl5/perlbrew/perls/perl-5.23.1-ld/lib/site_perl/5.23.1/i86pc-solaris-ld/Moose.pm line 59
	Moose::with('Moose::Meta::Class=HASH(0x86b85b8)', 'GOBO::Labeled') called at /export/home/jmaslak/perl5/perlbrew/perls/perl-5.23.1-ld/lib/site_perl/5.23.1/i86pc-solaris-ld/Moose/Exporter.pm line 419
	Moose::with('GOBO::Labeled') called at /export/home/jmaslak/.cpan/build/GOBO-0.03-IkHGN4/blib/lib/GOBO/Node.pm line 6
	require GOBO/Node.pm at /export/home/jmaslak/perl5/perlbrew/perls/perl-5.23.1-ld/lib/site_perl/5.23.1/Module/Runtime.pm line 317
	Module::Runtime::require_module('GOBO::Node') called at /export/home/jmaslak/perl5/perlbrew/perls/perl-5.23.1-ld/lib/site_perl/5.23.1/Module/Runtime.pm line 381
	eval {...} at /export/home/jmaslak/perl5/perlbrew/perls/perl-5.23.1-ld/lib/site_perl/5.23.1/Module/Runtime.pm line 381
	Module::Runtime::use_package_optimistically('GOBO::Node') called at /export/home/jmaslak/perl5/perlbrew/perls/perl-5.23.1-ld/lib/site_perl/5.23.1/i86pc-solaris-ld/Moose/Util.pm line 352
	Moose::Util::_load_user_class('GOBO::Node', undef) called at /export/home/jmaslak/perl5/perlbrew/perls/perl-5.23.1-ld/lib/site_perl/5.23.1/i86pc-solaris-ld/Moose/Meta/Class.pm line 557
	Moose::Meta::Class::superclasses(undef, 'GOBO::Node') called at /export/home/jmaslak/perl5/perlbrew/perls/perl-5.23.1-ld/lib/site_perl/5.23.1/i86pc-solaris-ld/Moose.pm line 55
	Moose::extends('Moose::Meta::Class=HASH(0x8aedd10)', 'GOBO::Node') called at /export/home/jmaslak/perl5/perlbrew/perls/perl-5.23.1-ld/lib/site_perl/5.23.1/i86pc-solaris-ld/Moose/Exporter.pm line 419
	Moose::extends('GOBO::Node') called at /export/home/jmaslak/.cpan/build/GOBO-0.03-IkHGN4/blib/lib/GOBO/Evidence.pm line 4
	require GOBO/Evidence.pm at /export/home/jmaslak/.cpan/build/GOBO-0.03-IkHGN4/blib/lib/GOBO/Annotation.pm line 5
	GOBO::Annotation::BEGIN at /export/home/jmaslak/.cpan/build/GOBO-0.03-IkHGN4/blib/lib/GOBO/Synonym.pm line 0
	eval {...} at /export/home/jmaslak/.cpan/build/GOBO-0.03-IkHGN4/blib/lib/GOBO/Synonym.pm line 0
	require GOBO/Annotation.pm at /export/home/jmaslak/.cpan/build/GOBO-0.03-IkHGN4/blib/lib/GOBO/Graph.pm line 55
	GOBO::Graph::BEGIN at /export/home/jmaslak/.cpan/build/GOBO-0.03-IkHGN4/blib/lib/GOBO/Synonym.pm line 0
	eval {...} at /export/home/jmaslak/.cpan/build/GOBO-0.03-IkHGN4/blib/lib/GOBO/Synonym.pm line 0
	require GOBO/Graph.pm at t/relation_test.t line 3
	main::BEGIN at /export/home/jmaslak/.cpan/build/GOBO-0.03-IkHGN4/blib/lib/GOBO/Synonym.pm line 0
	eval {...} at /export/home/jmaslak/.cpan/build/GOBO-0.03-IkHGN4/blib/lib/GOBO/Synonym.pm line 0
Compilation failed in require at /export/home/jmaslak/.cpan/build/GOBO-0.03-IkHGN4/blib/lib/GOBO/Labeled.pm line 23.
BEGIN failed--compilation aborted at /export/home/jmaslak/.cpan/build/GOBO-0.03-IkHGN4/blib/lib/GOBO/Labeled.pm line 23.
Compilation failed in require at /export/home/jmaslak/perl5/perlbrew/perls/perl-5.23.1-ld/lib/site_perl/5.23.1/Module/Runtime.pm line 317.
Compilation failed in require at /export/home/jmaslak/perl5/perlbrew/perls/perl-5.23.1-ld/lib/site_perl/5.23.1/Module/Runtime.pm line 317.
Compilation failed in require at /export/home/jmaslak/.cpan/build/GOBO-0.03-IkHGN4/blib/lib/GOBO/Annotation.pm line 5.
BEGIN failed--compilation aborted at /export/home/jmaslak/.cpan/build/GOBO-0.03-IkHGN4/blib/lib/GOBO/Annotation.pm line 5.
Compilation failed in require at /export/home/jmaslak/.cpan/build/GOBO-0.03-IkHGN4/blib/lib/GOBO/Graph.pm line 55.
BEGIN failed--compilation aborted at /export/home/jmaslak/.cpan/build/GOBO-0.03-IkHGN4/blib/lib/GOBO/Graph.pm line 55.
Compilation failed in require at t/relation_test.t line 3.
BEGIN failed--compilation aborted at t/relation_test.t line 3.
# Looks like your test exited with 255 before it could output anything.
t/relation_test.t ............ 
Dubious, test returned 255 (wstat 65280, 0xff00)
Failed 29/29 subtests 
You cannot coerce an attribute (source) unless its type (GOBO::Node) has a coercion at /export/home/jmaslak/perl5/perlbrew/perls/perl-5.23.1-ld/lib/site_perl/5.23.1/i86pc-solaris-ld/Moose/Exporter.pm line 419
	Moose::with('GOBO::Attributed') called at /export/home/jmaslak/.cpan/build/GOBO-0.03-IkHGN4/blib/lib/GOBO/Synonym.pm line 17
	require GOBO/Synonym.pm at /export/home/jmaslak/.cpan/build/GOBO-0.03-IkHGN4/blib/lib/GOBO/Labeled.pm line 23
	GOBO::Labeled::BEGIN at /export/home/jmaslak/.cpan/build/GOBO-0.03-IkHGN4/blib/lib/GOBO/Synonym.pm line 0
	eval {...} at /export/home/jmaslak/.cpan/build/GOBO-0.03-IkHGN4/blib/lib/GOBO/Synonym.pm line 0
	require GOBO/Labeled.pm at /export/home/jmaslak/perl5/perlbrew/perls/perl-5.23.1-ld/lib/site_perl/5.23.1/Module/Runtime.pm line 317
	Module::Runtime::require_module('GOBO::Labeled') called at /export/home/jmaslak/perl5/perlbrew/perls/perl-5.23.1-ld/lib/site_perl/5.23.1/Module/Runtime.pm line 348
	Module::Runtime::use_module('GOBO::Labeled') called at /export/home/jmaslak/perl5/perlbrew/perls/perl-5.23.1-ld/lib/site_perl/5.23.1/i86pc-solaris-ld/Moose/Util.pm line 147
	Moose::Util::_apply_all_roles('Moose::Meta::Class=HASH(0x8a67e98)', undef, 'GOBO::Labeled') called at /export/home/jmaslak/perl5/perlbrew/perls/perl-5.23.1-ld/lib/site_perl/5.23.1/i86pc-solaris-ld/Moose/Util.pm line 114
	Moose::Util::apply_all_roles('Moose::Meta::Class=HASH(0x8a67e98)', 'GOBO::Labeled') called at /export/home/jmaslak/perl5/perlbrew/perls/perl-5.23.1-ld/lib/site_perl/5.23.1/i86pc-solaris-ld/Moose.pm line 59
	Moose::with('Moose::Meta::Class=HASH(0x8a67e98)', 'GOBO::Labeled') called at /export/home/jmaslak/perl5/perlbrew/perls/perl-5.23.1-ld/lib/site_perl/5.23.1/i86pc-solaris-ld/Moose/Exporter.pm line 419
	Moose::with('GOBO::Labeled') called at /export/home/jmaslak/.cpan/build/GOBO-0.03-IkHGN4/blib/lib/GOBO/Node.pm line 6
	require GOBO/Node.pm at /export/home/jmaslak/perl5/perlbrew/perls/perl-5.23.1-ld/lib/site_perl/5.23.1/Module/Runtime.pm line 317
	Module::Runtime::require_module('GOBO::Node') called at /export/home/jmaslak/perl5/perlbrew/perls/perl-5.23.1-ld/lib/site_perl/5.23.1/Module/Runtime.pm line 381
	eval {...} at /export/home/jmaslak/perl5/perlbrew/perls/perl-5.23.1-ld/lib/site_perl/5.23.1/Module/Runtime.pm line 381
	Module::Runtime::use_package_optimistically('GOBO::Node') called at /export/home/jmaslak/perl5/perlbrew/perls/perl-5.23.1-ld/lib/site_perl/5.23.1/i86pc-solaris-ld/Moose/Util.pm line 352
	Moose::Util::_load_user_class('GOBO::Node', undef) called at /export/home/jmaslak/perl5/perlbrew/perls/perl-5.23.1-ld/lib/site_perl/5.23.1/i86pc-solaris-ld/Moose/Meta/Class.pm line 557
	Moose::Meta::Class::superclasses(undef, 'GOBO::Node') called at /export/home/jmaslak/perl5/perlbrew/perls/perl-5.23.1-ld/lib/site_perl/5.23.1/i86pc-solaris-ld/Moose.pm line 55
	Moose::extends('Moose::Meta::Class=HASH(0x899eb70)', 'GOBO::Node') called at /export/home/jmaslak/perl5/perlbrew/perls/perl-5.23.1-ld/lib/site_perl/5.23.1/i86pc-solaris-ld/Moose/Exporter.pm line 419
	Moose::extends('GOBO::Node') called at /export/home/jmaslak/.cpan/build/GOBO-0.03-IkHGN4/blib/lib/GOBO/Evidence.pm line 4
	require GOBO/Evidence.pm at /export/home/jmaslak/.cpan/build/GOBO-0.03-IkHGN4/blib/lib/GOBO/Annotation.pm line 5
	GOBO::Annotation::BEGIN at /export/home/jmaslak/.cpan/build/GOBO-0.03-IkHGN4/blib/lib/GOBO/Synonym.pm line 0
	eval {...} at /export/home/jmaslak/.cpan/build/GOBO-0.03-IkHGN4/blib/lib/GOBO/Synonym.pm line 0
	require GOBO/Annotation.pm at /export/home/jmaslak/.cpan/build/GOBO-0.03-IkHGN4/blib/lib/GOBO/Graph.pm line 55
	GOBO::Graph::BEGIN at /export/home/jmaslak/.cpan/build/GOBO-0.03-IkHGN4/blib/lib/GOBO/Synonym.pm line 0
	eval {...} at /export/home/jmaslak/.cpan/build/GOBO-0.03-IkHGN4/blib/lib/GOBO/Synonym.pm line 0
	require GOBO/Graph.pm at t/roundtrip.t line 6
	main::BEGIN at /export/home/jmaslak/.cpan/build/GOBO-0.03-IkHGN4/blib/lib/GOBO/Synonym.pm line 0
	eval {...} at /export/home/jmaslak/.cpan/build/GOBO-0.03-IkHGN4/blib/lib/GOBO/Synonym.pm line 0
Compilation failed in require at /export/home/jmaslak/.cpan/build/GOBO-0.03-IkHGN4/blib/lib/GOBO/Labeled.pm line 23.
BEGIN failed--compilation aborted at /export/home/jmaslak/.cpan/build/GOBO-0.03-IkHGN4/blib/lib/GOBO/Labeled.pm line 23.
Compilation failed in require at /export/home/jmaslak/perl5/perlbrew/perls/perl-5.23.1-ld/lib/site_perl/5.23.1/Module/Runtime.pm line 317.
Compilation failed in require at /export/home/jmaslak/perl5/perlbrew/perls/perl-5.23.1-ld/lib/site_perl/5.23.1/Module/Runtime.pm line 317.
Compilation failed in require at /export/home/jmaslak/.cpan/build/GOBO-0.03-IkHGN4/blib/lib/GOBO/Annotation.pm line 5.
BEGIN failed--compilation aborted at /export/home/jmaslak/.cpan/build/GOBO-0.03-IkHGN4/blib/lib/GOBO/Annotation.pm line 5.
Compilation failed in require at /export/home/jmaslak/.cpan/build/GOBO-0.03-IkHGN4/blib/lib/GOBO/Graph.pm line 55.
BEGIN failed--compilation aborted at /export/home/jmaslak/.cpan/build/GOBO-0.03-IkHGN4/blib/lib/GOBO/Graph.pm line 55.
Compilation failed in require at t/roundtrip.t line 6.
BEGIN failed--compilation aborted at t/roundtrip.t line 6.
t/roundtrip.t ................ 
Dubious, test returned 255 (wstat 65280, 0xff00)
No subtests run 
You cannot coerce an attribute (source) unless its type (GOBO::Node) has a coercion at /export/home/jmaslak/perl5/perlbrew/perls/perl-5.23.1-ld/lib/site_perl/5.23.1/i86pc-solaris-ld/Moose/Exporter.pm line 419
	Moose::with('GOBO::Attributed') called at /export/home/jmaslak/.cpan/build/GOBO-0.03-IkHGN4/blib/lib/GOBO/Synonym.pm line 17
	require GOBO/Synonym.pm at /export/home/jmaslak/.cpan/build/GOBO-0.03-IkHGN4/blib/lib/GOBO/Labeled.pm line 23
	GOBO::Labeled::BEGIN at /export/home/jmaslak/.cpan/build/GOBO-0.03-IkHGN4/blib/lib/GOBO/Synonym.pm line 0
	eval {...} at /export/home/jmaslak/.cpan/build/GOBO-0.03-IkHGN4/blib/lib/GOBO/Synonym.pm line 0
	require GOBO/Labeled.pm at /export/home/jmaslak/perl5/perlbrew/perls/perl-5.23.1-ld/lib/site_perl/5.23.1/Module/Runtime.pm line 317
	Module::Runtime::require_module('GOBO::Labeled') called at /export/home/jmaslak/perl5/perlbrew/perls/perl-5.23.1-ld/lib/site_perl/5.23.1/Module/Runtime.pm line 348
	Module::Runtime::use_module('GOBO::Labeled') called at /export/home/jmaslak/perl5/perlbrew/perls/perl-5.23.1-ld/lib/site_perl/5.23.1/i86pc-solaris-ld/Moose/Util.pm line 147
	Moose::Util::_apply_all_roles('Moose::Meta::Class=HASH(0x8ae1890)', undef, 'GOBO::Labeled') called at /export/home/jmaslak/perl5/perlbrew/perls/perl-5.23.1-ld/lib/site_perl/5.23.1/i86pc-solaris-ld/Moose/Util.pm line 114
	Moose::Util::apply_all_roles('Moose::Meta::Class=HASH(0x8ae1890)', 'GOBO::Labeled') called at /export/home/jmaslak/perl5/perlbrew/perls/perl-5.23.1-ld/lib/site_perl/5.23.1/i86pc-solaris-ld/Moose.pm line 59
	Moose::with('Moose::Meta::Class=HASH(0x8ae1890)', 'GOBO::Labeled') called at /export/home/jmaslak/perl5/perlbrew/perls/perl-5.23.1-ld/lib/site_perl/5.23.1/i86pc-solaris-ld/Moose/Exporter.pm line 419
	Moose::with('GOBO::Labeled') called at /export/home/jmaslak/.cpan/build/GOBO-0.03-IkHGN4/blib/lib/GOBO/Node.pm line 6
	require GOBO/Node.pm at /export/home/jmaslak/perl5/perlbrew/perls/perl-5.23.1-ld/lib/site_perl/5.23.1/Module/Runtime.pm line 317
	Module::Runtime::require_module('GOBO::Node') called at /export/home/jmaslak/perl5/perlbrew/perls/perl-5.23.1-ld/lib/site_perl/5.23.1/Module/Runtime.pm line 381
	eval {...} at /export/home/jmaslak/perl5/perlbrew/perls/perl-5.23.1-ld/lib/site_perl/5.23.1/Module/Runtime.pm line 381
	Module::Runtime::use_package_optimistically('GOBO::Node') called at /export/home/jmaslak/perl5/perlbrew/perls/perl-5.23.1-ld/lib/site_perl/5.23.1/i86pc-solaris-ld/Moose/Util.pm line 352
	Moose::Util::_load_user_class('GOBO::Node', undef) called at /export/home/jmaslak/perl5/perlbrew/perls/perl-5.23.1-ld/lib/site_perl/5.23.1/i86pc-solaris-ld/Moose/Meta/Class.pm line 557
	Moose::Meta::Class::superclasses(undef, 'GOBO::Node') called at /export/home/jmaslak/perl5/perlbrew/perls/perl-5.23.1-ld/lib/site_perl/5.23.1/i86pc-solaris-ld/Moose.pm line 55
	Moose::extends('Moose::Meta::Class=HASH(0x8ad4250)', 'GOBO::Node') called at /export/home/jmaslak/perl5/perlbrew/perls/perl-5.23.1-ld/lib/site_perl/5.23.1/i86pc-solaris-ld/Moose/Exporter.pm line 419
	Moose::extends('GOBO::Node') called at /export/home/jmaslak/.cpan/build/GOBO-0.03-IkHGN4/blib/lib/GOBO/Evidence.pm line 4
	require GOBO/Evidence.pm at /export/home/jmaslak/.cpan/build/GOBO-0.03-IkHGN4/blib/lib/GOBO/Annotation.pm line 5
	GOBO::Annotation::BEGIN at /export/home/jmaslak/.cpan/build/GOBO-0.03-IkHGN4/blib/lib/GOBO/Synonym.pm line 0
	eval {...} at /export/home/jmaslak/.cpan/build/GOBO-0.03-IkHGN4/blib/lib/GOBO/Synonym.pm line 0
	require GOBO/Annotation.pm at /export/home/jmaslak/.cpan/build/GOBO-0.03-IkHGN4/blib/lib/GOBO/Graph.pm line 55
	GOBO::Graph::BEGIN at /export/home/jmaslak/.cpan/build/GOBO-0.03-IkHGN4/blib/lib/GOBO/Synonym.pm line 0
	eval {...} at /export/home/jmaslak/.cpan/build/GOBO-0.03-IkHGN4/blib/lib/GOBO/Synonym.pm line 0
	require GOBO/Graph.pm at /export/home/jmaslak/.cpan/build/GOBO-0.03-IkHGN4/blib/lib/GOBO/Parsers/OBOParser.pm line 7
	GOBO::Parsers::OBOParser::BEGIN at /export/home/jmaslak/.cpan/build/GOBO-0.03-IkHGN4/blib/lib/GOBO/Synonym.pm line 0
	eval {...} at /export/home/jmaslak/.cpan/build/GOBO-0.03-IkHGN4/blib/lib/GOBO/Synonym.pm line 0
	require GOBO/Parsers/OBOParser.pm at t/slimmer_test.t line 9
	main::BEGIN at /export/home/jmaslak/.cpan/build/GOBO-0.03-IkHGN4/blib/lib/GOBO/Synonym.pm line 0
	eval {...} at /export/home/jmaslak/.cpan/build/GOBO-0.03-IkHGN4/blib/lib/GOBO/Synonym.pm line 0
Compilation failed in require at /export/home/jmaslak/.cpan/build/GOBO-0.03-IkHGN4/blib/lib/GOBO/Labeled.pm line 23.
BEGIN failed--compilation aborted at /export/home/jmaslak/.cpan/build/GOBO-0.03-IkHGN4/blib/lib/GOBO/Labeled.pm line 23.
Compilation failed in require at /export/home/jmaslak/perl5/perlbrew/perls/perl-5.23.1-ld/lib/site_perl/5.23.1/Module/Runtime.pm line 317.
Compilation failed in require at /export/home/jmaslak/perl5/perlbrew/perls/perl-5.23.1-ld/lib/site_perl/5.23.1/Module/Runtime.pm line 317.
Compilation failed in require at /export/home/jmaslak/.cpan/build/GOBO-0.03-IkHGN4/blib/lib/GOBO/Annotation.pm line 5.
BEGIN failed--compilation aborted at /export/home/jmaslak/.cpan/build/GOBO-0.03-IkHGN4/blib/lib/GOBO/Annotation.pm line 5.
Compilation failed in require at /export/home/jmaslak/.cpan/build/GOBO-0.03-IkHGN4/blib/lib/GOBO/Graph.pm line 55.
BEGIN failed--compilation aborted at /export/home/jmaslak/.cpan/build/GOBO-0.03-IkHGN4/blib/lib/GOBO/Graph.pm line 55.
Compilation failed in require at /export/home/jmaslak/.cpan/build/GOBO-0.03-IkHGN4/blib/lib/GOBO/Parsers/OBOParser.pm line 7.
BEGIN failed--compilation aborted at /export/home/jmaslak/.cpan/build/GOBO-0.03-IkHGN4/blib/lib/GOBO/Parsers/OBOParser.pm line 7.
Compilation failed in require at t/slimmer_test.t line 9.
BEGIN failed--compilation aborted at t/slimmer_test.t line 9.
t/slimmer_test.t ............. 
Dubious, test returned 255 (wstat 65280, 0xff00)
No subtests run 
You cannot coerce an attribute (provenance) unless its type (GOBO::Node) has a coercion at /export/home/jmaslak/perl5/perlbrew/perls/perl-5.23.1-ld/lib/site_perl/5.23.1/i86pc-solaris-ld/Moose/Exporter.pm line 419
	Moose::with('GOBO::Attributed') called at /export/home/jmaslak/.cpan/build/GOBO-0.03-IkHGN4/blib/lib/GOBO/Synonym.pm line 17
	require GOBO/Synonym.pm at /export/home/jmaslak/.cpan/build/GOBO-0.03-IkHGN4/blib/lib/GOBO/Labeled.pm line 23
	GOBO::Labeled::BEGIN at /export/home/jmaslak/.cpan/build/GOBO-0.03-IkHGN4/blib/lib/GOBO/Synonym.pm line 0
	eval {...} at /export/home/jmaslak/.cpan/build/GOBO-0.03-IkHGN4/blib/lib/GOBO/Synonym.pm line 0
	require GOBO/Labeled.pm at /export/home/jmaslak/perl5/perlbrew/perls/perl-5.23.1-ld/lib/site_perl/5.23.1/Module/Runtime.pm line 317
	Module::Runtime::require_module('GOBO::Labeled') called at /export/home/jmaslak/perl5/perlbrew/perls/perl-5.23.1-ld/lib/site_perl/5.23.1/Module/Runtime.pm line 348
	Module::Runtime::use_module('GOBO::Labeled') called at /export/home/jmaslak/perl5/perlbrew/perls/perl-5.23.1-ld/lib/site_perl/5.23.1/i86pc-solaris-ld/Moose/Util.pm line 147
	Moose::Util::_apply_all_roles('Moose::Meta::Class=HASH(0x8a681b0)', undef, 'GOBO::Labeled') called at /export/home/jmaslak/perl5/perlbrew/perls/perl-5.23.1-ld/lib/site_perl/5.23.1/i86pc-solaris-ld/Moose/Util.pm line 114
	Moose::Util::apply_all_roles('Moose::Meta::Class=HASH(0x8a681b0)', 'GOBO::Labeled') called at /export/home/jmaslak/perl5/perlbrew/perls/perl-5.23.1-ld/lib/site_perl/5.23.1/i86pc-solaris-ld/Moose.pm line 59
	Moose::with('Moose::Meta::Class=HASH(0x8a681b0)', 'GOBO::Labeled') called at /export/home/jmaslak/perl5/perlbrew/perls/perl-5.23.1-ld/lib/site_perl/5.23.1/i86pc-solaris-ld/Moose/Exporter.pm line 419
	Moose::with('GOBO::Labeled') called at /export/home/jmaslak/.cpan/build/GOBO-0.03-IkHGN4/blib/lib/GOBO/Node.pm line 6
	require GOBO/Node.pm at /export/home/jmaslak/perl5/perlbrew/perls/perl-5.23.1-ld/lib/site_perl/5.23.1/Module/Runtime.pm line 317
	Module::Runtime::require_module('GOBO::Node') called at /export/home/jmaslak/perl5/perlbrew/perls/perl-5.23.1-ld/lib/site_perl/5.23.1/Module/Runtime.pm line 381
	eval {...} at /export/home/jmaslak/perl5/perlbrew/perls/perl-5.23.1-ld/lib/site_perl/5.23.1/Module/Runtime.pm line 381
	Module::Runtime::use_package_optimistically('GOBO::Node') called at /export/home/jmaslak/perl5/perlbrew/perls/perl-5.23.1-ld/lib/site_perl/5.23.1/i86pc-solaris-ld/Moose/Util.pm line 352
	Moose::Util::_load_user_class('GOBO::Node', undef) called at /export/home/jmaslak/perl5/perlbrew/perls/perl-5.23.1-ld/lib/site_perl/5.23.1/i86pc-solaris-ld/Moose/Meta/Class.pm line 557
	Moose::Meta::Class::superclasses(undef, 'GOBO::Node') called at /export/home/jmaslak/perl5/perlbrew/perls/perl-5.23.1-ld/lib/site_perl/5.23.1/i86pc-solaris-ld/Moose.pm line 55
	Moose::extends('Moose::Meta::Class=HASH(0x899fdb0)', 'GOBO::Node') called at /export/home/jmaslak/perl5/perlbrew/perls/perl-5.23.1-ld/lib/site_perl/5.23.1/i86pc-solaris-ld/Moose/Exporter.pm line 419
	Moose::extends('GOBO::Node') called at /export/home/jmaslak/.cpan/build/GOBO-0.03-IkHGN4/blib/lib/GOBO/Evidence.pm line 4
	require GOBO/Evidence.pm at /export/home/jmaslak/.cpan/build/GOBO-0.03-IkHGN4/blib/lib/GOBO/Annotation.pm line 5
	GOBO::Annotation::BEGIN at /export/home/jmaslak/.cpan/build/GOBO-0.03-IkHGN4/blib/lib/GOBO/Synonym.pm line 0
	eval {...} at /export/home/jmaslak/.cpan/build/GOBO-0.03-IkHGN4/blib/lib/GOBO/Synonym.pm line 0
	require GOBO/Annotation.pm at /export/home/jmaslak/.cpan/build/GOBO-0.03-IkHGN4/blib/lib/GOBO/Graph.pm line 55
	GOBO::Graph::BEGIN at /export/home/jmaslak/.cpan/build/GOBO-0.03-IkHGN4/blib/lib/GOBO/Synonym.pm line 0
	eval {...} at /export/home/jmaslak/.cpan/build/GOBO-0.03-IkHGN4/blib/lib/GOBO/Synonym.pm line 0
	require GOBO/Graph.pm at t/union_inference_test.t line 4
	main::BEGIN at /export/home/jmaslak/.cpan/build/GOBO-0.03-IkHGN4/blib/lib/GOBO/Synonym.pm line 0
	eval {...} at /export/home/jmaslak/.cpan/build/GOBO-0.03-IkHGN4/blib/lib/GOBO/Synonym.pm line 0
Compilation failed in require at /export/home/jmaslak/.cpan/build/GOBO-0.03-IkHGN4/blib/lib/GOBO/Labeled.pm line 23.
BEGIN failed--compilation aborted at /export/home/jmaslak/.cpan/build/GOBO-0.03-IkHGN4/blib/lib/GOBO/Labeled.pm line 23.
Compilation failed in require at /export/home/jmaslak/perl5/perlbrew/perls/perl-5.23.1-ld/lib/site_perl/5.23.1/Module/Runtime.pm line 317.
Compilation failed in require at /export/home/jmaslak/perl5/perlbrew/perls/perl-5.23.1-ld/lib/site_perl/5.23.1/Module/Runtime.pm line 317.
Compilation failed in require at /export/home/jmaslak/.cpan/build/GOBO-0.03-IkHGN4/blib/lib/GOBO/Annotation.pm line 5.
BEGIN failed--compilation aborted at /export/home/jmaslak/.cpan/build/GOBO-0.03-IkHGN4/blib/lib/GOBO/Annotation.pm line 5.
Compilation failed in require at /export/home/jmaslak/.cpan/build/GOBO-0.03-IkHGN4/blib/lib/GOBO/Graph.pm line 55.
BEGIN failed--compilation aborted at /export/home/jmaslak/.cpan/build/GOBO-0.03-IkHGN4/blib/lib/GOBO/Graph.pm line 55.
Compilation failed in require at t/union_inference_test.t line 4.
BEGIN failed--compilation aborted at t/union_inference_test.t line 4.
t/union_inference_test.t ..... 
Dubious, test returned 255 (wstat 65280, 0xff00)
No subtests run 

Test Summary Report
-------------------
t/analysis_test.t          (Wstat: 65280 Tests: 0 Failed: 0)
  Non-zero exit status: 255
  Parse errors: No plan found in TAP output
t/classexpr.t              (Wstat: 65280 Tests: 0 Failed: 0)
  Non-zero exit status: 255
  Parse errors: No plan found in TAP output
t/dbconnect.t              (Wstat: 65280 Tests: 0 Failed: 0)
  Non-zero exit status: 255
  Parse errors: No plan found in TAP output
t/gaf_inference_test.t     (Wstat: 65280 Tests: 0 Failed: 0)
  Non-zero exit status: 255
  Parse errors: No plan found in TAP output
t/gaftest.t                (Wstat: 65280 Tests: 0 Failed: 0)
  Non-zero exit status: 255
  Parse errors: No plan found in TAP output
t/gaftest_chunked.t        (Wstat: 65280 Tests: 0 Failed: 0)
  Non-zero exit status: 255
  Parse errors: No plan found in TAP output
t/gaftest_chunked_gzipped.t (Wstat: 65280 Tests: 0 Failed: 0)
  Non-zero exit status: 255
  Parse errors: No plan found in TAP output
t/graph_creation.t         (Wstat: 65280 Tests: 0 Failed: 0)
  Non-zero exit status: 255
  Parse errors: No plan found in TAP output
t/inference_engine_test.t  (Wstat: 65280 Tests: 0 Failed: 0)
  Non-zero exit status: 255
  Parse errors: No plan found in TAP output
t/logical_definition_test.t (Wstat: 65280 Tests: 0 Failed: 0)
  Non-zero exit status: 255
  Parse errors: No plan found in TAP output
t/node_removal.t           (Wstat: 65280 Tests: 0 Failed: 0)
  Non-zero exit status: 255
  Parse errors: No plan found in TAP output
t/oboparsertest.t          (Wstat: 65280 Tests: 0 Failed: 0)
  Non-zero exit status: 255
  Parse errors: No plan found in TAP output
t/parsetest.t              (Wstat: 65280 Tests: 0 Failed: 0)
  Non-zero exit status: 255
  Parse errors: No plan found in TAP output
t/relation_test.t          (Wstat: 65280 Tests: 0 Failed: 0)
  Non-zero exit status: 255
  Parse errors: Bad plan.  You planned 29 tests but ran 0.
t/roundtrip.t              (Wstat: 65280 Tests: 0 Failed: 0)
  Non-zero exit status: 255
  Parse errors: No plan found in TAP output
t/slimmer_test.t           (Wstat: 65280 Tests: 0 Failed: 0)
  Non-zero exit status: 255
  Parse errors: No plan found in TAP output
t/union_inference_test.t   (Wstat: 65280 Tests: 0 Failed: 0)
  Non-zero exit status: 255
  Parse errors: No plan found in TAP output
Files=17, Tests=0,  8 wallclock secs ( 0.12 usr  0.13 sys +  5.13 cusr  2.73 csys =  8.11 CPU)
Result: FAIL
Failed 17/17 test programs. 0/0 subtests failed.
*** Error code 255
make: Fatal error: Command failed for target `test_dynamic'

------------------------------
PREREQUISITES
------------------------------

Prerequisite modules loaded:

requires:

    Module                    Need Have   
    ------------------------- ---- -------
    DateTime::Format::ISO8601 0    0.08   
    List::MoreUtils           0    0.413  
    Moose                     0.81 2.1405 
    Test::Deep                0    0.117  

build_requires:

    Module                    Need Have   
    ------------------------- ---- -------
    ExtUtils::MakeMaker       0    7.04_01

configure_requires:

    Module                    Need Have   
    ------------------------- ---- -------
    ExtUtils::MakeMaker       0    7.04_01


------------------------------
ENVIRONMENT AND OTHER CONTEXT
------------------------------

Environment variables:

    AUTOMATED_TESTING = 1
    LANG = en_US.UTF-8
    LC_ALL = 
    LC_COLLATE = 
    LC_CTYPE = 
    LC_MESSAGES = 
    LC_MONETARY = 
    LC_NUMERIC = 
    LC_TIME = 
    NONINTERACTIVE_TESTING = 1
    PATH = /export/home/jmaslak/perl5/perlbrew/bin:/export/home/jmaslak/perl5/perlbrew/perls/perl-5.23.1-ld/bin:/export/home/jmaslak/perltest/bin:/export/home/jmaslak/perltest/bin:/export/home/jmaslak/perltest/bin:/export/home/jmaslak/bin:~/bin:/export/home/jmaslak/perl5/perlbrew/bin:/export/home/jmaslak/perl5/perlbrew/perls/perl-5.23.1/bin:/usr/bin:/bin:/usr/ccs/bin:/usr/sbin:/usr/ccs/bin:/opt/solarisstudio12.4/bin:/usr/ucb:~/perltest/bin
    PERL5LIB = /export/home/jmaslak/.cpan/build/Test-Distribution-2.00-eEpFft/blib/arch:/export/home/jmaslak/.cpan/build/Test-Distribution-2.00-eEpFft/blib/lib:/export/home/jmaslak/.cpan/build/DateTime-Format-ISO8601-0.08-On_4uJ/blib/arch:/export/home/jmaslak/.cpan/build/DateTime-Format-ISO8601-0.08-On_4uJ/blib/lib:/export/home/jmaslak/.cpan/build/DateTime-Format-Builder-0.81-0baZPp/blib/arch:/export/home/jmaslak/.cpan/build/DateTime-Format-Builder-0.81-0baZPp/blib/lib:/export/home/jmaslak/.cpan/build/Class-Factory-Util-1.7-bstWFB/blib/arch:/export/home/jmaslak/.cpan/build/Class-Factory-Util-1.7-bstWFB/blib/lib
    PERL5OPT = 
    PERL5_CPANPLUS_IS_RUNNING = 29783
    PERL5_CPAN_IS_RUNNING = 29783
    PERL5_CPAN_IS_RUNNING_IN_RECURSION = 9600,29783
    PERLBREW_BASHRC_VERSION = 0.73
    PERLBREW_HOME = /export/home/jmaslak/.perlbrew
    PERLBREW_LIB = 
    PERLBREW_MANPATH = /export/home/jmaslak/perl5/perlbrew/perls/perl-5.23.1-ld/man
    PERLBREW_PATH = /export/home/jmaslak/perl5/perlbrew/bin:/export/home/jmaslak/perl5/perlbrew/perls/perl-5.23.1-ld/bin
    PERLBREW_PERL = perl-5.23.1-ld
    PERLBREW_ROOT = /export/home/jmaslak/perl5/perlbrew
    PERLBREW_VERSION = 0.73
    PERL_CR_SMOKER_CURRENT = GOBO-0.03
    PERL_EXTUTILS_AUTOINSTALL = --defaultdeps
    PERL_LOCAL_LIB_ROOT = 
    PERL_MM_USE_DEFAULT = 1
    SHELL = /usr/bin/bash
    TERM = screen

Perl special variables (and OS-specific diagnostics, for MSWin32):

    $^X = /export/home/jmaslak/perl5/perlbrew/perls/perl-5.23.1-ld/bin/perl5.23.1
    $UID/$EUID = 100 / 100
    $GID = 10 10
    $EGID = 10 10

Perl module toolchain versions installed:

    Module              Have    
    ------------------- --------
    CPAN                2.11    
    CPAN::Meta          2.150005
    Cwd                 3.56    
    ExtUtils::CBuilder  0.280223
    ExtUtils::Command   1.20    
    ExtUtils::Install   2.04    
    ExtUtils::MakeMaker 7.04_01 
    ExtUtils::Manifest  1.70    
    ExtUtils::ParseXS   3.28    
    File::Spec          3.56    
    JSON                2.90    
    JSON::PP            2.27300 
    Module::Build       0.4214  
    Module::Signature   n/a     
    Parse::CPAN::Meta   1.4417  
    Test::Harness       3.35    
    Test::More          1.001014
    YAML                1.15    
    YAML::Syck          n/a     
    version             0.9909  


--

Summary of my perl5 (revision 5 version 23 subversion 1) configuration:
   
  Platform:
    osname=solaris, osvers=2.11, archname=i86pc-solaris-ld
    uname='sunos solaris.antelope.net 5.11 11.2 i86pc i386 i86pc '
    config_args='-de -Dprefix=/export/home/jmaslak/perl5/perlbrew/perls/perl-5.23.1-ld -Duselongdouble -Dusedevel -Aeval:scriptdir=/export/home/jmaslak/perl5/perlbrew/perls/perl-5.23.1-ld/bin'
    hint=recommended, useposix=true, d_sigaction=define
    useithreads=undef, usemultiplicity=undef
    use64bitint=undef, use64bitall=undef, uselongdouble=define
    usemymalloc=n, bincompat5005=undef
  Compiler:
    cc='/opt/solarisstudio12.4/bin/cc', ccflags ='-I/usr/gnu/include -D_LARGEFILE_SOURCE -D_FILE_OFFSET_BITS=64 -DPERL_USE_SAFE_PUTENV',
    optimize='-O',
    cppflags='-I/usr/gnu/include'
    ccversion='Sun C 5.13 SunOS_i386 2014/10/20', gccversion='', gccosandvers=''
    intsize=4, longsize=4, ptrsize=4, doublesize=8, byteorder=1234, doublekind=3
    d_longlong=define, longlongsize=8, d_longdbl=define, longdblsize=12, longdblkind=3
    ivtype='long', ivsize=4, nvtype='long double', nvsize=12, Off_t='off_t', lseeksize=8
    alignbytes=4, prototype=define
  Linker and Libraries:
    ld='/opt/solarisstudio12.4/bin/cc', ldflags =' -L/usr/lib -L/usr/ccs/lib -L/opt/solarisstudio12.4/lib/compilers/staticlib -L/opt/solarisstudio12.4/lib/compilers/sse2 -L/opt/solarisstudio12.4/lib/compilers -L/lib -L/usr/gnu/lib '
    libpth=/usr/lib /usr/ccs/lib /opt/solarisstudio12.4/lib/compilers/staticlib /opt/solarisstudio12.4/lib/compilers/sse2 /opt/solarisstudio12.4/lib/compilers /lib /usr/gnu/lib
    libs=-lpthread -lsocket -lnsl -lgdbm -ldb -ldl -lm -lc -lsunmath
    perllibs=-lpthread -lsocket -lnsl -ldl -lm -lc -lsunmath
    libc=/lib/libc.so, so=so, useshrplib=false, libperl=libperl.a
    gnulibc_version=''
  Dynamic Linking:
    dlsrc=dl_dlopen.xs, dlext=so, d_dlsymun=undef, ccdlflags=' '
    cccdlflags='-KPIC', lddlflags='-G -L/usr/lib -L/usr/ccs/lib -L/opt/solarisstudio12.4/lib/compilers/staticlib -L/opt/solarisstudio12.4/lib/compilers/sse2 -L/opt/solarisstudio12.4/lib/compilers -L/lib -L/usr/gnu/lib'


Characteristics of this binary (from libperl): 
  Compile-time options: HAS_TIMES PERLIO_LAYERS PERL_COPY_ON_WRITE
                        PERL_DONT_CREATE_GVSV
                        PERL_HASH_FUNC_ONE_AT_A_TIME_HARD PERL_MALLOC_WRAP
                        PERL_PRESERVE_IVUV PERL_USE_DEVEL
                        PERL_USE_SAFE_PUTENV USE_LARGE_FILES USE_LOCALE
                        USE_LOCALE_COLLATE USE_LOCALE_CTYPE
                        USE_LOCALE_NUMERIC USE_LOCALE_TIME USE_LONG_DOUBLE
                        USE_PERLIO USE_PERL_ATOF
  Locally applied patches:
	Devel::PatchPerl 1.38
  Built under solaris
  Compiled at Jul 25 2015 00:29:56
  %ENV:
    PERL5LIB="/export/home/jmaslak/.cpan/build/Test-Distribution-2.00-eEpFft/blib/arch:/export/home/jmaslak/.cpan/build/Test-Distribution-2.00-eEpFft/blib/lib:/export/home/jmaslak/.cpan/build/DateTime-Format-ISO8601-0.08-On_4uJ/blib/arch:/export/home/jmaslak/.cpan/build/DateTime-Format-ISO8601-0.08-On_4uJ/blib/lib:/export/home/jmaslak/.cpan/build/DateTime-Format-Builder-0.81-0baZPp/blib/arch:/export/home/jmaslak/.cpan/build/DateTime-Format-Builder-0.81-0baZPp/blib/lib:/export/home/jmaslak/.cpan/build/Class-Factory-Util-1.7-bstWFB/blib/arch:/export/home/jmaslak/.cpan/build/Class-Factory-Util-1.7-bstWFB/blib/lib"
    PERL5OPT=""
    PERL5_CPANPLUS_IS_RUNNING="29783"
    PERL5_CPAN_IS_RUNNING="29783"
    PERL5_CPAN_IS_RUNNING_IN_RECURSION="9600,29783"
    PERLBREW_BASHRC_VERSION="0.73"
    PERLBREW_HOME="/export/home/jmaslak/.perlbrew"
    PERLBREW_LIB=""
    PERLBREW_MANPATH="/export/home/jmaslak/perl5/perlbrew/perls/perl-5.23.1-ld/man"
    PERLBREW_PATH="/export/home/jmaslak/perl5/perlbrew/bin:/export/home/jmaslak/perl5/perlbrew/perls/perl-5.23.1-ld/bin"
    PERLBREW_PERL="perl-5.23.1-ld"
    PERLBREW_ROOT="/export/home/jmaslak/perl5/perlbrew"
    PERLBREW_VERSION="0.73"
    PERL_CR_SMOKER_CURRENT="GOBO-0.03"
    PERL_EXTUTILS_AUTOINSTALL="--defaultdeps"
    PERL_LOCAL_LIB_ROOT=""
    PERL_MM_USE_DEFAULT="1"
  @INC:
    /export/home/jmaslak/.cpan/build/Test-Distribution-2.00-eEpFft/blib/arch
    /export/home/jmaslak/.cpan/build/Test-Distribution-2.00-eEpFft/blib/lib
    /export/home/jmaslak/.cpan/build/DateTime-Format-ISO8601-0.08-On_4uJ/blib/arch
    /export/home/jmaslak/.cpan/build/DateTime-Format-ISO8601-0.08-On_4uJ/blib/lib
    /export/home/jmaslak/.cpan/build/DateTime-Format-Builder-0.81-0baZPp/blib/arch
    /export/home/jmaslak/.cpan/build/DateTime-Format-Builder-0.81-0baZPp/blib/lib
    /export/home/jmaslak/.cpan/build/Class-Factory-Util-1.7-bstWFB/blib/arch
    /export/home/jmaslak/.cpan/build/Class-Factory-Util-1.7-bstWFB/blib/lib
    /export/home/jmaslak/perl5/perlbrew/perls/perl-5.23.1-ld/lib/site_perl/5.23.1/i86pc-solaris-ld
    /export/home/jmaslak/perl5/perlbrew/perls/perl-5.23.1-ld/lib/site_perl/5.23.1
    /export/home/jmaslak/perl5/perlbrew/perls/perl-5.23.1-ld/lib/5.23.1/i86pc-solaris-ld
    /export/home/jmaslak/perl5/perlbrew/perls/perl-5.23.1-ld/lib/5.23.1
    .