Report for POE-Component-Client-SMTP-0.22

Back
From: metabase:user:320bfe00-2aae-11df-837a-5e0a49663a4f
Subject: FAIL POE-Component-Client-SMTP-0.22 v5.22.2 GNU/Linux
Date: 2017-03-31T02:34:41Z

This distribution has been tested as part of the CPAN Testers
project, supporting the Perl programming language.  See
http://wiki.cpantesters.org/ for more information or email
questions to cpan-testers-discuss@perl.org


--
Dear George Patrascan,

This is a computer-generated report for POE-Component-Client-SMTP-0.22
on perl 5.22.2, created by CPAN-Reporter-1.2018.

Thank you for uploading your work to CPAN.  However, there was a problem
testing your distribution.

If you think this report is invalid, please consult the CPAN Testers Wiki
for suggestions on how to avoid getting FAIL reports for missing library
or binary dependencies, unsupported operating systems, and so on:

http://wiki.cpantesters.org/wiki/CPANAuthorNotes

Sections of this report:

    * Tester comments
    * Program output
    * Prerequisites
    * Environment and other context

------------------------------
TESTER COMMENTS
------------------------------

Additional comments from tester:

this report is from an automated smoke testing program
and was not reviewed by a human for accuracy

------------------------------
PROGRAM OUTPUT
------------------------------

Output from '/usr/bin/make test':

PERL_DL_NONLAZY=1 "/home/sand/src/perl/repoperls/installed-perls/host/k93msid/v5.22.2/276a/bin/perl" "-MExtUtils::Command::MM" "-MTest::Harness" "-e" "undef *Test::Harness::Switches; test_harness(0, 'blib/lib', 'blib/arch')" t/*.t
# Testing POE::Component::Client::SMTP 0.22, Perl 5.022002, /home/sand/src/perl/repoperls/installed-perls/host/k93msid/v5.22.2/276a/bin/perl
t/00-load.t ......................... ok
ClientFilter ignored with ClientInputFilter and ClientOutputFilter at t/010-send-simple.t line 58.
t/010-send-simple.t ................. ok
ClientFilter ignored with ClientInputFilter and ClientOutputFilter at t/015-receive-5XY-code.t line 59.
t/015-receive-5XY-code.t ............ ok
ClientFilter ignored with ClientInputFilter and ClientOutputFilter at t/015-receive-DATA-5XY-code.t line 59.
t/015-receive-DATA-5XY-code.t ....... ok
ClientFilter ignored with ClientInputFilter and ClientOutputFilter at t/017-unknown-code.t line 60.
t/017-unknown-code.t ................ ok
t/018-consolidated_error_message.t .. ok
ClientFilter ignored with ClientInputFilter and ClientOutputFilter at t/020-send-using-all-params.t line 59.
# All Params
t/020-send-using-all-params.t ....... ok
ClientFilter ignored with ClientInputFilter and ClientOutputFilter at t/025-timeout.t line 29.
SYSCALL: bind, ERRNO: 98, ERRSTR: Address already in use at t/025-timeout.t line 124.
# Looks like your test exited with 22 just after 5.
t/025-timeout.t ..................... 
Dubious, test returned 22 (wstat 5632, 0x1600)
Failed 1/6 subtests 
ClientFilter ignored with ClientInputFilter and ClientOutputFilter at t/030-auth-plain1.t line 77.
# Test PLAIN AUTH
t/030-auth-plain1.t ................. ok
ClientFilter ignored with ClientInputFilter and ClientOutputFilter at t/040-transaction-log.t line 71.
t/040-transaction-log.t ............. ok
ClientFilter ignored with ClientInputFilter and ClientOutputFilter at t/045-messagefile-filehandle.t line 68.
t/045-messagefile-filehandle.t ...... ok
ClientFilter ignored with ClientInputFilter and ClientOutputFilter at t/050-send-with-bcc-cc.t line 58.
# Send, To, CC, BCC
t/050-send-with-bcc-cc.t ............ ok
ClientFilter ignored with ClientInputFilter and ClientOutputFilter at t/060-send-defaults.t line 75.
# Defaults
t/060-send-defaults.t ............... ok
ClientFilter ignored with ClientInputFilter and ClientOutputFilter at t/070-test-error-return.t line 59.
t/070-test-error-return.t ........... ok
# Testing SMTP Transparency
# using POE::Component::Client::SMTP VERSION: 0.22
t/080-transparent.t ................. ok
# Using POE::Component::Client::SMTP version: 0.22
t/085-transparent_file.t ............ ok
# Using POE::Component::Client::SMTP version: 0.22
t/090-server_drops_data.t ........... ok
t/pod-coverage.t .................... ok
t/pod.t ............................. ok

Test Summary Report
-------------------
t/025-timeout.t                   (Wstat: 5632 Tests: 5 Failed: 0)
  Non-zero exit status: 22
  Parse errors: Bad plan.  You planned 6 tests but ran 5.
Files=19, Tests=66,  6 wallclock secs ( 0.09 usr  0.11 sys +  2.70 cusr  0.53 csys =  3.43 CPU)
Result: FAIL
Failed 1/19 test programs. 0/66 subtests failed.
Makefile:860: recipe for target 'test_dynamic' failed
make: *** [test_dynamic] Error 255

------------------------------
PREREQUISITES
------------------------------

Prerequisite modules loaded:

requires:

    Module                         Need Have    
    ------------------------------ ---- --------
    Carp                           0    1.38    
    Data::Dumper                   0    2.161   
    POE                            0.26 1.367   
    POE::Filter::Line              0    1.367   
    POE::Filter::Stream            0    1.367   
    POE::Filter::Transparent::SMTP 0.2  0.2     
    POE::Wheel::ReadWrite          0    1.367   
    POE::Wheel::SocketFactory      0    1.367   
    Socket                         0    2.024   
    Symbol                         0    1.07    
    Test::More                     0    1.302078

build_requires:

    Module                         Need Have    
    ------------------------------ ---- --------
    ExtUtils::MakeMaker            0    7.24    

configure_requires:

    Module                         Need Have    
    ------------------------------ ---- --------
    ExtUtils::MakeMaker            0    7.24    


------------------------------
ENVIRONMENT AND OTHER CONTEXT
------------------------------

Environment variables:

    AUTOMATED_TESTING = 1
    LANG = en_US.UTF-8
    PATH = /home/sand/bin:/usr/local/bin:/usr/bin:/bin:/usr/games:/usr/local/perl/bin:/usr/X11/bin:/sbin:/usr/sbin
    PERL5LIB = 
    PERL5OPT = 
    PERL5_CPANPLUS_IS_RUNNING = 28275
    PERL5_CPAN_IS_RUNNING = 28275
    PERL_CANARY_STABILITY_NOPROMPT = 1
    PERL_MM_USE_DEFAULT = 1
    PERL_USE_UNSAFE_INC = 1
    SHELL = /usr/bin/zsh
    TERM = screen

Perl special variables (and OS-specific diagnostics, for MSWin32):

    $^X = /home/sand/src/perl/repoperls/installed-perls/host/k93msid/v5.22.2/276a/bin/perl
    $UID/$EUID = 1005 / 1005
    $GID = 1005 1005
    $EGID = 1005 1005

Perl module toolchain versions installed:

    Module              Have    
    ------------------- --------
    CPAN                2.17    
    CPAN::Meta          2.150010
    Cwd                 3.62    
    ExtUtils::CBuilder  0.280224
    ExtUtils::Command   7.24    
    ExtUtils::Install   2.04    
    ExtUtils::MakeMaker 7.24    
    ExtUtils::Manifest  1.70    
    ExtUtils::ParseXS   3.28    
    File::Spec          3.62    
    JSON                2.90    
    JSON::PP            2.27400 
    Module::Build       0.4222  
    Module::Signature   0.81    
    Parse::CPAN::Meta   2.150010
    Test::Harness       3.38    
    Test::More          1.302078
    YAML                1.23    
    YAML::Syck          1.29    
    version             0.9909  


--

Summary of my perl5 (revision 5 version 22 subversion 2) configuration:
  Derived from: 9cbffb38735712e3a34e6f537892b6ef06fb815f
  Platform:
    osname=linux, osvers=4.9.0-2-amd64, archname=x86_64-linux-thread-multi
    uname='linux k93msid 4.9.0-2-amd64 #1 smp debian 4.9.13-1 (2017-02-27) x86_64 gnulinux '
    config_args='-Dprefix=/home/sand/src/perl/repoperls/installed-perls/host/k93msid/v5.22.2/276a -Dmyhostname=k93msid -Dinstallusrbinperl=n -Uversiononly -Dusedevel -des -Ui_db -Dlibswanted=cl pthread socket inet nsl gdbm dbm malloc dl ld sun m crypt sec util c cposix posix ucb BSD gdbm_compat -Duseithreads -Uuselongdouble -DDEBUGGING=both'
    hint=recommended, useposix=true, d_sigaction=define
    useithreads=define, usemultiplicity=define
    use64bitint=define, use64bitall=define, uselongdouble=undef
    usemymalloc=n, bincompat5005=undef
  Compiler:
    cc='cc', ccflags ='-D_REENTRANT -D_GNU_SOURCE -fwrapv -DDEBUGGING -fno-strict-aliasing -pipe -fstack-protector-strong -I/usr/local/include -D_LARGEFILE_SOURCE -D_FILE_OFFSET_BITS=64',
    optimize='-O2 -g',
    cppflags='-D_REENTRANT -D_GNU_SOURCE -fwrapv -DDEBUGGING -fno-strict-aliasing -pipe -fstack-protector-strong -I/usr/local/include'
    ccversion='', gccversion='6.3.0 20170316', gccosandvers=''
    intsize=4, longsize=8, ptrsize=8, doublesize=8, byteorder=12345678, doublekind=3
    d_longlong=define, longlongsize=8, d_longdbl=define, longdblsize=16, longdblkind=3
    ivtype='long', ivsize=8, nvtype='double', nvsize=8, Off_t='off_t', lseeksize=8
    alignbytes=8, prototype=define
  Linker and Libraries:
    ld='cc', ldflags =' -fstack-protector-strong -L/usr/local/lib'
    libpth=/usr/local/lib /usr/lib/gcc/x86_64-linux-gnu/6/include-fixed /usr/include/x86_64-linux-gnu /usr/lib /lib/x86_64-linux-gnu /lib/../lib /usr/lib/x86_64-linux-gnu /usr/lib/../lib /lib
    libs=-lpthread -lnsl -ldl -lm -lcrypt -lutil -lc
    perllibs=-lpthread -lnsl -ldl -lm -lcrypt -lutil -lc
    libc=libc-2.24.so, so=so, useshrplib=false, libperl=libperl.a
    gnulibc_version='2.24'
  Dynamic Linking:
    dlsrc=dl_dlopen.xs, dlext=so, d_dlsymun=undef, ccdlflags='-Wl,-E'
    cccdlflags='-fPIC', lddlflags='-shared -O2 -g -L/usr/local/lib -fstack-protector-strong'


Characteristics of this binary (from libperl): 
  Compile-time options: DEBUGGING HAS_TIMES MULTIPLICITY PERLIO_LAYERS
                        PERL_DONT_CREATE_GVSV
                        PERL_HASH_FUNC_ONE_AT_A_TIME_HARD
                        PERL_IMPLICIT_CONTEXT PERL_MALLOC_WRAP
                        PERL_NEW_COPY_ON_WRITE PERL_PRESERVE_IVUV
                        PERL_TRACK_MEMPOOL PERL_USE_DEVEL USE_64_BIT_ALL
                        USE_64_BIT_INT USE_ITHREADS USE_LARGE_FILES
                        USE_LOCALE USE_LOCALE_COLLATE USE_LOCALE_CTYPE
                        USE_LOCALE_NUMERIC USE_LOCALE_TIME USE_PERLIO
                        USE_PERL_ATOF USE_REENTRANT_API
  Locally applied patches:
	uncommitted-changes
  Built under linux
  Compiled at Mar 19 2017 10:49:06
  %ENV:
    PERL5LIB=""
    PERL5OPT=""
    PERL5_CPANPLUS_IS_RUNNING="28275"
    PERL5_CPAN_IS_RUNNING="28275"
    PERL_CANARY_STABILITY_NOPROMPT="1"
    PERL_MM_USE_DEFAULT="1"
    PERL_USE_UNSAFE_INC="1"
  @INC:
    /home/sand/src/perl/repoperls/installed-perls/host/k93msid/v5.22.2/276a/lib/site_perl/5.22.2/x86_64-linux-thread-multi
    /home/sand/src/perl/repoperls/installed-perls/host/k93msid/v5.22.2/276a/lib/site_perl/5.22.2
    /home/sand/src/perl/repoperls/installed-perls/host/k93msid/v5.22.2/276a/lib/5.22.2/x86_64-linux-thread-multi
    /home/sand/src/perl/repoperls/installed-perls/host/k93msid/v5.22.2/276a/lib/5.22.2
    .