Report for Reaction-0.002005

Back
From: metabase:user:314402c4-2aae-11df-837a-5e0a49663a4f
Subject: FAIL Reaction-0.002005 v5.18.2 Mac OS X
Date: 2016-11-13T11:30:35Z

This distribution has been tested as part of the CPAN Testers
project, supporting the Perl programming language.  See
http://wiki.cpantesters.org/ for more information or email
questions to cpan-testers-discuss@perl.org


--
Dear Justin Hunter,

This is a computer-generated report for Reaction-0.002005
on perl 5.18.2, created by CPAN-Reporter-1.2017.

Thank you for uploading your work to CPAN.  However, there was a problem
testing your distribution.

If you think this report is invalid, please consult the CPAN Testers Wiki
for suggestions on how to avoid getting FAIL reports for missing library
or binary dependencies, unsupported operating systems, and so on:

http://wiki.cpantesters.org/wiki/CPANAuthorNotes

Sections of this report:

    * Tester comments
    * Program output
    * Prerequisites
    * Environment and other context

------------------------------
TESTER COMMENTS
------------------------------

Additional comments from tester:

none provided

------------------------------
PROGRAM OUTPUT
------------------------------

Output from '/usr/bin/make test':

PERL_DL_NONLAZY=1 "/usr/local/Cellar/perl518/5.18.2/bin/perl5.18.2" "-MExtUtils::Command::MM" "-MTest::Harness" "-e" "undef *Test::Harness::Switches; test_harness(0, 'inc', 'blib/lib', 'blib/arch')" t/00componentui_compiles.t t/01app.t t/04load_all.t t/05reflect_attr_from.t t/im_dbic.t t/ui_focus_stack.t t/ui_view.t t/ui_viewport.t t/uncheck_bool_field.t
Class::MOP::load_class is deprecated at /usr/local/Cellar/perl518/5.18.2/lib/site_perl/5.18.2/darwin-thread-multi-2level/Class/MOP.pm line 69.
	Class::MOP::load_class("ComponentUI::TestModel") called at /Users/eserte/.cpan/build/2016111312/Reaction-0.002005-QfoCia/blib/lib/Catalyst/Model/Reaction/InterfaceModel/DBIC.pm line 24
	Catalyst::Model::Reaction::InterfaceModel::DBIC::COMPONENT("ComponentUI::Model::TestModel", "ComponentUI", HASH(0x7f8c1e680400)) called at /Users/eserte/.cpan/build/2016111312/Catalyst-Runtime-5.90112-9jHZJM/blib/lib/Catalyst.pm line 3206
	eval {...} called at /Users/eserte/.cpan/build/2016111312/Catalyst-Runtime-5.90112-9jHZJM/blib/lib/Catalyst.pm line 3207
	Catalyst::setup_component("ComponentUI", "ComponentUI::Model::TestModel") called at /Users/eserte/.cpan/build/2016111312/Catalyst-Runtime-5.90112-9jHZJM/blib/lib/Catalyst.pm line 3184
	Catalyst::__ANON__() called at /Users/eserte/.cpan/build/2016111312/Catalyst-Runtime-5.90112-9jHZJM/blib/lib/Catalyst.pm line 3030
	Catalyst::setup_components("ComponentUI") called at /Users/eserte/.cpan/build/2016111312/Catalyst-Runtime-5.90112-9jHZJM/blib/lib/Catalyst.pm line 1426
	Catalyst::setup("ComponentUI") called at /Users/eserte/.cpan/build/2016111312/Reaction-0.002005-QfoCia/blib/lib/ComponentUI.pm line 32
	require ComponentUI.pm called at t/00componentui_compiles.t line 7
	main::BEGIN() called at /Users/eserte/.cpan/build/2016111312/Reaction-0.002005-QfoCia/blib/lib/ComponentUI.pm line 0
	eval {...} called at /Users/eserte/.cpan/build/2016111312/Reaction-0.002005-QfoCia/blib/lib/ComponentUI.pm line 0
	eval 'package main;

#line 7 t/00componentui_compiles.t
use ComponentUI @{$args[0]};
1;
' called at /usr/local/Cellar/perl518/5.18.2/lib/site_perl/5.18.2/Test/More.pm line 1014
	Test::More::_eval("package main;\x{a}\x{a}#line 7 t/00componentui_compiles.t\x{a}use Compone"..., ARRAY(0x7f8c19b8f6b0)) called at /usr/local/Cellar/perl518/5.18.2/lib/site_perl/5.18.2/Test/More.pm line 989
	Test::More::use_ok("ComponentUI") called at t/00componentui_compiles.t line 7
Class::MOP::load_class is deprecated at /usr/local/Cellar/perl518/5.18.2/lib/site_perl/5.18.2/darwin-thread-multi-2level/Class/MOP.pm line 69.
	Class::MOP::load_class("Reaction::InterfaceModel::Object") called at /Users/eserte/.cpan/build/2016111312/Reaction-0.002005-QfoCia/blib/lib/Reaction/InterfaceModel/Reflector/DBIC.pm line 149
	Reaction::InterfaceModel::Reflector::DBIC::reflect_schema(Reaction::InterfaceModel::Reflector::DBIC=HASH(0x7f8c21a50290), "model_class", "ComponentUI::TestModel", "schema_class", "RTest::TestDB", "sources", ARRAY(0x7f8c21a4f840)) called at /Users/eserte/.cpan/build/2016111312/Reaction-0.002005-QfoCia/blib/lib/ComponentUI/TestModel.pm line 10
	require ComponentUI/TestModel.pm called at /usr/local/Cellar/perl518/5.18.2/lib/site_perl/5.18.2/Module/Runtime.pm line 317
	Module::Runtime::require_module("ComponentUI::TestModel") called at /usr/local/Cellar/perl518/5.18.2/lib/site_perl/5.18.2/Class/Load.pm line 174
	Class::Load::try {...} () called at /usr/local/Cellar/perl518/5.18.2/lib/site_perl/5.18.2/Try/Tiny.pm line 87
	eval {...} called at /usr/local/Cellar/perl518/5.18.2/lib/site_perl/5.18.2/Try/Tiny.pm line 83
	Try::Tiny::try(CODE(0x7f8c1eebdd30), Try::Tiny::Catch=REF(0x7f8c1edf3930)) called at /usr/local/Cellar/perl518/5.18.2/lib/site_perl/5.18.2/Class/Load.pm line 180
	Class::Load::try_load_class("ComponentUI::TestModel", undef) called at /usr/local/Cellar/perl518/5.18.2/lib/site_perl/5.18.2/Class/Load.pm line 35
	Class::Load::load_class("ComponentUI::TestModel") called at /Users/eserte/.cpan/build/2016111312/Reaction-0.002005-QfoCia/blib/lib/Catalyst/Model/Reaction/InterfaceModel/DBIC.pm line 24
	Catalyst::Model::Reaction::InterfaceModel::DBIC::COMPONENT("ComponentUI::Model::TestModel", "ComponentUI", HASH(0x7f8c1e680400)) called at /Users/eserte/.cpan/build/2016111312/Catalyst-Runtime-5.90112-9jHZJM/blib/lib/Catalyst.pm line 3206
	eval {...} called at /Users/eserte/.cpan/build/2016111312/Catalyst-Runtime-5.90112-9jHZJM/blib/lib/Catalyst.pm line 3207
	Catalyst::setup_component("ComponentUI", "ComponentUI::Model::TestModel") called at /Users/eserte/.cpan/build/2016111312/Catalyst-Runtime-5.90112-9jHZJM/blib/lib/Catalyst.pm line 3184
	Catalyst::__ANON__() called at /Users/eserte/.cpan/build/2016111312/Catalyst-Runtime-5.90112-9jHZJM/blib/lib/Catalyst.pm line 3030
	Catalyst::setup_components("ComponentUI") called at /Users/eserte/.cpan/build/2016111312/Catalyst-Runtime-5.90112-9jHZJM/blib/lib/Catalyst.pm line 1426
	Catalyst::setup("ComponentUI") called at /Users/eserte/.cpan/build/2016111312/Reaction-0.002005-QfoCia/blib/lib/ComponentUI.pm line 32
	require ComponentUI.pm called at t/00componentui_compiles.t line 7
	main::BEGIN() called at /Users/eserte/.cpan/build/2016111312/Reaction-0.002005-QfoCia/blib/lib/ComponentUI/TestModel.pm line 0
	eval {...} called at /Users/eserte/.cpan/build/2016111312/Reaction-0.002005-QfoCia/blib/lib/ComponentUI/TestModel.pm line 0
	eval 'package main;

#line 7 t/00componentui_compiles.t
use ComponentUI @{$args[0]};
1;
' called at /usr/local/Cellar/perl518/5.18.2/lib/site_perl/5.18.2/Test/More.pm line 1014
	Test::More::_eval("package main;\x{a}\x{a}#line 7 t/00componentui_compiles.t\x{a}use Compone"..., ARRAY(0x7f8c19b8f6b0)) called at /usr/local/Cellar/perl518/5.18.2/lib/site_perl/5.18.2/Test/More.pm line 989
	Test::More::use_ok("ComponentUI") called at t/00componentui_compiles.t line 7
Class::MOP::load_class is deprecated at /usr/local/Cellar/perl518/5.18.2/lib/site_perl/5.18.2/darwin-thread-multi-2level/Class/MOP.pm line 69.
	Class::MOP::load_class("Reaction::InterfaceModel::Object") called at /Users/eserte/.cpan/build/2016111312/Reaction-0.002005-QfoCia/blib/lib/Reaction/Class.pm line 123
	Reaction::Class::do_class_sub("Reaction::Class", "ComponentUI::TestModel::Foo", "ComponentUI::TestModel::Foo", "is", "Reaction::InterfaceModel::Object", "which", CODE(0x7f8c20ce3558)) called at /Users/eserte/.cpan/build/2016111312/Reaction-0.002005-QfoCia/blib/lib/Reaction/Class.pm line 86
	Reaction::Class::("ComponentUI::TestModel::Foo", "is", "Reaction::InterfaceModel::Object", "which", CODE(0x7f8c20ce3558)) called at /Users/eserte/.cpan/build/2016111312/Reaction-0.002005-QfoCia/blib/lib/ComponentUI/TestModel/Foo.pm line 8
	require ComponentUI/TestModel/Foo.pm called at /usr/local/Cellar/perl518/5.18.2/lib/site_perl/5.18.2/Module/Runtime.pm line 317
	Module::Runtime::require_module("ComponentUI::TestModel::Foo") called at /usr/local/Cellar/perl518/5.18.2/lib/site_perl/5.18.2/Class/Load.pm line 174
	Class::Load::try {...} () called at /usr/local/Cellar/perl518/5.18.2/lib/site_perl/5.18.2/Try/Tiny.pm line 87
	eval {...} called at /usr/local/Cellar/perl518/5.18.2/lib/site_perl/5.18.2/Try/Tiny.pm line 83
	Try::Tiny::try(CODE(0x7f8c20ce3288), Try::Tiny::Catch=REF(0x7f8c20d66b30)) called at /usr/local/Cellar/perl518/5.18.2/lib/site_perl/5.18.2/Class/Load.pm line 180
	Class::Load::try_load_class("ComponentUI::TestModel::Foo", undef) called at /usr/local/Cellar/perl518/5.18.2/lib/site_perl/5.18.2/Class/Load.pm line 35
	Class::Load::load_class("ComponentUI::TestModel::Foo") called at /Users/eserte/.cpan/build/2016111312/Reaction-0.002005-QfoCia/blib/lib/Reaction/InterfaceModel/Reflector/DBIC.pm line 892
	eval {...} called at /Users/eserte/.cpan/build/2016111312/Reaction-0.002005-QfoCia/blib/lib/Reaction/InterfaceModel/Reflector/DBIC.pm line 892
	Reaction::InterfaceModel::Reflector::DBIC::_maybe_load_class(Reaction::InterfaceModel::Reflector::DBIC=HASH(0x7f8c21a50290), "ComponentUI::TestModel::Foo") called at /Users/eserte/.cpan/build/2016111312/Reaction-0.002005-QfoCia/blib/lib/Reaction/InterfaceModel/Reflector/DBIC.pm line 876
	Reaction::InterfaceModel::Reflector::DBIC::_load_or_create(Reaction::InterfaceModel::Reflector::DBIC=HASH(0x7f8c21a50290), "ComponentUI::TestModel::Foo", "superclasses", ARRAY(0x7f8c20cf8e88)) called at /Users/eserte/.cpan/build/2016111312/Reaction-0.002005-QfoCia/blib/lib/Reaction/InterfaceModel/Reflector/DBIC.pm line 448
	Reaction::InterfaceModel::Reflector::DBIC::reflect_source_object(Reaction::InterfaceModel::Reflector::DBIC=HASH(0x7f8c21a50290), "source_name", "Foo", "source_class", "RTest::TestDB::Foo", "schema_class", "RTest::TestDB", "parent_class", ...) called at /Users/eserte/.cpan/build/2016111312/Reaction-0.002005-QfoCia/blib/lib/Reaction/InterfaceModel/Reflector/DBIC.pm line 323
	Reaction::InterfaceModel::Reflector::DBIC::reflect_source(Reaction::InterfaceModel::Reflector::DBIC=HASH(0x7f8c21a50290), "source_name", "Foo", "parent_class", "ComponentUI::TestModel", "schema_class", "RTest::TestDB", "source_class", ...) called at /Users/eserte/.cpan/build/2016111312/Reaction-0.002005-QfoCia/blib/lib/Reaction/InterfaceModel/Reflector/DBIC.pm line 185
	Reaction::InterfaceModel::Reflector::DBIC::reflect_schema(Reaction::InterfaceModel::Reflector::DBIC=HASH(0x7f8c21a50290), "model_class", "ComponentUI::TestModel", "schema_class", "RTest::TestDB", "sources", ARRAY(0x7f8c21a4f840)) called at /Users/eserte/.cpan/build/2016111312/Reaction-0.002005-QfoCia/blib/lib/ComponentUI/TestModel.pm line 10
	require ComponentUI/TestModel.pm called at /usr/local/Cellar/perl518/5.18.2/lib/site_perl/5.18.2/Module/Runtime.pm line 317
	Module::Runtime::require_module("ComponentUI::TestModel") called at /usr/local/Cellar/perl518/5.18.2/lib/site_perl/5.18.2/Class/Load.pm line 174
	Class::Load::try {...} () called at /usr/local/Cellar/perl518/5.18.2/lib/site_perl/5.18.2/Try/Tiny.pm line 87
	eval {...} called at /usr/local/Cellar/perl518/5.18.2/lib/site_perl/5.18.2/Try/Tiny.pm line 83
	Try::Tiny::try(CODE(0x7f8c1eebdd30), Try::Tiny::Catch=REF(0x7f8c1edf3930)) called at /usr/local/Cellar/perl518/5.18.2/lib/site_perl/5.18.2/Class/Load.pm line 180
	Class::Load::try_load_class("ComponentUI::TestModel", undef) called at /usr/local/Cellar/perl518/5.18.2/lib/site_perl/5.18.2/Class/Load.pm line 35
	Class::Load::load_class("ComponentUI::TestModel") called at /Users/eserte/.cpan/build/2016111312/Reaction-0.002005-QfoCia/blib/lib/Catalyst/Model/Reaction/InterfaceModel/DBIC.pm line 24
	Catalyst::Model::Reaction::InterfaceModel::DBIC::COMPONENT("ComponentUI::Model::TestModel", "ComponentUI", HASH(0x7f8c1e680400)) called at /Users/eserte/.cpan/build/2016111312/Catalyst-Runtime-5.90112-9jHZJM/blib/lib/Catalyst.pm line 3206
	eval {...} called at /Users/eserte/.cpan/build/2016111312/Catalyst-Runtime-5.90112-9jHZJM/blib/lib/Catalyst.pm line 3207
	Catalyst::setup_component("ComponentUI", "ComponentUI::Model::TestModel") called at /Users/eserte/.cpan/build/2016111312/Catalyst-Runtime-5.90112-9jHZJM/blib/lib/Catalyst.pm line 3184
	Catalyst::__ANON__() called at /Users/eserte/.cpan/build/2016111312/Catalyst-Runtime-5.90112-9jHZJM/blib/lib/Catalyst.pm line 3030
	Catalyst::setup_components("ComponentUI") called at /Users/eserte/.cpan/build/2016111312/Catalyst-Runtime-5.90112-9jHZJM/blib/lib/Catalyst.pm line 1426
	Catalyst::setup("ComponentUI") called at /Users/eserte/.cpan/build/2016111312/Reaction-0.002005-QfoCia/blib/lib/ComponentUI.pm line 32
	require ComponentUI.pm called at t/00componentui_compiles.t line 7
	main::BEGIN() called at /Users/eserte/.cpan/build/2016111312/Reaction-0.002005-QfoCia/blib/lib/ComponentUI/TestModel/Foo.pm line 0
	eval {...} called at /Users/eserte/.cpan/build/2016111312/Reaction-0.002005-QfoCia/blib/lib/ComponentUI/TestModel/Foo.pm line 0
	eval 'package main;

#line 7 t/00componentui_compiles.t
use ComponentUI @{$args[0]};
1;
' called at /usr/local/Cellar/perl518/5.18.2/lib/site_perl/5.18.2/Test/More.pm line 1014
	Test::More::_eval("package main;\x{a}\x{a}#line 7 t/00componentui_compiles.t\x{a}use Compone"..., ARRAY(0x7f8c19b8f6b0)) called at /usr/local/Cellar/perl518/5.18.2/lib/site_perl/5.18.2/Test/More.pm line 989
	Test::More::use_ok("ComponentUI") called at t/00componentui_compiles.t line 7
t/00componentui_compiles.t .. ok
Class::MOP::load_class is deprecated at /usr/local/Cellar/perl518/5.18.2/lib/site_perl/5.18.2/darwin-thread-multi-2level/Class/MOP.pm line 69.
	Class::MOP::load_class("ComponentUI::TestModel") called at /Users/eserte/.cpan/build/2016111312/Reaction-0.002005-QfoCia/blib/lib/Catalyst/Model/Reaction/InterfaceModel/DBIC.pm line 24
	Catalyst::Model::Reaction::InterfaceModel::DBIC::COMPONENT("ComponentUI::Model::TestModel", "ComponentUI", HASH(0x7fe830f1b428)) called at /Users/eserte/.cpan/build/2016111312/Catalyst-Runtime-5.90112-9jHZJM/blib/lib/Catalyst.pm line 3206
	eval {...} called at /Users/eserte/.cpan/build/2016111312/Catalyst-Runtime-5.90112-9jHZJM/blib/lib/Catalyst.pm line 3207
	Catalyst::setup_component("ComponentUI", "ComponentUI::Model::TestModel") called at /Users/eserte/.cpan/build/2016111312/Catalyst-Runtime-5.90112-9jHZJM/blib/lib/Catalyst.pm line 3184
	Catalyst::__ANON__() called at /Users/eserte/.cpan/build/2016111312/Catalyst-Runtime-5.90112-9jHZJM/blib/lib/Catalyst.pm line 3030
	Catalyst::setup_components("ComponentUI") called at /Users/eserte/.cpan/build/2016111312/Catalyst-Runtime-5.90112-9jHZJM/blib/lib/Catalyst.pm line 1426
	Catalyst::setup("ComponentUI") called at /Users/eserte/.cpan/build/2016111312/Reaction-0.002005-QfoCia/blib/lib/ComponentUI.pm line 32
	require ComponentUI.pm called at /usr/local/Cellar/perl518/5.18.2/lib/site_perl/5.18.2/Module/Runtime.pm line 317
	Module::Runtime::require_module("ComponentUI") called at /usr/local/Cellar/perl518/5.18.2/lib/site_perl/5.18.2/Class/Load.pm line 174
	Class::Load::try {...} () called at /usr/local/Cellar/perl518/5.18.2/lib/site_perl/5.18.2/Try/Tiny.pm line 87
	eval {...} called at /usr/local/Cellar/perl518/5.18.2/lib/site_perl/5.18.2/Try/Tiny.pm line 83
	Try::Tiny::try(CODE(0x7fe82b67ab00), Try::Tiny::Catch=REF(0x7fe82b667ce0)) called at /usr/local/Cellar/perl518/5.18.2/lib/site_perl/5.18.2/Class/Load.pm line 180
	Class::Load::try_load_class("ComponentUI", undef) called at /usr/local/Cellar/perl518/5.18.2/lib/site_perl/5.18.2/Class/Load.pm line 35
	Class::Load::load_class("ComponentUI") called at /Users/eserte/.cpan/build/2016111312/Catalyst-Runtime-5.90112-9jHZJM/blib/lib/Catalyst/Test.pm line 29
	Catalyst::Test::_build_request_export("Catalyst::Test", HASH(0x7fe82a83f448)) called at /Users/eserte/.cpan/build/2016111312/Catalyst-Runtime-5.90112-9jHZJM/blib/lib/Catalyst/Test.pm line 92
	Catalyst::Test::__ANON__("Catalyst::Test", "all", HASH(0x7fe82a83b7d8), HASH(0x7fe82a83ae30)) called at /usr/local/Cellar/perl518/5.18.2/lib/site_perl/5.18.2/Sub/Exporter.pm line 108
	Sub::Exporter::_expand_group("Catalyst::Test", HASH(0x7fe82c27d2d8), ARRAY(0x7fe82a83b160), HASH(0x7fe82a83ae30), HASH(0x7fe82a83f478), HASH(0x7fe82a83ae18)) called at /usr/local/Cellar/perl518/5.18.2/lib/site_perl/5.18.2/Sub/Exporter.pm line 39
	Sub::Exporter::_expand_groups("Catalyst::Test", HASH(0x7fe82c27d2d8), ARRAY(0x7fe82c27d518), HASH(0x7fe82a83ae30)) called at /usr/local/Cellar/perl518/5.18.2/lib/site_perl/5.18.2/Sub/Exporter.pm line 323
	Sub::Exporter::__ANON__("Catalyst::Test", "-all", HASH(0x7fe82a83b508)) called at /Users/eserte/.cpan/build/2016111312/Catalyst-Runtime-5.90112-9jHZJM/blib/lib/Catalyst/Test.pm line 155
	Catalyst::Test::import("Catalyst::Test", "ComponentUI") called at t/01app.t line 7
	main::BEGIN() called at /Users/eserte/.cpan/build/2016111312/Reaction-0.002005-QfoCia/blib/lib/ComponentUI.pm line 0
	eval {...} called at /Users/eserte/.cpan/build/2016111312/Reaction-0.002005-QfoCia/blib/lib/ComponentUI.pm line 0
	eval 'package main;

#line 7 t/01app.t
use Catalyst::Test @{$args[0]};
1;
' called at /usr/local/Cellar/perl518/5.18.2/lib/site_perl/5.18.2/Test/More.pm line 1014
	Test::More::_eval("package main;\x{a}\x{a}#line 7 t/01app.t\x{a}use Catalyst::Test \@{\$args[0"..., ARRAY(0x7fe82ab8f6b0)) called at /usr/local/Cellar/perl518/5.18.2/lib/site_perl/5.18.2/Test/More.pm line 989
	Test::More::use_ok("Catalyst::Test", "ComponentUI") called at t/01app.t line 7
	main::BEGIN() called at /Users/eserte/.cpan/build/2016111312/Reaction-0.002005-QfoCia/blib/lib/ComponentUI.pm line 0
	eval {...} called at /Users/eserte/.cpan/build/2016111312/Reaction-0.002005-QfoCia/blib/lib/ComponentUI.pm line 0
Class::MOP::load_class is deprecated at /usr/local/Cellar/perl518/5.18.2/lib/site_perl/5.18.2/darwin-thread-multi-2level/Class/MOP.pm line 69.
	Class::MOP::load_class("Reaction::InterfaceModel::Object") called at /Users/eserte/.cpan/build/2016111312/Reaction-0.002005-QfoCia/blib/lib/Reaction/InterfaceModel/Reflector/DBIC.pm line 149
	Reaction::InterfaceModel::Reflector::DBIC::reflect_schema(Reaction::InterfaceModel::Reflector::DBIC=HASH(0x7fe8305e1e98), "model_class", "ComponentUI::TestModel", "schema_class", "RTest::TestDB", "sources", ARRAY(0x7fe830622dd0)) called at /Users/eserte/.cpan/build/2016111312/Reaction-0.002005-QfoCia/blib/lib/ComponentUI/TestModel.pm line 10
	require ComponentUI/TestModel.pm called at /usr/local/Cellar/perl518/5.18.2/lib/site_perl/5.18.2/Module/Runtime.pm line 317
	Module::Runtime::require_module("ComponentUI::TestModel") called at /usr/local/Cellar/perl518/5.18.2/lib/site_perl/5.18.2/Class/Load.pm line 174
	Class::Load::try {...} () called at /usr/local/Cellar/perl518/5.18.2/lib/site_perl/5.18.2/Try/Tiny.pm line 87
	eval {...} called at /usr/local/Cellar/perl518/5.18.2/lib/site_perl/5.18.2/Try/Tiny.pm line 83
	Try::Tiny::try(CODE(0x7fe82e832348), Try::Tiny::Catch=REF(0x7fe8314b70d0)) called at /usr/local/Cellar/perl518/5.18.2/lib/site_perl/5.18.2/Class/Load.pm line 180
	Class::Load::try_load_class("ComponentUI::TestModel", undef) called at /usr/local/Cellar/perl518/5.18.2/lib/site_perl/5.18.2/Class/Load.pm line 35
	Class::Load::load_class("ComponentUI::TestModel") called at /Users/eserte/.cpan/build/2016111312/Reaction-0.002005-QfoCia/blib/lib/Catalyst/Model/Reaction/InterfaceModel/DBIC.pm line 24
	Catalyst::Model::Reaction::InterfaceModel::DBIC::COMPONENT("ComponentUI::Model::TestModel", "ComponentUI", HASH(0x7fe830f1b428)) called at /Users/eserte/.cpan/build/2016111312/Catalyst-Runtime-5.90112-9jHZJM/blib/lib/Catalyst.pm line 3206
	eval {...} called at /Users/eserte/.cpan/build/2016111312/Catalyst-Runtime-5.90112-9jHZJM/blib/lib/Catalyst.pm line 3207
	Catalyst::setup_component("ComponentUI", "ComponentUI::Model::TestModel") called at /Users/eserte/.cpan/build/2016111312/Catalyst-Runtime-5.90112-9jHZJM/blib/lib/Catalyst.pm line 3184
	Catalyst::__ANON__() called at /Users/eserte/.cpan/build/2016111312/Catalyst-Runtime-5.90112-9jHZJM/blib/lib/Catalyst.pm line 3030
	Catalyst::setup_components("ComponentUI") called at /Users/eserte/.cpan/build/2016111312/Catalyst-Runtime-5.90112-9jHZJM/blib/lib/Catalyst.pm line 1426
	Catalyst::setup("ComponentUI") called at /Users/eserte/.cpan/build/2016111312/Reaction-0.002005-QfoCia/blib/lib/ComponentUI.pm line 32
	require ComponentUI.pm called at /usr/local/Cellar/perl518/5.18.2/lib/site_perl/5.18.2/Module/Runtime.pm line 317
	Module::Runtime::require_module("ComponentUI") called at /usr/local/Cellar/perl518/5.18.2/lib/site_perl/5.18.2/Class/Load.pm line 174
	Class::Load::try {...} () called at /usr/local/Cellar/perl518/5.18.2/lib/site_perl/5.18.2/Try/Tiny.pm line 87
	eval {...} called at /usr/local/Cellar/perl518/5.18.2/lib/site_perl/5.18.2/Try/Tiny.pm line 83
	Try::Tiny::try(CODE(0x7fe82b67ab00), Try::Tiny::Catch=REF(0x7fe82b667ce0)) called at /usr/local/Cellar/perl518/5.18.2/lib/site_perl/5.18.2/Class/Load.pm line 180
	Class::Load::try_load_class("ComponentUI", undef) called at /usr/local/Cellar/perl518/5.18.2/lib/site_perl/5.18.2/Class/Load.pm line 35
	Class::Load::load_class("ComponentUI") called at /Users/eserte/.cpan/build/2016111312/Catalyst-Runtime-5.90112-9jHZJM/blib/lib/Catalyst/Test.pm line 29
	Catalyst::Test::_build_request_export("Catalyst::Test", HASH(0x7fe82a83f448)) called at /Users/eserte/.cpan/build/2016111312/Catalyst-Runtime-5.90112-9jHZJM/blib/lib/Catalyst/Test.pm line 92
	Catalyst::Test::__ANON__("Catalyst::Test", "all", HASH(0x7fe82a83b7d8), HASH(0x7fe82a83ae30)) called at /usr/local/Cellar/perl518/5.18.2/lib/site_perl/5.18.2/Sub/Exporter.pm line 108
	Sub::Exporter::_expand_group("Catalyst::Test", HASH(0x7fe82c27d2d8), ARRAY(0x7fe82a83b160), HASH(0x7fe82a83ae30), HASH(0x7fe82a83f478), HASH(0x7fe82a83ae18)) called at /usr/local/Cellar/perl518/5.18.2/lib/site_perl/5.18.2/Sub/Exporter.pm line 39
	Sub::Exporter::_expand_groups("Catalyst::Test", HASH(0x7fe82c27d2d8), ARRAY(0x7fe82c27d518), HASH(0x7fe82a83ae30)) called at /usr/local/Cellar/perl518/5.18.2/lib/site_perl/5.18.2/Sub/Exporter.pm line 323
	Sub::Exporter::__ANON__("Catalyst::Test", "-all", HASH(0x7fe82a83b508)) called at /Users/eserte/.cpan/build/2016111312/Catalyst-Runtime-5.90112-9jHZJM/blib/lib/Catalyst/Test.pm line 155
	Catalyst::Test::import("Catalyst::Test", "ComponentUI") called at t/01app.t line 7
	main::BEGIN() called at /Users/eserte/.cpan/build/2016111312/Reaction-0.002005-QfoCia/blib/lib/ComponentUI/TestModel.pm line 0
	eval {...} called at /Users/eserte/.cpan/build/2016111312/Reaction-0.002005-QfoCia/blib/lib/ComponentUI/TestModel.pm line 0
	eval 'package main;

#line 7 t/01app.t
use Catalyst::Test @{$args[0]};
1;
' called at /usr/local/Cellar/perl518/5.18.2/lib/site_perl/5.18.2/Test/More.pm line 1014
	Test::More::_eval("package main;\x{a}\x{a}#line 7 t/01app.t\x{a}use Catalyst::Test \@{\$args[0"..., ARRAY(0x7fe82ab8f6b0)) called at /usr/local/Cellar/perl518/5.18.2/lib/site_perl/5.18.2/Test/More.pm line 989
	Test::More::use_ok("Catalyst::Test", "ComponentUI") called at t/01app.t line 7
	main::BEGIN() called at /Users/eserte/.cpan/build/2016111312/Reaction-0.002005-QfoCia/blib/lib/ComponentUI/TestModel.pm line 0
	eval {...} called at /Users/eserte/.cpan/build/2016111312/Reaction-0.002005-QfoCia/blib/lib/ComponentUI/TestModel.pm line 0
Class::MOP::load_class is deprecated at /usr/local/Cellar/perl518/5.18.2/lib/site_perl/5.18.2/darwin-thread-multi-2level/Class/MOP.pm line 69.
	Class::MOP::load_class("Reaction::InterfaceModel::Object") called at /Users/eserte/.cpan/build/2016111312/Reaction-0.002005-QfoCia/blib/lib/Reaction/Class.pm line 123
	Reaction::Class::do_class_sub("Reaction::Class", "ComponentUI::TestModel::Foo", "ComponentUI::TestModel::Foo", "is", "Reaction::InterfaceModel::Object", "which", CODE(0x7fe8320d3700)) called at /Users/eserte/.cpan/build/2016111312/Reaction-0.002005-QfoCia/blib/lib/Reaction/Class.pm line 86
	Reaction::Class::("ComponentUI::TestModel::Foo", "is", "Reaction::InterfaceModel::Object", "which", CODE(0x7fe8320d3700)) called at /Users/eserte/.cpan/build/2016111312/Reaction-0.002005-QfoCia/blib/lib/ComponentUI/TestModel/Foo.pm line 8
	require ComponentUI/TestModel/Foo.pm called at /usr/local/Cellar/perl518/5.18.2/lib/site_perl/5.18.2/Module/Runtime.pm line 317
	Module::Runtime::require_module("ComponentUI::TestModel::Foo") called at /usr/local/Cellar/perl518/5.18.2/lib/site_perl/5.18.2/Class/Load.pm line 174
	Class::Load::try {...} () called at /usr/local/Cellar/perl518/5.18.2/lib/site_perl/5.18.2/Try/Tiny.pm line 87
	eval {...} called at /usr/local/Cellar/perl518/5.18.2/lib/site_perl/5.18.2/Try/Tiny.pm line 83
	Try::Tiny::try(CODE(0x7fe8320b7958), Try::Tiny::Catch=REF(0x7fe8320daea0)) called at /usr/local/Cellar/perl518/5.18.2/lib/site_perl/5.18.2/Class/Load.pm line 180
	Class::Load::try_load_class("ComponentUI::TestModel::Foo", undef) called at /usr/local/Cellar/perl518/5.18.2/lib/site_perl/5.18.2/Class/Load.pm line 35
	Class::Load::load_class("ComponentUI::TestModel::Foo") called at /Users/eserte/.cpan/build/2016111312/Reaction-0.002005-QfoCia/blib/lib/Reaction/InterfaceModel/Reflector/DBIC.pm line 892
	eval {...} called at /Users/eserte/.cpan/build/2016111312/Reaction-0.002005-QfoCia/blib/lib/Reaction/InterfaceModel/Reflector/DBIC.pm line 892
	Reaction::InterfaceModel::Reflector::DBIC::_maybe_load_class(Reaction::InterfaceModel::Reflector::DBIC=HASH(0x7fe8305e1e98), "ComponentUI::TestModel::Foo") called at /Users/eserte/.cpan/build/2016111312/Reaction-0.002005-QfoCia/blib/lib/Reaction/InterfaceModel/Reflector/DBIC.pm line 876
	Reaction::InterfaceModel::Reflector::DBIC::_load_or_create(Reaction::InterfaceModel::Reflector::DBIC=HASH(0x7fe8305e1e98), "ComponentUI::TestModel::Foo", "superclasses", ARRAY(0x7fe8306e1030)) called at /Users/eserte/.cpan/build/2016111312/Reaction-0.002005-QfoCia/blib/lib/Reaction/InterfaceModel/Reflector/DBIC.pm line 448
	Reaction::InterfaceModel::Reflector::DBIC::reflect_source_object(Reaction::InterfaceModel::Reflector::DBIC=HASH(0x7fe8305e1e98), "source_name", "Foo", "source_class", "RTest::TestDB::Foo", "parent_class", "ComponentUI::TestModel", "schema_class", ...) called at /Users/eserte/.cpan/build/2016111312/Reaction-0.002005-QfoCia/blib/lib/Reaction/InterfaceModel/Reflector/DBIC.pm line 323
	Reaction::InterfaceModel::Reflector::DBIC::reflect_source(Reaction::InterfaceModel::Reflector::DBIC=HASH(0x7fe8305e1e98), "source_name", "Foo", "parent_class", "ComponentUI::TestModel", "schema_class", "RTest::TestDB", "source_class", ...) called at /Users/eserte/.cpan/build/2016111312/Reaction-0.002005-QfoCia/blib/lib/Reaction/InterfaceModel/Reflector/DBIC.pm line 185
	Reaction::InterfaceModel::Reflector::DBIC::reflect_schema(Reaction::InterfaceModel::Reflector::DBIC=HASH(0x7fe8305e1e98), "model_class", "ComponentUI::TestModel", "schema_class", "RTest::TestDB", "sources", ARRAY(0x7fe830622dd0)) called at /Users/eserte/.cpan/build/2016111312/Reaction-0.002005-QfoCia/blib/lib/ComponentUI/TestModel.pm line 10
	require ComponentUI/TestModel.pm called at /usr/local/Cellar/perl518/5.18.2/lib/site_perl/5.18.2/Module/Runtime.pm line 317
	Module::Runtime::require_module("ComponentUI::TestModel") called at /usr/local/Cellar/perl518/5.18.2/lib/site_perl/5.18.2/Class/Load.pm line 174
	Class::Load::try {...} () called at /usr/local/Cellar/perl518/5.18.2/lib/site_perl/5.18.2/Try/Tiny.pm line 87
	eval {...} called at /usr/local/Cellar/perl518/5.18.2/lib/site_perl/5.18.2/Try/Tiny.pm line 83
	Try::Tiny::try(CODE(0x7fe82e832348), Try::Tiny::Catch=REF(0x7fe8314b70d0)) called at /usr/local/Cellar/perl518/5.18.2/lib/site_perl/5.18.2/Class/Load.pm line 180
	Class::Load::try_load_class("ComponentUI::TestModel", undef) called at /usr/local/Cellar/perl518/5.18.2/lib/site_perl/5.18.2/Class/Load.pm line 35
	Class::Load::load_class("ComponentUI::TestModel") called at /Users/eserte/.cpan/build/2016111312/Reaction-0.002005-QfoCia/blib/lib/Catalyst/Model/Reaction/InterfaceModel/DBIC.pm line 24
	Catalyst::Model::Reaction::InterfaceModel::DBIC::COMPONENT("ComponentUI::Model::TestModel", "ComponentUI", HASH(0x7fe830f1b428)) called at /Users/eserte/.cpan/build/2016111312/Catalyst-Runtime-5.90112-9jHZJM/blib/lib/Catalyst.pm line 3206
	eval {...} called at /Users/eserte/.cpan/build/2016111312/Catalyst-Runtime-5.90112-9jHZJM/blib/lib/Catalyst.pm line 3207
	Catalyst::setup_component("ComponentUI", "ComponentUI::Model::TestModel") called at /Users/eserte/.cpan/build/2016111312/Catalyst-Runtime-5.90112-9jHZJM/blib/lib/Catalyst.pm line 3184
	Catalyst::__ANON__() called at /Users/eserte/.cpan/build/2016111312/Catalyst-Runtime-5.90112-9jHZJM/blib/lib/Catalyst.pm line 3030
	Catalyst::setup_components("ComponentUI") called at /Users/eserte/.cpan/build/2016111312/Catalyst-Runtime-5.90112-9jHZJM/blib/lib/Catalyst.pm line 1426
	Catalyst::setup("ComponentUI") called at /Users/eserte/.cpan/build/2016111312/Reaction-0.002005-QfoCia/blib/lib/ComponentUI.pm line 32
	require ComponentUI.pm called at /usr/local/Cellar/perl518/5.18.2/lib/site_perl/5.18.2/Module/Runtime.pm line 317
	Module::Runtime::require_module("ComponentUI") called at /usr/local/Cellar/perl518/5.18.2/lib/site_perl/5.18.2/Class/Load.pm line 174
	Class::Load::try {...} () called at /usr/local/Cellar/perl518/5.18.2/lib/site_perl/5.18.2/Try/Tiny.pm line 87
	eval {...} called at /usr/local/Cellar/perl518/5.18.2/lib/site_perl/5.18.2/Try/Tiny.pm line 83
	Try::Tiny::try(CODE(0x7fe82b67ab00), Try::Tiny::Catch=REF(0x7fe82b667ce0)) called at /usr/local/Cellar/perl518/5.18.2/lib/site_perl/5.18.2/Class/Load.pm line 180
	Class::Load::try_load_class("ComponentUI", undef) called at /usr/local/Cellar/perl518/5.18.2/lib/site_perl/5.18.2/Class/Load.pm line 35
	Class::Load::load_class("ComponentUI") called at /Users/eserte/.cpan/build/2016111312/Catalyst-Runtime-5.90112-9jHZJM/blib/lib/Catalyst/Test.pm line 29
	Catalyst::Test::_build_request_export("Catalyst::Test", HASH(0x7fe82a83f448)) called at /Users/eserte/.cpan/build/2016111312/Catalyst-Runtime-5.90112-9jHZJM/blib/lib/Catalyst/Test.pm line 92
	Catalyst::Test::__ANON__("Catalyst::Test", "all", HASH(0x7fe82a83b7d8), HASH(0x7fe82a83ae30)) called at /usr/local/Cellar/perl518/5.18.2/lib/site_perl/5.18.2/Sub/Exporter.pm line 108
	Sub::Exporter::_expand_group("Catalyst::Test", HASH(0x7fe82c27d2d8), ARRAY(0x7fe82a83b160), HASH(0x7fe82a83ae30), HASH(0x7fe82a83f478), HASH(0x7fe82a83ae18)) called at /usr/local/Cellar/perl518/5.18.2/lib/site_perl/5.18.2/Sub/Exporter.pm line 39
	Sub::Exporter::_expand_groups("Catalyst::Test", HASH(0x7fe82c27d2d8), ARRAY(0x7fe82c27d518), HASH(0x7fe82a83ae30)) called at /usr/local/Cellar/perl518/5.18.2/lib/site_perl/5.18.2/Sub/Exporter.pm line 323
	Sub::Exporter::__ANON__("Catalyst::Test", "-all", HASH(0x7fe82a83b508)) called at /Users/eserte/.cpan/build/2016111312/Catalyst-Runtime-5.90112-9jHZJM/blib/lib/Catalyst/Test.pm line 155
	Catalyst::Test::import("Catalyst::Test", "ComponentUI") called at t/01app.t line 7
	main::BEGIN() called at /Users/eserte/.cpan/build/2016111312/Reaction-0.002005-QfoCia/blib/lib/ComponentUI/TestModel/Foo.pm line 0
	eval {...} called at /Users/eserte/.cpan/build/2016111312/Reaction-0.002005-QfoCia/blib/lib/ComponentUI/TestModel/Foo.pm line 0
	eval 'package main;

#line 7 t/01app.t
use Catalyst::Test @{$args[0]};
1;
' called at /usr/local/Cellar/perl518/5.18.2/lib/site_perl/5.18.2/Test/More.pm line 1014
	Test::More::_eval("package main;\x{a}\x{a}#line 7 t/01app.t\x{a}use Catalyst::Test \@{\$args[0"..., ARRAY(0x7fe82ab8f6b0)) called at /usr/local/Cellar/perl518/5.18.2/lib/site_perl/5.18.2/Test/More.pm line 989
	Test::More::use_ok("Catalyst::Test", "ComponentUI") called at t/01app.t line 7
	main::BEGIN() called at /Users/eserte/.cpan/build/2016111312/Reaction-0.002005-QfoCia/blib/lib/ComponentUI/TestModel/Foo.pm line 0
	eval {...} called at /Users/eserte/.cpan/build/2016111312/Reaction-0.002005-QfoCia/blib/lib/ComponentUI/TestModel/Foo.pm line 0
Class::MOP::load_class is deprecated at /usr/local/Cellar/perl518/5.18.2/lib/site_perl/5.18.2/darwin-thread-multi-2level/Class/MOP.pm line 69.
	Class::MOP::load_class("ComponentUI::RenderingContext::Site") called at /Users/eserte/.cpan/build/2016111312/Reaction-0.002005-QfoCia/blib/lib/Reaction/UI/View.pm line 125
	eval {...} called at /Users/eserte/.cpan/build/2016111312/Reaction-0.002005-QfoCia/blib/lib/Reaction/UI/View.pm line 125
	Reaction::UI::View::find_related_class(ComponentUI::View::Site=HASH(0x7fe82e5dfb68), "RenderingContext") called at /Users/eserte/.cpan/build/2016111312/Reaction-0.002005-QfoCia/blib/lib/Reaction/UI/View.pm line 43
	Reaction::UI::View::_build_rendering_context_class(ComponentUI::View::Site=HASH(0x7fe82e5dfb68)) called at reader Reaction::UI::View::rendering_context_class (defined at /Users/eserte/.cpan/build/2016111312/Reaction-0.002005-QfoCia/blib/lib/Reaction/UI/View.pm line 29) line 7
	Reaction::UI::View::rendering_context_class(ComponentUI::View::Site=HASH(0x7fe82e5dfb68)) called at /Users/eserte/.cpan/build/2016111312/Reaction-0.002005-QfoCia/blib/lib/Reaction/UI/View.pm line 134
	Reaction::UI::View::create_rendering_context(ComponentUI::View::Site=HASH(0x7fe82e5dfb68)) called at /Users/eserte/.cpan/build/2016111312/Reaction-0.002005-QfoCia/blib/lib/Reaction/UI/View.pm line 60
	Reaction::UI::View::render_window(ComponentUI::View::Site=HASH(0x7fe82e5dfb68), Reaction::UI::Window=HASH(0x7fe8324729a0)) called at /Users/eserte/.cpan/build/2016111312/Reaction-0.002005-QfoCia/blib/lib/Reaction/UI/Window.pm line 74
	Reaction::UI::Window::flush_view(Reaction::UI::Window=HASH(0x7fe8324729a0)) called at /Users/eserte/.cpan/build/2016111312/Reaction-0.002005-QfoCia/blib/lib/Reaction/UI/Window.pm line 36
	Reaction::UI::Window::flush(Reaction::UI::Window=HASH(0x7fe8324729a0)) called at /Users/eserte/.cpan/build/2016111312/Reaction-0.002005-QfoCia/blib/lib/Reaction/UI/Controller/Root.pm line 38
	Reaction::UI::Controller::Root::end(ComponentUI::Controller::Root=HASH(0x7fe832463810), ComponentUI=HASH(0x7fe83246e8e8)) called at /Users/eserte/.cpan/build/2016111312/Catalyst-Runtime-5.90112-9jHZJM/blib/lib/Catalyst/Action.pm line 358
	Catalyst::Action::execute(Catalyst::Action=HASH(0x7fe832371f28), ComponentUI::Controller::Root=HASH(0x7fe832463810), ComponentUI=HASH(0x7fe83246e8e8)) called at /Users/eserte/.cpan/build/2016111312/Catalyst-Runtime-5.90112-9jHZJM/blib/lib/Catalyst.pm line 2056
	eval {...} called at /Users/eserte/.cpan/build/2016111312/Catalyst-Runtime-5.90112-9jHZJM/blib/lib/Catalyst.pm line 2056
	Catalyst::execute(ComponentUI=HASH(0x7fe83246e8e8), "ComponentUI::Controller::Root", Catalyst::Action=HASH(0x7fe832371f28)) called at /Users/eserte/.cpan/build/2016111312/Catalyst-Runtime-5.90112-9jHZJM/blib/lib/Catalyst/Action.pm line 353
	Catalyst::Action::dispatch(Catalyst::Action=HASH(0x7fe832371f28), ComponentUI=HASH(0x7fe83246e8e8)) called at /Users/eserte/.cpan/build/2016111312/Catalyst-Runtime-5.90112-9jHZJM/blib/lib/Catalyst/Controller.pm line 189
	Catalyst::Controller::_END(ComponentUI::Controller::Root=HASH(0x7fe832463810), ComponentUI=HASH(0x7fe83246e8e8)) called at /Users/eserte/.cpan/build/2016111312/Catalyst-Runtime-5.90112-9jHZJM/blib/lib/Catalyst/Action.pm line 358
	Catalyst::Action::execute(Catalyst::Action=HASH(0x7fe832410e70), ComponentUI::Controller::Root=HASH(0x7fe832463810), ComponentUI=HASH(0x7fe83246e8e8)) called at /Users/eserte/.cpan/build/2016111312/Catalyst-Runtime-5.90112-9jHZJM/blib/lib/Catalyst.pm line 2056
	eval {...} called at /Users/eserte/.cpan/build/2016111312/Catalyst-Runtime-5.90112-9jHZJM/blib/lib/Catalyst.pm line 2056
	Catalyst::execute(ComponentUI=HASH(0x7fe83246e8e8), "ComponentUI::Controller::Root", Catalyst::Action=HASH(0x7fe832410e70)) called at /Users/eserte/.cpan/build/2016111312/Catalyst-Runtime-5.90112-9jHZJM/blib/lib/Catalyst/Action.pm line 353
	Catalyst::Action::dispatch(Catalyst::Action=HASH(0x7fe832410e70), ComponentUI=HASH(0x7fe83246e8e8)) called at /Users/eserte/.cpan/build/2016111312/Catalyst-Runtime-5.90112-9jHZJM/blib/lib/Catalyst/Dispatcher.pm line 262
	Catalyst::Dispatcher::_do_forward(Catalyst::Dispatcher=HASH(0x7fe82a83f688), "forward", ComponentUI=HASH(0x7fe83246e8e8), "_END") called at /Users/eserte/.cpan/build/2016111312/Catalyst-Runtime-5.90112-9jHZJM/blib/lib/Catalyst/Dispatcher.pm line 242
	Catalyst::Dispatcher::forward(Catalyst::Dispatcher=HASH(0x7fe82a83f688), ComponentUI=HASH(0x7fe83246e8e8), "_END") called at /Users/eserte/.cpan/build/2016111312/Catalyst-Runtime-5.90112-9jHZJM/blib/lib/Catalyst.pm line 481
	Catalyst::forward(ComponentUI=HASH(0x7fe83246e8e8), "_END") called at /Users/eserte/.cpan/build/2016111312/Catalyst-Runtime-5.90112-9jHZJM/blib/lib/Catalyst/Controller.pm line 138
	Catalyst::Controller::_DISPATCH(ComponentUI::Controller::Root=HASH(0x7fe832463810), ComponentUI=HASH(0x7fe83246e8e8)) called at /Users/eserte/.cpan/build/2016111312/Catalyst-Runtime-5.90112-9jHZJM/blib/lib/Catalyst/Action.pm line 358
	Catalyst::Action::execute(Catalyst::Action=HASH(0x7fe832410cc0), ComponentUI::Controller::Root=HASH(0x7fe832463810), ComponentUI=HASH(0x7fe83246e8e8)) called at /Users/eserte/.cpan/build/2016111312/Catalyst-Runtime-5.90112-9jHZJM/blib/lib/Catalyst.pm line 2056
	eval {...} called at /Users/eserte/.cpan/build/2016111312/Catalyst-Runtime-5.90112-9jHZJM/blib/lib/Catalyst.pm line 2056
	Catalyst::execute(ComponentUI=HASH(0x7fe83246e8e8), "ComponentUI::Controller::Root", Catalyst::Action=HASH(0x7fe832410cc0)) called at /Users/eserte/.cpan/build/2016111312/Catalyst-Runtime-5.90112-9jHZJM/blib/lib/Catalyst/Action.pm line 353
	Catalyst::Action::dispatch(Catalyst::Action=HASH(0x7fe832410cc0), ComponentUI=HASH(0x7fe83246e8e8)) called at /Users/eserte/.cpan/build/2016111312/Catalyst-Runtime-5.90112-9jHZJM/blib/lib/Catalyst/Dispatcher.pm line 262
	Catalyst::Dispatcher::_do_forward(Catalyst::Dispatcher=HASH(0x7fe82a83f688), "forward", ComponentUI=HASH(0x7fe83246e8e8), "//_DISPATCH") called at /Users/eserte/.cpan/build/2016111312/Catalyst-Runtime-5.90112-9jHZJM/blib/lib/Catalyst/Dispatcher.pm line 242
	Catalyst::Dispatcher::forward(Catalyst::Dispatcher=HASH(0x7fe82a83f688), ComponentUI=HASH(0x7fe83246e8e8), "//_DISPATCH") called at /Users/eserte/.cpan/build/2016111312/Catalyst-Runtime-5.90112-9jHZJM/blib/lib/Catalyst.pm line 481
	Catalyst::forward(ComponentUI=HASH(0x7fe83246e8e8), "//_DISPATCH") called at /Users/eserte/.cpan/build/2016111312/Catalyst-Runtime-5.90112-9jHZJM/blib/lib/Catalyst/Dispatcher.pm line 107
	Catalyst::Dispatcher::dispatch(Catalyst::Dispatcher=HASH(0x7fe82a83f688), ComponentUI=HASH(0x7fe83246e8e8)) called at /Users/eserte/.cpan/build/2016111312/Catalyst-Runtime-5.90112-9jHZJM/blib/lib/Catalyst.pm line 2002
	Catalyst::dispatch(ComponentUI=HASH(0x7fe83246e8e8)) called at /Users/eserte/.cpan/build/2016111312/Catalyst-Plugin-Static-Simple-0.33-w1g7_U/blib/lib/Catalyst/Plugin/Static/Simple.pm line 86
	Class::MOP::Class:::around(CODE(0x7fe82d122348), ComponentUI=HASH(0x7fe83246e8e8)) called at /usr/local/Cellar/perl518/5.18.2/lib/site_perl/5.18.2/darwin-thread-multi-2level/Class/MOP/Method/Wrapped.pm line 164
	ComponentUI::_wrapped_dispatch(ComponentUI=HASH(0x7fe83246e8e8)) called at /usr/local/Cellar/perl518/5.18.2/lib/site_perl/5.18.2/darwin-thread-multi-2level/Class/MOP/Method/Wrapped.pm line 95
	ComponentUI::dispatch(ComponentUI=HASH(0x7fe83246e8e8)) called at /Users/eserte/.cpan/build/2016111312/Catalyst-Runtime-5.90112-9jHZJM/blib/lib/Catalyst.pm line 2393
	Catalyst::try {...} () called at /usr/local/Cellar/perl518/5.18.2/lib/site_perl/5.18.2/Try/Tiny.pm line 92
	eval {...} called at /usr/local/Cellar/perl518/5.18.2/lib/site_perl/5.18.2/Try/Tiny.pm line 83
	Try::Tiny::try(CODE(0x7fe83246e2e8), Try::Tiny::Catch=REF(0x7fe83246e180)) called at /Users/eserte/.cpan/build/2016111312/Catalyst-Runtime-5.90112-9jHZJM/blib/lib/Catalyst.pm line 2402
	Catalyst::handle_request("ComponentUI", "env", HASH(0x7fe832460070), "response_cb", CODE(0x7fe83246e1c8)) called at /Users/eserte/.cpan/build/2016111312/Catalyst-Runtime-5.90112-9jHZJM/blib/lib/Catalyst/Engine.pm line 800
	Catalyst::Engine::__ANON__(CODE(0x7fe83246e1c8)) called at /usr/local/Cellar/perl518/5.18.2/lib/site_perl/5.18.2/Plack/Middleware/HTTPExceptions.pm line 32
	Plack::Middleware::HTTPExceptions::try {...} () called at /usr/local/Cellar/perl518/5.18.2/lib/site_perl/5.18.2/Try/Tiny.pm line 92
	eval {...} called at /usr/local/Cellar/perl518/5.18.2/lib/site_perl/5.18.2/Try/Tiny.pm line 83
	Try::Tiny::try(CODE(0x7fe83246e000), Try::Tiny::Catch=REF(0x7fe8324b5a68)) called at /usr/local/Cellar/perl518/5.18.2/lib/site_perl/5.18.2/Plack/Middleware/HTTPExceptions.pm line 41
	Plack::Middleware::HTTPExceptions::__ANON__(CODE(0x7fe83246def8)) called at /usr/local/Cellar/perl518/5.18.2/lib/site_perl/5.18.2/Plack/Util.pm line 339
	Plack::Util::__ANON__(CODE(0x7fe83246ddf0)) called at /usr/local/Cellar/perl518/5.18.2/lib/site_perl/5.18.2/Plack/Util.pm line 339
	Plack::Util::__ANON__(CODE(0x7fe83246dce8)) called at /usr/local/Cellar/perl518/5.18.2/lib/site_perl/5.18.2/Plack/Util.pm line 339
	Plack::Util::__ANON__(CODE(0x7fe83246dc70)) called at /usr/local/Cellar/perl518/5.18.2/lib/site_perl/5.18.2/HTTP/Message/PSGI.pm line 100
	HTTP::Message::PSGI::res_from_psgi(CODE(0x7fe8324b5918)) called at /usr/local/Cellar/perl518/5.18.2/lib/site_perl/5.18.2/HTTP/Message/PSGI.pm line 156
	HTTP::Response::from_psgi("HTTP::Response", CODE(0x7fe8324b5918)) called at /usr/local/Cellar/perl518/5.18.2/lib/site_perl/5.18.2/Plack/Test/MockHTTP.pm line 24
	Plack::Test::MockHTTP::try {...} () called at /usr/local/Cellar/perl518/5.18.2/lib/site_perl/5.18.2/Try/Tiny.pm line 87
	eval {...} called at /usr/local/Cellar/perl518/5.18.2/lib/site_perl/5.18.2/Try/Tiny.pm line 83
	Try::Tiny::try(CODE(0x7fe83245f3b0), Try::Tiny::Catch=REF(0x7fe832381a88)) called at /usr/local/Cellar/perl518/5.18.2/lib/site_perl/5.18.2/Plack/Test/MockHTTP.pm line 27
	Plack::Test::MockHTTP::request(Plack::Test::MockHTTP=HASH(0x7fe83245f860), HTTP::Request=HASH(0x7fe83245f3e0)) called at /usr/local/Cellar/perl518/5.18.2/lib/site_perl/5.18.2/Plack/Test.pm line 38
	Plack::Test::__ANON__(HTTP::Request=HASH(0x7fe83245f3e0)) called at /Users/eserte/.cpan/build/2016111312/Catalyst-Runtime-5.90112-9jHZJM/blib/lib/Catalyst/Test.pm line 281
	Catalyst::Test::__ANON__(CODE(0x7fe83245f6f8)) called at /usr/local/Cellar/perl518/5.18.2/lib/site_perl/5.18.2/Plack/Test.pm line 38
	Plack::Test::test_psgi("mangle_response", CODE(0x7fe82c270868), "app", CODE(0x7fe832419908), "app", CODE(0x7fe83245f518), "client", CODE(0x7fe83245f5c0)) called at /Users/eserte/.cpan/build/2016111312/Catalyst-Runtime-5.90112-9jHZJM/blib/lib/Catalyst/Test.pm line 284
	Catalyst::Test::_request(HASH(0x7fe82a831678), "/") called at /Users/eserte/.cpan/build/2016111312/Catalyst-Runtime-5.90112-9jHZJM/blib/lib/Catalyst/Test.pm line 327
	Catalyst::Test::_local_request("ComponentUI", "/") called at /Users/eserte/.cpan/build/2016111312/Catalyst-Runtime-5.90112-9jHZJM/blib/lib/Catalyst/Test.pm line 32
	Catalyst::Test::__ANON__("/") called at t/01app.t line 10
Class::MOP::is_class_loaded is deprecated at /usr/local/Cellar/perl518/5.18.2/lib/site_perl/5.18.2/darwin-thread-multi-2level/Class/MOP.pm line 87.
	Class::MOP::is_class_loaded("ComponentUI::UI::Widget::SiteLayout") called at /Users/eserte/.cpan/build/2016111312/Reaction-0.002005-QfoCia/blib/lib/Reaction/UI/Skin.pm line 178
	Reaction::UI::Skin::widget_class_for(Reaction::UI::Skin=HASH(0x7fe83070a7b0), Reaction::UI::LayoutSet::TT=HASH(0x7fe83074b300)) called at /Users/eserte/.cpan/build/2016111312/Reaction-0.002005-QfoCia/blib/lib/Reaction/UI/LayoutSet.pm line 28
	Reaction::UI::LayoutSet::BUILD(Reaction::UI::LayoutSet::TT=HASH(0x7fe83074b300), HASH(0x7fe83074b270)) called at constructor Reaction::UI::LayoutSet::TT::new (defined at /Users/eserte/.cpan/build/2016111312/Reaction-0.002005-QfoCia/blib/lib/Reaction/UI/LayoutSet/TT.pm line 43) line 69
	Reaction::UI::LayoutSet::TT::new("Reaction::UI::LayoutSet::TT", "name", "site_layout", "skin", Reaction::UI::Skin=HASH(0x7fe83070a7b0), "tt_object", Template=HASH(0x7fe8306e4a78), "source_file", ...) called at /Users/eserte/.cpan/build/2016111312/Reaction-0.002005-QfoCia/blib/lib/Reaction/UI/Skin.pm line 114
	Reaction::UI::Skin::_create_layout_set(Reaction::UI::Skin=HASH(0x7fe83070a7b0), "site_layout", ARRAY(0x7fe83075f090), Reaction::UI::Skin=HASH(0x7fe83070a7b0)) called at /Users/eserte/.cpan/build/2016111312/Reaction-0.002005-QfoCia/blib/lib/Reaction/UI/Skin.pm line 110
	Reaction::UI::Skin::create_layout_set(Reaction::UI::Skin=HASH(0x7fe83070a7b0), "site_layout") called at /Users/eserte/.cpan/build/2016111312/Reaction-0.002005-QfoCia/blib/lib/Reaction/UI/LayoutSet.pm line 83
	Reaction::UI::LayoutSet::_load_file(Reaction::UI::LayoutSet::TT=HASH(0x7fe830746440), Path::Class::File=HASH(0x7fe83070a1f8), HASH(0x7fe8307624c8)) called at /Users/eserte/.cpan/build/2016111312/Reaction-0.002005-QfoCia/blib/lib/Reaction/UI/LayoutSet.pm line 27
	Reaction::UI::LayoutSet::BUILD(Reaction::UI::LayoutSet::TT=HASH(0x7fe830746440), HASH(0x7fe8307624c8)) called at constructor Reaction::UI::LayoutSet::TT::new (defined at /Users/eserte/.cpan/build/2016111312/Reaction-0.002005-QfoCia/blib/lib/Reaction/UI/LayoutSet/TT.pm line 43) line 69
	Reaction::UI::LayoutSet::TT::new("Reaction::UI::LayoutSet::TT", "name", "site_layout", "skin", Reaction::UI::Skin=HASH(0x7fe8306f3350), "next_skin", Reaction::UI::Skin=HASH(0x7fe83070a7b0), "tt_object", ...) called at /Users/eserte/.cpan/build/2016111312/Reaction-0.002005-QfoCia/blib/lib/Reaction/UI/Skin.pm line 114
	Reaction::UI::Skin::_create_layout_set(Reaction::UI::Skin=HASH(0x7fe8306f3350), "site_layout", ARRAY(0x7fe830744f60), Reaction::UI::Skin=HASH(0x7fe8306f3350)) called at /Users/eserte/.cpan/build/2016111312/Reaction-0.002005-QfoCia/blib/lib/Reaction/UI/Skin.pm line 110
	Reaction::UI::Skin::create_layout_set(Reaction::UI::Skin=HASH(0x7fe8306f3350), "site_layout") called at /Users/eserte/.cpan/build/2016111312/Reaction-0.002005-QfoCia/blib/lib/Reaction/UI/LayoutSet.pm line 83
	Reaction::UI::LayoutSet::_load_file(Reaction::UI::LayoutSet::TT=HASH(0x7fe82c954418), Path::Class::File=HASH(0x7fe82b772f98), HASH(0x7fe82b772e18)) called at /Users/eserte/.cpan/build/2016111312/Reaction-0.002005-QfoCia/blib/lib/Reaction/UI/LayoutSet.pm line 27
	Reaction::UI::LayoutSet::BUILD(Reaction::UI::LayoutSet::TT=HASH(0x7fe82c954418), HASH(0x7fe82b772e18)) called at constructor Reaction::UI::LayoutSet::TT::new (defined at /Users/eserte/.cpan/build/2016111312/Reaction-0.002005-QfoCia/blib/lib/Reaction/UI/LayoutSet/TT.pm line 43) line 69
	Reaction::UI::LayoutSet::TT::new("Reaction::UI::LayoutSet::TT", "name", "site_layout", "skin", Reaction::UI::Skin=HASH(0x7fe82b773400), "next_skin", Reaction::UI::Skin=HASH(0x7fe8306f3350), "tt_object", ...) called at /Users/eserte/.cpan/build/2016111312/Reaction-0.002005-QfoCia/blib/lib/Reaction/UI/Skin.pm line 114
	Reaction::UI::Skin::_create_layout_set(Reaction::UI::Skin=HASH(0x7fe82b773400), "site_layout", ARRAY(0x7fe8324734c0), Reaction::UI::Skin=HASH(0x7fe82b773400)) called at /Users/eserte/.cpan/build/2016111312/Reaction-0.002005-QfoCia/blib/lib/Reaction/UI/Skin.pm line 110
	Reaction::UI::Skin::create_layout_set(Reaction::UI::Skin=HASH(0x7fe82b773400), "site_layout") called at /usr/local/Cellar/perl518/5.18.2/lib/site_perl/5.18.2/darwin-thread-multi-2level/Moose/Meta/Method/Delegation.pm line 110
	Reaction::UI::View::create_layout_set(ComponentUI::View::Site=HASH(0x7fe82e5dfb68), "site_layout") called at /Users/eserte/.cpan/build/2016111312/Reaction-0.002005-QfoCia/blib/lib/Reaction/UI/View.pm line 99
	Reaction::UI::View::layout_set_for(ComponentUI::View::Site=HASH(0x7fe82e5dfb68), Reaction::UI::ViewPort::SiteLayout=HASH(0x7fe832473018)) called at /Users/eserte/.cpan/build/2016111312/Reaction-0.002005-QfoCia/blib/lib/Reaction/UI/View.pm line 78
	Reaction::UI::View::render_viewport_args(ComponentUI::View::Site=HASH(0x7fe82e5dfb68), Reaction::UI::ViewPort::SiteLayout=HASH(0x7fe832473018)) called at /Users/eserte/.cpan/build/2016111312/Reaction-0.002005-QfoCia/blib/lib/Reaction/UI/View.pm line 61
	Reaction::UI::View::render_window(ComponentUI::View::Site=HASH(0x7fe82e5dfb68), Reaction::UI::Window=HASH(0x7fe8324729a0)) called at /Users/eserte/.cpan/build/2016111312/Reaction-0.002005-QfoCia/blib/lib/Reaction/UI/Window.pm line 74
	Reaction::UI::Window::flush_view(Reaction::UI::Window=HASH(0x7fe8324729a0)) called at /Users/eserte/.cpan/build/2016111312/Reaction-0.002005-QfoCia/blib/lib/Reaction/UI/Window.pm line 36
	Reaction::UI::Window::flush(Reaction::UI::Window=HASH(0x7fe8324729a0)) called at /Users/eserte/.cpan/build/2016111312/Reaction-0.002005-QfoCia/blib/lib/Reaction/UI/Controller/Root.pm line 38
	Reaction::UI::Controller::Root::end(ComponentUI::Controller::Root=HASH(0x7fe832463810), ComponentUI=HASH(0x7fe83246e8e8)) called at /Users/eserte/.cpan/build/2016111312/Catalyst-Runtime-5.90112-9jHZJM/blib/lib/Catalyst/Action.pm line 358
	Catalyst::Action::execute(Catalyst::Action=HASH(0x7fe832371f28), ComponentUI::Controller::Root=HASH(0x7fe832463810), ComponentUI=HASH(0x7fe83246e8e8)) called at /Users/eserte/.cpan/build/2016111312/Catalyst-Runtime-5.90112-9jHZJM/blib/lib/Catalyst.pm line 2056
	eval {...} called at /Users/eserte/.cpan/build/2016111312/Catalyst-Runtime-5.90112-9jHZJM/blib/lib/Catalyst.pm line 2056
	Catalyst::execute(ComponentUI=HASH(0x7fe83246e8e8), "ComponentUI::Controller::Root", Catalyst::Action=HASH(0x7fe832371f28)) called at /Users/eserte/.cpan/build/2016111312/Catalyst-Runtime-5.90112-9jHZJM/blib/lib/Catalyst/Action.pm line 353
	Catalyst::Action::dispatch(Catalyst::Action=HASH(0x7fe832371f28), ComponentUI=HASH(0x7fe83246e8e8)) called at /Users/eserte/.cpan/build/2016111312/Catalyst-Runtime-5.90112-9jHZJM/blib/lib/Catalyst/Controller.pm line 189
	Catalyst::Controller::_END(ComponentUI::Controller::Root=HASH(0x7fe832463810), ComponentUI=HASH(0x7fe83246e8e8)) called at /Users/eserte/.cpan/build/2016111312/Catalyst-Runtime-5.90112-9jHZJM/blib/lib/Catalyst/Action.pm line 358
	Catalyst::Action::execute(Catalyst::Action=HASH(0x7fe832410e70), ComponentUI::Controller::Root=HASH(0x7fe832463810), ComponentUI=HASH(0x7fe83246e8e8)) called at /Users/eserte/.cpan/build/2016111312/Catalyst-Runtime-5.90112-9jHZJM/blib/lib/Catalyst.pm line 2056
	eval {...} called at /Users/eserte/.cpan/build/2016111312/Catalyst-Runtime-5.90112-9jHZJM/blib/lib/Catalyst.pm line 2056
	Catalyst::execute(ComponentUI=HASH(0x7fe83246e8e8), "ComponentUI::Controller::Root", Catalyst::Action=HASH(0x7fe832410e70)) called at /Users/eserte/.cpan/build/2016111312/Catalyst-Runtime-5.90112-9jHZJM/blib/lib/Catalyst/Action.pm line 353
	Catalyst::Action::dispatch(Catalyst::Action=HASH(0x7fe832410e70), ComponentUI=HASH(0x7fe83246e8e8)) called at /Users/eserte/.cpan/build/2016111312/Catalyst-Runtime-5.90112-9jHZJM/blib/lib/Catalyst/Dispatcher.pm line 262
	Catalyst::Dispatcher::_do_forward(Catalyst::Dispatcher=HASH(0x7fe82a83f688), "forward", ComponentUI=HASH(0x7fe83246e8e8), "_END") called at /Users/eserte/.cpan/build/2016111312/Catalyst-Runtime-5.90112-9jHZJM/blib/lib/Catalyst/Dispatcher.pm line 242
	Catalyst::Dispatcher::forward(Catalyst::Dispatcher=HASH(0x7fe82a83f688), ComponentUI=HASH(0x7fe83246e8e8), "_END") called at /Users/eserte/.cpan/build/2016111312/Catalyst-Runtime-5.90112-9jHZJM/blib/lib/Catalyst.pm line 481
	Catalyst::forward(ComponentUI=HASH(0x7fe83246e8e8), "_END") called at /Users/eserte/.cpan/build/2016111312/Catalyst-Runtime-5.90112-9jHZJM/blib/lib/Catalyst/Controller.pm line 138
	Catalyst::Controller::_DISPATCH(ComponentUI::Controller::Root=HASH(0x7fe832463810), ComponentUI=HASH(0x7fe83246e8e8)) called at /Users/eserte/.cpan/build/2016111312/Catalyst-Runtime-5.90112-9jHZJM/blib/lib/Catalyst/Action.pm line 358
	Catalyst::Action::execute(Catalyst::Action=HASH(0x7fe832410cc0), ComponentUI::Controller::Root=HASH(0x7fe832463810), ComponentUI=HASH(0x7fe83246e8e8)) called at /Users/eserte/.cpan/build/2016111312/Catalyst-Runtime-5.90112-9jHZJM/blib/lib/Catalyst.pm line 2056
	eval {...} called at /Users/eserte/.cpan/build/2016111312/Catalyst-Runtime-5.90112-9jHZJM/blib/lib/Catalyst.pm line 2056
	Catalyst::execute(ComponentUI=HASH(0x7fe83246e8e8), "ComponentUI::Controller::Root", Catalyst::Action=HASH(0x7fe832410cc0)) called at /Users/eserte/.cpan/build/2016111312/Catalyst-Runtime-5.90112-9jHZJM/blib/lib/Catalyst/Action.pm line 353
	Catalyst::Action::dispatch(Catalyst::Action=HASH(0x7fe832410cc0), ComponentUI=HASH(0x7fe83246e8e8)) called at /Users/eserte/.cpan/build/2016111312/Catalyst-Runtime-5.90112-9jHZJM/blib/lib/Catalyst/Dispatcher.pm line 262
	Catalyst::Dispatcher::_do_forward(Catalyst::Dispatcher=HASH(0x7fe82a83f688), "forward", ComponentUI=HASH(0x7fe83246e8e8), "//_DISPATCH") called at /Users/eserte/.cpan/build/2016111312/Catalyst-Runtime-5.90112-9jHZJM/blib/lib/Catalyst/Dispatcher.pm line 242
	Catalyst::Dispatcher::forward(Catalyst::Dispatcher=HASH(0x7fe82a83f688), ComponentUI=HASH(0x7fe83246e8e8), "//_DISPATCH") called at /Users/eserte/.cpan/build/2016111312/Catalyst-Runtime-5.90112-9jHZJM/blib/lib/Catalyst.pm line 481
	Catalyst::forward(ComponentUI=HASH(0x7fe83246e8e8), "//_DISPATCH") called at /Users/eserte/.cpan/build/2016111312/Catalyst-Runtime-5.90112-9jHZJM/blib/lib/Catalyst/Dispatcher.pm line 107
	Catalyst::Dispatcher::dispatch(Catalyst::Dispatcher=HASH(0x7fe82a83f688), ComponentUI=HASH(0x7fe83246e8e8)) called at /Users/eserte/.cpan/build/2016111312/Catalyst-Runtime-5.90112-9jHZJM/blib/lib/Catalyst.pm line 2002
	Catalyst::dispatch(ComponentUI=HASH(0x7fe83246e8e8)) called at /Users/eserte/.cpan/build/2016111312/Catalyst-Plugin-Static-Simple-0.33-w1g7_U/blib/lib/Catalyst/Plugin/Static/Simple.pm line 86
	Class::MOP::Class:::around(CODE(0x7fe82d122348), ComponentUI=HASH(0x7fe83246e8e8)) called at /usr/local/Cellar/perl518/5.18.2/lib/site_perl/5.18.2/darwin-thread-multi-2level/Class/MOP/Method/Wrapped.pm line 164
	ComponentUI::_wrapped_dispatch(ComponentUI=HASH(0x7fe83246e8e8)) called at /usr/local/Cellar/perl518/5.18.2/lib/site_perl/5.18.2/darwin-thread-multi-2level/Class/MOP/Method/Wrapped.pm line 95
	ComponentUI::dispatch(ComponentUI=HASH(0x7fe83246e8e8)) called at /Users/eserte/.cpan/build/2016111312/Catalyst-Runtime-5.90112-9jHZJM/blib/lib/Catalyst.pm line 2393
	Catalyst::try {...} () called at /usr/local/Cellar/perl518/5.18.2/lib/site_perl/5.18.2/Try/Tiny.pm line 92
	eval {...} called at /usr/local/Cellar/perl518/5.18.2/lib/site_perl/5.18.2/Try/Tiny.pm line 83
	Try::Tiny::try(CODE(0x7fe83246e2e8), Try::Tiny::Catch=REF(0x7fe83246e180)) called at /Users/eserte/.cpan/build/2016111312/Catalyst-Runtime-5.90112-9jHZJM/blib/lib/Catalyst.pm line 2402
	Catalyst::handle_request("ComponentUI", "env", HASH(0x7fe832460070), "response_cb", CODE(0x7fe83246e1c8)) called at /Users/eserte/.cpan/build/2016111312/Catalyst-Runtime-5.90112-9jHZJM/blib/lib/Catalyst/Engine.pm line 800
	Catalyst::Engine::__ANON__(CODE(0x7fe83246e1c8)) called at /usr/local/Cellar/perl518/5.18.2/lib/site_perl/5.18.2/Plack/Middleware/HTTPExceptions.pm line 32
	Plack::Middleware::HTTPExceptions::try {...} () called at /usr/local/Cellar/perl518/5.18.2/lib/site_perl/5.18.2/Try/Tiny.pm line 92
	eval {...} called at /usr/local/Cellar/perl518/5.18.2/lib/site_perl/5.18.2/Try/Tiny.pm line 83
	Try::Tiny::try(CODE(0x7fe83246e000), Try::Tiny::Catch=REF(0x7fe8324b5a68)) called at /usr/local/Cellar/perl518/5.18.2/lib/site_perl/5.18.2/Plack/Middleware/HTTPExceptions.pm line 41
	Plack::Middleware::HTTPExceptions::__ANON__(CODE(0x7fe83246def8)) called at /usr/local/Cellar/perl518/5.18.2/lib/site_perl/5.18.2/Plack/Util.pm line 339
	Plack::Util::__ANON__(CODE(0x7fe83246ddf0)) called at /usr/local/Cellar/perl518/5.18.2/lib/site_perl/5.18.2/Plack/Util.pm line 339
	Plack::Util::__ANON__(CODE(0x7fe83246dce8)) called at /usr/local/Cellar/perl518/5.18.2/lib/site_perl/5.18.2/Plack/Util.pm line 339
	Plack::Util::__ANON__(CODE(0x7fe83246dc70)) called at /usr/local/Cellar/perl518/5.18.2/lib/site_perl/5.18.2/HTTP/Message/PSGI.pm line 100
	HTTP::Message::PSGI::res_from_psgi(CODE(0x7fe8324b5918)) called at /usr/local/Cellar/perl518/5.18.2/lib/site_perl/5.18.2/HTTP/Message/PSGI.pm line 156
	HTTP::Response::from_psgi("HTTP::Response", CODE(0x7fe8324b5918)) called at /usr/local/Cellar/perl518/5.18.2/lib/site_perl/5.18.2/Plack/Test/MockHTTP.pm line 24
	Plack::Test::MockHTTP::try {...} () called at /usr/local/Cellar/perl518/5.18.2/lib/site_perl/5.18.2/Try/Tiny.pm line 87
	eval {...} called at /usr/local/Cellar/perl518/5.18.2/lib/site_perl/5.18.2/Try/Tiny.pm line 83
	Try::Tiny::try(CODE(0x7fe83245f3b0), Try::Tiny::Catch=REF(0x7fe832381a88)) called at /usr/local/Cellar/perl518/5.18.2/lib/site_perl/5.18.2/Plack/Test/MockHTTP.pm line 27
	Plack::Test::MockHTTP::request(Plack::Test::MockHTTP=HASH(0x7fe83245f860), HTTP::Request=HASH(0x7fe83245f3e0)) called at /usr/local/Cellar/perl518/5.18.2/lib/site_perl/5.18.2/Plack/Test.pm line 38
	Plack::Test::__ANON__(HTTP::Request=HASH(0x7fe83245f3e0)) called at /Users/eserte/.cpan/build/2016111312/Catalyst-Runtime-5.90112-9jHZJM/blib/lib/Catalyst/Test.pm line 281
	Catalyst::Test::__ANON__(CODE(0x7fe83245f6f8)) called at /usr/local/Cellar/perl518/5.18.2/lib/site_perl/5.18.2/Plack/Test.pm line 38
	Plack::Test::test_psgi("mangle_response", CODE(0x7fe82c270868), "app", CODE(0x7fe832419908), "app", CODE(0x7fe83245f518), "client", CODE(0x7fe83245f5c0)) called at /Users/eserte/.cpan/build/2016111312/Catalyst-Runtime-5.90112-9jHZJM/blib/lib/Catalyst/Test.pm line 284
	Catalyst::Test::_request(HASH(0x7fe82a831678), "/") called at /Users/eserte/.cpan/build/2016111312/Catalyst-Runtime-5.90112-9jHZJM/blib/lib/Catalyst/Test.pm line 327
	Catalyst::Test::_local_request("ComponentUI", "/") called at /Users/eserte/.cpan/build/2016111312/Catalyst-Runtime-5.90112-9jHZJM/blib/lib/Catalyst/Test.pm line 32
	Catalyst::Test::__ANON__("/") called at t/01app.t line 10
Class::MOP::load_class is deprecated at /usr/local/Cellar/perl518/5.18.2/lib/site_perl/5.18.2/darwin-thread-multi-2level/Class/MOP.pm line 69.
	Class::MOP::load_class("Reaction::UI::Widget::SiteLayout") called at /Users/eserte/.cpan/build/2016111312/Reaction-0.002005-QfoCia/blib/lib/Reaction/UI/Skin.pm line 181
	eval {...} called at /Users/eserte/.cpan/build/2016111312/Reaction-0.002005-QfoCia/blib/lib/Reaction/UI/Skin.pm line 181
	Reaction::UI::Skin::widget_class_for(Reaction::UI::Skin=HASH(0x7fe83070a7b0), Reaction::UI::LayoutSet::TT=HASH(0x7fe83074b300)) called at /Users/eserte/.cpan/build/2016111312/Reaction-0.002005-QfoCia/blib/lib/Reaction/UI/LayoutSet.pm line 28
	Reaction::UI::LayoutSet::BUILD(Reaction::UI::LayoutSet::TT=HASH(0x7fe83074b300), HASH(0x7fe83074b270)) called at constructor Reaction::UI::LayoutSet::TT::new (defined at /Users/eserte/.cpan/build/2016111312/Reaction-0.002005-QfoCia/blib/lib/Reaction/UI/LayoutSet/TT.pm line 43) line 69
	Reaction::UI::LayoutSet::TT::new("Reaction::UI::LayoutSet::TT", "name", "site_layout", "skin", Reaction::UI::Skin=HASH(0x7fe83070a7b0), "tt_object", Template=HASH(0x7fe8306e4a78), "source_file", ...) called at /Users/eserte/.cpan/build/2016111312/Reaction-0.002005-QfoCia/blib/lib/Reaction/UI/Skin.pm line 114
	Reaction::UI::Skin::_create_layout_set(Reaction::UI::Skin=HASH(0x7fe83070a7b0), "site_layout", ARRAY(0x7fe83075f090), Reaction::UI::Skin=HASH(0x7fe83070a7b0)) called at /Users/eserte/.cpan/build/2016111312/Reaction-0.002005-QfoCia/blib/lib/Reaction/UI/Skin.pm line 110
	Reaction::UI::Skin::create_layout_set(Reaction::UI::Skin=HASH(0x7fe83070a7b0), "site_layout") called at /Users/eserte/.cpan/build/2016111312/Reaction-0.002005-QfoCia/blib/lib/Reaction/UI/LayoutSet.pm line 83
	Reaction::UI::LayoutSet::_load_file(Reaction::UI::LayoutSet::TT=HASH(0x7fe830746440), Path::Class::File=HASH(0x7fe83070a1f8), HASH(0x7fe8307624c8)) called at /Users/eserte/.cpan/build/2016111312/Reaction-0.002005-QfoCia/blib/lib/Reaction/UI/LayoutSet.pm line 27
	Reaction::UI::LayoutSet::BUILD(Reaction::UI::LayoutSet::TT=HASH(0x7fe830746440), HASH(0x7fe8307624c8)) called at constructor Reaction::UI::LayoutSet::TT::new (defined at /Users/eserte/.cpan/build/2016111312/Reaction-0.002005-QfoCia/blib/lib/Reaction/UI/LayoutSet/TT.pm line 43) line 69
	Reaction::UI::LayoutSet::TT::new("Reaction::UI::LayoutSet::TT", "name", "site_layout", "skin", Reaction::UI::Skin=HASH(0x7fe8306f3350), "next_skin", Reaction::UI::Skin=HASH(0x7fe83070a7b0), "tt_object", ...) called at /Users/eserte/.cpan/build/2016111312/Reaction-0.002005-QfoCia/blib/lib/Reaction/UI/Skin.pm line 114
	Reaction::UI::Skin::_create_layout_set(Reaction::UI::Skin=HASH(0x7fe8306f3350), "site_layout", ARRAY(0x7fe830744f60), Reaction::UI::Skin=HASH(0x7fe8306f3350)) called at /Users/eserte/.cpan/build/2016111312/Reaction-0.002005-QfoCia/blib/lib/Reaction/UI/Skin.pm line 110
	Reaction::UI::Skin::create_layout_set(Reaction::UI::Skin=HASH(0x7fe8306f3350), "site_layout") called at /Users/eserte/.cpan/build/2016111312/Reaction-0.002005-QfoCia/blib/lib/Reaction/UI/LayoutSet.pm line 83
	Reaction::UI::LayoutSet::_load_file(Reaction::UI::LayoutSet::TT=HASH(0x7fe82c954418), Path::Class::File=HASH(0x7fe82b772f98), HASH(0x7fe82b772e18)) called at /Users/eserte/.cpan/build/2016111312/Reaction-0.002005-QfoCia/blib/lib/Reaction/UI/LayoutSet.pm line 27
	Reaction::UI::LayoutSet::BUILD(Reaction::UI::LayoutSet::TT=HASH(0x7fe82c954418), HASH(0x7fe82b772e18)) called at constructor Reaction::UI::LayoutSet::TT::new (defined at /Users/eserte/.cpan/build/2016111312/Reaction-0.002005-QfoCia/blib/lib/Reaction/UI/LayoutSet/TT.pm line 43) line 69
	Reaction::UI::LayoutSet::TT::new("Reaction::UI::LayoutSet::TT", "name", "site_layout", "skin", Reaction::UI::Skin=HASH(0x7fe82b773400), "next_skin", Reaction::UI::Skin=HASH(0x7fe8306f3350), "tt_object", ...) called at /Users/eserte/.cpan/build/2016111312/Reaction-0.002005-QfoCia/blib/lib/Reaction/UI/Skin.pm line 114
	Reaction::UI::Skin::_create_layout_set(Reaction::UI::Skin=HASH(0x7fe82b773400), "site_layout", ARRAY(0x7fe8324734c0), Reaction::UI::Skin=HASH(0x7fe82b773400)) called at /Users/eserte/.cpan/build/2016111312/Reaction-0.002005-QfoCia/blib/lib/Reaction/UI/Skin.pm line 110
	Reaction::UI::Skin::create_layout_set(Reaction::UI::Skin=HASH(0x7fe82b773400), "site_layout") called at /usr/local/Cellar/perl518/5.18.2/lib/site_perl/5.18.2/darwin-thread-multi-2level/Moose/Meta/Method/Delegation.pm line 110
	Reaction::UI::View::create_layout_set(ComponentUI::View::Site=HASH(0x7fe82e5dfb68), "site_layout") called at /Users/eserte/.cpan/build/2016111312/Reaction-0.002005-QfoCia/blib/lib/Reaction/UI/View.pm line 99
	Reaction::UI::View::layout_set_for(ComponentUI::View::Site=HASH(0x7fe82e5dfb68), Reaction::UI::ViewPort::SiteLayout=HASH(0x7fe832473018)) called at /Users/eserte/.cpan/build/2016111312/Reaction-0.002005-QfoCia/blib/lib/Reaction/UI/View.pm line 78
	Reaction::UI::View::render_viewport_args(ComponentUI::View::Site=HASH(0x7fe82e5dfb68), Reaction::UI::ViewPort::SiteLayout=HASH(0x7fe832473018)) called at /Users/eserte/.cpan/build/2016111312/Reaction-0.002005-QfoCia/blib/lib/Reaction/UI/View.pm line 61
	Reaction::UI::View::render_window(ComponentUI::View::Site=HASH(0x7fe82e5dfb68), Reaction::UI::Window=HASH(0x7fe8324729a0)) called at /Users/eserte/.cpan/build/2016111312/Reaction-0.002005-QfoCia/blib/lib/Reaction/UI/Window.pm line 74
	Reaction::UI::Window::flush_view(Reaction::UI::Window=HASH(0x7fe8324729a0)) called at /Users/eserte/.cpan/build/2016111312/Reaction-0.002005-QfoCia/blib/lib/Reaction/UI/Window.pm line 36
	Reaction::UI::Window::flush(Reaction::UI::Window=HASH(0x7fe8324729a0)) called at /Users/eserte/.cpan/build/2016111312/Reaction-0.002005-QfoCia/blib/lib/Reaction/UI/Controller/Root.pm line 38
	Reaction::UI::Controller::Root::end(ComponentUI::Controller::Root=HASH(0x7fe832463810), ComponentUI=HASH(0x7fe83246e8e8)) called at /Users/eserte/.cpan/build/2016111312/Catalyst-Runtime-5.90112-9jHZJM/blib/lib/Catalyst/Action.pm line 358
	Catalyst::Action::execute(Catalyst::Action=HASH(0x7fe832371f28), ComponentUI::Controller::Root=HASH(0x7fe832463810), ComponentUI=HASH(0x7fe83246e8e8)) called at /Users/eserte/.cpan/build/2016111312/Catalyst-Runtime-5.90112-9jHZJM/blib/lib/Catalyst.pm line 2056
	eval {...} called at /Users/eserte/.cpan/build/2016111312/Catalyst-Runtime-5.90112-9jHZJM/blib/lib/Catalyst.pm line 2056
	Catalyst::execute(ComponentUI=HASH(0x7fe83246e8e8), "ComponentUI::Controller::Root", Catalyst::Action=HASH(0x7fe832371f28)) called at /Users/eserte/.cpan/build/2016111312/Catalyst-Runtime-5.90112-9jHZJM/blib/lib/Catalyst/Action.pm line 353
	Catalyst::Action::dispatch(Catalyst::Action=HASH(0x7fe832371f28), ComponentUI=HASH(0x7fe83246e8e8)) called at /Users/eserte/.cpan/build/2016111312/Catalyst-Runtime-5.90112-9jHZJM/blib/lib/Catalyst/Controller.pm line 189
	Catalyst::Controller::_END(ComponentUI::Controller::Root=HASH(0x7fe832463810), ComponentUI=HASH(0x7fe83246e8e8)) called at /Users/eserte/.cpan/build/2016111312/Catalyst-Runtime-5.90112-9jHZJM/blib/lib/Catalyst/Action.pm line 358
	Catalyst::Action::execute(Catalyst::Action=HASH(0x7fe832410e70), ComponentUI::Controller::Root=HASH(0x7fe832463810), ComponentUI=HASH(0x7fe83246e8e8)) called at /Users/eserte/.cpan/build/2016111312/Catalyst-Runtime-5.90112-9jHZJM/blib/lib/Catalyst.pm line 2056
	eval {...} called at /Users/eserte/.cpan/build/2016111312/Catalyst-Runtime-5.90112-9jHZJM/blib/lib/Catalyst.pm line 2056
	Catalyst::execute(ComponentUI=HASH(0x7fe83246e8e8), "ComponentUI::Controller::Root", Catalyst::Action=HASH(0x7fe832410e70)) called at /Users/eserte/.cpan/build/2016111312/Catalyst-Runtime-5.90112-9jHZJM/blib/lib/Catalyst/Action.pm line 353
	Catalyst::Action::dispatch(Catalyst::Action=HASH(0x7fe832410e70), ComponentUI=HASH(0x7fe83246e8e8)) called at /Users/eserte/.cpan/build/2016111312/Catalyst-Runtime-5.90112-9jHZJM/blib/lib/Catalyst/Dispatcher.pm line 262
	Catalyst::Dispatcher::_do_forward(Catalyst::Dispatcher=HASH(0x7fe82a83f688), "forward", ComponentUI=HASH(0x7fe83246e8e8), "_END") called at /Users/eserte/.cpan/build/2016111312/Catalyst-Runtime-5.90112-9jHZJM/blib/lib/Catalyst/Dispatcher.pm line 242
	Catalyst::Dispatcher::forward(Catalyst::Dispatcher=HASH(0x7fe82a83f688), ComponentUI=HASH(0x7fe83246e8e8), "_END") called at /Users/eserte/.cpan/build/2016111312/Catalyst-Runtime-5.90112-9jHZJM/blib/lib/Catalyst.pm line 481
	Catalyst::forward(ComponentUI=HASH(0x7fe83246e8e8), "_END") called at /Users/eserte/.cpan/build/2016111312/Catalyst-Runtime-5.90112-9jHZJM/blib/lib/Catalyst/Controller.pm line 138
	Catalyst::Controller::_DISPATCH(ComponentUI::Controller::Root=HASH(0x7fe832463810), ComponentUI=HASH(0x7fe83246e8e8)) called at /Users/eserte/.cpan/build/2016111312/Catalyst-Runtime-5.90112-9jHZJM/blib/lib/Catalyst/Action.pm line 358
	Catalyst::Action::execute(Catalyst::Action=HASH(0x7fe832410cc0), ComponentUI::Controller::Root=HASH(0x7fe832463810), ComponentUI=HASH(0x7fe83246e8e8)) called at /Users/eserte/.cpan/build/2016111312/Catalyst-Runtime-5.90112-9jHZJM/blib/lib/Catalyst.pm line 2056
	eval {...} called at /Users/eserte/.cpan/build/2016111312/Catalyst-Runtime-5.90112-9jHZJM/blib/lib/Catalyst.pm line 2056
	Catalyst::execute(ComponentUI=HASH(0x7fe83246e8e8), "ComponentUI::Controller::Root", Catalyst::Action=HASH(0x7fe832410cc0)) called at /Users/eserte/.cpan/build/2016111312/Catalyst-Runtime-5.90112-9jHZJM/blib/lib/Catalyst/Action.pm line 353
	Catalyst::Action::dispatch(Catalyst::Action=HASH(0x7fe832410cc0), ComponentUI=HASH(0x7fe83246e8e8)) called at /Users/eserte/.cpan/build/2016111312/Catalyst-Runtime-5.90112-9jHZJM/blib/lib/Catalyst/Dispatcher.pm line 262
	Catalyst::Dispatcher::_do_forward(Catalyst::Dispatcher=HASH(0x7fe82a83f688), "forward", ComponentUI=HASH(0x7fe83246e8e8), "//_DISPATCH") called at /Users/eserte/.cpan/build/2016111312/Catalyst-Runtime-5.90112-9jHZJM/blib/lib/Catalyst/Dispatcher.pm line 242
	Catalyst::Dispatcher::forward(Catalyst::Dispatcher=HASH(0x7fe82a83f688), ComponentUI=HASH(0x7fe83246e8e8), "//_DISPATCH") called at /Users/eserte/.cpan/build/2016111312/Catalyst-Runtime-5.90112-9jHZJM/blib/lib/Catalyst.pm line 481
	Catalyst::forward(ComponentUI=HASH(0x7fe83246e8e8), "//_DISPATCH") called at /Users/eserte/.cpan/build/2016111312/Catalyst-Runtime-5.90112-9jHZJM/blib/lib/Catalyst/Dispatcher.pm line 107
	Catalyst::Dispatcher::dispatch(Catalyst::Dispatcher=HASH(0x7fe82a83f688), ComponentUI=HASH(0x7fe83246e8e8)) called at /Users/eserte/.cpan/build/2016111312/Catalyst-Runtime-5.90112-9jHZJM/blib/lib/Catalyst.pm line 2002
	Catalyst::dispatch(ComponentUI=HASH(0x7fe83246e8e8)) called at /Users/eserte/.cpan/build/2016111312/Catalyst-Plugin-Static-Simple-0.33-w1g7_U/blib/lib/Catalyst/Plugin/Static/Simple.pm line 86
	Class::MOP::Class:::around(CODE(0x7fe82d122348), ComponentUI=HASH(0x7fe83246e8e8)) called at /usr/local/Cellar/perl518/5.18.2/lib/site_perl/5.18.2/darwin-thread-multi-2level/Class/MOP/Method/Wrapped.pm line 164
	ComponentUI::_wrapped_dispatch(ComponentUI=HASH(0x7fe83246e8e8)) called at /usr/local/Cellar/perl518/5.18.2/lib/site_perl/5.18.2/darwin-thread-multi-2level/Class/MOP/Method/Wrapped.pm line 95
	ComponentUI::dispatch(ComponentUI=HASH(0x7fe83246e8e8)) called at /Users/eserte/.cpan/build/2016111312/Catalyst-Runtime-5.90112-9jHZJM/blib/lib/Catalyst.pm line 2393
	Catalyst::try {...} () called at /usr/local/Cellar/perl518/5.18.2/lib/site_perl/5.18.2/Try/Tiny.pm line 92
	eval {...} called at /usr/local/Cellar/perl518/5.18.2/lib/site_perl/5.18.2/Try/Tiny.pm line 83
	Try::Tiny::try(CODE(0x7fe83246e2e8), Try::Tiny::Catch=REF(0x7fe83246e180)) called at /Users/eserte/.cpan/build/2016111312/Catalyst-Runtime-5.90112-9jHZJM/blib/lib/Catalyst.pm line 2402
	Catalyst::handle_request("ComponentUI", "env", HASH(0x7fe832460070), "response_cb", CODE(0x7fe83246e1c8)) called at /Users/eserte/.cpan/build/2016111312/Catalyst-Runtime-5.90112-9jHZJM/blib/lib/Catalyst/Engine.pm line 800
	Catalyst::Engine::__ANON__(CODE(0x7fe83246e1c8)) called at /usr/local/Cellar/perl518/5.18.2/lib/site_perl/5.18.2/Plack/Middleware/HTTPExceptions.pm line 32
	Plack::Middleware::HTTPExceptions::try {...} () called at /usr/local/Cellar/perl518/5.18.2/lib/site_perl/5.18.2/Try/Tiny.pm line 92
	eval {...} called at /usr/local/Cellar/perl518/5.18.2/lib/site_perl/5.18.2/Try/Tiny.pm line 83
	Try::Tiny::try(CODE(0x7fe83246e000), Try::Tiny::Catch=REF(0x7fe8324b5a68)) called at /usr/local/Cellar/perl518/5.18.2/lib/site_perl/5.18.2/Plack/Middleware/HTTPExceptions.pm line 41
	Plack::Middleware::HTTPExceptions::__ANON__(CODE(0x7fe83246def8)) called at /usr/local/Cellar/perl518/5.18.2/lib/site_perl/5.18.2/Plack/Util.pm line 339
	Plack::Util::__ANON__(CODE(0x7fe83246ddf0)) called at /usr/local/Cellar/perl518/5.18.2/lib/site_perl/5.18.2/Plack/Util.pm line 339
	Plack::Util::__ANON__(CODE(0x7fe83246dce8)) called at /usr/local/Cellar/perl518/5.18.2/lib/site_perl/5.18.2/Plack/Util.pm line 339
	Plack::Util::__ANON__(CODE(0x7fe83246dc70)) called at /usr/local/Cellar/perl518/5.18.2/lib/site_perl/5.18.2/HTTP/Message/PSGI.pm line 100
	HTTP::Message::PSGI::res_from_psgi(CODE(0x7fe8324b5918)) called at /usr/local/Cellar/perl518/5.18.2/lib/site_perl/5.18.2/HTTP/Message/PSGI.pm line 156
	HTTP::Response::from_psgi("HTTP::Response", CODE(0x7fe8324b5918)) called at /usr/local/Cellar/perl518/5.18.2/lib/site_perl/5.18.2/Plack/Test/MockHTTP.pm line 24
	Plack::Test::MockHTTP::try {...} () called at /usr/local/Cellar/perl518/5.18.2/lib/site_perl/5.18.2/Try/Tiny.pm line 87
	eval {...} called at /usr/local/Cellar/perl518/5.18.2/lib/site_perl/5.18.2/Try/Tiny.pm line 83
	Try::Tiny::try(CODE(0x7fe83245f3b0), Try::Tiny::Catch=REF(0x7fe832381a88)) called at /usr/local/Cellar/perl518/5.18.2/lib/site_perl/5.18.2/Plack/Test/MockHTTP.pm line 27
	Plack::Test::MockHTTP::request(Plack::Test::MockHTTP=HASH(0x7fe83245f860), HTTP::Request=HASH(0x7fe83245f3e0)) called at /usr/local/Cellar/perl518/5.18.2/lib/site_perl/5.18.2/Plack/Test.pm line 38
	Plack::Test::__ANON__(HTTP::Request=HASH(0x7fe83245f3e0)) called at /Users/eserte/.cpan/build/2016111312/Catalyst-Runtime-5.90112-9jHZJM/blib/lib/Catalyst/Test.pm line 281
	Catalyst::Test::__ANON__(CODE(0x7fe83245f6f8)) called at /usr/local/Cellar/perl518/5.18.2/lib/site_perl/5.18.2/Plack/Test.pm line 38
	Plack::Test::test_psgi("mangle_response", CODE(0x7fe82c270868), "app", CODE(0x7fe832419908), "app", CODE(0x7fe83245f518), "client", CODE(0x7fe83245f5c0)) called at /Users/eserte/.cpan/build/2016111312/Catalyst-Runtime-5.90112-9jHZJM/blib/lib/Catalyst/Test.pm line 284
	Catalyst::Test::_request(HASH(0x7fe82a831678), "/") called at /Users/eserte/.cpan/build/2016111312/Catalyst-Runtime-5.90112-9jHZJM/blib/lib/Catalyst/Test.pm line 327
	Catalyst::Test::_local_request("ComponentUI", "/") called at /Users/eserte/.cpan/build/2016111312/Catalyst-Runtime-5.90112-9jHZJM/blib/lib/Catalyst/Test.pm line 32
	Catalyst::Test::__ANON__("/") called at t/01app.t line 10
[debug] remote
t/01app.t ................... ok
t/04load_all.t .............. ok

#   Failed test 'Attribute lists match'
#   at t/05reflect_attr_from.t line 32.
#     Structures begin differing at:
#          $got->[0] = 'id'
#     $expected->[0] = 'username'
# Looks like you failed 1 test of 1.
t/05reflect_attr_from.t ..... 
Dubious, test returned 1 (wstat 256, 0x100)
Failed 1/1 subtests 
Class::MOP::load_class is deprecated at /usr/local/Cellar/perl518/5.18.2/lib/site_perl/5.18.2/darwin-thread-multi-2level/Class/MOP.pm line 69.
	Class::MOP::load_class("Reaction::InterfaceModel::Object") called at /Users/eserte/.cpan/build/2016111312/Reaction-0.002005-QfoCia/blib/lib/Reaction/InterfaceModel/Reflector/DBIC.pm line 149
	Reaction::InterfaceModel::Reflector::DBIC::reflect_schema(Reaction::InterfaceModel::Reflector::DBIC=HASH(0x7f9d1af76318), "model_class", "ComponentUI::TestModel", "schema_class", "RTest::TestDB", "sources", ARRAY(0x7f9d1af8f780)) called at /Users/eserte/.cpan/build/2016111312/Reaction-0.002005-QfoCia/blib/lib/ComponentUI/TestModel.pm line 10
	require ComponentUI/TestModel.pm called at t/lib/RTest/InterfaceModel/Reflector/DBIC.pm line 6
	RTest::InterfaceModel::Reflector::DBIC::BEGIN() called at /Users/eserte/.cpan/build/2016111312/Reaction-0.002005-QfoCia/blib/lib/ComponentUI/TestModel.pm line 0
	eval {...} called at /Users/eserte/.cpan/build/2016111312/Reaction-0.002005-QfoCia/blib/lib/ComponentUI/TestModel.pm line 0
	require RTest/InterfaceModel/Reflector/DBIC.pm called at t/im_dbic.t line 7
	main::BEGIN() called at /Users/eserte/.cpan/build/2016111312/Reaction-0.002005-QfoCia/blib/lib/ComponentUI/TestModel.pm line 0
	eval {...} called at /Users/eserte/.cpan/build/2016111312/Reaction-0.002005-QfoCia/blib/lib/ComponentUI/TestModel.pm line 0
Class::MOP::load_class is deprecated at /usr/local/Cellar/perl518/5.18.2/lib/site_perl/5.18.2/darwin-thread-multi-2level/Class/MOP.pm line 69.
	Class::MOP::load_class("Reaction::InterfaceModel::Object") called at /Users/eserte/.cpan/build/2016111312/Reaction-0.002005-QfoCia/blib/lib/Reaction/Class.pm line 123
	Reaction::Class::do_class_sub("Reaction::Class", "ComponentUI::TestModel::Foo", "ComponentUI::TestModel::Foo", "is", "Reaction::InterfaceModel::Object", "which", CODE(0x7f9d1bbe9018)) called at /Users/eserte/.cpan/build/2016111312/Reaction-0.002005-QfoCia/blib/lib/Reaction/Class.pm line 86
	Reaction::Class::("ComponentUI::TestModel::Foo", "is", "Reaction::InterfaceModel::Object", "which", CODE(0x7f9d1bbe9018)) called at /Users/eserte/.cpan/build/2016111312/Reaction-0.002005-QfoCia/blib/lib/ComponentUI/TestModel/Foo.pm line 8
	require ComponentUI/TestModel/Foo.pm called at /usr/local/Cellar/perl518/5.18.2/lib/site_perl/5.18.2/Module/Runtime.pm line 317
	Module::Runtime::require_module("ComponentUI::TestModel::Foo") called at /usr/local/Cellar/perl518/5.18.2/lib/site_perl/5.18.2/Class/Load.pm line 174
	Class::Load::try {...} () called at /usr/local/Cellar/perl518/5.18.2/lib/site_perl/5.18.2/Try/Tiny.pm line 87
	eval {...} called at /usr/local/Cellar/perl518/5.18.2/lib/site_perl/5.18.2/Try/Tiny.pm line 83
	Try::Tiny::try(CODE(0x7f9d19532be0), Try::Tiny::Catch=REF(0x7f9d1bd244d0)) called at /usr/local/Cellar/perl518/5.18.2/lib/site_perl/5.18.2/Class/Load.pm line 180
	Class::Load::try_load_class("ComponentUI::TestModel::Foo", undef) called at /usr/local/Cellar/perl518/5.18.2/lib/site_perl/5.18.2/Class/Load.pm line 35
	Class::Load::load_class("ComponentUI::TestModel::Foo") called at /Users/eserte/.cpan/build/2016111312/Reaction-0.002005-QfoCia/blib/lib/Reaction/InterfaceModel/Reflector/DBIC.pm line 892
	eval {...} called at /Users/eserte/.cpan/build/2016111312/Reaction-0.002005-QfoCia/blib/lib/Reaction/InterfaceModel/Reflector/DBIC.pm line 892
	Reaction::InterfaceModel::Reflector::DBIC::_maybe_load_class(Reaction::InterfaceModel::Reflector::DBIC=HASH(0x7f9d1af76318), "ComponentUI::TestModel::Foo") called at /Users/eserte/.cpan/build/2016111312/Reaction-0.002005-QfoCia/blib/lib/Reaction/InterfaceModel/Reflector/DBIC.pm line 876
	Reaction::InterfaceModel::Reflector::DBIC::_load_or_create(Reaction::InterfaceModel::Reflector::DBIC=HASH(0x7f9d1af76318), "ComponentUI::TestModel::Foo", "superclasses", ARRAY(0x7f9d1bbb1f50)) called at /Users/eserte/.cpan/build/2016111312/Reaction-0.002005-QfoCia/blib/lib/Reaction/InterfaceModel/Reflector/DBIC.pm line 448
	Reaction::InterfaceModel::Reflector::DBIC::reflect_source_object(Reaction::InterfaceModel::Reflector::DBIC=HASH(0x7f9d1af76318), "source_name", "Foo", "parent_domain_model_name", "_rtest_test_db_store", "source_class", "RTest::TestDB::Foo", "schema_class", ...) called at /Users/eserte/.cpan/build/2016111312/Reaction-0.002005-QfoCia/blib/lib/Reaction/InterfaceModel/Reflector/DBIC.pm line 323
	Reaction::InterfaceModel::Reflector::DBIC::reflect_source(Reaction::InterfaceModel::Reflector::DBIC=HASH(0x7f9d1af76318), "source_name", "Foo", "parent_class", "ComponentUI::TestModel", "schema_class", "RTest::TestDB", "source_class", ...) called at /Users/eserte/.cpan/build/2016111312/Reaction-0.002005-QfoCia/blib/lib/Reaction/InterfaceModel/Reflector/DBIC.pm line 185
	Reaction::InterfaceModel::Reflector::DBIC::reflect_schema(Reaction::InterfaceModel::Reflector::DBIC=HASH(0x7f9d1af76318), "model_class", "ComponentUI::TestModel", "schema_class", "RTest::TestDB", "sources", ARRAY(0x7f9d1af8f780)) called at /Users/eserte/.cpan/build/2016111312/Reaction-0.002005-QfoCia/blib/lib/ComponentUI/TestModel.pm line 10
	require ComponentUI/TestModel.pm called at t/lib/RTest/InterfaceModel/Reflector/DBIC.pm line 6
	RTest::InterfaceModel::Reflector::DBIC::BEGIN() called at /Users/eserte/.cpan/build/2016111312/Reaction-0.002005-QfoCia/blib/lib/ComponentUI/TestModel/Foo.pm line 0
	eval {...} called at /Users/eserte/.cpan/build/2016111312/Reaction-0.002005-QfoCia/blib/lib/ComponentUI/TestModel/Foo.pm line 0
	require RTest/InterfaceModel/Reflector/DBIC.pm called at t/im_dbic.t line 7
	main::BEGIN() called at /Users/eserte/.cpan/build/2016111312/Reaction-0.002005-QfoCia/blib/lib/ComponentUI/TestModel/Foo.pm line 0
	eval {...} called at /Users/eserte/.cpan/build/2016111312/Reaction-0.002005-QfoCia/blib/lib/ComponentUI/TestModel/Foo.pm line 0
Class::MOP::is_class_loaded is deprecated at /usr/local/Cellar/perl518/5.18.2/lib/site_perl/5.18.2/darwin-thread-multi-2level/Class/MOP.pm line 87.
	Class::MOP::is_class_loaded("RTest::TestIM::Foo") called at t/lib/RTest/InterfaceModel/Reflector/DBIC.pm line 74
	RTest::InterfaceModel::Reflector::DBIC::test_reflect_schema(RTest::InterfaceModel::Reflector::DBIC=HASH(0x7f9d19092e78)) called at /Users/eserte/.cpan/build/2016111312/Test-Class-0.50-oezR7K/blib/lib/Test/Class.pm line 293
	Test::Class::try {...} () called at /usr/local/Cellar/perl518/5.18.2/lib/site_perl/5.18.2/Try/Tiny.pm line 87
	eval {...} called at /usr/local/Cellar/perl518/5.18.2/lib/site_perl/5.18.2/Try/Tiny.pm line 83
	Try::Tiny::try(CODE(0x7f9d1de21888), Try::Tiny::Catch=REF(0x7f9d1de21990)) called at /Users/eserte/.cpan/build/2016111312/Test-Class-0.50-oezR7K/blib/lib/Test/Class.pm line 293
	Test::Class::_run_method(RTest::InterfaceModel::Reflector::DBIC=HASH(0x7f9d19092e78), "test_reflect_schema", ARRAY(0x7f9d19469f58)) called at /Users/eserte/.cpan/build/2016111312/Test-Class-0.50-oezR7K/blib/lib/Test/Class.pm line 395
	Test::Class::runtests("Test::Class", RTest::InterfaceModel::Reflector::DBIC=HASH(0x7f9d19092e78)) called at t/im_dbic.t line 10
t/im_dbic.t ................. ok
t/ui_focus_stack.t .......... ok
t/ui_view.t ................. ok
t/ui_viewport.t ............. ok
Class::MOP::load_class is deprecated at /usr/local/Cellar/perl518/5.18.2/lib/site_perl/5.18.2/darwin-thread-multi-2level/Class/MOP.pm line 69.
	Class::MOP::load_class("ComponentUI::TestModel") called at /Users/eserte/.cpan/build/2016111312/Reaction-0.002005-QfoCia/blib/lib/Catalyst/Model/Reaction/InterfaceModel/DBIC.pm line 24
	Catalyst::Model::Reaction::InterfaceModel::DBIC::COMPONENT("ComponentUI::Model::TestModel", "ComponentUI", HASH(0x7fa66f428a98)) called at /Users/eserte/.cpan/build/2016111312/Catalyst-Runtime-5.90112-9jHZJM/blib/lib/Catalyst.pm line 3206
	eval {...} called at /Users/eserte/.cpan/build/2016111312/Catalyst-Runtime-5.90112-9jHZJM/blib/lib/Catalyst.pm line 3207
	Catalyst::setup_component("ComponentUI", "ComponentUI::Model::TestModel") called at /Users/eserte/.cpan/build/2016111312/Catalyst-Runtime-5.90112-9jHZJM/blib/lib/Catalyst.pm line 3184
	Catalyst::__ANON__() called at /Users/eserte/.cpan/build/2016111312/Catalyst-Runtime-5.90112-9jHZJM/blib/lib/Catalyst.pm line 3030
	Catalyst::setup_components("ComponentUI") called at /Users/eserte/.cpan/build/2016111312/Catalyst-Runtime-5.90112-9jHZJM/blib/lib/Catalyst.pm line 1426
	Catalyst::setup("ComponentUI") called at /Users/eserte/.cpan/build/2016111312/Reaction-0.002005-QfoCia/blib/lib/ComponentUI.pm line 32
	require ComponentUI.pm called at /usr/local/Cellar/perl518/5.18.2/lib/site_perl/5.18.2/Module/Runtime.pm line 317
	Module::Runtime::require_module("ComponentUI") called at /usr/local/Cellar/perl518/5.18.2/lib/site_perl/5.18.2/Class/Load.pm line 174
	Class::Load::try {...} () called at /usr/local/Cellar/perl518/5.18.2/lib/site_perl/5.18.2/Try/Tiny.pm line 87
	eval {...} called at /usr/local/Cellar/perl518/5.18.2/lib/site_perl/5.18.2/Try/Tiny.pm line 83
	Try::Tiny::try(CODE(0x7fa66a4ffa28), Try::Tiny::Catch=REF(0x7fa66b034e78)) called at /usr/local/Cellar/perl518/5.18.2/lib/site_perl/5.18.2/Class/Load.pm line 180
	Class::Load::try_load_class("ComponentUI", undef) called at /usr/local/Cellar/perl518/5.18.2/lib/site_perl/5.18.2/Class/Load.pm line 35
	Class::Load::load_class("ComponentUI") called at /Users/eserte/.cpan/build/2016111312/Test-WWW-Mechanize-Catalyst-0.60-U2bBWg/blib/lib/Test/WWW/Mechanize/Catalyst.pm line 245
	Test::WWW::Mechanize::Catalyst::import("Test::WWW::Mechanize::Catalyst", "ComponentUI") called at t/uncheck_bool_field.t line 6
	main::BEGIN() called at /Users/eserte/.cpan/build/2016111312/Reaction-0.002005-QfoCia/blib/lib/ComponentUI.pm line 0
	eval {...} called at /Users/eserte/.cpan/build/2016111312/Reaction-0.002005-QfoCia/blib/lib/ComponentUI.pm line 0
Class::MOP::load_class is deprecated at /usr/local/Cellar/perl518/5.18.2/lib/site_perl/5.18.2/darwin-thread-multi-2level/Class/MOP.pm line 69.
	Class::MOP::load_class("Reaction::InterfaceModel::Object") called at /Users/eserte/.cpan/build/2016111312/Reaction-0.002005-QfoCia/blib/lib/Reaction/InterfaceModel/Reflector/DBIC.pm line 149
	Reaction::InterfaceModel::Reflector::DBIC::reflect_schema(Reaction::InterfaceModel::Reflector::DBIC=HASH(0x7fa66fcfe0a8), "model_class", "ComponentUI::TestModel", "schema_class", "RTest::TestDB", "sources", ARRAY(0x7fa66fcfe228)) called at /Users/eserte/.cpan/build/2016111312/Reaction-0.002005-QfoCia/blib/lib/ComponentUI/TestModel.pm line 10
	require ComponentUI/TestModel.pm called at /usr/local/Cellar/perl518/5.18.2/lib/site_perl/5.18.2/Module/Runtime.pm line 317
	Module::Runtime::require_module("ComponentUI::TestModel") called at /usr/local/Cellar/perl518/5.18.2/lib/site_perl/5.18.2/Class/Load.pm line 174
	Class::Load::try {...} () called at /usr/local/Cellar/perl518/5.18.2/lib/site_perl/5.18.2/Try/Tiny.pm line 87
	eval {...} called at /usr/local/Cellar/perl518/5.18.2/lib/site_perl/5.18.2/Try/Tiny.pm line 83
	Try::Tiny::try(CODE(0x7fa670a87c90), Try::Tiny::Catch=REF(0x7fa66f43e090)) called at /usr/local/Cellar/perl518/5.18.2/lib/site_perl/5.18.2/Class/Load.pm line 180
	Class::Load::try_load_class("ComponentUI::TestModel", undef) called at /usr/local/Cellar/perl518/5.18.2/lib/site_perl/5.18.2/Class/Load.pm line 35
	Class::Load::load_class("ComponentUI::TestModel") called at /Users/eserte/.cpan/build/2016111312/Reaction-0.002005-QfoCia/blib/lib/Catalyst/Model/Reaction/InterfaceModel/DBIC.pm line 24
	Catalyst::Model::Reaction::InterfaceModel::DBIC::COMPONENT("ComponentUI::Model::TestModel", "ComponentUI", HASH(0x7fa66f428a98)) called at /Users/eserte/.cpan/build/2016111312/Catalyst-Runtime-5.90112-9jHZJM/blib/lib/Catalyst.pm line 3206
	eval {...} called at /Users/eserte/.cpan/build/2016111312/Catalyst-Runtime-5.90112-9jHZJM/blib/lib/Catalyst.pm line 3207
	Catalyst::setup_component("ComponentUI", "ComponentUI::Model::TestModel") called at /Users/eserte/.cpan/build/2016111312/Catalyst-Runtime-5.90112-9jHZJM/blib/lib/Catalyst.pm line 3184
	Catalyst::__ANON__() called at /Users/eserte/.cpan/build/2016111312/Catalyst-Runtime-5.90112-9jHZJM/blib/lib/Catalyst.pm line 3030
	Catalyst::setup_components("ComponentUI") called at /Users/eserte/.cpan/build/2016111312/Catalyst-Runtime-5.90112-9jHZJM/blib/lib/Catalyst.pm line 1426
	Catalyst::setup("ComponentUI") called at /Users/eserte/.cpan/build/2016111312/Reaction-0.002005-QfoCia/blib/lib/ComponentUI.pm line 32
	require ComponentUI.pm called at /usr/local/Cellar/perl518/5.18.2/lib/site_perl/5.18.2/Module/Runtime.pm line 317
	Module::Runtime::require_module("ComponentUI") called at /usr/local/Cellar/perl518/5.18.2/lib/site_perl/5.18.2/Class/Load.pm line 174
	Class::Load::try {...} () called at /usr/local/Cellar/perl518/5.18.2/lib/site_perl/5.18.2/Try/Tiny.pm line 87
	eval {...} called at /usr/local/Cellar/perl518/5.18.2/lib/site_perl/5.18.2/Try/Tiny.pm line 83
	Try::Tiny::try(CODE(0x7fa66a4ffa28), Try::Tiny::Catch=REF(0x7fa66b034e78)) called at /usr/local/Cellar/perl518/5.18.2/lib/site_perl/5.18.2/Class/Load.pm line 180
	Class::Load::try_load_class("ComponentUI", undef) called at /usr/local/Cellar/perl518/5.18.2/lib/site_perl/5.18.2/Class/Load.pm line 35
	Class::Load::load_class("ComponentUI") called at /Users/eserte/.cpan/build/2016111312/Test-WWW-Mechanize-Catalyst-0.60-U2bBWg/blib/lib/Test/WWW/Mechanize/Catalyst.pm line 245
	Test::WWW::Mechanize::Catalyst::import("Test::WWW::Mechanize::Catalyst", "ComponentUI") called at t/uncheck_bool_field.t line 6
	main::BEGIN() called at /Users/eserte/.cpan/build/2016111312/Reaction-0.002005-QfoCia/blib/lib/ComponentUI/TestModel.pm line 0
	eval {...} called at /Users/eserte/.cpan/build/2016111312/Reaction-0.002005-QfoCia/blib/lib/ComponentUI/TestModel.pm line 0
Class::MOP::load_class is deprecated at /usr/local/Cellar/perl518/5.18.2/lib/site_perl/5.18.2/darwin-thread-multi-2level/Class/MOP.pm line 69.
	Class::MOP::load_class("Reaction::InterfaceModel::Object") called at /Users/eserte/.cpan/build/2016111312/Reaction-0.002005-QfoCia/blib/lib/Reaction/Class.pm line 123
	Reaction::Class::do_class_sub("Reaction::Class", "ComponentUI::TestModel::Foo", "ComponentUI::TestModel::Foo", "is", "Reaction::InterfaceModel::Object", "which", CODE(0x7fa671086188)) called at /Users/eserte/.cpan/build/2016111312/Reaction-0.002005-QfoCia/blib/lib/Reaction/Class.pm line 86
	Reaction::Class::("ComponentUI::TestModel::Foo", "is", "Reaction::InterfaceModel::Object", "which", CODE(0x7fa671086188)) called at /Users/eserte/.cpan/build/2016111312/Reaction-0.002005-QfoCia/blib/lib/ComponentUI/TestModel/Foo.pm line 8
	require ComponentUI/TestModel/Foo.pm called at /usr/local/Cellar/perl518/5.18.2/lib/site_perl/5.18.2/Module/Runtime.pm line 317
	Module::Runtime::require_module("ComponentUI::TestModel::Foo") called at /usr/local/Cellar/perl518/5.18.2/lib/site_perl/5.18.2/Class/Load.pm line 174
	Class::Load::try {...} () called at /usr/local/Cellar/perl518/5.18.2/lib/site_perl/5.18.2/Try/Tiny.pm line 87
	eval {...} called at /usr/local/Cellar/perl518/5.18.2/lib/site_perl/5.18.2/Try/Tiny.pm line 83
	Try::Tiny::try(CODE(0x7fa67103e640), Try::Tiny::Catch=REF(0x7fa671086630)) called at /usr/local/Cellar/perl518/5.18.2/lib/site_perl/5.18.2/Class/Load.pm line 180
	Class::Load::try_load_class("ComponentUI::TestModel::Foo", undef) called at /usr/local/Cellar/perl518/5.18.2/lib/site_perl/5.18.2/Class/Load.pm line 35
	Class::Load::load_class("ComponentUI::TestModel::Foo") called at /Users/eserte/.cpan/build/2016111312/Reaction-0.002005-QfoCia/blib/lib/Reaction/InterfaceModel/Reflector/DBIC.pm line 892
	eval {...} called at /Users/eserte/.cpan/build/2016111312/Reaction-0.002005-QfoCia/blib/lib/Reaction/InterfaceModel/Reflector/DBIC.pm line 892
	Reaction::InterfaceModel::Reflector::DBIC::_maybe_load_class(Reaction::InterfaceModel::Reflector::DBIC=HASH(0x7fa66fcfe0a8), "ComponentUI::TestModel::Foo") called at /Users/eserte/.cpan/build/2016111312/Reaction-0.002005-QfoCia/blib/lib/Reaction/InterfaceModel/Reflector/DBIC.pm line 876
	Reaction::InterfaceModel::Reflector::DBIC::_load_or_create(Reaction::InterfaceModel::Reflector::DBIC=HASH(0x7fa66fcfe0a8), "ComponentUI::TestModel::Foo", "superclasses", ARRAY(0x7fa67103e280)) called at /Users/eserte/.cpan/build/2016111312/Reaction-0.002005-QfoCia/blib/lib/Reaction/InterfaceModel/Reflector/DBIC.pm line 448
	Reaction::InterfaceModel::Reflector::DBIC::reflect_source_object(Reaction::InterfaceModel::Reflector::DBIC=HASH(0x7fa66fcfe0a8), "schema_class", "RTest::TestDB", "source_class", "RTest::TestDB::Foo", "parent_class", "ComponentUI::TestModel", "parent_domain_model_name", ...) called at /Users/eserte/.cpan/build/2016111312/Reaction-0.002005-QfoCia/blib/lib/Reaction/InterfaceModel/Reflector/DBIC.pm line 323
	Reaction::InterfaceModel::Reflector::DBIC::reflect_source(Reaction::InterfaceModel::Reflector::DBIC=HASH(0x7fa66fcfe0a8), "source_name", "Foo", "parent_class", "ComponentUI::TestModel", "schema_class", "RTest::TestDB", "source_class", ...) called at /Users/eserte/.cpan/build/2016111312/Reaction-0.002005-QfoCia/blib/lib/Reaction/InterfaceModel/Reflector/DBIC.pm line 185
	Reaction::InterfaceModel::Reflector::DBIC::reflect_schema(Reaction::InterfaceModel::Reflector::DBIC=HASH(0x7fa66fcfe0a8), "model_class", "ComponentUI::TestModel", "schema_class", "RTest::TestDB", "sources", ARRAY(0x7fa66fcfe228)) called at /Users/eserte/.cpan/build/2016111312/Reaction-0.002005-QfoCia/blib/lib/ComponentUI/TestModel.pm line 10
	require ComponentUI/TestModel.pm called at /usr/local/Cellar/perl518/5.18.2/lib/site_perl/5.18.2/Module/Runtime.pm line 317
	Module::Runtime::require_module("ComponentUI::TestModel") called at /usr/local/Cellar/perl518/5.18.2/lib/site_perl/5.18.2/Class/Load.pm line 174
	Class::Load::try {...} () called at /usr/local/Cellar/perl518/5.18.2/lib/site_perl/5.18.2/Try/Tiny.pm line 87
	eval {...} called at /usr/local/Cellar/perl518/5.18.2/lib/site_perl/5.18.2/Try/Tiny.pm line 83
	Try::Tiny::try(CODE(0x7fa670a87c90), Try::Tiny::Catch=REF(0x7fa66f43e090)) called at /usr/local/Cellar/perl518/5.18.2/lib/site_perl/5.18.2/Class/Load.pm line 180
	Class::Load::try_load_class("ComponentUI::TestModel", undef) called at /usr/local/Cellar/perl518/5.18.2/lib/site_perl/5.18.2/Class/Load.pm line 35
	Class::Load::load_class("ComponentUI::TestModel") called at /Users/eserte/.cpan/build/2016111312/Reaction-0.002005-QfoCia/blib/lib/Catalyst/Model/Reaction/InterfaceModel/DBIC.pm line 24
	Catalyst::Model::Reaction::InterfaceModel::DBIC::COMPONENT("ComponentUI::Model::TestModel", "ComponentUI", HASH(0x7fa66f428a98)) called at /Users/eserte/.cpan/build/2016111312/Catalyst-Runtime-5.90112-9jHZJM/blib/lib/Catalyst.pm line 3206
	eval {...} called at /Users/eserte/.cpan/build/2016111312/Catalyst-Runtime-5.90112-9jHZJM/blib/lib/Catalyst.pm line 3207
	Catalyst::setup_component("ComponentUI", "ComponentUI::Model::TestModel") called at /Users/eserte/.cpan/build/2016111312/Catalyst-Runtime-5.90112-9jHZJM/blib/lib/Catalyst.pm line 3184
	Catalyst::__ANON__() called at /Users/eserte/.cpan/build/2016111312/Catalyst-Runtime-5.90112-9jHZJM/blib/lib/Catalyst.pm line 3030
	Catalyst::setup_components("ComponentUI") called at /Users/eserte/.cpan/build/2016111312/Catalyst-Runtime-5.90112-9jHZJM/blib/lib/Catalyst.pm line 1426
	Catalyst::setup("ComponentUI") called at /Users/eserte/.cpan/build/2016111312/Reaction-0.002005-QfoCia/blib/lib/ComponentUI.pm line 32
	require ComponentUI.pm called at /usr/local/Cellar/perl518/5.18.2/lib/site_perl/5.18.2/Module/Runtime.pm line 317
	Module::Runtime::require_module("ComponentUI") called at /usr/local/Cellar/perl518/5.18.2/lib/site_perl/5.18.2/Class/Load.pm line 174
	Class::Load::try {...} () called at /usr/local/Cellar/perl518/5.18.2/lib/site_perl/5.18.2/Try/Tiny.pm line 87
	eval {...} called at /usr/local/Cellar/perl518/5.18.2/lib/site_perl/5.18.2/Try/Tiny.pm line 83
	Try::Tiny::try(CODE(0x7fa66a4ffa28), Try::Tiny::Catch=REF(0x7fa66b034e78)) called at /usr/local/Cellar/perl518/5.18.2/lib/site_perl/5.18.2/Class/Load.pm line 180
	Class::Load::try_load_class("ComponentUI", undef) called at /usr/local/Cellar/perl518/5.18.2/lib/site_perl/5.18.2/Class/Load.pm line 35
	Class::Load::load_class("ComponentUI") called at /Users/eserte/.cpan/build/2016111312/Test-WWW-Mechanize-Catalyst-0.60-U2bBWg/blib/lib/Test/WWW/Mechanize/Catalyst.pm line 245
	Test::WWW::Mechanize::Catalyst::import("Test::WWW::Mechanize::Catalyst", "ComponentUI") called at t/uncheck_bool_field.t line 6
	main::BEGIN() called at /Users/eserte/.cpan/build/2016111312/Reaction-0.002005-QfoCia/blib/lib/ComponentUI/TestModel/Foo.pm line 0
	eval {...} called at /Users/eserte/.cpan/build/2016111312/Reaction-0.002005-QfoCia/blib/lib/ComponentUI/TestModel/Foo.pm line 0
Class::MOP::load_class is deprecated at /usr/local/Cellar/perl518/5.18.2/lib/site_perl/5.18.2/darwin-thread-multi-2level/Class/MOP.pm line 69.
	Class::MOP::load_class("ComponentUI::RenderingContext::Site") called at /Users/eserte/.cpan/build/2016111312/Reaction-0.002005-QfoCia/blib/lib/Reaction/UI/View.pm line 125
	eval {...} called at /Users/eserte/.cpan/build/2016111312/Reaction-0.002005-QfoCia/blib/lib/Reaction/UI/View.pm line 125
	Reaction::UI::View::find_related_class(ComponentUI::View::Site=HASH(0x7fa66d5ce178), "RenderingContext") called at /Users/eserte/.cpan/build/2016111312/Reaction-0.002005-QfoCia/blib/lib/Reaction/UI/View.pm line 43
	Reaction::UI::View::_build_rendering_context_class(ComponentUI::View::Site=HASH(0x7fa66d5ce178)) called at reader Reaction::UI::View::rendering_context_class (defined at /Users/eserte/.cpan/build/2016111312/Reaction-0.002005-QfoCia/blib/lib/Reaction/UI/View.pm line 29) line 7
	Reaction::UI::View::rendering_context_class(ComponentUI::View::Site=HASH(0x7fa66d5ce178)) called at /Users/eserte/.cpan/build/2016111312/Reaction-0.002005-QfoCia/blib/lib/Reaction/UI/View.pm line 134
	Reaction::UI::View::create_rendering_context(ComponentUI::View::Site=HASH(0x7fa66d5ce178)) called at /Users/eserte/.cpan/build/2016111312/Reaction-0.002005-QfoCia/blib/lib/Reaction/UI/View.pm line 60
	Reaction::UI::View::render_window(ComponentUI::View::Site=HASH(0x7fa66d5ce178), Reaction::UI::Window=HASH(0x7fa671953ec0)) called at /Users/eserte/.cpan/build/2016111312/Reaction-0.002005-QfoCia/blib/lib/Reaction/UI/Window.pm line 74
	Reaction::UI::Window::flush_view(Reaction::UI::Window=HASH(0x7fa671953ec0)) called at /Users/eserte/.cpan/build/2016111312/Reaction-0.002005-QfoCia/blib/lib/Reaction/UI/Window.pm line 36
	Reaction::UI::Window::flush(Reaction::UI::Window=HASH(0x7fa671953ec0)) called at /Users/eserte/.cpan/build/2016111312/Reaction-0.002005-QfoCia/blib/lib/Reaction/UI/Controller/Root.pm line 38
	Reaction::UI::Controller::Root::end(ComponentUI::Controller::Root=HASH(0x7fa671953f68), ComponentUI=HASH(0x7fa671929a88)) called at /Users/eserte/.cpan/build/2016111312/Catalyst-Runtime-5.90112-9jHZJM/blib/lib/Catalyst/Action.pm line 358
	Catalyst::Action::execute(Catalyst::Action=HASH(0x7fa670f7ff38), ComponentUI::Controller::Root=HASH(0x7fa671953f68), ComponentUI=HASH(0x7fa671929a88)) called at /Users/eserte/.cpan/build/2016111312/Catalyst-Runtime-5.90112-9jHZJM/blib/lib/Catalyst.pm line 2056
	eval {...} called at /Users/eserte/.cpan/build/2016111312/Catalyst-Runtime-5.90112-9jHZJM/blib/lib/Catalyst.pm line 2056
	Catalyst::execute(ComponentUI=HASH(0x7fa671929a88), "ComponentUI::Controller::Root", Catalyst::Action=HASH(0x7fa670f7ff38)) called at /Users/eserte/.cpan/build/2016111312/Catalyst-Runtime-5.90112-9jHZJM/blib/lib/Catalyst/Action.pm line 353
	Catalyst::Action::dispatch(Catalyst::Action=HASH(0x7fa670f7ff38), ComponentUI=HASH(0x7fa671929a88)) called at /Users/eserte/.cpan/build/2016111312/Catalyst-Runtime-5.90112-9jHZJM/blib/lib/Catalyst/Controller.pm line 189
	Catalyst::Controller::_END(ComponentUI::Controller::TestModel::Baz=HASH(0x7fa671938190), ComponentUI=HASH(0x7fa671929a88)) called at /Users/eserte/.cpan/build/2016111312/Catalyst-Runtime-5.90112-9jHZJM/blib/lib/Catalyst/Action.pm line 358
	Catalyst::Action::execute(Catalyst::Action=HASH(0x7fa670f88950), ComponentUI::Controller::TestModel::Baz=HASH(0x7fa671938190), ComponentUI=HASH(0x7fa671929a88)) called at /Users/eserte/.cpan/build/2016111312/Catalyst-Runtime-5.90112-9jHZJM/blib/lib/Catalyst.pm line 2056
	eval {...} called at /Users/eserte/.cpan/build/2016111312/Catalyst-Runtime-5.90112-9jHZJM/blib/lib/Catalyst.pm line 2056
	Catalyst::execute(ComponentUI=HASH(0x7fa671929a88), "ComponentUI::Controller::TestModel::Baz", Catalyst::Action=HASH(0x7fa670f88950)) called at /Users/eserte/.cpan/build/2016111312/Catalyst-Runtime-5.90112-9jHZJM/blib/lib/Catalyst/Action.pm line 353
	Catalyst::Action::dispatch(Catalyst::Action=HASH(0x7fa670f88950), ComponentUI=HASH(0x7fa671929a88)) called at /Users/eserte/.cpan/build/2016111312/Catalyst-Runtime-5.90112-9jHZJM/blib/lib/Catalyst/Dispatcher.pm line 262
	Catalyst::Dispatcher::_do_forward(Catalyst::Dispatcher=HASH(0x7fa6694819a0), "forward", ComponentUI=HASH(0x7fa671929a88), "_END") called at /Users/eserte/.cpan/build/2016111312/Catalyst-Runtime-5.90112-9jHZJM/blib/lib/Catalyst/Dispatcher.pm line 242
	Catalyst::Dispatcher::forward(Catalyst::Dispatcher=HASH(0x7fa6694819a0), ComponentUI=HASH(0x7fa671929a88), "_END") called at /Users/eserte/.cpan/build/2016111312/Catalyst-Runtime-5.90112-9jHZJM/blib/lib/Catalyst.pm line 481
	Catalyst::forward(ComponentUI=HASH(0x7fa671929a88), "_END") called at /Users/eserte/.cpan/build/2016111312/Catalyst-Runtime-5.90112-9jHZJM/blib/lib/Catalyst/Controller.pm line 138
	Catalyst::Controller::_DISPATCH(ComponentUI::Controller::TestModel::Baz=HASH(0x7fa671938190), ComponentUI=HASH(0x7fa671929a88)) called at /Users/eserte/.cpan/build/2016111312/Catalyst-Runtime-5.90112-9jHZJM/blib/lib/Catalyst/Action.pm line 358
	Catalyst::Action::execute(Catalyst::Action=HASH(0x7fa670fe3520), ComponentUI::Controller::TestModel::Baz=HASH(0x7fa671938190), ComponentUI=HASH(0x7fa671929a88)) called at /Users/eserte/.cpan/build/2016111312/Catalyst-Runtime-5.90112-9jHZJM/blib/lib/Catalyst.pm line 2056
	eval {...} called at /Users/eserte/.cpan/build/2016111312/Catalyst-Runtime-5.90112-9jHZJM/blib/lib/Catalyst.pm line 2056
	Catalyst::execute(ComponentUI=HASH(0x7fa671929a88), "ComponentUI::Controller::TestModel::Baz", Catalyst::Action=HASH(0x7fa670fe3520)) called at /Users/eserte/.cpan/build/2016111312/Catalyst-Runtime-5.90112-9jHZJM/blib/lib/Catalyst/Action.pm line 353
	Catalyst::Action::dispatch(Catalyst::Action=HASH(0x7fa670fe3520), ComponentUI=HASH(0x7fa671929a88)) called at /Users/eserte/.cpan/build/2016111312/Catalyst-Runtime-5.90112-9jHZJM/blib/lib/Catalyst/Dispatcher.pm line 262
	Catalyst::Dispatcher::_do_forward(Catalyst::Dispatcher=HASH(0x7fa6694819a0), "forward", ComponentUI=HASH(0x7fa671929a88), "/testmodel/baz/_DISPATCH") called at /Users/eserte/.cpan/build/2016111312/Catalyst-Runtime-5.90112-9jHZJM/blib/lib/Catalyst/Dispatcher.pm line 242
	Catalyst::Dispatcher::forward(Catalyst::Dispatcher=HASH(0x7fa6694819a0), ComponentUI=HASH(0x7fa671929a88), "/testmodel/baz/_DISPATCH") called at /Users/eserte/.cpan/build/2016111312/Catalyst-Runtime-5.90112-9jHZJM/blib/lib/Catalyst.pm line 481
	Catalyst::forward(ComponentUI=HASH(0x7fa671929a88), "/testmodel/baz/_DISPATCH") called at /Users/eserte/.cpan/build/2016111312/Catalyst-Runtime-5.90112-9jHZJM/blib/lib/Catalyst/Dispatcher.pm line 107
	Catalyst::Dispatcher::dispatch(Catalyst::Dispatcher=HASH(0x7fa6694819a0), ComponentUI=HASH(0x7fa671929a88)) called at /Users/eserte/.cpan/build/2016111312/Catalyst-Runtime-5.90112-9jHZJM/blib/lib/Catalyst.pm line 2002
	Catalyst::dispatch(ComponentUI=HASH(0x7fa671929a88)) called at /Users/eserte/.cpan/build/2016111312/Catalyst-Plugin-Static-Simple-0.33-w1g7_U/blib/lib/Catalyst/Plugin/Static/Simple.pm line 86
	Class::MOP::Class:::around(CODE(0x7fa66c943258), ComponentUI=HASH(0x7fa671929a88)) called at /usr/local/Cellar/perl518/5.18.2/lib/site_perl/5.18.2/darwin-thread-multi-2level/Class/MOP/Method/Wrapped.pm line 164
	ComponentUI::_wrapped_dispatch(ComponentUI=HASH(0x7fa671929a88)) called at /usr/local/Cellar/perl518/5.18.2/lib/site_perl/5.18.2/darwin-thread-multi-2level/Class/MOP/Method/Wrapped.pm line 95
	ComponentUI::dispatch(ComponentUI=HASH(0x7fa671929a88)) called at /Users/eserte/.cpan/build/2016111312/Catalyst-Runtime-5.90112-9jHZJM/blib/lib/Catalyst.pm line 2393
	Catalyst::try {...} () called at /usr/local/Cellar/perl518/5.18.2/lib/site_perl/5.18.2/Try/Tiny.pm line 92
	eval {...} called at /usr/local/Cellar/perl518/5.18.2/lib/site_perl/5.18.2/Try/Tiny.pm line 83
	Try::Tiny::try(CODE(0x7fa671929488), Try::Tiny::Catch=REF(0x7fa671929320)) called at /Users/eserte/.cpan/build/2016111312/Catalyst-Runtime-5.90112-9jHZJM/blib/lib/Catalyst.pm line 2402
	Catalyst::handle_request("ComponentUI", "env", HASH(0x7fa67192a0f8), "response_cb", CODE(0x7fa671929368)) called at /Users/eserte/.cpan/build/2016111312/Catalyst-Runtime-5.90112-9jHZJM/blib/lib/Catalyst/Engine.pm line 800
	Catalyst::Engine::__ANON__(CODE(0x7fa671929368)) called at /usr/local/Cellar/perl518/5.18.2/lib/site_perl/5.18.2/Plack/Middleware/HTTPExceptions.pm line 32
	Plack::Middleware::HTTPExceptions::try {...} () called at /usr/local/Cellar/perl518/5.18.2/lib/site_perl/5.18.2/Try/Tiny.pm line 92
	eval {...} called at /usr/local/Cellar/perl518/5.18.2/lib/site_perl/5.18.2/Try/Tiny.pm line 83
	Try::Tiny::try(CODE(0x7fa6719291a0), Try::Tiny::Catch=REF(0x7fa67194ee08)) called at /usr/local/Cellar/perl518/5.18.2/lib/site_perl/5.18.2/Plack/Middleware/HTTPExceptions.pm line 41
	Plack::Middleware::HTTPExceptions::__ANON__(CODE(0x7fa671929098)) called at /usr/local/Cellar/perl518/5.18.2/lib/site_perl/5.18.2/Plack/Util.pm line 339
	Plack::Util::__ANON__(CODE(0x7fa671928f90)) called at /usr/local/Cellar/perl518/5.18.2/lib/site_perl/5.18.2/Plack/Util.pm line 339
	Plack::Util::__ANON__(CODE(0x7fa671928e88)) called at /usr/local/Cellar/perl518/5.18.2/lib/site_perl/5.18.2/Plack/Util.pm line 339
	Plack::Util::__ANON__(CODE(0x7fa671928e10)) called at /usr/local/Cellar/perl518/5.18.2/lib/site_perl/5.18.2/HTTP/Message/PSGI.pm line 100
	HTTP::Message::PSGI::res_from_psgi(CODE(0x7fa67194ecb8)) called at /usr/local/Cellar/perl518/5.18.2/lib/site_perl/5.18.2/HTTP/Message/PSGI.pm line 156
	HTTP::Response::from_psgi("HTTP::Response", CODE(0x7fa67194ecb8)) called at /usr/local/Cellar/perl518/5.18.2/lib/site_perl/5.18.2/Plack/Test/MockHTTP.pm line 24
	Plack::Test::MockHTTP::try {...} () called at /usr/local/Cellar/perl518/5.18.2/lib/site_perl/5.18.2/Try/Tiny.pm line 87
	eval {...} called at /usr/local/Cellar/perl518/5.18.2/lib/site_perl/5.18.2/Try/Tiny.pm line 83
	Try::Tiny::try(CODE(0x7fa6718f7320), Try::Tiny::Catch=REF(0x7fa670f76928)) called at /usr/local/Cellar/perl518/5.18.2/lib/site_perl/5.18.2/Plack/Test/MockHTTP.pm line 27
	Plack::Test::MockHTTP::request(Plack::Test::MockHTTP=HASH(0x7fa671904858), HTTP::Request=HASH(0x7fa6718d1cf0)) called at /usr/local/Cellar/perl518/5.18.2/lib/site_perl/5.18.2/Plack/Test.pm line 38
	Plack::Test::__ANON__(HTTP::Request=HASH(0x7fa6718d1cf0)) called at /Users/eserte/.cpan/build/2016111312/Catalyst-Runtime-5.90112-9jHZJM/blib/lib/Catalyst/Test.pm line 281
	Catalyst::Test::__ANON__(CODE(0x7fa6719046f0)) called at /usr/local/Cellar/perl518/5.18.2/lib/site_perl/5.18.2/Plack/Test.pm line 38
	Plack::Test::test_psgi("mangle_response", CODE(0x7fa66b0222d8), "app", CODE(0x7fa6719042b8), "app", CODE(0x7fa671904510), "client", CODE(0x7fa6719045b8)) called at /Users/eserte/.cpan/build/2016111312/Catalyst-Runtime-5.90112-9jHZJM/blib/lib/Catalyst/Test.pm line 284
	Catalyst::Test::_request(HASH(0x7fa6718f71b8), HTTP::Request=HASH(0x7fa6718d1cf0)) called at /Users/eserte/.cpan/build/2016111312/Catalyst-Runtime-5.90112-9jHZJM/blib/lib/Catalyst/Test.pm line 327
	Catalyst::Test::_local_request("ComponentUI", HTTP::Request=HASH(0x7fa6718d1cf0)) called at /Users/eserte/.cpan/build/2016111312/Test-WWW-Mechanize-Catalyst-0.60-U2bBWg/blib/lib/Test/WWW/Mechanize/Catalyst.pm line 174
	Test::WWW::Mechanize::Catalyst::_do_catalyst_request(Test::WWW::Mechanize::Catalyst=HASH(0x7fa66ca102a0), HTTP::Request=HASH(0x7fa6718d1cf0)) called at /Users/eserte/.cpan/build/2016111312/Test-WWW-Mechanize-Catalyst-0.60-U2bBWg/blib/lib/Test/WWW/Mechanize/Catalyst.pm line 78
	Test::WWW::Mechanize::Catalyst::_make_request(Test::WWW::Mechanize::Catalyst=HASH(0x7fa66ca102a0), HTTP::Request=HASH(0x7fa6718d1cf0)) called at /usr/local/Cellar/perl518/5.18.2/lib/site_perl/5.18.2/WWW/Mechanize.pm line 2312
	WWW::Mechanize::request(Test::WWW::Mechanize::Catalyst=HASH(0x7fa66ca102a0), HTTP::Request=HASH(0x7fa6718d1cf0)) called at /usr/local/Cellar/perl518/5.18.2/lib/site_perl/5.18.2/LWP/UserAgent.pm line 411
	LWP::UserAgent::get(Test::WWW::Mechanize::Catalyst=HASH(0x7fa66ca102a0), "http://localhost/testmodel/baz/id/1/update") called at /usr/local/Cellar/perl518/5.18.2/lib/site_perl/5.18.2/WWW/Mechanize.pm line 407
	WWW::Mechanize::get(Test::WWW::Mechanize::Catalyst=HASH(0x7fa66ca102a0), "http://localhost/testmodel/baz/id/1/update") called at /usr/local/Cellar/perl518/5.18.2/lib/site_perl/5.18.2/Test/WWW/Mechanize.pm line 159
	Test::WWW::Mechanize::get_ok(Test::WWW::Mechanize::Catalyst=HASH(0x7fa66ca102a0), "http://localhost/testmodel/baz/id/1/update") called at t/uncheck_bool_field.t line 9
Class::MOP::is_class_loaded is deprecated at /usr/local/Cellar/perl518/5.18.2/lib/site_perl/5.18.2/darwin-thread-multi-2level/Class/MOP.pm line 87.
	Class::MOP::is_class_loaded("ComponentUI::UI::Widget::SiteLayout") called at /Users/eserte/.cpan/build/2016111312/Reaction-0.002005-QfoCia/blib/lib/Reaction/UI/Skin.pm line 178
	Reaction::UI::Skin::widget_class_for(Reaction::UI::Skin=HASH(0x7fa671100188), Reaction::UI::LayoutSet::TT=HASH(0x7fa67111f720)) called at /Users/eserte/.cpan/build/2016111312/Reaction-0.002005-QfoCia/blib/lib/Reaction/UI/LayoutSet.pm line 28
	Reaction::UI::LayoutSet::BUILD(Reaction::UI::LayoutSet::TT=HASH(0x7fa67111f720), HASH(0x7fa67111f690)) called at constructor Reaction::UI::LayoutSet::TT::new (defined at /Users/eserte/.cpan/build/2016111312/Reaction-0.002005-QfoCia/blib/lib/Reaction/UI/LayoutSet/TT.pm line 43) line 69
	Reaction::UI::LayoutSet::TT::new("Reaction::UI::LayoutSet::TT", "name", "site_layout", "skin", Reaction::UI::Skin=HASH(0x7fa671100188), "tt_object", Template=HASH(0x7fa66feddd78), "source_file", ...) called at /Users/eserte/.cpan/build/2016111312/Reaction-0.002005-QfoCia/blib/lib/Reaction/UI/Skin.pm line 114
	Reaction::UI::Skin::_create_layout_set(Reaction::UI::Skin=HASH(0x7fa671100188), "site_layout", ARRAY(0x7fa67110d630), Reaction::UI::Skin=HASH(0x7fa671100188)) called at /Users/eserte/.cpan/build/2016111312/Reaction-0.002005-QfoCia/blib/lib/Reaction/UI/Skin.pm line 110
	Reaction::UI::Skin::create_layout_set(Reaction::UI::Skin=HASH(0x7fa671100188), "site_layout") called at /Users/eserte/.cpan/build/2016111312/Reaction-0.002005-QfoCia/blib/lib/Reaction/UI/LayoutSet.pm line 83
	Reaction::UI::LayoutSet::_load_file(Reaction::UI::LayoutSet::TT=HASH(0x7fa67110c888), Path::Class::File=HASH(0x7fa6711098a0), HASH(0x7fa6711250e8)) called at /Users/eserte/.cpan/build/2016111312/Reaction-0.002005-QfoCia/blib/lib/Reaction/UI/LayoutSet.pm line 27
	Reaction::UI::LayoutSet::BUILD(Reaction::UI::LayoutSet::TT=HASH(0x7fa67110c888), HASH(0x7fa6711250e8)) called at constructor Reaction::UI::LayoutSet::TT::new (defined at /Users/eserte/.cpan/build/2016111312/Reaction-0.002005-QfoCia/blib/lib/Reaction/UI/LayoutSet/TT.pm line 43) line 69
	Reaction::UI::LayoutSet::TT::new("Reaction::UI::LayoutSet::TT", "name", "site_layout", "skin", Reaction::UI::Skin=HASH(0x7fa66fee6268), "next_skin", Reaction::UI::Skin=HASH(0x7fa671100188), "tt_object", ...) called at /Users/eserte/.cpan/build/2016111312/Reaction-0.002005-QfoCia/blib/lib/Reaction/UI/Skin.pm line 114
	Reaction::UI::Skin::_create_layout_set(Reaction::UI::Skin=HASH(0x7fa66fee6268), "site_layout", ARRAY(0x7fa67110b168), Reaction::UI::Skin=HASH(0x7fa66fee6268)) called at /Users/eserte/.cpan/build/2016111312/Reaction-0.002005-QfoCia/blib/lib/Reaction/UI/Skin.pm line 110
	Reaction::UI::Skin::create_layout_set(Reaction::UI::Skin=HASH(0x7fa66fee6268), "site_layout") called at /Users/eserte/.cpan/build/2016111312/Reaction-0.002005-QfoCia/blib/lib/Reaction/UI/LayoutSet.pm line 83
	Reaction::UI::LayoutSet::_load_file(Reaction::UI::LayoutSet::TT=HASH(0x7fa6711009b0), Path::Class::File=HASH(0x7fa671c26ae8), HASH(0x7fa671c29b48)) called at /Users/eserte/.cpan/build/2016111312/Reaction-0.002005-QfoCia/blib/lib/Reaction/UI/LayoutSet.pm line 27
	Reaction::UI::LayoutSet::BUILD(Reaction::UI::LayoutSet::TT=HASH(0x7fa6711009b0), HASH(0x7fa671c29b48)) called at constructor Reaction::UI::LayoutSet::TT::new (defined at /Users/eserte/.cpan/build/2016111312/Reaction-0.002005-QfoCia/blib/lib/Reaction/UI/LayoutSet/TT.pm line 43) line 69
	Reaction::UI::LayoutSet::TT::new("Reaction::UI::LayoutSet::TT", "name", "site_layout", "skin", Reaction::UI::Skin=HASH(0x7fa671c1a640), "next_skin", Reaction::UI::Skin=HASH(0x7fa66fee6268), "tt_object", ...) called at /Users/eserte/.cpan/build/2016111312/Reaction-0.002005-QfoCia/blib/lib/Reaction/UI/Skin.pm line 114
	Reaction::UI::Skin::_create_layout_set(Reaction::UI::Skin=HASH(0x7fa671c1a640), "site_layout", ARRAY(0x7fa671c2a0b8), Reaction::UI::Skin=HASH(0x7fa671c1a640)) called at /Users/eserte/.cpan/build/2016111312/Reaction-0.002005-QfoCia/blib/lib/Reaction/UI/Skin.pm line 110
	Reaction::UI::Skin::create_layout_set(Reaction::UI::Skin=HASH(0x7fa671c1a640), "site_layout") called at /usr/local/Cellar/perl518/5.18.2/lib/site_perl/5.18.2/darwin-thread-multi-2level/Moose/Meta/Method/Delegation.pm line 110
	Reaction::UI::View::create_layout_set(ComponentUI::View::Site=HASH(0x7fa66d5ce178), "site_layout") called at /Users/eserte/.cpan/build/2016111312/Reaction-0.002005-QfoCia/blib/lib/Reaction/UI/View.pm line 99
	Reaction::UI::View::layout_set_for(ComponentUI::View::Site=HASH(0x7fa66d5ce178), Reaction::UI::ViewPort::SiteLayout=HASH(0x7fa6719546b8)) called at /Users/eserte/.cpan/build/2016111312/Reaction-0.002005-QfoCia/blib/lib/Reaction/UI/View.pm line 78
	Reaction::UI::View::render_viewport_args(ComponentUI::View::Site=HASH(0x7fa66d5ce178), Reaction::UI::ViewPort::SiteLayout=HASH(0x7fa6719546b8)) called at /Users/eserte/.cpan/build/2016111312/Reaction-0.002005-QfoCia/blib/lib/Reaction/UI/View.pm line 61
	Reaction::UI::View::render_window(ComponentUI::View::Site=HASH(0x7fa66d5ce178), Reaction::UI::Window=HASH(0x7fa671953ec0)) called at /Users/eserte/.cpan/build/2016111312/Reaction-0.002005-QfoCia/blib/lib/Reaction/UI/Window.pm line 74
	Reaction::UI::Window::flush_view(Reaction::UI::Window=HASH(0x7fa671953ec0)) called at /Users/eserte/.cpan/build/2016111312/Reaction-0.002005-QfoCia/blib/lib/Reaction/UI/Window.pm line 36
	Reaction::UI::Window::flush(Reaction::UI::Window=HASH(0x7fa671953ec0)) called at /Users/eserte/.cpan/build/2016111312/Reaction-0.002005-QfoCia/blib/lib/Reaction/UI/Controller/Root.pm line 38
	Reaction::UI::Controller::Root::end(ComponentUI::Controller::Root=HASH(0x7fa671953f68), ComponentUI=HASH(0x7fa671929a88)) called at /Users/eserte/.cpan/build/2016111312/Catalyst-Runtime-5.90112-9jHZJM/blib/lib/Catalyst/Action.pm line 358
	Catalyst::Action::execute(Catalyst::Action=HASH(0x7fa670f7ff38), ComponentUI::Controller::Root=HASH(0x7fa671953f68), ComponentUI=HASH(0x7fa671929a88)) called at /Users/eserte/.cpan/build/2016111312/Catalyst-Runtime-5.90112-9jHZJM/blib/lib/Catalyst.pm line 2056
	eval {...} called at /Users/eserte/.cpan/build/2016111312/Catalyst-Runtime-5.90112-9jHZJM/blib/lib/Catalyst.pm line 2056
	Catalyst::execute(ComponentUI=HASH(0x7fa671929a88), "ComponentUI::Controller::Root", Catalyst::Action=HASH(0x7fa670f7ff38)) called at /Users/eserte/.cpan/build/2016111312/Catalyst-Runtime-5.90112-9jHZJM/blib/lib/Catalyst/Action.pm line 353
	Catalyst::Action::dispatch(Catalyst::Action=HASH(0x7fa670f7ff38), ComponentUI=HASH(0x7fa671929a88)) called at /Users/eserte/.cpan/build/2016111312/Catalyst-Runtime-5.90112-9jHZJM/blib/lib/Catalyst/Controller.pm line 189
	Catalyst::Controller::_END(ComponentUI::Controller::TestModel::Baz=HASH(0x7fa671938190), ComponentUI=HASH(0x7fa671929a88)) called at /Users/eserte/.cpan/build/2016111312/Catalyst-Runtime-5.90112-9jHZJM/blib/lib/Catalyst/Action.pm line 358
	Catalyst::Action::execute(Catalyst::Action=HASH(0x7fa670f88950), ComponentUI::Controller::TestModel::Baz=HASH(0x7fa671938190), ComponentUI=HASH(0x7fa671929a88)) called at /Users/eserte/.cpan/build/2016111312/Catalyst-Runtime-5.90112-9jHZJM/blib/lib/Catalyst.pm line 2056
	eval {...} called at /Users/eserte/.cpan/build/2016111312/Catalyst-Runtime-5.90112-9jHZJM/blib/lib/Catalyst.pm line 2056
	Catalyst::execute(ComponentUI=HASH(0x7fa671929a88), "ComponentUI::Controller::TestModel::Baz", Catalyst::Action=HASH(0x7fa670f88950)) called at /Users/eserte/.cpan/build/2016111312/Catalyst-Runtime-5.90112-9jHZJM/blib/lib/Catalyst/Action.pm line 353
	Catalyst::Action::dispatch(Catalyst::Action=HASH(0x7fa670f88950), ComponentUI=HASH(0x7fa671929a88)) called at /Users/eserte/.cpan/build/2016111312/Catalyst-Runtime-5.90112-9jHZJM/blib/lib/Catalyst/Dispatcher.pm line 262
	Catalyst::Dispatcher::_do_forward(Catalyst::Dispatcher=HASH(0x7fa6694819a0), "forward", ComponentUI=HASH(0x7fa671929a88), "_END") called at /Users/eserte/.cpan/build/2016111312/Catalyst-Runtime-5.90112-9jHZJM/blib/lib/Catalyst/Dispatcher.pm line 242
	Catalyst::Dispatcher::forward(Catalyst::Dispatcher=HASH(0x7fa6694819a0), ComponentUI=HASH(0x7fa671929a88), "_END") called at /Users/eserte/.cpan/build/2016111312/Catalyst-Runtime-5.90112-9jHZJM/blib/lib/Catalyst.pm line 481
	Catalyst::forward(ComponentUI=HASH(0x7fa671929a88), "_END") called at /Users/eserte/.cpan/build/2016111312/Catalyst-Runtime-5.90112-9jHZJM/blib/lib/Catalyst/Controller.pm line 138
	Catalyst::Controller::_DISPATCH(ComponentUI::Controller::TestModel::Baz=HASH(0x7fa671938190), ComponentUI=HASH(0x7fa671929a88)) called at /Users/eserte/.cpan/build/2016111312/Catalyst-Runtime-5.90112-9jHZJM/blib/lib/Catalyst/Action.pm line 358
	Catalyst::Action::execute(Catalyst::Action=HASH(0x7fa670fe3520), ComponentUI::Controller::TestModel::Baz=HASH(0x7fa671938190), ComponentUI=HASH(0x7fa671929a88)) called at /Users/eserte/.cpan/build/2016111312/Catalyst-Runtime-5.90112-9jHZJM/blib/lib/Catalyst.pm line 2056
	eval {...} called at /Users/eserte/.cpan/build/2016111312/Catalyst-Runtime-5.90112-9jHZJM/blib/lib/Catalyst.pm line 2056
	Catalyst::execute(ComponentUI=HASH(0x7fa671929a88), "ComponentUI::Controller::TestModel::Baz", Catalyst::Action=HASH(0x7fa670fe3520)) called at /Users/eserte/.cpan/build/2016111312/Catalyst-Runtime-5.90112-9jHZJM/blib/lib/Catalyst/Action.pm line 353
	Catalyst::Action::dispatch(Catalyst::Action=HASH(0x7fa670fe3520), ComponentUI=HASH(0x7fa671929a88)) called at /Users/eserte/.cpan/build/2016111312/Catalyst-Runtime-5.90112-9jHZJM/blib/lib/Catalyst/Dispatcher.pm line 262
	Catalyst::Dispatcher::_do_forward(Catalyst::Dispatcher=HASH(0x7fa6694819a0), "forward", ComponentUI=HASH(0x7fa671929a88), "/testmodel/baz/_DISPATCH") called at /Users/eserte/.cpan/build/2016111312/Catalyst-Runtime-5.90112-9jHZJM/blib/lib/Catalyst/Dispatcher.pm line 242
	Catalyst::Dispatcher::forward(Catalyst::Dispatcher=HASH(0x7fa6694819a0), ComponentUI=HASH(0x7fa671929a88), "/testmodel/baz/_DISPATCH") called at /Users/eserte/.cpan/build/2016111312/Catalyst-Runtime-5.90112-9jHZJM/blib/lib/Catalyst.pm line 481
	Catalyst::forward(ComponentUI=HASH(0x7fa671929a88), "/testmodel/baz/_DISPATCH") called at /Users/eserte/.cpan/build/2016111312/Catalyst-Runtime-5.90112-9jHZJM/blib/lib/Catalyst/Dispatcher.pm line 107
	Catalyst::Dispatcher::dispatch(Catalyst::Dispatcher=HASH(0x7fa6694819a0), ComponentUI=HASH(0x7fa671929a88)) called at /Users/eserte/.cpan/build/2016111312/Catalyst-Runtime-5.90112-9jHZJM/blib/lib/Catalyst.pm line 2002
	Catalyst::dispatch(ComponentUI=HASH(0x7fa671929a88)) called at /Users/eserte/.cpan/build/2016111312/Catalyst-Plugin-Static-Simple-0.33-w1g7_U/blib/lib/Catalyst/Plugin/Static/Simple.pm line 86
	Class::MOP::Class:::around(CODE(0x7fa66c943258), ComponentUI=HASH(0x7fa671929a88)) called at /usr/local/Cellar/perl518/5.18.2/lib/site_perl/5.18.2/darwin-thread-multi-2level/Class/MOP/Method/Wrapped.pm line 164
	ComponentUI::_wrapped_dispatch(ComponentUI=HASH(0x7fa671929a88)) called at /usr/local/Cellar/perl518/5.18.2/lib/site_perl/5.18.2/darwin-thread-multi-2level/Class/MOP/Method/Wrapped.pm line 95
	ComponentUI::dispatch(ComponentUI=HASH(0x7fa671929a88)) called at /Users/eserte/.cpan/build/2016111312/Catalyst-Runtime-5.90112-9jHZJM/blib/lib/Catalyst.pm line 2393
	Catalyst::try {...} () called at /usr/local/Cellar/perl518/5.18.2/lib/site_perl/5.18.2/Try/Tiny.pm line 92
	eval {...} called at /usr/local/Cellar/perl518/5.18.2/lib/site_perl/5.18.2/Try/Tiny.pm line 83
	Try::Tiny::try(CODE(0x7fa671929488), Try::Tiny::Catch=REF(0x7fa671929320)) called at /Users/eserte/.cpan/build/2016111312/Catalyst-Runtime-5.90112-9jHZJM/blib/lib/Catalyst.pm line 2402
	Catalyst::handle_request("ComponentUI", "env", HASH(0x7fa67192a0f8), "response_cb", CODE(0x7fa671929368)) called at /Users/eserte/.cpan/build/2016111312/Catalyst-Runtime-5.90112-9jHZJM/blib/lib/Catalyst/Engine.pm line 800
	Catalyst::Engine::__ANON__(CODE(0x7fa671929368)) called at /usr/local/Cellar/perl518/5.18.2/lib/site_perl/5.18.2/Plack/Middleware/HTTPExceptions.pm line 32
	Plack::Middleware::HTTPExceptions::try {...} () called at /usr/local/Cellar/perl518/5.18.2/lib/site_perl/5.18.2/Try/Tiny.pm line 92
	eval {...} called at /usr/local/Cellar/perl518/5.18.2/lib/site_perl/5.18.2/Try/Tiny.pm line 83
	Try::Tiny::try(CODE(0x7fa6719291a0), Try::Tiny::Catch=REF(0x7fa67194ee08)) called at /usr/local/Cellar/perl518/5.18.2/lib/site_perl/5.18.2/Plack/Middleware/HTTPExceptions.pm line 41
	Plack::Middleware::HTTPExceptions::__ANON__(CODE(0x7fa671929098)) called at /usr/local/Cellar/perl518/5.18.2/lib/site_perl/5.18.2/Plack/Util.pm line 339
	Plack::Util::__ANON__(CODE(0x7fa671928f90)) called at /usr/local/Cellar/perl518/5.18.2/lib/site_perl/5.18.2/Plack/Util.pm line 339
	Plack::Util::__ANON__(CODE(0x7fa671928e88)) called at /usr/local/Cellar/perl518/5.18.2/lib/site_perl/5.18.2/Plack/Util.pm line 339
	Plack::Util::__ANON__(CODE(0x7fa671928e10)) called at /usr/local/Cellar/perl518/5.18.2/lib/site_perl/5.18.2/HTTP/Message/PSGI.pm line 100
	HTTP::Message::PSGI::res_from_psgi(CODE(0x7fa67194ecb8)) called at /usr/local/Cellar/perl518/5.18.2/lib/site_perl/5.18.2/HTTP/Message/PSGI.pm line 156
	HTTP::Response::from_psgi("HTTP::Response", CODE(0x7fa67194ecb8)) called at /usr/local/Cellar/perl518/5.18.2/lib/site_perl/5.18.2/Plack/Test/MockHTTP.pm line 24
	Plack::Test::MockHTTP::try {...} () called at /usr/local/Cellar/perl518/5.18.2/lib/site_perl/5.18.2/Try/Tiny.pm line 87
	eval {...} called at /usr/local/Cellar/perl518/5.18.2/lib/site_perl/5.18.2/Try/Tiny.pm line 83
	Try::Tiny::try(CODE(0x7fa6718f7320), Try::Tiny::Catch=REF(0x7fa670f76928)) called at /usr/local/Cellar/perl518/5.18.2/lib/site_perl/5.18.2/Plack/Test/MockHTTP.pm line 27
	Plack::Test::MockHTTP::request(Plack::Test::MockHTTP=HASH(0x7fa671904858), HTTP::Request=HASH(0x7fa6718d1cf0)) called at /usr/local/Cellar/perl518/5.18.2/lib/site_perl/5.18.2/Plack/Test.pm line 38
	Plack::Test::__ANON__(HTTP::Request=HASH(0x7fa6718d1cf0)) called at /Users/eserte/.cpan/build/2016111312/Catalyst-Runtime-5.90112-9jHZJM/blib/lib/Catalyst/Test.pm line 281
	Catalyst::Test::__ANON__(CODE(0x7fa6719046f0)) called at /usr/local/Cellar/perl518/5.18.2/lib/site_perl/5.18.2/Plack/Test.pm line 38
	Plack::Test::test_psgi("mangle_response", CODE(0x7fa66b0222d8), "app", CODE(0x7fa6719042b8), "app", CODE(0x7fa671904510), "client", CODE(0x7fa6719045b8)) called at /Users/eserte/.cpan/build/2016111312/Catalyst-Runtime-5.90112-9jHZJM/blib/lib/Catalyst/Test.pm line 284
	Catalyst::Test::_request(HASH(0x7fa6718f71b8), HTTP::Request=HASH(0x7fa6718d1cf0)) called at /Users/eserte/.cpan/build/2016111312/Catalyst-Runtime-5.90112-9jHZJM/blib/lib/Catalyst/Test.pm line 327
	Catalyst::Test::_local_request("ComponentUI", HTTP::Request=HASH(0x7fa6718d1cf0)) called at /Users/eserte/.cpan/build/2016111312/Test-WWW-Mechanize-Catalyst-0.60-U2bBWg/blib/lib/Test/WWW/Mechanize/Catalyst.pm line 174
	Test::WWW::Mechanize::Catalyst::_do_catalyst_request(Test::WWW::Mechanize::Catalyst=HASH(0x7fa66ca102a0), HTTP::Request=HASH(0x7fa6718d1cf0)) called at /Users/eserte/.cpan/build/2016111312/Test-WWW-Mechanize-Catalyst-0.60-U2bBWg/blib/lib/Test/WWW/Mechanize/Catalyst.pm line 78
	Test::WWW::Mechanize::Catalyst::_make_request(Test::WWW::Mechanize::Catalyst=HASH(0x7fa66ca102a0), HTTP::Request=HASH(0x7fa6718d1cf0)) called at /usr/local/Cellar/perl518/5.18.2/lib/site_perl/5.18.2/WWW/Mechanize.pm line 2312
	WWW::Mechanize::request(Test::WWW::Mechanize::Catalyst=HASH(0x7fa66ca102a0), HTTP::Request=HASH(0x7fa6718d1cf0)) called at /usr/local/Cellar/perl518/5.18.2/lib/site_perl/5.18.2/LWP/UserAgent.pm line 411
	LWP::UserAgent::get(Test::WWW::Mechanize::Catalyst=HASH(0x7fa66ca102a0), "http://localhost/testmodel/baz/id/1/update") called at /usr/local/Cellar/perl518/5.18.2/lib/site_perl/5.18.2/WWW/Mechanize.pm line 407
	WWW::Mechanize::get(Test::WWW::Mechanize::Catalyst=HASH(0x7fa66ca102a0), "http://localhost/testmodel/baz/id/1/update") called at /usr/local/Cellar/perl518/5.18.2/lib/site_perl/5.18.2/Test/WWW/Mechanize.pm line 159
	Test::WWW::Mechanize::get_ok(Test::WWW::Mechanize::Catalyst=HASH(0x7fa66ca102a0), "http://localhost/testmodel/baz/id/1/update") called at t/uncheck_bool_field.t line 9
Class::MOP::load_class is deprecated at /usr/local/Cellar/perl518/5.18.2/lib/site_perl/5.18.2/darwin-thread-multi-2level/Class/MOP.pm line 69.
	Class::MOP::load_class("Reaction::UI::Widget::SiteLayout") called at /Users/eserte/.cpan/build/2016111312/Reaction-0.002005-QfoCia/blib/lib/Reaction/UI/Skin.pm line 181
	eval {...} called at /Users/eserte/.cpan/build/2016111312/Reaction-0.002005-QfoCia/blib/lib/Reaction/UI/Skin.pm line 181
	Reaction::UI::Skin::widget_class_for(Reaction::UI::Skin=HASH(0x7fa671100188), Reaction::UI::LayoutSet::TT=HASH(0x7fa67111f720)) called at /Users/eserte/.cpan/build/2016111312/Reaction-0.002005-QfoCia/blib/lib/Reaction/UI/LayoutSet.pm line 28
	Reaction::UI::LayoutSet::BUILD(Reaction::UI::LayoutSet::TT=HASH(0x7fa67111f720), HASH(0x7fa67111f690)) called at constructor Reaction::UI::LayoutSet::TT::new (defined at /Users/eserte/.cpan/build/2016111312/Reaction-0.002005-QfoCia/blib/lib/Reaction/UI/LayoutSet/TT.pm line 43) line 69
	Reaction::UI::LayoutSet::TT::new("Reaction::UI::LayoutSet::TT", "name", "site_layout", "skin", Reaction::UI::Skin=HASH(0x7fa671100188), "tt_object", Template=HASH(0x7fa66feddd78), "source_file", ...) called at /Users/eserte/.cpan/build/2016111312/Reaction-0.002005-QfoCia/blib/lib/Reaction/UI/Skin.pm line 114
	Reaction::UI::Skin::_create_layout_set(Reaction::UI::Skin=HASH(0x7fa671100188), "site_layout", ARRAY(0x7fa67110d630), Reaction::UI::Skin=HASH(0x7fa671100188)) called at /Users/eserte/.cpan/build/2016111312/Reaction-0.002005-QfoCia/blib/lib/Reaction/UI/Skin.pm line 110
	Reaction::UI::Skin::create_layout_set(Reaction::UI::Skin=HASH(0x7fa671100188), "site_layout") called at /Users/eserte/.cpan/build/2016111312/Reaction-0.002005-QfoCia/blib/lib/Reaction/UI/LayoutSet.pm line 83
	Reaction::UI::LayoutSet::_load_file(Reaction::UI::LayoutSet::TT=HASH(0x7fa67110c888), Path::Class::File=HASH(0x7fa6711098a0), HASH(0x7fa6711250e8)) called at /Users/eserte/.cpan/build/2016111312/Reaction-0.002005-QfoCia/blib/lib/Reaction/UI/LayoutSet.pm line 27
	Reaction::UI::LayoutSet::BUILD(Reaction::UI::LayoutSet::TT=HASH(0x7fa67110c888), HASH(0x7fa6711250e8)) called at constructor Reaction::UI::LayoutSet::TT::new (defined at /Users/eserte/.cpan/build/2016111312/Reaction-0.002005-QfoCia/blib/lib/Reaction/UI/LayoutSet/TT.pm line 43) line 69
	Reaction::UI::LayoutSet::TT::new("Reaction::UI::LayoutSet::TT", "name", "site_layout", "skin", Reaction::UI::Skin=HASH(0x7fa66fee6268), "next_skin", Reaction::UI::Skin=HASH(0x7fa671100188), "tt_object", ...) called at /Users/eserte/.cpan/build/2016111312/Reaction-0.002005-QfoCia/blib/lib/Reaction/UI/Skin.pm line 114
	Reaction::UI::Skin::_create_layout_set(Reaction::UI::Skin=HASH(0x7fa66fee6268), "site_layout", ARRAY(0x7fa67110b168), Reaction::UI::Skin=HASH(0x7fa66fee6268)) called at /Users/eserte/.cpan/build/2016111312/Reaction-0.002005-QfoCia/blib/lib/Reaction/UI/Skin.pm line 110
	Reaction::UI::Skin::create_layout_set(Reaction::UI::Skin=HASH(0x7fa66fee6268), "site_layout") called at /Users/eserte/.cpan/build/2016111312/Reaction-0.002005-QfoCia/blib/lib/Reaction/UI/LayoutSet.pm line 83
	Reaction::UI::LayoutSet::_load_file(Reaction::UI::LayoutSet::TT=HASH(0x7fa6711009b0), Path::Class::File=HASH(0x7fa671c26ae8), HASH(0x7fa671c29b48)) called at /Users/eserte/.cpan/build/2016111312/Reaction-0.002005-QfoCia/blib/lib/Reaction/UI/LayoutSet.pm line 27
	Reaction::UI::LayoutSet::BUILD(Reaction::UI::LayoutSet::TT=HASH(0x7fa6711009b0), HASH(0x7fa671c29b48)) called at constructor Reaction::UI::LayoutSet::TT::new (defined at /Users/eserte/.cpan/build/2016111312/Reaction-0.002005-QfoCia/blib/lib/Reaction/UI/LayoutSet/TT.pm line 43) line 69
	Reaction::UI::LayoutSet::TT::new("Reaction::UI::LayoutSet::TT", "name", "site_layout", "skin", Reaction::UI::Skin=HASH(0x7fa671c1a640), "next_skin", Reaction::UI::Skin=HASH(0x7fa66fee6268), "tt_object", ...) called at /Users/eserte/.cpan/build/2016111312/Reaction-0.002005-QfoCia/blib/lib/Reaction/UI/Skin.pm line 114
	Reaction::UI::Skin::_create_layout_set(Reaction::UI::Skin=HASH(0x7fa671c1a640), "site_layout", ARRAY(0x7fa671c2a0b8), Reaction::UI::Skin=HASH(0x7fa671c1a640)) called at /Users/eserte/.cpan/build/2016111312/Reaction-0.002005-QfoCia/blib/lib/Reaction/UI/Skin.pm line 110
	Reaction::UI::Skin::create_layout_set(Reaction::UI::Skin=HASH(0x7fa671c1a640), "site_layout") called at /usr/local/Cellar/perl518/5.18.2/lib/site_perl/5.18.2/darwin-thread-multi-2level/Moose/Meta/Method/Delegation.pm line 110
	Reaction::UI::View::create_layout_set(ComponentUI::View::Site=HASH(0x7fa66d5ce178), "site_layout") called at /Users/eserte/.cpan/build/2016111312/Reaction-0.002005-QfoCia/blib/lib/Reaction/UI/View.pm line 99
	Reaction::UI::View::layout_set_for(ComponentUI::View::Site=HASH(0x7fa66d5ce178), Reaction::UI::ViewPort::SiteLayout=HASH(0x7fa6719546b8)) called at /Users/eserte/.cpan/build/2016111312/Reaction-0.002005-QfoCia/blib/lib/Reaction/UI/View.pm line 78
	Reaction::UI::View::render_viewport_args(ComponentUI::View::Site=HASH(0x7fa66d5ce178), Reaction::UI::ViewPort::SiteLayout=HASH(0x7fa6719546b8)) called at /Users/eserte/.cpan/build/2016111312/Reaction-0.002005-QfoCia/blib/lib/Reaction/UI/View.pm line 61
	Reaction::UI::View::render_window(ComponentUI::View::Site=HASH(0x7fa66d5ce178), Reaction::UI::Window=HASH(0x7fa671953ec0)) called at /Users/eserte/.cpan/build/2016111312/Reaction-0.002005-QfoCia/blib/lib/Reaction/UI/Window.pm line 74
	Reaction::UI::Window::flush_view(Reaction::UI::Window=HASH(0x7fa671953ec0)) called at /Users/eserte/.cpan/build/2016111312/Reaction-0.002005-QfoCia/blib/lib/Reaction/UI/Window.pm line 36
	Reaction::UI::Window::flush(Reaction::UI::Window=HASH(0x7fa671953ec0)) called at /Users/eserte/.cpan/build/2016111312/Reaction-0.002005-QfoCia/blib/lib/Reaction/UI/Controller/Root.pm line 38
	Reaction::UI::Controller::Root::end(ComponentUI::Controller::Root=HASH(0x7fa671953f68), ComponentUI=HASH(0x7fa671929a88)) called at /Users/eserte/.cpan/build/2016111312/Catalyst-Runtime-5.90112-9jHZJM/blib/lib/Catalyst/Action.pm line 358
	Catalyst::Action::execute(Catalyst::Action=HASH(0x7fa670f7ff38), ComponentUI::Controller::Root=HASH(0x7fa671953f68), ComponentUI=HASH(0x7fa671929a88)) called at /Users/eserte/.cpan/build/2016111312/Catalyst-Runtime-5.90112-9jHZJM/blib/lib/Catalyst.pm line 2056
	eval {...} called at /Users/eserte/.cpan/build/2016111312/Catalyst-Runtime-5.90112-9jHZJM/blib/lib/Catalyst.pm line 2056
	Catalyst::execute(ComponentUI=HASH(0x7fa671929a88), "ComponentUI::Controller::Root", Catalyst::Action=HASH(0x7fa670f7ff38)) called at /Users/eserte/.cpan/build/2016111312/Catalyst-Runtime-5.90112-9jHZJM/blib/lib/Catalyst/Action.pm line 353
	Catalyst::Action::dispatch(Catalyst::Action=HASH(0x7fa670f7ff38), ComponentUI=HASH(0x7fa671929a88)) called at /Users/eserte/.cpan/build/2016111312/Catalyst-Runtime-5.90112-9jHZJM/blib/lib/Catalyst/Controller.pm line 189
	Catalyst::Controller::_END(ComponentUI::Controller::TestModel::Baz=HASH(0x7fa671938190), ComponentUI=HASH(0x7fa671929a88)) called at /Users/eserte/.cpan/build/2016111312/Catalyst-Runtime-5.90112-9jHZJM/blib/lib/Catalyst/Action.pm line 358
	Catalyst::Action::execute(Catalyst::Action=HASH(0x7fa670f88950), ComponentUI::Controller::TestModel::Baz=HASH(0x7fa671938190), ComponentUI=HASH(0x7fa671929a88)) called at /Users/eserte/.cpan/build/2016111312/Catalyst-Runtime-5.90112-9jHZJM/blib/lib/Catalyst.pm line 2056
	eval {...} called at /Users/eserte/.cpan/build/2016111312/Catalyst-Runtime-5.90112-9jHZJM/blib/lib/Catalyst.pm line 2056
	Catalyst::execute(ComponentUI=HASH(0x7fa671929a88), "ComponentUI::Controller::TestModel::Baz", Catalyst::Action=HASH(0x7fa670f88950)) called at /Users/eserte/.cpan/build/2016111312/Catalyst-Runtime-5.90112-9jHZJM/blib/lib/Catalyst/Action.pm line 353
	Catalyst::Action::dispatch(Catalyst::Action=HASH(0x7fa670f88950), ComponentUI=HASH(0x7fa671929a88)) called at /Users/eserte/.cpan/build/2016111312/Catalyst-Runtime-5.90112-9jHZJM/blib/lib/Catalyst/Dispatcher.pm line 262
	Catalyst::Dispatcher::_do_forward(Catalyst::Dispatcher=HASH(0x7fa6694819a0), "forward", ComponentUI=HASH(0x7fa671929a88), "_END") called at /Users/eserte/.cpan/build/2016111312/Catalyst-Runtime-5.90112-9jHZJM/blib/lib/Catalyst/Dispatcher.pm line 242
	Catalyst::Dispatcher::forward(Catalyst::Dispatcher=HASH(0x7fa6694819a0), ComponentUI=HASH(0x7fa671929a88), "_END") called at /Users/eserte/.cpan/build/2016111312/Catalyst-Runtime-5.90112-9jHZJM/blib/lib/Catalyst.pm line 481
	Catalyst::forward(ComponentUI=HASH(0x7fa671929a88), "_END") called at /Users/eserte/.cpan/build/2016111312/Catalyst-Runtime-5.90112-9jHZJM/blib/lib/Catalyst/Controller.pm line 138
	Catalyst::Controller::_DISPATCH(ComponentUI::Controller::TestModel::Baz=HASH(0x7fa671938190), ComponentUI=HASH(0x7fa671929a88)) called at /Users/eserte/.cpan/build/2016111312/Catalyst-Runtime-5.90112-9jHZJM/blib/lib/Catalyst/Action.pm line 358
	Catalyst::Action::execute(Catalyst::Action=HASH(0x7fa670fe3520), ComponentUI::Controller::TestModel::Baz=HASH(0x7fa671938190), ComponentUI=HASH(0x7fa671929a88)) called at /Users/eserte/.cpan/build/2016111312/Catalyst-Runtime-5.90112-9jHZJM/blib/lib/Catalyst.pm line 2056
	eval {...} called at /Users/eserte/.cpan/build/2016111312/Catalyst-Runtime-5.90112-9jHZJM/blib/lib/Catalyst.pm line 2056
	Catalyst::execute(ComponentUI=HASH(0x7fa671929a88), "ComponentUI::Controller::TestModel::Baz", Catalyst::Action=HASH(0x7fa670fe3520)) called at /Users/eserte/.cpan/build/2016111312/Catalyst-Runtime-5.90112-9jHZJM/blib/lib/Catalyst/Action.pm line 353
	Catalyst::Action::dispatch(Catalyst::Action=HASH(0x7fa670fe3520), ComponentUI=HASH(0x7fa671929a88)) called at /Users/eserte/.cpan/build/2016111312/Catalyst-Runtime-5.90112-9jHZJM/blib/lib/Catalyst/Dispatcher.pm line 262
	Catalyst::Dispatcher::_do_forward(Catalyst::Dispatcher=HASH(0x7fa6694819a0), "forward", ComponentUI=HASH(0x7fa671929a88), "/testmodel/baz/_DISPATCH") called at /Users/eserte/.cpan/build/2016111312/Catalyst-Runtime-5.90112-9jHZJM/blib/lib/Catalyst/Dispatcher.pm line 242
	Catalyst::Dispatcher::forward(Catalyst::Dispatcher=HASH(0x7fa6694819a0), ComponentUI=HASH(0x7fa671929a88), "/testmodel/baz/_DISPATCH") called at /Users/eserte/.cpan/build/2016111312/Catalyst-Runtime-5.90112-9jHZJM/blib/lib/Catalyst.pm line 481
	Catalyst::forward(ComponentUI=HASH(0x7fa671929a88), "/testmodel/baz/_DISPATCH") called at /Users/eserte/.cpan/build/2016111312/Catalyst-Runtime-5.90112-9jHZJM/blib/lib/Catalyst/Dispatcher.pm line 107
	Catalyst::Dispatcher::dispatch(Catalyst::Dispatcher=HASH(0x7fa6694819a0), ComponentUI=HASH(0x7fa671929a88)) called at /Users/eserte/.cpan/build/2016111312/Catalyst-Runtime-5.90112-9jHZJM/blib/lib/Catalyst.pm line 2002
	Catalyst::dispatch(ComponentUI=HASH(0x7fa671929a88)) called at /Users/eserte/.cpan/build/2016111312/Catalyst-Plugin-Static-Simple-0.33-w1g7_U/blib/lib/Catalyst/Plugin/Static/Simple.pm line 86
	Class::MOP::Class:::around(CODE(0x7fa66c943258), ComponentUI=HASH(0x7fa671929a88)) called at /usr/local/Cellar/perl518/5.18.2/lib/site_perl/5.18.2/darwin-thread-multi-2level/Class/MOP/Method/Wrapped.pm line 164
	ComponentUI::_wrapped_dispatch(ComponentUI=HASH(0x7fa671929a88)) called at /usr/local/Cellar/perl518/5.18.2/lib/site_perl/5.18.2/darwin-thread-multi-2level/Class/MOP/Method/Wrapped.pm line 95
	ComponentUI::dispatch(ComponentUI=HASH(0x7fa671929a88)) called at /Users/eserte/.cpan/build/2016111312/Catalyst-Runtime-5.90112-9jHZJM/blib/lib/Catalyst.pm line 2393
	Catalyst::try {...} () called at /usr/local/Cellar/perl518/5.18.2/lib/site_perl/5.18.2/Try/Tiny.pm line 92
	eval {...} called at /usr/local/Cellar/perl518/5.18.2/lib/site_perl/5.18.2/Try/Tiny.pm line 83
	Try::Tiny::try(CODE(0x7fa671929488), Try::Tiny::Catch=REF(0x7fa671929320)) called at /Users/eserte/.cpan/build/2016111312/Catalyst-Runtime-5.90112-9jHZJM/blib/lib/Catalyst.pm line 2402
	Catalyst::handle_request("ComponentUI", "env", HASH(0x7fa67192a0f8), "response_cb", CODE(0x7fa671929368)) called at /Users/eserte/.cpan/build/2016111312/Catalyst-Runtime-5.90112-9jHZJM/blib/lib/Catalyst/Engine.pm line 800
	Catalyst::Engine::__ANON__(CODE(0x7fa671929368)) called at /usr/local/Cellar/perl518/5.18.2/lib/site_perl/5.18.2/Plack/Middleware/HTTPExceptions.pm line 32
	Plack::Middleware::HTTPExceptions::try {...} () called at /usr/local/Cellar/perl518/5.18.2/lib/site_perl/5.18.2/Try/Tiny.pm line 92
	eval {...} called at /usr/local/Cellar/perl518/5.18.2/lib/site_perl/5.18.2/Try/Tiny.pm line 83
	Try::Tiny::try(CODE(0x7fa6719291a0), Try::Tiny::Catch=REF(0x7fa67194ee08)) called at /usr/local/Cellar/perl518/5.18.2/lib/site_perl/5.18.2/Plack/Middleware/HTTPExceptions.pm line 41
	Plack::Middleware::HTTPExceptions::__ANON__(CODE(0x7fa671929098)) called at /usr/local/Cellar/perl518/5.18.2/lib/site_perl/5.18.2/Plack/Util.pm line 339
	Plack::Util::__ANON__(CODE(0x7fa671928f90)) called at /usr/local/Cellar/perl518/5.18.2/lib/site_perl/5.18.2/Plack/Util.pm line 339
	Plack::Util::__ANON__(CODE(0x7fa671928e88)) called at /usr/local/Cellar/perl518/5.18.2/lib/site_perl/5.18.2/Plack/Util.pm line 339
	Plack::Util::__ANON__(CODE(0x7fa671928e10)) called at /usr/local/Cellar/perl518/5.18.2/lib/site_perl/5.18.2/HTTP/Message/PSGI.pm line 100
	HTTP::Message::PSGI::res_from_psgi(CODE(0x7fa67194ecb8)) called at /usr/local/Cellar/perl518/5.18.2/lib/site_perl/5.18.2/HTTP/Message/PSGI.pm line 156
	HTTP::Response::from_psgi("HTTP::Response", CODE(0x7fa67194ecb8)) called at /usr/local/Cellar/perl518/5.18.2/lib/site_perl/5.18.2/Plack/Test/MockHTTP.pm line 24
	Plack::Test::MockHTTP::try {...} () called at /usr/local/Cellar/perl518/5.18.2/lib/site_perl/5.18.2/Try/Tiny.pm line 87
	eval {...} called at /usr/local/Cellar/perl518/5.18.2/lib/site_perl/5.18.2/Try/Tiny.pm line 83
	Try::Tiny::try(CODE(0x7fa6718f7320), Try::Tiny::Catch=REF(0x7fa670f76928)) called at /usr/local/Cellar/perl518/5.18.2/lib/site_perl/5.18.2/Plack/Test/MockHTTP.pm line 27
	Plack::Test::MockHTTP::request(Plack::Test::MockHTTP=HASH(0x7fa671904858), HTTP::Request=HASH(0x7fa6718d1cf0)) called at /usr/local/Cellar/perl518/5.18.2/lib/site_perl/5.18.2/Plack/Test.pm line 38
	Plack::Test::__ANON__(HTTP::Request=HASH(0x7fa6718d1cf0)) called at /Users/eserte/.cpan/build/2016111312/Catalyst-Runtime-5.90112-9jHZJM/blib/lib/Catalyst/Test.pm line 281
	Catalyst::Test::__ANON__(CODE(0x7fa6719046f0)) called at /usr/local/Cellar/perl518/5.18.2/lib/site_perl/5.18.2/Plack/Test.pm line 38
	Plack::Test::test_psgi("mangle_response", CODE(0x7fa66b0222d8), "app", CODE(0x7fa6719042b8), "app", CODE(0x7fa671904510), "client", CODE(0x7fa6719045b8)) called at /Users/eserte/.cpan/build/2016111312/Catalyst-Runtime-5.90112-9jHZJM/blib/lib/Catalyst/Test.pm line 284
	Catalyst::Test::_request(HASH(0x7fa6718f71b8), HTTP::Request=HASH(0x7fa6718d1cf0)) called at /Users/eserte/.cpan/build/2016111312/Catalyst-Runtime-5.90112-9jHZJM/blib/lib/Catalyst/Test.pm line 327
	Catalyst::Test::_local_request("ComponentUI", HTTP::Request=HASH(0x7fa6718d1cf0)) called at /Users/eserte/.cpan/build/2016111312/Test-WWW-Mechanize-Catalyst-0.60-U2bBWg/blib/lib/Test/WWW/Mechanize/Catalyst.pm line 174
	Test::WWW::Mechanize::Catalyst::_do_catalyst_request(Test::WWW::Mechanize::Catalyst=HASH(0x7fa66ca102a0), HTTP::Request=HASH(0x7fa6718d1cf0)) called at /Users/eserte/.cpan/build/2016111312/Test-WWW-Mechanize-Catalyst-0.60-U2bBWg/blib/lib/Test/WWW/Mechanize/Catalyst.pm line 78
	Test::WWW::Mechanize::Catalyst::_make_request(Test::WWW::Mechanize::Catalyst=HASH(0x7fa66ca102a0), HTTP::Request=HASH(0x7fa6718d1cf0)) called at /usr/local/Cellar/perl518/5.18.2/lib/site_perl/5.18.2/WWW/Mechanize.pm line 2312
	WWW::Mechanize::request(Test::WWW::Mechanize::Catalyst=HASH(0x7fa66ca102a0), HTTP::Request=HASH(0x7fa6718d1cf0)) called at /usr/local/Cellar/perl518/5.18.2/lib/site_perl/5.18.2/LWP/UserAgent.pm line 411
	LWP::UserAgent::get(Test::WWW::Mechanize::Catalyst=HASH(0x7fa66ca102a0), "http://localhost/testmodel/baz/id/1/update") called at /usr/local/Cellar/perl518/5.18.2/lib/site_perl/5.18.2/WWW/Mechanize.pm line 407
	WWW::Mechanize::get(Test::WWW::Mechanize::Catalyst=HASH(0x7fa66ca102a0), "http://localhost/testmodel/baz/id/1/update") called at /usr/local/Cellar/perl518/5.18.2/lib/site_perl/5.18.2/Test/WWW/Mechanize.pm line 159
	Test::WWW::Mechanize::get_ok(Test::WWW::Mechanize::Catalyst=HASH(0x7fa66ca102a0), "http://localhost/testmodel/baz/id/1/update") called at t/uncheck_bool_field.t line 9
t/uncheck_bool_field.t ...... ok

Test Summary Report
-------------------
t/05reflect_attr_from.t   (Wstat: 256 Tests: 1 Failed: 1)
  Failed test:  1
  Non-zero exit status: 1
Files=9, Tests=604, 13 wallclock secs ( 0.09 usr  0.02 sys + 10.90 cusr  1.44 csys = 12.45 CPU)
Result: FAIL
Failed 1/9 test programs. 1/604 subtests failed.
make: *** [test_dynamic] Error 255

------------------------------
PREREQUISITES
------------------------------

Prerequisite modules loaded:

requires:

    Module                                  Need      Have    
    --------------------------------------- --------- --------
    aliased                                 0.22      0.34    
    Catalyst                                5.80002   5.90112 
    Catalyst::Component::ACCEPT_CONTEXT     0.05      0.07    
    Catalyst::Component::InstancePerContext 0.001001  0.001001
    Catalyst::Model::DBIC::Schema           0.23      0.65    
    Catalyst::Plugin::ConfigLoader          0.23      0.34    
    Catalyst::Plugin::I18N                  0.09      0.10    
    Catalyst::Plugin::Static::Simple        0.21      0.33    
    Catalyst::View::TT                      0.29      0.44    
    Class::MOP                              0.81      2.1804  
    Config::General                         2.42      2.63    
    Crypt::Eksblowfish::Bcrypt              0.005     0.009   
    DateTime                                0.47      1.28    
    DateTime::Event::Recurrence             0.16      0.18    
    DateTime::Span                          0         0.3700  
    DBIx::Class                             0.08100   0.082821
    DBIx::Class::IntrospectableM2M          0.001001  0.001002
    Devel::Declare                          0.005000  0.006018
    Email::Valid                            0.181     1.202   
    ExtUtils::MakeMaker                     6.11      7.18    
    File::ShareDir                          1.00      1.102   
    File::Spec                              3.29      3.62    
    JSON                                    0         2.90    
    metaclass                               0.81      2.1804  
    Method::Signatures::Simple              0.03      1.07    
    Moose                                   0.74      2.1804  
    MooseX::MethodAttributes                0.18      0.31    
    MooseX::Role::Parameterized             0.24      1.08    
    MooseX::Types                           0.10      0.46    
    MooseX::Types::Common                   0.001000  0.001013
    MooseX::Types::DateTime                 0.03      0.13    
    MooseX::Types::URI                      0.02      0.08    
    namespace::clean                        0.11      0.27    
    Path::Class::Dir                        0         0.36    
    Path::Class::File                       0         0.36    
    perl                                    5.008001  5.018002
    Scalar::Util                            1.19      1.45    
    signatures                              0.05      0.13    
    SQL::Translator                         0.11002   0.11021 
    Sub::Exporter                           0.982     0.987   
    Sub::Name                               0.04      0.15    
    Template                                2.20      2.26    
    Test::Class                             0.31      0.50    
    Test::Memory::Cycle                     1.04      1.06    
    Test::WWW::Mechanize::Catalyst          0.51      0.60    
    Time::ParseDate                         2006.0814 2015.103
    URI                                     1.37      1.71    

build_requires:

    Module                                  Need      Have    
    --------------------------------------- --------- --------
    ExtUtils::MakeMaker                     6.42      7.18    
    SQL::Translator                         0.11002   0.11021 
    Test::Class                             0.31      0.50    
    Test::Memory::Cycle                     1.04      1.06    
    Test::WWW::Mechanize::Catalyst          0.51      0.60    

configure_requires:

    Module                                  Need      Have    
    --------------------------------------- --------- --------
    ExtUtils::MakeMaker                     6.42      7.18    


------------------------------
ENVIRONMENT AND OTHER CONTEXT
------------------------------

Environment variables:

    LANG = en_US.UTF-8
    PATH = /usr/local/bin:/usr/bin:/bin:/usr/local/sbin:/usr/sbin:/sbin:/Users/eserte/bin/darwin15.0:/Users/eserte/bin/sh:/Users/eserte/bin:/Users/eserte/bin/pistachio-perl/bin:/usr/games:/Users/eserte/devel:/Users/eserte/work/drafts-slaven.rezic/misc:/Users/eserte/src/srezic-misc/scripts
    PERL5LIB = /Users/eserte/.cpan/build/2016111312/Crypt-Eksblowfish-0.009-vGafvB/blib/arch:/Users/eserte/.cpan/build/2016111312/Crypt-Eksblowfish-0.009-vGafvB/blib/lib:/Users/eserte/.cpan/build/2016111312/Class-Mix-0.005-kWgbXD/blib/arch:/Users/eserte/.cpan/build/2016111312/Class-Mix-0.005-kWgbXD/blib/lib:/Users/eserte/.cpan/build/2016111312/Params-Classify-0.013-dtVte7/blib/arch:/Users/eserte/.cpan/build/2016111312/Params-Classify-0.013-dtVte7/blib/lib:/Users/eserte/.cpan/build/2016111312/Method-Signatures-Simple-1.07-YVzdC7/blib/arch:/Users/eserte/.cpan/build/2016111312/Method-Signatures-Simple-1.07-YVzdC7/blib/lib:/Users/eserte/.cpan/build/2016111312/Test-Memory-Cycle-1.06-ikk_If/blib/arch:/Users/eserte/.cpan/build/2016111312/Test-Memory-Cycle-1.06-ikk_If/blib/lib:/Users/eserte/.cpan/build/2016111312/Config-General-2.63-IWRJLH/blib/arch:/Users/eserte/.cpan/build/2016111312/Config-General-2.63-IWRJLH/blib/lib:/Users/eserte/.cpan/build/2016111312/Catalyst-View-TT-0.44-pvkBku/blib/arch:/Users/eserte/.cpan/build/2016111312/Catalyst-View-TT-0.44-pvkBku/blib/lib:/Users/eserte/.cpan/build/2016111312/Template-Timer-1.00-40c8im/blib/arch:/Users/eserte/.cpan/build/2016111312/Template-Timer-1.00-40c8im/blib/lib:/Users/eserte/.cpan/build/2016111312/Catalyst-Component-ACCEPT_CONTEXT-0.07-bJ60XI/blib/arch:/Users/eserte/.cpan/build/2016111312/Catalyst-Component-ACCEPT_CONTEXT-0.07-bJ60XI/blib/lib:/Users/eserte/.cpan/build/2016111312/Devel-Cycle-1.12-bFAFqj/blib/arch:/Users/eserte/.cpan/build/2016111312/Devel-Cycle-1.12-bFAFqj/blib/lib:/Users/eserte/.cpan/build/2016111312/Test-WWW-Mechanize-Catalyst-0.60-U2bBWg/blib/arch:/Users/eserte/.cpan/build/2016111312/Test-WWW-Mechanize-Catalyst-0.60-U2bBWg/blib/lib:/Users/eserte/.cpan/build/2016111312/Catalyst-Plugin-Session-State-Cookie-0.17-GC51HD/blib/arch:/Users/eserte/.cpan/build/2016111312/Catalyst-Plugin-Session-State-Cookie-0.17-GC51HD/blib/lib:/Users/eserte/.cpan/build/2016111312/Catalyst-Plugin-Session-0.40-s6yy7W/blib/arch:/Users/eserte/.cpan/build/2016111312/Catalyst-Plugin-Session-0.40-s6yy7W/blib/lib:/Users/eserte/.cpan/build/2016111312/Object-Signature-1.07-yt72a4/blib/arch:/Users/eserte/.cpan/build/2016111312/Object-Signature-1.07-yt72a4/blib/lib:/Users/eserte/.cpan/build/2016111312/Test-WWW-Mechanize-PSGI-0.36-4VA5AD/blib/arch:/Users/eserte/.cpan/build/2016111312/Test-WWW-Mechanize-PSGI-0.36-4VA5AD/blib/lib:/Users/eserte/.cpan/build/2016111312/Catalyst-Plugin-Static-Simple-0.33-w1g7_U/blib/arch:/Users/eserte/.cpan/build/2016111312/Catalyst-Plugin-Static-Simple-0.33-w1g7_U/blib/lib:/Users/eserte/.cpan/build/2016111312/MooseX-Types-Common-0.001013-cFp53G/blib/arch:/Users/eserte/.cpan/build/2016111312/MooseX-Types-Common-0.001013-cFp53G/blib/lib:/Users/eserte/.cpan/build/2016111312/MooseX-Types-URI-0.08-JGYwMI/blib/arch:/Users/eserte/.cpan/build/2016111312/MooseX-Types-URI-0.08-JGYwMI/blib/lib:/Users/eserte/.cpan/build/2016111312/URI-FromHash-0.05-d6t6Vi/blib/arch:/Users/eserte/.cpan/build/2016111312/URI-FromHash-0.05-d6t6Vi/blib/lib:/Users/eserte/.cpan/build/2016111312/Test-Class-0.50-oezR7K/blib/arch:/Users/eserte/.cpan/build/2016111312/Test-Class-0.50-oezR7K/blib/lib:/Users/eserte/.cpan/build/2016111312/Catalyst-Plugin-I18N-0.10-rG8N28/blib/arch:/Users/eserte/.cpan/build/2016111312/Catalyst-Plugin-I18N-0.10-rG8N28/blib/lib:/Users/eserte/.cpan/build/2016111312/Locale-Maketext-Lexicon-1.00-NosotI/blib/arch:/Users/eserte/.cpan/build/2016111312/Locale-Maketext-Lexicon-1.00-NosotI/blib/lib:/Users/eserte/.cpan/build/2016111312/Catalyst-Model-DBIC-Schema-0.65-EcPaJF/blib/arch:/Users/eserte/.cpan/build/2016111312/Catalyst-Model-DBIC-Schema-0.65-EcPaJF/blib/lib:/Users/eserte/.cpan/build/2016111312/MooseX-MarkAsMethods-0.15-NDcMCJ/blib/arch:/Users/eserte/.cpan/build/2016111312/MooseX-MarkAsMethods-0.15-NDcMCJ/blib/lib:/Users/eserte/.cpan/build/2016111312/CatalystX-Component-Traits-0.19-61IFPs/blib/arch:/Users/eserte/.cpan/build/2016111312/CatalystX-Component-Traits-0.19-61IFPs/blib/lib:/Users/eserte/.cpan/build/2016111312/MooseX-Traits-Pluggable-0.12-0eis4P/blib/arch:/Users/eserte/.cpan/build/2016111312/MooseX-Traits-Pluggable-0.12-0eis4P/blib/lib:/Users/eserte/.cpan/build/2016111312/MooseX-Types-LoadableClass-0.014-YuY1sY/blib/arch:/Users/eserte/.cpan/build/2016111312/MooseX-Types-LoadableClass-0.014-YuY1sY/blib/lib:/Users/eserte/.cpan/build/2016111312/signatures-0.13-WgRIjE/blib/arch:/Users/eserte/.cpan/build/2016111312/signatures-0.13-WgRIjE/blib/lib:/Users/eserte/.cpan/build/2016111312/B-Hooks-Parser-0.17-9_jpgY/blib/arch:/Users/eserte/.cpan/build/2016111312/B-Hooks-Parser-0.17-9_jpgY/blib/lib:/Users/eserte/.cpan/build/2016111312/Email-Valid-1.202-CQYa_6/blib/arch:/Users/eserte/.cpan/build/2016111312/Email-Valid-1.202-CQYa_6/blib/lib:/Users/eserte/.cpan/build/2016111312/Catalyst-Plugin-ConfigLoader-0.34-dkhByu/blib/arch:/Users/eserte/.cpan/build/2016111312/Catalyst-Plugin-ConfigLoader-0.34-dkhByu/blib/lib:/Users/eserte/.cpan/build/2016111312/Catalyst-Component-InstancePerContext-0.001001-63XTEV/blib/arch:/Users/eserte/.cpan/build/2016111312/Catalyst-Component-InstancePerContext-0.001001-63XTEV/blib/lib:/Users/eserte/.cpan/build/2016111312/Catalyst-Runtime-5.90112-9jHZJM/blib/arch:/Users/eserte/.cpan/build/2016111312/Catalyst-Runtime-5.90112-9jHZJM/blib/lib:/Users/eserte/.cpan/build/2016111312/Class-C3-Adopt-NEXT-0.14-PWNEkM/blib/arch:/Users/eserte/.cpan/build/2016111312/Class-C3-Adopt-NEXT-0.14-PWNEkM/blib/lib:/Users/eserte/.cpan/build/2016111312/Plack-Middleware-ReverseProxy-0.15-R3eRcC/blib/arch:/Users/eserte/.cpan/build/2016111312/Plack-Middleware-ReverseProxy-0.15-R3eRcC/blib/lib:/Users/eserte/.cpan/build/2016111312/Plack-Test-ExternalServer-0.02-3nkXtQ/blib/arch:/Users/eserte/.cpan/build/2016111312/Plack-Test-ExternalServer-0.02-3nkXtQ/blib/lib:/Users/eserte/.cpan/build/2016111312/MooseX-MethodAttributes-0.31-IXv1_S/blib/arch:/Users/eserte/.cpan/build/2016111312/MooseX-MethodAttributes-0.31-IXv1_S/blib/lib:/Users/eserte/.cpan/build/2016111312/Text-SimpleTable-2.03-p7XbuS/blib/arch:/Users/eserte/.cpan/build/2016111312/Text-SimpleTable-2.03-p7XbuS/blib/lib:/Users/eserte/.cpan/build/2016111312/CGI-Simple-1.115-yr0PoQ/blib/arch:/Users/eserte/.cpan/build/2016111312/CGI-Simple-1.115-yr0PoQ/blib/lib:/Users/eserte/.cpan/build/2016111312/URI-ws-0.03-O0bRTH/blib/arch:/Users/eserte/.cpan/build/2016111312/URI-ws-0.03-O0bRTH/blib/lib:/Users/eserte/.cpan/build/2016111312/CGI-Struct-1.21-S98Q1H/blib/arch:/Users/eserte/.cpan/build/2016111312/CGI-Struct-1.21-S98Q1H/blib/lib:/Users/eserte/.cpan/build/2016111312/Plack-Middleware-MethodOverride-0.15-zP6pMw/blib/arch:/Users/eserte/.cpan/build/2016111312/Plack-Middleware-MethodOverride-0.15-zP6pMw/blib/lib:/Users/eserte/.cpan/build/2016111312/MooseX-Emulate-Class-Accessor-Fast-0.00903-cR1S7r/blib/arch:/Users/eserte/.cpan/build/2016111312/MooseX-Emulate-Class-Accessor-Fast-0.00903-cR1S7r/blib/lib:/Users/eserte/.cpan/build/2016111312/Plack-Middleware-FixMissingBodyInRedirect-0.12-YQfTNF/blib/arch:/Users/eserte/.cpan/build/2016111312/Plack-Middleware-FixMissingBodyInRedirect-0.12-YQfTNF/blib/lib:/Users/eserte/.cpan/build/2016111312/Plack-Middleware-RemoveRedundantBody-0.05-xGSsqy/blib/arch:/Users/eserte/.cpan/build/2016111312/Plack-Middleware-RemoveRedundantBody-0.05-xGSsqy/blib/lib:/Users/eserte/.cpan/build/2016111312/Tree-Simple-VisitorFactory-0.15-k5uLNK/blib/arch:/Users/eserte/.cpan/build/2016111312/Tree-Simple-VisitorFactory-0.15-k5uLNK/blib/lib:/Users/eserte/.cpan/build/2016111312/Tree-Simple-1.29-fx18W0/blib/arch:/Users/eserte/.cpan/build/2016111312/Tree-Simple-1.29-fx18W0/blib/lib
    PERL5OPT = 
    PERL5_CPANPLUS_IS_RUNNING = 4301
    PERL5_CPAN_IS_RUNNING = 4301
    PERL5_CPAN_IS_RUNNING_IN_RECURSION = 80859,4301
    PERLDOC = -MPod::Perldoc::ToTextOverstrike
    PERL_BATCH = yes
    PERL_CANARY_STABILITY_NOPROMPT = 1
    PERL_CPAN_REPORTER_CONFIG = /var/tmp/cpansmoker-501/2016111309/cpanreporter_000_config.ini
    PERL_EXTUTILS_AUTOINSTALL = --defaultdeps
    SHELL = /bin/zsh
    TERM = xterm
    TMPDIR = /var/tmp/cpansmoker-501/2016111309

Perl special variables (and OS-specific diagnostics, for MSWin32):

    $^X = /usr/local/Cellar/perl518/5.18.2/bin/perl5.18.2
    $UID/$EUID = 501 / 501
    $GID = 20 20 701 12 61 79 80 81 98 33 100 204 395 398 399
    $EGID = 20 20 701 12 61 79 80 81 98 33 100 204 395 398 399

Perl module toolchain versions installed:

    Module              Have    
    ------------------- --------
    CPAN                2.10    
    CPAN::Meta          2.150005
    Cwd                 3.62    
    ExtUtils::CBuilder  0.280224
    ExtUtils::Command   7.18    
    ExtUtils::Install   2.04    
    ExtUtils::MakeMaker 7.18    
    ExtUtils::Manifest  1.70    
    ExtUtils::ParseXS   3.30    
    File::Spec          3.62    
    JSON                2.90    
    JSON::PP            2.27400 
    Module::Build       0.4218  
    Module::Signature   0.79    
    Parse::CPAN::Meta   1.4417  
    Test::Harness       3.36    
    Test::More          1.302022
    YAML                1.15    
    YAML::Syck          1.29    
    version             0.9917  


--

Summary of my perl5 (revision 5 version 18 subversion 2) configuration:
   
  Platform:
    osname=darwin, osvers=15.4.0, archname=darwin-thread-multi-2level
    uname='darwin slavens-macbook-pro.local 15.4.0 darwin kernel version 15.4.0: fri feb 26 22:08:05 pst 2016; root:xnu-3248.40.184~3release_x86_64 x86_64 '
    config_args='-des -Dprefix=/usr/local/Cellar/perl518/5.18.2 -Dman1dir=/usr/local/Cellar/perl518/5.18.2/share/man/man1 -Dman3dir=/usr/local/Cellar/perl518/5.18.2/share/man/man3 -Duseshrplib -Duselargefiles -Dusethreads'
    hint=recommended, useposix=true, d_sigaction=define
    useithreads=define, usemultiplicity=define
    useperlio=define, d_sfio=undef, uselargefiles=define, usesocks=undef
    use64bitint=define, use64bitall=define, uselongdouble=undef
    usemymalloc=n, bincompat5005=undef
  Compiler:
    cc='cc', ccflags ='-fno-common -DPERL_DARWIN -fno-strict-aliasing -pipe -fstack-protector',
    optimize='-O3',
    cppflags='-fno-common -DPERL_DARWIN -fno-strict-aliasing -pipe -fstack-protector'
    ccversion='', gccversion='4.2.1 Compatible Apple LLVM 7.3.0 (clang-703.0.31)', gccosandvers=''
    intsize=4, longsize=8, ptrsize=8, doublesize=8, byteorder=12345678
    d_longlong=define, longlongsize=8, d_longdbl=define, longdblsize=16
    ivtype='long', ivsize=8, nvtype='double', nvsize=8, Off_t='off_t', lseeksize=8
    alignbytes=8, prototype=define
  Linker and Libraries:
    ld='env MACOSX_DEPLOYMENT_TARGET=10.3 cc', ldflags =' -fstack-protector'
    libpth=/usr/lib
    libs=-ldbm -ldl -lm -lutil -lc
    perllibs=-ldl -lm -lutil -lc
    libc=, so=dylib, useshrplib=true, libperl=libperl.dylib
    gnulibc_version=''
  Dynamic Linking:
    dlsrc=dl_dlopen.xs, dlext=bundle, d_dlsymun=undef, ccdlflags=' '
    cccdlflags=' ', lddlflags=' -bundle -undefined dynamic_lookup -fstack-protector'


Characteristics of this binary (from libperl): 
  Compile-time options: HAS_TIMES MULTIPLICITY PERLIO_LAYERS
                        PERL_DONT_CREATE_GVSV
                        PERL_HASH_FUNC_ONE_AT_A_TIME_HARD
                        PERL_IMPLICIT_CONTEXT PERL_MALLOC_WRAP
                        PERL_PRESERVE_IVUV PERL_SAWAMPERSAND USE_64_BIT_ALL
                        USE_64_BIT_INT USE_ITHREADS USE_LARGE_FILES
                        USE_LOCALE USE_LOCALE_COLLATE USE_LOCALE_CTYPE
                        USE_LOCALE_NUMERIC USE_PERLIO USE_PERL_ATOF
                        USE_REENTRANT_API
  Built under darwin
  Compiled at May 18 2016 19:47:50
  %ENV:
    PERL5LIB="/Users/eserte/.cpan/build/2016111312/Crypt-Eksblowfish-0.009-vGafvB/blib/arch:/Users/eserte/.cpan/build/2016111312/Crypt-Eksblowfish-0.009-vGafvB/blib/lib:/Users/eserte/.cpan/build/2016111312/Class-Mix-0.005-kWgbXD/blib/arch:/Users/eserte/.cpan/build/2016111312/Class-Mix-0.005-kWgbXD/blib/lib:/Users/eserte/.cpan/build/2016111312/Params-Classify-0.013-dtVte7/blib/arch:/Users/eserte/.cpan/build/2016111312/Params-Classify-0.013-dtVte7/blib/lib:/Users/eserte/.cpan/build/2016111312/Method-Signatures-Simple-1.07-YVzdC7/blib/arch:/Users/eserte/.cpan/build/2016111312/Method-Signatures-Simple-1.07-YVzdC7/blib/lib:/Users/eserte/.cpan/build/2016111312/Test-Memory-Cycle-1.06-ikk_If/blib/arch:/Users/eserte/.cpan/build/2016111312/Test-Memory-Cycle-1.06-ikk_If/blib/lib:/Users/eserte/.cpan/build/2016111312/Config-General-2.63-IWRJLH/blib/arch:/Users/eserte/.cpan/build/2016111312/Config-General-2.63-IWRJLH/blib/lib:/Users/eserte/.cpan/build/2016111312/Catalyst-View-TT-0.44-pvkBku/blib/arch:/Users/eserte/.cpan/build/2016111312/Catalyst-View-TT-0.44-pvkBku/blib/lib:/Users/eserte/.cpan/build/2016111312/Template-Timer-1.00-40c8im/blib/arch:/Users/eserte/.cpan/build/2016111312/Template-Timer-1.00-40c8im/blib/lib:/Users/eserte/.cpan/build/2016111312/Catalyst-Component-ACCEPT_CONTEXT-0.07-bJ60XI/blib/arch:/Users/eserte/.cpan/build/2016111312/Catalyst-Component-ACCEPT_CONTEXT-0.07-bJ60XI/blib/lib:/Users/eserte/.cpan/build/2016111312/Devel-Cycle-1.12-bFAFqj/blib/arch:/Users/eserte/.cpan/build/2016111312/Devel-Cycle-1.12-bFAFqj/blib/lib:/Users/eserte/.cpan/build/2016111312/Test-WWW-Mechanize-Catalyst-0.60-U2bBWg/blib/arch:/Users/eserte/.cpan/build/2016111312/Test-WWW-Mechanize-Catalyst-0.60-U2bBWg/blib/lib:/Users/eserte/.cpan/build/2016111312/Catalyst-Plugin-Session-State-Cookie-0.17-GC51HD/blib/arch:/Users/eserte/.cpan/build/2016111312/Catalyst-Plugin-Session-State-Cookie-0.17-GC51HD/blib/lib:/Users/eserte/.cpan/build/2016111312/Catalyst-Plugin-Session-0.40-s6yy7W/blib/arch:/Users/eserte/.cpan/build/2016111312/Catalyst-Plugin-Session-0.40-s6yy7W/blib/lib:/Users/eserte/.cpan/build/2016111312/Object-Signature-1.07-yt72a4/blib/arch:/Users/eserte/.cpan/build/2016111312/Object-Signature-1.07-yt72a4/blib/lib:/Users/eserte/.cpan/build/2016111312/Test-WWW-Mechanize-PSGI-0.36-4VA5AD/blib/arch:/Users/eserte/.cpan/build/2016111312/Test-WWW-Mechanize-PSGI-0.36-4VA5AD/blib/lib:/Users/eserte/.cpan/build/2016111312/Catalyst-Plugin-Static-Simple-0.33-w1g7_U/blib/arch:/Users/eserte/.cpan/build/2016111312/Catalyst-Plugin-Static-Simple-0.33-w1g7_U/blib/lib:/Users/eserte/.cpan/build/2016111312/MooseX-Types-Common-0.001013-cFp53G/blib/arch:/Users/eserte/.cpan/build/2016111312/MooseX-Types-Common-0.001013-cFp53G/blib/lib:/Users/eserte/.cpan/build/2016111312/MooseX-Types-URI-0.08-JGYwMI/blib/arch:/Users/eserte/.cpan/build/2016111312/MooseX-Types-URI-0.08-JGYwMI/blib/lib:/Users/eserte/.cpan/build/2016111312/URI-FromHash-0.05-d6t6Vi/blib/arch:/Users/eserte/.cpan/build/2016111312/URI-FromHash-0.05-d6t6Vi/blib/lib:/Users/eserte/.cpan/build/2016111312/Test-Class-0.50-oezR7K/blib/arch:/Users/eserte/.cpan/build/2016111312/Test-Class-0.50-oezR7K/blib/lib:/Users/eserte/.cpan/build/2016111312/Catalyst-Plugin-I18N-0.10-rG8N28/blib/arch:/Users/eserte/.cpan/build/2016111312/Catalyst-Plugin-I18N-0.10-rG8N28/blib/lib:/Users/eserte/.cpan/build/2016111312/Locale-Maketext-Lexicon-1.00-NosotI/blib/arch:/Users/eserte/.cpan/build/2016111312/Locale-Maketext-Lexicon-1.00-NosotI/blib/lib:/Users/eserte/.cpan/build/2016111312/Catalyst-Model-DBIC-Schema-0.65-EcPaJF/blib/arch:/Users/eserte/.cpan/build/2016111312/Catalyst-Model-DBIC-Schema-0.65-EcPaJF/blib/lib:/Users/eserte/.cpan/build/2016111312/MooseX-MarkAsMethods-0.15-NDcMCJ/blib/arch:/Users/eserte/.cpan/build/2016111312/MooseX-MarkAsMethods-0.15-NDcMCJ/blib/lib:/Users/eserte/.cpan/build/2016111312/CatalystX-Component-Traits-0.19-61IFPs/blib/arch:/Users/eserte/.cpan/build/2016111312/CatalystX-Component-Traits-0.19-61IFPs/blib/lib:/Users/eserte/.cpan/build/2016111312/MooseX-Traits-Pluggable-0.12-0eis4P/blib/arch:/Users/eserte/.cpan/build/2016111312/MooseX-Traits-Pluggable-0.12-0eis4P/blib/lib:/Users/eserte/.cpan/build/2016111312/MooseX-Types-LoadableClass-0.014-YuY1sY/blib/arch:/Users/eserte/.cpan/build/2016111312/MooseX-Types-LoadableClass-0.014-YuY1sY/blib/lib:/Users/eserte/.cpan/build/2016111312/signatures-0.13-WgRIjE/blib/arch:/Users/eserte/.cpan/build/2016111312/signatures-0.13-WgRIjE/blib/lib:/Users/eserte/.cpan/build/2016111312/B-Hooks-Parser-0.17-9_jpgY/blib/arch:/Users/eserte/.cpan/build/2016111312/B-Hooks-Parser-0.17-9_jpgY/blib/lib:/Users/eserte/.cpan/build/2016111312/Email-Valid-1.202-CQYa_6/blib/arch:/Users/eserte/.cpan/build/2016111312/Email-Valid-1.202-CQYa_6/blib/lib:/Users/eserte/.cpan/build/2016111312/Catalyst-Plugin-ConfigLoader-0.34-dkhByu/blib/arch:/Users/eserte/.cpan/build/2016111312/Catalyst-Plugin-ConfigLoader-0.34-dkhByu/blib/lib:/Users/eserte/.cpan/build/2016111312/Catalyst-Component-InstancePerContext-0.001001-63XTEV/blib/arch:/Users/eserte/.cpan/build/2016111312/Catalyst-Component-InstancePerContext-0.001001-63XTEV/blib/lib:/Users/eserte/.cpan/build/2016111312/Catalyst-Runtime-5.90112-9jHZJM/blib/arch:/Users/eserte/.cpan/build/2016111312/Catalyst-Runtime-5.90112-9jHZJM/blib/lib:/Users/eserte/.cpan/build/2016111312/Class-C3-Adopt-NEXT-0.14-PWNEkM/blib/arch:/Users/eserte/.cpan/build/2016111312/Class-C3-Adopt-NEXT-0.14-PWNEkM/blib/lib:/Users/eserte/.cpan/build/2016111312/Plack-Middleware-ReverseProxy-0.15-R3eRcC/blib/arch:/Users/eserte/.cpan/build/2016111312/Plack-Middleware-ReverseProxy-0.15-R3eRcC/blib/lib:/Users/eserte/.cpan/build/2016111312/Plack-Test-ExternalServer-0.02-3nkXtQ/blib/arch:/Users/eserte/.cpan/build/2016111312/Plack-Test-ExternalServer-0.02-3nkXtQ/blib/lib:/Users/eserte/.cpan/build/2016111312/MooseX-MethodAttributes-0.31-IXv1_S/blib/arch:/Users/eserte/.cpan/build/2016111312/MooseX-MethodAttributes-0.31-IXv1_S/blib/lib:/Users/eserte/.cpan/build/2016111312/Text-SimpleTable-2.03-p7XbuS/blib/arch:/Users/eserte/.cpan/build/2016111312/Text-SimpleTable-2.03-p7XbuS/blib/lib:/Users/eserte/.cpan/build/2016111312/CGI-Simple-1.115-yr0PoQ/blib/arch:/Users/eserte/.cpan/build/2016111312/CGI-Simple-1.115-yr0PoQ/blib/lib:/Users/eserte/.cpan/build/2016111312/URI-ws-0.03-O0bRTH/blib/arch:/Users/eserte/.cpan/build/2016111312/URI-ws-0.03-O0bRTH/blib/lib:/Users/eserte/.cpan/build/2016111312/CGI-Struct-1.21-S98Q1H/blib/arch:/Users/eserte/.cpan/build/2016111312/CGI-Struct-1.21-S98Q1H/blib/lib:/Users/eserte/.cpan/build/2016111312/Plack-Middleware-MethodOverride-0.15-zP6pMw/blib/arch:/Users/eserte/.cpan/build/2016111312/Plack-Middleware-MethodOverride-0.15-zP6pMw/blib/lib:/Users/eserte/.cpan/build/2016111312/MooseX-Emulate-Class-Accessor-Fast-0.00903-cR1S7r/blib/arch:/Users/eserte/.cpan/build/2016111312/MooseX-Emulate-Class-Accessor-Fast-0.00903-cR1S7r/blib/lib:/Users/eserte/.cpan/build/2016111312/Plack-Middleware-FixMissingBodyInRedirect-0.12-YQfTNF/blib/arch:/Users/eserte/.cpan/build/2016111312/Plack-Middleware-FixMissingBodyInRedirect-0.12-YQfTNF/blib/lib:/Users/eserte/.cpan/build/2016111312/Plack-Middleware-RemoveRedundantBody-0.05-xGSsqy/blib/arch:/Users/eserte/.cpan/build/2016111312/Plack-Middleware-RemoveRedundantBody-0.05-xGSsqy/blib/lib:/Users/eserte/.cpan/build/2016111312/Tree-Simple-VisitorFactory-0.15-k5uLNK/blib/arch:/Users/eserte/.cpan/build/2016111312/Tree-Simple-VisitorFactory-0.15-k5uLNK/blib/lib:/Users/eserte/.cpan/build/2016111312/Tree-Simple-1.29-fx18W0/blib/arch:/Users/eserte/.cpan/build/2016111312/Tree-Simple-1.29-fx18W0/blib/lib"
    PERL5OPT=""
    PERL5_CPANPLUS_IS_RUNNING="4301"
    PERL5_CPAN_IS_RUNNING="4301"
    PERL5_CPAN_IS_RUNNING_IN_RECURSION="80859,4301"
    PERLDOC="-MPod::Perldoc::ToTextOverstrike"
    PERL_BATCH="yes"
    PERL_CANARY_STABILITY_NOPROMPT="1"
    PERL_CPAN_REPORTER_CONFIG="/var/tmp/cpansmoker-501/2016111309/cpanreporter_000_config.ini"
    PERL_EXTUTILS_AUTOINSTALL="--defaultdeps"
  @INC:
    /Users/eserte/.cpan/build/2016111312/Crypt-Eksblowfish-0.009-vGafvB/blib/arch
    /Users/eserte/.cpan/build/2016111312/Crypt-Eksblowfish-0.009-vGafvB/blib/lib
    /Users/eserte/.cpan/build/2016111312/Class-Mix-0.005-kWgbXD/blib/arch
    /Users/eserte/.cpan/build/2016111312/Class-Mix-0.005-kWgbXD/blib/lib
    /Users/eserte/.cpan/build/2016111312/Params-Classify-0.013-dtVte7/blib/arch
    /Users/eserte/.cpan/build/2016111312/Params-Classify-0.013-dtVte7/blib/lib
    /Users/eserte/.cpan/build/2016111312/Method-Signatures-Simple-1.07-YVzdC7/blib/arch
    /Users/eserte/.cpan/build/2016111312/Method-Signatures-Simple-1.07-YVzdC7/blib/lib
    /Users/eserte/.cpan/build/2016111312/Test-Memory-Cycle-1.06-ikk_If/blib/arch
    /Users/eserte/.cpan/build/2016111312/Test-Memory-Cycle-1.06-ikk_If/blib/lib
    /Users/eserte/.cpan/build/2016111312/Config-General-2.63-IWRJLH/blib/arch
    /Users/eserte/.cpan/build/2016111312/Config-General-2.63-IWRJLH/blib/lib
    /Users/eserte/.cpan/build/2016111312/Catalyst-View-TT-0.44-pvkBku/blib/arch
    /Users/eserte/.cpan/build/2016111312/Catalyst-View-TT-0.44-pvkBku/blib/lib
    /Users/eserte/.cpan/build/2016111312/Template-Timer-1.00-40c8im/blib/arch
    /Users/eserte/.cpan/build/2016111312/Template-Timer-1.00-40c8im/blib/lib
    /Users/eserte/.cpan/build/2016111312/Catalyst-Component-ACCEPT_CONTEXT-0.07-bJ60XI/blib/arch
    /Users/eserte/.cpan/build/2016111312/Catalyst-Component-ACCEPT_CONTEXT-0.07-bJ60XI/blib/lib
    /Users/eserte/.cpan/build/2016111312/Devel-Cycle-1.12-bFAFqj/blib/arch
    /Users/eserte/.cpan/build/2016111312/Devel-Cycle-1.12-bFAFqj/blib/lib
    /Users/eserte/.cpan/build/2016111312/Test-WWW-Mechanize-Catalyst-0.60-U2bBWg/blib/arch
    /Users/eserte/.cpan/build/2016111312/Test-WWW-Mechanize-Catalyst-0.60-U2bBWg/blib/lib
    /Users/eserte/.cpan/build/2016111312/Catalyst-Plugin-Session-State-Cookie-0.17-GC51HD/blib/arch
    /Users/eserte/.cpan/build/2016111312/Catalyst-Plugin-Session-State-Cookie-0.17-GC51HD/blib/lib
    /Users/eserte/.cpan/build/2016111312/Catalyst-Plugin-Session-0.40-s6yy7W/blib/arch
    /Users/eserte/.cpan/build/2016111312/Catalyst-Plugin-Session-0.40-s6yy7W/blib/lib
    /Users/eserte/.cpan/build/2016111312/Object-Signature-1.07-yt72a4/blib/arch
    /Users/eserte/.cpan/build/2016111312/Object-Signature-1.07-yt72a4/blib/lib
    /Users/eserte/.cpan/build/2016111312/Test-WWW-Mechanize-PSGI-0.36-4VA5AD/blib/arch
    /Users/eserte/.cpan/build/2016111312/Test-WWW-Mechanize-PSGI-0.36-4VA5AD/blib/lib
    /Users/eserte/.cpan/build/2016111312/Catalyst-Plugin-Static-Simple-0.33-w1g7_U/blib/arch
    /Users/eserte/.cpan/build/2016111312/Catalyst-Plugin-Static-Simple-0.33-w1g7_U/blib/lib
    /Users/eserte/.cpan/build/2016111312/MooseX-Types-Common-0.001013-cFp53G/blib/arch
    /Users/eserte/.cpan/build/2016111312/MooseX-Types-Common-0.001013-cFp53G/blib/lib
    /Users/eserte/.cpan/build/2016111312/MooseX-Types-URI-0.08-JGYwMI/blib/arch
    /Users/eserte/.cpan/build/2016111312/MooseX-Types-URI-0.08-JGYwMI/blib/lib
    /Users/eserte/.cpan/build/2016111312/URI-FromHash-0.05-d6t6Vi/blib/arch
    /Users/eserte/.cpan/build/2016111312/URI-FromHash-0.05-d6t6Vi/blib/lib
    /Users/eserte/.cpan/build/2016111312/Test-Class-0.50-oezR7K/blib/arch
    /Users/eserte/.cpan/build/2016111312/Test-Class-0.50-oezR7K/blib/lib
    /Users/eserte/.cpan/build/2016111312/Catalyst-Plugin-I18N-0.10-rG8N28/blib/arch
    /Users/eserte/.cpan/build/2016111312/Catalyst-Plugin-I18N-0.10-rG8N28/blib/lib
    /Users/eserte/.cpan/build/2016111312/Locale-Maketext-Lexicon-1.00-NosotI/blib/arch
    /Users/eserte/.cpan/build/2016111312/Locale-Maketext-Lexicon-1.00-NosotI/blib/lib
    /Users/eserte/.cpan/build/2016111312/Catalyst-Model-DBIC-Schema-0.65-EcPaJF/blib/arch
    /Users/eserte/.cpan/build/2016111312/Catalyst-Model-DBIC-Schema-0.65-EcPaJF/blib/lib
    /Users/eserte/.cpan/build/2016111312/MooseX-MarkAsMethods-0.15-NDcMCJ/blib/arch
    /Users/eserte/.cpan/build/2016111312/MooseX-MarkAsMethods-0.15-NDcMCJ/blib/lib
    /Users/eserte/.cpan/build/2016111312/CatalystX-Component-Traits-0.19-61IFPs/blib/arch
    /Users/eserte/.cpan/build/2016111312/CatalystX-Component-Traits-0.19-61IFPs/blib/lib
    /Users/eserte/.cpan/build/2016111312/MooseX-Traits-Pluggable-0.12-0eis4P/blib/arch
    /Users/eserte/.cpan/build/2016111312/MooseX-Traits-Pluggable-0.12-0eis4P/blib/lib
    /Users/eserte/.cpan/build/2016111312/MooseX-Types-LoadableClass-0.014-YuY1sY/blib/arch
    /Users/eserte/.cpan/build/2016111312/MooseX-Types-LoadableClass-0.014-YuY1sY/blib/lib
    /Users/eserte/.cpan/build/2016111312/signatures-0.13-WgRIjE/blib/arch
    /Users/eserte/.cpan/build/2016111312/signatures-0.13-WgRIjE/blib/lib
    /Users/eserte/.cpan/build/2016111312/B-Hooks-Parser-0.17-9_jpgY/blib/arch
    /Users/eserte/.cpan/build/2016111312/B-Hooks-Parser-0.17-9_jpgY/blib/lib
    /Users/eserte/.cpan/build/2016111312/Email-Valid-1.202-CQYa_6/blib/arch
    /Users/eserte/.cpan/build/2016111312/Email-Valid-1.202-CQYa_6/blib/lib
    /Users/eserte/.cpan/build/2016111312/Catalyst-Plugin-ConfigLoader-0.34-dkhByu/blib/arch
    /Users/eserte/.cpan/build/2016111312/Catalyst-Plugin-ConfigLoader-0.34-dkhByu/blib/lib
    /Users/eserte/.cpan/build/2016111312/Catalyst-Component-InstancePerContext-0.001001-63XTEV/blib/arch
    /Users/eserte/.cpan/build/2016111312/Catalyst-Component-InstancePerContext-0.001001-63XTEV/blib/lib
    /Users/eserte/.cpan/build/2016111312/Catalyst-Runtime-5.90112-9jHZJM/blib/arch
    /Users/eserte/.cpan/build/2016111312/Catalyst-Runtime-5.90112-9jHZJM/blib/lib
    /Users/eserte/.cpan/build/2016111312/Class-C3-Adopt-NEXT-0.14-PWNEkM/blib/arch
    /Users/eserte/.cpan/build/2016111312/Class-C3-Adopt-NEXT-0.14-PWNEkM/blib/lib
    /Users/eserte/.cpan/build/2016111312/Plack-Middleware-ReverseProxy-0.15-R3eRcC/blib/arch
    /Users/eserte/.cpan/build/2016111312/Plack-Middleware-ReverseProxy-0.15-R3eRcC/blib/lib
    /Users/eserte/.cpan/build/2016111312/Plack-Test-ExternalServer-0.02-3nkXtQ/blib/arch
    /Users/eserte/.cpan/build/2016111312/Plack-Test-ExternalServer-0.02-3nkXtQ/blib/lib
    /Users/eserte/.cpan/build/2016111312/MooseX-MethodAttributes-0.31-IXv1_S/blib/arch
    /Users/eserte/.cpan/build/2016111312/MooseX-MethodAttributes-0.31-IXv1_S/blib/lib
    /Users/eserte/.cpan/build/2016111312/Text-SimpleTable-2.03-p7XbuS/blib/arch
    /Users/eserte/.cpan/build/2016111312/Text-SimpleTable-2.03-p7XbuS/blib/lib
    /Users/eserte/.cpan/build/2016111312/CGI-Simple-1.115-yr0PoQ/blib/arch
    /Users/eserte/.cpan/build/2016111312/CGI-Simple-1.115-yr0PoQ/blib/lib
    /Users/eserte/.cpan/build/2016111312/URI-ws-0.03-O0bRTH/blib/arch
    /Users/eserte/.cpan/build/2016111312/URI-ws-0.03-O0bRTH/blib/lib
    /Users/eserte/.cpan/build/2016111312/CGI-Struct-1.21-S98Q1H/blib/arch
    /Users/eserte/.cpan/build/2016111312/CGI-Struct-1.21-S98Q1H/blib/lib
    /Users/eserte/.cpan/build/2016111312/Plack-Middleware-MethodOverride-0.15-zP6pMw/blib/arch
    /Users/eserte/.cpan/build/2016111312/Plack-Middleware-MethodOverride-0.15-zP6pMw/blib/lib
    /Users/eserte/.cpan/build/2016111312/MooseX-Emulate-Class-Accessor-Fast-0.00903-cR1S7r/blib/arch
    /Users/eserte/.cpan/build/2016111312/MooseX-Emulate-Class-Accessor-Fast-0.00903-cR1S7r/blib/lib
    /Users/eserte/.cpan/build/2016111312/Plack-Middleware-FixMissingBodyInRedirect-0.12-YQfTNF/blib/arch
    /Users/eserte/.cpan/build/2016111312/Plack-Middleware-FixMissingBodyInRedirect-0.12-YQfTNF/blib/lib
    /Users/eserte/.cpan/build/2016111312/Plack-Middleware-RemoveRedundantBody-0.05-xGSsqy/blib/arch
    /Users/eserte/.cpan/build/2016111312/Plack-Middleware-RemoveRedundantBody-0.05-xGSsqy/blib/lib
    /Users/eserte/.cpan/build/2016111312/Tree-Simple-VisitorFactory-0.15-k5uLNK/blib/arch
    /Users/eserte/.cpan/build/2016111312/Tree-Simple-VisitorFactory-0.15-k5uLNK/blib/lib
    /Users/eserte/.cpan/build/2016111312/Tree-Simple-1.29-fx18W0/blib/arch
    /Users/eserte/.cpan/build/2016111312/Tree-Simple-1.29-fx18W0/blib/lib
    /usr/local/Cellar/perl518/5.18.2/lib/site_perl/5.18.2/darwin-thread-multi-2level
    /usr/local/Cellar/perl518/5.18.2/lib/site_perl/5.18.2
    /usr/local/Cellar/perl518/5.18.2/lib/5.18.2/darwin-thread-multi-2level
    /usr/local/Cellar/perl518/5.18.2/lib/5.18.2
    .