Back
From: metabase:user:320bfe00-2aae-11df-837a-5e0a49663a4f
Subject: FAIL Text-CSV-Encoded-0.22 v5.22.0 RC0 GNU/Linux
Date: 2015-05-15T02:17:53Z
This distribution has been tested as part of the CPAN Testers
project, supporting the Perl programming language. See
http://wiki.cpantesters.org/ for more information or email
questions to cpan-testers-discuss@perl.org
--
Dear Makamaka Hannyaharamitu,
This is a computer-generated report for Text-CSV-Encoded-0.22
on perl 5.22.0, created by CPAN-Reporter-1.2014.
Thank you for uploading your work to CPAN. However, there was a problem
testing your distribution.
If you think this report is invalid, please consult the CPAN Testers Wiki
for suggestions on how to avoid getting FAIL reports for missing library
or binary dependencies, unsupported operating systems, and so on:
http://wiki.cpantesters.org/wiki/CPANAuthorNotes
Sections of this report:
* Tester comments
* Program output
* Prerequisites
* Environment and other context
------------------------------
TESTER COMMENTS
------------------------------
Additional comments from tester:
this report is from an automated smoke testing program
and was not reviewed by a human for accuracy
------------------------------
PROGRAM OUTPUT
------------------------------
Output from '/usr/bin/make test':
PERL_DL_NONLAZY=1 "/tmp/basesmoker-reloperl-u5BZ/bin/perl" "-MExtUtils::Command::MM" "-MTest::Harness" "-e" "undef *Test::Harness::Switches; test_harness(0, 'blib/lib', 'blib/arch')" t/*.t
t/00_pod.t ................... ok
t/01_use.t ................... ok
t/02_undef.t ................. ok
t/03_attr_err.t .............. ok
t/pp_01_base.t ............... ok
t/pp_02_code.t ............... ok
Cannot decode string with wide characters at /home/sand/src/perl/repoperls/installed-perls/perl/v5.21.11-124-g17fcdc4/a2da/lib/5.22.0/x86_64-linux-thread-multi-ld/Encode.pm line 241, <$fh2> line 2.
Compilation failed in require at t/pp_03_file.t line 14.
# Looks like you planned 20 tests but ran 12.
# Looks like your test exited with 25 just after 12.
t/pp_03_file.t ...............
Dubious, test returned 25 (wstat 6400, 0x1900)
Failed 8/20 subtests
t/pp_04_uni_but_utf8.t ....... ok
t/pp_05_guess.t .............. ok
t/pp_06_coder_class.t ........ ok
t/pp_07_coder_check_value.t .. ok
t/xs_01_base.t ............... ok
t/xs_02_code.t ............... ok
Cannot decode string with wide characters at /home/sand/src/perl/repoperls/installed-perls/perl/v5.21.11-124-g17fcdc4/a2da/lib/5.22.0/x86_64-linux-thread-multi-ld/Encode.pm line 241, <$fh2> line 2.
Compilation failed in require at t/xs_03_file.t line 16.
# Looks like you planned 20 tests but ran 12.
# Looks like your test exited with 25 just after 12.
t/xs_03_file.t ...............
Dubious, test returned 25 (wstat 6400, 0x1900)
Failed 8/20 subtests
Test Summary Report
-------------------
t/pp_03_file.t (Wstat: 6400 Tests: 12 Failed: 0)
Non-zero exit status: 25
Parse errors: Bad plan. You planned 20 tests but ran 12.
t/xs_03_file.t (Wstat: 6400 Tests: 12 Failed: 0)
Non-zero exit status: 25
Parse errors: Bad plan. You planned 20 tests but ran 12.
Files=14, Tests=239, 1 wallclock secs ( 0.10 usr 0.05 sys + 0.79 cusr 0.16 csys = 1.10 CPU)
Result: FAIL
Failed 2/14 test programs. 0/239 subtests failed.
Makefile:866: recipe for target 'test_dynamic' failed
make: *** [test_dynamic] Error 25
------------------------------
PREREQUISITES
------------------------------
Prerequisite modules loaded:
requires:
Module Need Have
------------------- ---- --------
IO::Handle 0 1.35
Test::Harness 0 3.35
Test::More 0 1.001014
Text::CSV 1.31 1.33
build_requires:
Module Need Have
------------------- ---- --------
ExtUtils::MakeMaker 0 7.04
configure_requires:
Module Need Have
------------------- ---- --------
ExtUtils::MakeMaker 0 7.04
------------------------------
ENVIRONMENT AND OTHER CONTEXT
------------------------------
Environment variables:
AUTOMATED_TESTING = 1
LANG = en_US.UTF-8
LANGUAGE = en_US:en
PATH = /home/sand/bin:/usr/local/bin:/usr/bin:/bin:/usr/games:/usr/local/perl/bin:/usr/X11/bin:/sbin:/usr/sbin
PERL5LIB = /tmp/loop_over_bdir-21957-H8eh2J/Alien-ActiveMQ-0.00005-bkmC5u/blib/arch:/tmp/loop_over_bdir-21957-H8eh2J/Alien-ActiveMQ-0.00005-bkmC5u/blib/lib
PERL5OPT =
PERL5_CPANPLUS_IS_RUNNING = 10897
PERL5_CPAN_IS_RUNNING = 10897
PERL_MM_USE_DEFAULT = 1
SHELL = /usr/bin/zsh
TERM = screen
Perl special variables (and OS-specific diagnostics, for MSWin32):
$^X = /tmp/basesmoker-reloperl-u5BZ/bin/perl
$UID/$EUID = 1005 / 1005
$GID = 1005 1005
$EGID = 1005 1005
Perl module toolchain versions installed:
Module Have
------------------- --------
CPAN 2.10
CPAN::Meta 2.150001
Cwd 3.56
ExtUtils::CBuilder 0.280221
ExtUtils::Command 1.20
ExtUtils::Install 2.04
ExtUtils::MakeMaker 7.04
ExtUtils::Manifest 1.70
ExtUtils::ParseXS 3.28
File::Spec 3.56
JSON 2.90
JSON::PP 2.27300
Module::Build 0.4211
Module::Signature 0.78
Parse::CPAN::Meta 1.4414
Test::Harness 3.35
Test::More 1.001014
YAML 1.15
YAML::Syck 1.29
version 0.9909
--
Summary of my perl5 (revision 5 version 22 subversion 0) configuration:
Commit id: 17fcdc49a77dea71bcd3cc46ee73aa0984532a0b
Platform:
osname=linux, osvers=4.0.0-1-amd64, archname=x86_64-linux-thread-multi-ld
uname='linux k83 4.0.0-1-amd64 #1 smp debian 4.0.2-1 (2015-05-11) x86_64 gnulinux '
config_args='-Dprefix=/home/sand/src/perl/repoperls/installed-perls/perl/v5.21.11-124-g17fcdc4/a2da -Dmyhostname=k83 -Dinstallusrbinperl=n -Uversiononly -Dusedevel -des -Ui_db -Duseithreads -Duselongdouble -DDEBUGGING=-g'
hint=recommended, useposix=true, d_sigaction=define
useithreads=define, usemultiplicity=define
use64bitint=define, use64bitall=define, uselongdouble=define
usemymalloc=n, bincompat5005=undef
Compiler:
cc='cc', ccflags ='-D_REENTRANT -D_GNU_SOURCE -fwrapv -fno-strict-aliasing -pipe -fstack-protector-strong -I/usr/local/include -D_LARGEFILE_SOURCE -D_FILE_OFFSET_BITS=64 -D_FORTIFY_SOURCE=2',
optimize='-O2 -g',
cppflags='-D_REENTRANT -D_GNU_SOURCE -fwrapv -fno-strict-aliasing -pipe -fstack-protector-strong -I/usr/local/include'
ccversion='', gccversion='4.9.2', gccosandvers=''
intsize=4, longsize=8, ptrsize=8, doublesize=8, byteorder=12345678, doublekind=3
d_longlong=define, longlongsize=8, d_longdbl=define, longdblsize=16, longdblkind=3
ivtype='long', ivsize=8, nvtype='long double', nvsize=16, Off_t='off_t', lseeksize=8
alignbytes=16, prototype=define
Linker and Libraries:
ld='cc', ldflags =' -fstack-protector-strong -L/usr/local/lib'
libpth=/usr/local/lib /usr/lib/gcc/x86_64-linux-gnu/4.9/include-fixed /usr/include/x86_64-linux-gnu /usr/lib /lib/x86_64-linux-gnu /lib/../lib /usr/lib/x86_64-linux-gnu /usr/lib/../lib /lib
libs=-lpthread -lnsl -lgdbm -ldb -ldl -lm -lcrypt -lutil -lc -lgdbm_compat
perllibs=-lpthread -lnsl -ldl -lm -lcrypt -lutil -lc
libc=libc-2.19.so, so=so, useshrplib=false, libperl=libperl.a
gnulibc_version='2.19'
Dynamic Linking:
dlsrc=dl_dlopen.xs, dlext=so, d_dlsymun=undef, ccdlflags='-Wl,-E'
cccdlflags='-fPIC', lddlflags='-shared -O2 -g -L/usr/local/lib -fstack-protector-strong'
Characteristics of this binary (from libperl):
Compile-time options: HAS_TIMES MULTIPLICITY PERLIO_LAYERS
PERL_DONT_CREATE_GVSV
PERL_HASH_FUNC_ONE_AT_A_TIME_HARD
PERL_IMPLICIT_CONTEXT PERL_MALLOC_WRAP
PERL_NEW_COPY_ON_WRITE PERL_PRESERVE_IVUV
PERL_USE_DEVEL USE_64_BIT_ALL USE_64_BIT_INT
USE_ITHREADS USE_LARGE_FILES USE_LOCALE
USE_LOCALE_COLLATE USE_LOCALE_CTYPE
USE_LOCALE_NUMERIC USE_LOCALE_TIME USE_LONG_DOUBLE
USE_PERLIO USE_PERL_ATOF USE_REENTRANT_API
Locally applied patches:
RC0
Built under linux
Compiled at May 14 2015 04:36:26
%ENV:
PERL5LIB="/tmp/loop_over_bdir-21957-H8eh2J/Alien-ActiveMQ-0.00005-bkmC5u/blib/arch:/tmp/loop_over_bdir-21957-H8eh2J/Alien-ActiveMQ-0.00005-bkmC5u/blib/lib"
PERL5OPT=""
PERL5_CPANPLUS_IS_RUNNING="10897"
PERL5_CPAN_IS_RUNNING="10897"
PERL_MM_USE_DEFAULT="1"
@INC:
/tmp/loop_over_bdir-21957-H8eh2J/Alien-ActiveMQ-0.00005-bkmC5u/blib/arch
/tmp/loop_over_bdir-21957-H8eh2J/Alien-ActiveMQ-0.00005-bkmC5u/blib/lib
/home/sand/src/perl/repoperls/installed-perls/perl/v5.21.11-124-g17fcdc4/a2da/lib/site_perl/5.22.0/x86_64-linux-thread-multi-ld
/home/sand/src/perl/repoperls/installed-perls/perl/v5.21.11-124-g17fcdc4/a2da/lib/site_perl/5.22.0
/home/sand/src/perl/repoperls/installed-perls/perl/v5.21.11-124-g17fcdc4/a2da/lib/5.22.0/x86_64-linux-thread-multi-ld
/home/sand/src/perl/repoperls/installed-perls/perl/v5.21.11-124-g17fcdc4/a2da/lib/5.22.0
.