Report for AnyEvent-SIP-0.002

Back
From: metabase:user:cba5269c-6e58-1014-92a6-0387276d408b
Subject: FAIL AnyEvent-SIP-0.002 v5.14.2 Dragonfly BSD
Date: 2013-04-18T11:32:02Z

This distribution has been tested as part of the CPAN Testers
project, supporting the Perl programming language.  See
http://wiki.cpantesters.org/ for more information or email
questions to cpan-testers-discuss@perl.org


--
Dear Sawyer X,

This is a computer-generated report for AnyEvent-SIP-0.002
on perl 5.14.2, created by CPAN-Reporter-1.2010.

Thank you for uploading your work to CPAN.  However, there was a problem
testing your distribution.

If you think this report is invalid, please consult the CPAN Testers Wiki
for suggestions on how to avoid getting FAIL reports for missing library
or binary dependencies, unsupported operating systems, and so on:

http://wiki.cpantesters.org/wiki/CPANAuthorNotes

Sections of this report:

    * Tester comments
    * Program output
    * Prerequisites
    * Environment and other context

------------------------------
TESTER COMMENTS
------------------------------

Additional comments from tester:

this report is from an automated smoke testing program
and was not reviewed by a human for accuracy

------------------------------
PROGRAM OUTPUT
------------------------------

Output from './Build test':

t/00-compile.t .......................... ok
# call created
# got ringing
# call established
# call cleaned up
t/02_listen_and_invite-anyevent.t ....... ok
# call created
# got ringing
# call established
# call cleaned up
t/02_listen_and_invite.t ................ ok
t/03_forward_stateless.t ................ ok
# UAS on 127.0.0.1:2530
# UAC on 127.0.0.1:5060
# call created
# call established
# call cleaned up
# received 100/100 packets
t/04_call_with_rtp.t .................... ok
# UAS on 127.0.0.1:2533 
# UAC on 127.0.0.1:2532 
# PROXY on 127.0.0.1:2534 127.0.0.1:2535 
# proxy >> OK
# <<
# uas >> OK
# <<
# proxy >> ready
# <<
# uas >> ready
# <<
# uac >> OK
# ready
# O> udp:127.0.0.1:2534 REQ(INVITE) SDP: audio=127.0.0.1:3514/2
# I< 127.0.0.1:2534 RSP(INVITE,100) NO SDP
# I< 127.0.0.1:2534 RSP(INVITE,200) SDP: audio=127.0.0.1:11818/2
# O> 127.0.0.1:2534 REQ(ACK) NO SDP
# <<
# proxy >> I< 127.0.0.1:2532 REQ(INVITE) SDP: audio=127.0.0.1:3514/2
# O> udp:127.0.0.1:2533 REQ(INVITE) SDP: audio=127.0.0.1:3514/2
# I< 127.0.0.1:2533 RSP(INVITE,100) NO SDP
# O> 127.0.0.1:2532 RSP(INVITE,100) NO SDP
# I< 127.0.0.1:2533 RSP(INVITE,200) SDP: audio=127.0.0.1:11818/2
# O> 127.0.0.1:2532 RSP(INVITE,200) SDP: audio=127.0.0.1:11818/2
# I< 127.0.0.1:2532 REQ(ACK) NO SDP
# O> udp:127.0.0.1:2533 REQ(ACK) NO SDP
# <<
# uas >> I< 127.0.0.1:2535 REQ(INVITE) SDP: audio=127.0.0.1:3514/2
# O> 127.0.0.1:2535 RSP(INVITE,100) NO SDP
# call created
# INVITE you.uas@example.com SIP/2.0
# Via: SIP/2.0/UDP 127.0.0.1:2535;branch=z9hG4bKe450b48e2bd4d862d4a0eb91ed24513d047182912f067025de52f8abe54f6996
# Record-route: <sip:127.0.0.1:2535;lr>
# Via: SIP/2.0/UDP 127.0.0.1:2534;branch=z9hG4bK160385173ad66d3ea57517981bf056b1047182912f067025de52f8abe54f6996
# Record-route: <sip:127.0.0.1:2534;lr>
# Supported: 
# Allow: INVITE, ACK, OPTIONS, CANCEL, BYE
# Via: SIP/2.0/UDP 127.0.0.1:2532;branch=z9hG4bKbdca880008d160214b1e24cd6dd1774b047182912f067025de52f8abe54f6996
# Call-id: 81d2f886ad29c70e146a3194abe8c1d0
# Cseq: 1 INVITE
# From: me.uac@example.com;tag=d3a16eda85e2c5d5e86208ecf7fb56c6
# Content-type: application/sdp
# Content-length: 171
# Max-forwards: 69
# Contact: sip:r5b564f1653572602010348054a041b5308535304562971617f2337@127.0.0.1:2535
# To: you.uas@example.com;tag=8ef6f46fa69cf59cbfcd041ba5a53d3c
# 
# v=0
# o=anonymous 1366277402 1366277402 IN IP4 127.0.0.1
# s=session
# c=IN IP4 127.0.0.1
# t=0 0
# m=audio 3514 RTP/AVP 0
# a=rtpmap:101 telephone-event/8000
# a=fmtp:101 0-16
# O> 127.0.0.1:2535 RSP(INVITE,200) SDP: audio=127.0.0.1:11818/2
# I< 127.0.0.1:2535 REQ(ACK) NO SDP
# call established
# <<
# uac >> call established
# <<
# uac >> RTP done
# <<
# uas >> I< 127.0.0.1:2535 REQ(BYE) NO SDP
# O> 127.0.0.1:2535 RSP(BYE,200) NO SDP
# call cleaned up
# <<
# uas >> received 100/100 packets
# RTP ok
# END
# <<
# uac >> O> udp:127.0.0.1:2534 REQ(BYE) NO SDP
# I< 127.0.0.1:2534 RSP(BYE,200) NO SDP
# <<
# uac >> END
# <<
# proxy >> OK
# <<
# uas >> OK
# <<
# proxy >> ready
# <<
# uas >> ready
# <<
# uac >> OK
# <<
# uac >> ready
# O> udp:127.0.0.1:2534 REQ(INVITE) SDP: audio=127.0.0.1:7376/2
# <<
# proxy >> I< 127.0.0.1:2532 REQ(INVITE) SDP: audio=127.0.0.1:7376/2
# <<
# proxy >> O> udp:127.0.0.1:2533 REQ(INVITE) SDP: audio=127.0.0.1:3562/2
# <<
# uas >> I< 127.0.0.1:2535 REQ(INVITE) SDP: audio=127.0.0.1:3562/2
# O> 127.0.0.1:2535 RSP(INVITE,100) NO SDP
# call created
# INVITE you.uas@example.com SIP/2.0
# Via: SIP/2.0/UDP 127.0.0.1:2535;branch=z9hG4bKe450b48e2bd4d862d4a0eb91ed24513de88cf5048cade0690041e09a7665b68f
# Record-route: <sip:127.0.0.1:2535;lr>
# Via: SIP/2.0/UDP 127.0.0.1:2534;branch=z9hG4bK160385173ad66d3ea57517981bf056b1e88cf5048cade0690041e09a7665b68f
# Record-route: <sip:127.0.0.1:2534;lr>
# Supported: 
# Allow: INVITE, ACK, OPTIONS, CANCEL, BYE
# Via: SIP/2.0/UDP 127.0.0.1:2532;branch=z9hG4bKbdca880008d160214b1e24cd6dd1774be88cf5048cade0690041e09a7665b68f
# Call-id: 134e40950a36f2fd6270bf761fe4bb89
# Cseq: 1 INVITE
# From: me.uac@example.com;tag=177017c55b95f320f758fc312d4d6e2c
# Content-type: application/sdp
# Content-length: 171
# Max-forwards: 69
# Contact: sip:r5b564f1653572602010348054a041b5308535304562971617f2337@127.0.0.1:2535
# To: you.uas@example.com;tag=6e3c60eff43e7c6e073183135ea20f82
# 
# v=0
# o=anonymous 1366277409 1366277409 IN IP4 127.0.0.1
# s=session
# c=IN IP4 127.0.0.1
# t=0 0
# m=audio 3562 RTP/AVP 0
# a=rtpmap:101 telephone-event/8000
# a=fmtp:101 0-16
# O> 127.0.0.1:2535 RSP(INVITE,200) SDP: audio=127.0.0.1:10796/2
# <<
# uac >> I< 127.0.0.1:2534 RSP(INVITE,100) NO SDP
# <<
# uac >> I< 127.0.0.1:2534 RSP(INVITE,200) SDP: audio=127.0.0.1:4018/2
# O> 127.0.0.1:2534 REQ(ACK) NO SDP
# <<
# uac >> call established
# <<
# uac >> RTP done
# <<
# uas >> I< 127.0.0.1:2535 REQ(ACK) NO SDP
# call established
# <<
# uas >> I< 127.0.0.1:2535 REQ(BYE) NO SDP
# O> 127.0.0.1:2535 RSP(BYE,200) NO SDP
# call cleaned up
# <<
# uas >> received 100/100 packets
# RTP ok
# END
# <<
# uac >> O> udp:127.0.0.1:2534 REQ(BYE) NO SDP
# I< 127.0.0.1:2534 RSP(BYE,200) NO SDP
# <<
# uac >> END
# <<
# nathelper >> OK
# <<
# proxy >> OK
# <<
# uas >> OK
# <<
# proxy >> ready
# <<
# uas >> ready
# <<
# uac >> OK
# ready
# O> udp:127.0.0.1:2534 REQ(INVITE) SDP: audio=127.0.0.1:10588/2
# I< 127.0.0.1:2534 RSP(INVITE,100) NO SDP
# I< 127.0.0.1:2534 RSP(INVITE,200) SDP: audio=127.0.0.1:2190/2
# O> 127.0.0.1:2534 REQ(ACK) NO SDP
# <<
# proxy >> I< 127.0.0.1:2532 REQ(INVITE) SDP: audio=127.0.0.1:10588/2
# O> udp:127.0.0.1:2533 REQ(INVITE) SDP: audio=127.0.0.1:8518/2
# I< 127.0.0.1:2533 RSP(INVITE,100) NO SDP
# O> 127.0.0.1:2532 RSP(INVITE,100) NO SDP
# I< 127.0.0.1:2533 RSP(INVITE,200) SDP: audio=127.0.0.1:3272/2
# O> 127.0.0.1:2532 RSP(INVITE,200) SDP: audio=127.0.0.1:2190/2
# I< 127.0.0.1:2532 REQ(ACK) NO SDP
# O> udp:127.0.0.1:2533 REQ(ACK) NO SDP
# <<
# uas >> I< 127.0.0.1:2535 REQ(INVITE) SDP: audio=127.0.0.1:8518/2
# O> 127.0.0.1:2535 RSP(INVITE,100) NO SDP
# call created
# INVITE you.uas@example.com SIP/2.0
# Via: SIP/2.0/UDP 127.0.0.1:2535;branch=z9hG4bKe450b48e2bd4d862d4a0eb91ed24513d6bd79e22506baf5a69d9d0ad76631ed3
# Record-route: <sip:127.0.0.1:2535;lr>
# Via: SIP/2.0/UDP 127.0.0.1:2534;branch=z9hG4bK160385173ad66d3ea57517981bf056b16bd79e22506baf5a69d9d0ad76631ed3
# Record-route: <sip:127.0.0.1:2534;lr>
# Supported: 
# Allow: INVITE, ACK, OPTIONS, CANCEL, BYE
# Via: SIP/2.0/UDP 127.0.0.1:2532;branch=z9hG4bKbdca880008d160214b1e24cd6dd1774b6bd79e22506baf5a69d9d0ad76631ed3
# Call-id: 3d8cf8d6b349dfe7a65564c2345421df
# Cseq: 1 INVITE
# From: me.uac@example.com;tag=4ed2869b706aec6bc704f5ef881300ca
# Content-type: application/sdp
# Max-forwards: 69
# Contact: sip:r5b564f1653572602010348054a041b5308535304562971617f2337@127.0.0.1:2535
# Content-length: 171
# To: you.uas@example.com;tag=dfb76a732507c644278accf14a802163
# 
# v=0
# o=anonymous 1366277412 1366277412 IN IP4 127.0.0.1
# s=session
# c=IN IP4 127.0.0.1
# t=0 0
# m=audio 8518 RTP/AVP 0
# a=rtpmap:101 telephone-event/8000
# a=fmtp:101 0-16
# O> 127.0.0.1:2535 RSP(INVITE,200) SDP: audio=127.0.0.1:3272/2
# I< 127.0.0.1:2535 REQ(ACK) NO SDP
# call established
# <<
# uac >> call established
# <<
# uac >> RTP done
# <<
# uas >> I< 127.0.0.1:2535 REQ(BYE) NO SDP
# <<
# uas >> O> 127.0.0.1:2535 RSP(BYE,200) NO SDP
# <<
# uas >> call cleaned up
# <<
# uas >> received 100/100 packets
# <<
# uas >> RTP ok
# <<
# uac >> O> udp:127.0.0.1:2534 REQ(BYE) NO SDP
# I< 127.0.0.1:2534 RSP(BYE,200) NO SDP
# <<
# uac >> END
# <<
# uas >> END
# <<
t/05_call_with_stateless_proxy.t ........ ok
# uas >> OK
# <<
# uas >> Listening
# <<
# uac >> OK
# <<
# uac >> Started
# Start RTP
# <<
# uas >> Call accepted
# <<
# uac >> RTP#50#
# <<
# uas >> got rtp packet#50
# <<
# uas >> Starting ReInvite
# <<
# uac >> Got ReInvite
# <<
# uas >> Start RTP
# <<
# uas >> RTP#50#
# <<
# uac >> got rtp packet#50
# <<
# uac >> Send BYE
# <<
# uas >> Got RTP
# <<
# uas >> Received BYE
# <<
# uac >> BYE done
# <<
t/06_call_with_reinvite.t ............... ok
# uas >> OK
# <<
# uas >> Listening
# <<
# uac >> OK
# <<
# uac >> Started
# Start RTP
# <<
# uas >> Call accepted
# <<
# uac >> RTP#50#
# <<
# uas >> got rtp packet#50
# <<
# uas >> Starting ReInvite
# <<
# uac >> Got ReInvite
# <<
# uas >> Start RTP
# <<
# uas >> RTP#50#
# <<
# uac >> got rtp packet#50
# <<
# uac >> Send BYE
# <<
# uas >> Received BYE after 0 bytes read
# <<
# uac >> BYE done
# <<
t/07_call_on_hold.t ..................... ok
# registrar >> OK
# <<
# registrar >> Listening
# <<
# uac >> OK
# <<
# uac >> Started
# <<
# uac >> Registered wolf (REALM.example.com)
# <<

#   Failed test '[uac] Registered 007 (REALM.example.com)'
#   at ./t/testlib.pl line 156.

#   Failed test 'fatal error at ./t/testlib.pl line 157.
# '
#   at ./t/testlib.pl line 26.
# Looks like you failed 2 tests of 7.
# Looks like your test exited with 1 just after 7.
t/08_register_with_auth.t ............... 
Dubious, test returned 1 (wstat 256, 0x100)
Failed 2/7 subtests 
t/11_invite_timeout.t ................... ok
# call established
# call cleaned up
t/12_maddr.t ............................ ok
t/13_maddr_proxy.t ...................... ok
# UAS   on 127.0.0.1:5062 
# UAC   on 127.0.0.1:5060 
# PROXY on 127.0.0.1:5063 
# proxy >> OK
# <<
# proxy >> Listening
# <<
# uas >> OK
# <<
# uas >> Listening
# <<
# uac >> OK
# <<
# uac >> Started
# <<

#   Failed test '[uas] Call accepted'
#   at ./t/testlib.pl line 156.

#   Failed test 'fatal error at ./t/testlib.pl line 157.
# '
#   at ./t/testlib.pl line 26.
# Looks like you planned 12 tests but ran 8.
# Looks like you failed 2 tests of 8 run.
# Looks like your test exited with 1 just after 8.
t/14_bugfix_0.51.t ...................... 
Dubious, test returned 1 (wstat 256, 0x100)
Failed 6/12 subtests 
t/15_block_invite.t ..................... ok
t/16_drop_invite.t ...................... ok
# uas >> OK
# Listening
# <<
# uac >> OK
# <<
# uac >> Started
# <<
# uas >> Call accepted
# <<
# uac >> Starting ReInvite
# <<
# uas >> ReInvite accepted
# <<
# uac >> ReInvite done
# <<
# uac >> Send BYE
# <<
# uas >> Received BYE
# <<
# uac >> BYE done
# <<
t/17_call_with_reinvite_and_auth.t ...... ok
# registrar >> OK
# <<
# registrar >> Listening
# <<
# uac >> OK
# <<
# uac >> Started
# <<
# uac >> got 401 response
# Registered wolf (REALM.example.com)
# <<

#   Failed test '[uac] Registered 007 (REALM.example.com)'
#   at ./t/testlib.pl line 156.

#   Failed test 'fatal error at ./t/testlib.pl line 157.
# '
#   at ./t/testlib.pl line 26.
# Looks like you failed 2 tests of 8.
# Looks like your test exited with 1 just after 8.
t/18_register_with_auth_step_by_step.t .. 
Dubious, test returned 1 (wstat 256, 0x100)
Failed 2/8 subtests 
# UAS on 127.0.0.1:2559
# UAC on 127.0.0.1:5060
# call created
# call established
# call cleaned up
# received 351/100 packets events=1 2 D # 3 4 B *
t/19_call_with_dtmf.t ................... ok
# call created
# got ringing
# call established
# call cleaned up
t/anyevent.t ............................ ok
t/release-pod-syntax.t .................. skipped: these tests are for release candidate testing

Test Summary Report
-------------------
t/08_register_with_auth.t             (Wstat: 256 Tests: 7 Failed: 2)
  Failed tests:  6-7
  Non-zero exit status: 1
t/14_bugfix_0.51.t                    (Wstat: 256 Tests: 8 Failed: 2)
  Failed tests:  7-8
  Non-zero exit status: 1
  Parse errors: Bad plan.  You planned 12 tests but ran 8.
t/18_register_with_auth_step_by_step.t (Wstat: 256 Tests: 8 Failed: 2)
  Failed tests:  7-8
  Non-zero exit status: 1
Files=20, Tests=220, 91 wallclock secs ( 0.12 usr  0.05 sys + 27.10 cusr 12.02 csys = 39.30 CPU)
Result: FAIL
Failed 3/20 test programs. 6/220 subtests failed.

------------------------------
PREREQUISITES
------------------------------

Prerequisite modules loaded:

requires:

    Module                          Need   Have    
    ------------------------------- ------ --------
    AnyEvent                        0      7.04    
    AnyEvent::AggressiveIdle        0      0.04    
    Net::SIP::Dispatcher::Eventloop 0      0       
    Net::SIP::Util                  0      0       
    strict                          0      1.04    
    warnings                        0      1.12    

build_requires:

    Module                          Need   Have    
    ------------------------------- ------ --------
    base                            0      2.16    
    Cwd                             0      3.36    
    Data::Dumper                    0      2.130_02
    Digest::MD5                     0      2.52    
    fields                          0      2.15    
    File::Find                      0      1.19    
    File::Temp                      0      0.22    
    IO::Socket                      0      1.32    
    List::Util                      0      1.23    
    Module::Build                   0.3601 0.4004  
    Net::SIP                        0      0.68    
    Net::SIP::Blocker               0      0       
    Net::SIP::Debug                 0      0       
    Net::SIP::Dropper               0      0       
    Net::SIP::Dropper::ByField      0      0       
    Net::SIP::Dropper::ByIPPort     0      0       
    Net::SIP::Leg                   0      0       
    Net::SIP::NATHelper::Client     0      0       
    Net::SIP::NATHelper::Local      0      0       
    Net::SIP::NATHelper::Server     0      0       
    Net::SIP::ReceiveChain          0      0       
    Net::SIP::SDP                   0      0       
    Test::More                      0      0.98    

configure_requires:

    Module                          Need   Have    
    ------------------------------- ------ --------
    ExtUtils::MakeMaker             6.30   6.64    
    Module::Build                   0.3601 0.4004  


------------------------------
ENVIRONMENT AND OTHER CONTEXT
------------------------------

Environment variables:

    AUTOMATED_TESTING = 1
    PATH = /sbin:/bin:/usr/sbin:/usr/bin:/usr/games:/usr/pkg/sbin:/usr/pkg/bin:/usr/pkg/xorg/bin:/usr/local/sbin:/usr/local/bin:/home/wose/bin
    PERL5LIB = /home/wose/.cpan/build/AnyEvent-AggressiveIdle-0.04-MqgsRs/blib/arch:/home/wose/.cpan/build/AnyEvent-AggressiveIdle-0.04-MqgsRs/blib/lib:/home/wose/.cpan/build/AnyEvent-7.04-meczeZ/blib/arch:/home/wose/.cpan/build/AnyEvent-7.04-meczeZ/blib/lib:/home/wose/.cpan/build/Net-SIP-0.68-XOUXza/blib/arch:/home/wose/.cpan/build/Net-SIP-0.68-XOUXza/blib/lib:/home/wose/.cpan/build/Net-DNS-0.72-z3Xf2g/blib/arch:/home/wose/.cpan/build/Net-DNS-0.72-z3Xf2g/blib/lib
    PERL5OPT = 
    PERL5_CPANPLUS_IS_RUNNING = 19045
    PERL5_CPAN_IS_RUNNING = 19045
    PERL5_CPAN_IS_RUNNING_IN_RECURSION = 28821,19045
    PERL_CR_SMOKER_CURRENT = AnyEvent-SIP-0.002
    PERL_EXTUTILS_AUTOINSTALL = --defaultdeps
    PERL_MM_USE_DEFAULT = 1
    SHELL = /bin/tcsh
    TERM = screen

Perl special variables (and OS-specific diagnostics, for MSWin32):

    $^X = /usr/pkg/bin/perl
    $UID/$EUID = 1001 / 1001
    $GID = 1003 1003
    $EGID = 1003 1003

Perl module toolchain versions installed:

    Module              Have    
    ------------------- --------
    CPAN                2.00    
    CPAN::Meta          2.112621
    Cwd                 3.36    
    ExtUtils::CBuilder  0.280205
    ExtUtils::Command   1.17    
    ExtUtils::Install   1.56    
    ExtUtils::MakeMaker 6.64    
    ExtUtils::Manifest  1.60    
    ExtUtils::ParseXS   2.2210  
    File::Spec          3.33    
    JSON                2.57    
    JSON::PP            2.27200 
    Module::Build       0.4004  
    Module::Signature   n/a     
    Parse::CPAN::Meta   1.4401  
    Test::Harness       3.23    
    Test::More          0.98    
    YAML                0.84    
    YAML::Syck          n/a     
    version             0.9902  


--

Summary of my perl5 (revision 5 version 14 subversion 2) configuration:
   
  Platform:
    osname=dragonfly, osvers=3.3-development, archname=x86_64-dragonfly-thread-multi
    uname='dragonfly pkgbox64.dragonflybsd.org 3.3-development dragonfly v3.3.0.662.g47572-development #1: mon nov 26 11:32:11 pst 2012 root@pkgbox64.dragonflybsd.org:usrobjusrsrcsyspkgbox64 x86_64 '
    config_args='-sde -D ccflags=  -pthread  -I/usr/include -D ldflags=  -pthread  -L/usr/lib -Wl,-R/usr/lib -Wl,-R/usr/pkg/lib -Duseshrplib -Duseithreads -Uusemymalloc'
    hint=recommended, useposix=true, d_sigaction=define
    useithreads=define, usemultiplicity=define
    useperlio=define, d_sfio=undef, uselargefiles=define, usesocks=undef
    use64bitint=define, use64bitall=define, uselongdouble=undef
    usemymalloc=n, bincompat5005=undef
  Compiler:
    cc='cc', ccflags ='-pthread -I/usr/include -DHAS_FPSETMASK -DHAS_FLOATINGPOINT_H -fno-strict-aliasing -pipe -fstack-protector -I/usr/local/include',
    optimize='  -pthread  -I/usr/include',
    cppflags='-pthread -I/usr/include -DHAS_FPSETMASK -DHAS_FLOATINGPOINT_H -fno-strict-aliasing -pipe -fstack-protector -I/usr/local/include'
    ccversion='', gccversion='4.4.7 2012.03.13', gccosandvers=''
    intsize=4, longsize=8, ptrsize=8, doublesize=8, byteorder=12345678
    d_longlong=define, longlongsize=8, d_longdbl=define, longdblsize=16
    ivtype='long', ivsize=8, nvtype='double', nvsize=8, Off_t='off_t', lseeksize=8
    alignbytes=8, prototype=define
  Linker and Libraries:
    ld='cc', ldflags ='-Wl,-R/usr/pkg/lib -pthread -Wl,-E -fstack-protector'
    libpth=/usr/lib /usr/local/lib
    libs=-lm -lcrypt -lpthread -lrt
    perllibs=-lm -lcrypt -lpthread -lrt
    libc=, so=so, useshrplib=true, libperl=libperl.so
    gnulibc_version=''
  Dynamic Linking:
    dlsrc=dl_dlopen.xs, dlext=so, d_dlsymun=undef, ccdlflags='  -Wl,-R/usr/pkg/lib/perl5/5.14.0/x86_64-dragonfly-thread-multi/CORE'
    cccdlflags='-DPIC -fPIC', lddlflags='-Wl,-R/usr/pkg/lib -shared  -L/usr/local/lib -fstack-protector'


Characteristics of this binary (from libperl): 
  Compile-time options: MULTIPLICITY PERL_DONT_CREATE_GVSV
                        PERL_IMPLICIT_CONTEXT PERL_MALLOC_WRAP
                        PERL_PRESERVE_IVUV USE_64_BIT_ALL USE_64_BIT_INT
                        USE_ITHREADS USE_LARGE_FILES USE_PERLIO USE_PERL_ATOF
                        USE_REENTRANT_API
  Built under dragonfly
  Compiled at Dec 17 2012 00:23:17
  %ENV:
    PERL5LIB="/home/wose/.cpan/build/AnyEvent-AggressiveIdle-0.04-MqgsRs/blib/arch:/home/wose/.cpan/build/AnyEvent-AggressiveIdle-0.04-MqgsRs/blib/lib:/home/wose/.cpan/build/AnyEvent-7.04-meczeZ/blib/arch:/home/wose/.cpan/build/AnyEvent-7.04-meczeZ/blib/lib:/home/wose/.cpan/build/Net-SIP-0.68-XOUXza/blib/arch:/home/wose/.cpan/build/Net-SIP-0.68-XOUXza/blib/lib:/home/wose/.cpan/build/Net-DNS-0.72-z3Xf2g/blib/arch:/home/wose/.cpan/build/Net-DNS-0.72-z3Xf2g/blib/lib"
    PERL5OPT=""
    PERL5_CPANPLUS_IS_RUNNING="19045"
    PERL5_CPAN_IS_RUNNING="19045"
    PERL5_CPAN_IS_RUNNING_IN_RECURSION="28821,19045"
    PERL_CR_SMOKER_CURRENT="AnyEvent-SIP-0.002"
    PERL_EXTUTILS_AUTOINSTALL="--defaultdeps"
    PERL_MM_USE_DEFAULT="1"
  @INC:
    /home/wose/.cpan/build/AnyEvent-AggressiveIdle-0.04-MqgsRs/blib/arch
    /home/wose/.cpan/build/AnyEvent-AggressiveIdle-0.04-MqgsRs/blib/lib
    /home/wose/.cpan/build/AnyEvent-7.04-meczeZ/blib/arch
    /home/wose/.cpan/build/AnyEvent-7.04-meczeZ/blib/lib
    /home/wose/.cpan/build/Net-SIP-0.68-XOUXza/blib/arch
    /home/wose/.cpan/build/Net-SIP-0.68-XOUXza/blib/lib
    /home/wose/.cpan/build/Net-DNS-0.72-z3Xf2g/blib/arch
    /home/wose/.cpan/build/Net-DNS-0.72-z3Xf2g/blib/lib
    /usr/pkg/lib/perl5/site_perl/5.14.0/x86_64-dragonfly-thread-multi
    /usr/pkg/lib/perl5/site_perl/5.14.0
    /usr/pkg/lib/perl5/vendor_perl/5.14.0/x86_64-dragonfly-thread-multi
    /usr/pkg/lib/perl5/vendor_perl/5.14.0
    /usr/pkg/lib/perl5/5.14.0/x86_64-dragonfly-thread-multi
    /usr/pkg/lib/perl5/5.14.0
    .