Alien-HIDAPI v0.08 Perl 5 v5.14.4 amd64-freebsd

Status
Fail
From
Slaven Rezić (SREZIC)
Dist
Alien-HIDAPI v0.08
Platform
Perl 5 v5.14.4 amd64-freebsd
Date
2018-02-28 23:32:06
ID
96da6020-1cdf-11e8-95db-f75776d7804c
This distribution has been tested as part of the CPAN Testers
project, supporting the Perl programming language.  See
http://wiki.cpantesters.org/ for more information or email
questions to cpan-testers-discuss@perl.org


--
Dear Ahmad Fatoum,

This is a computer-generated report for Alien-HIDAPI-0.08
on perl 5.14.4, created by CPAN-Reporter-1.2018.

Thank you for uploading your work to CPAN.  However, there was a problem
testing your distribution.

If you think this report is invalid, please consult the CPAN Testers Wiki
for suggestions on how to avoid getting FAIL reports for missing library
or binary dependencies, unsupported operating systems, and so on:

http://wiki.cpantesters.org/wiki/CPANAuthorNotes

Sections of this report:

    * Tester comments
    * Program output
    * Prerequisites
    * Environment and other context

------------------------------
TESTER COMMENTS
------------------------------

Additional comments from tester:

none provided

------------------------------
PROGRAM OUTPUT
------------------------------

Output from '/usr/bin/make test':

"/usr/perl5.14.4p/bin/perl" -MAlien::Build::MM=cmd -e test
Alien::Build::Plugin::PkgConfig::Negotiate> Using PkgConfig plugin: PkgConfig::CommandLine
PERL_DL_NONLAZY=1 "/usr/perl5.14.4p/bin/perl" "-MExtUtils::Command::MM" "-MTest::Harness" "-e" "undef *Test::Harness::Switches; test_harness(0, 'blib/lib', 'blib/arch')" t/*.t
t/00-compile.t ......... ok
# 
# Versions for all modules listed in MYMETA.json (including optional ones):
# 
# === Configure Requires ===
# 
#     Module              Want Have
#     ------------------- ---- ----
#     Alien::Build        0.32 1.36
#     Alien::Build::MM    0.32 1.36
#     ExtUtils::MakeMaker 6.52 7.30
# 
# === Build Requires ===
# 
#     Module                                        Want  Have
#     -------------------------------------------- ----- -----
#     Alien::Build                                  0.32  1.36
#     Alien::Build::MM                              0.32  1.36
#     Alien::Build::Plugin::Gather::IsolateDynamic  0.48  1.36
#     Alien::autoconf                               0.03  0.14
#     Alien::automake                               0.05  0.14
#     Alien::libtool                                0.02  0.11
#     Alien::m4                                     0.11  0.17
#     Archive::Tar                                   any  1.76
#     Config                                         any undef
#     ExtUtils::MakeMaker                           6.52  7.30
#     HTTP::Tiny                                   0.044 0.070
#     IO::Socket::SSL                               1.56 2.052
#     IO::Zlib                                       any  1.10
#     Net::SSLeay                                   1.49  1.84
#     URI                                            any  1.72
# 
# === Test Requires ===
# 
#     Module              Want     Have
#     ------------------- ---- --------
#     ExtUtils::MakeMaker 6.52     7.30
#     File::Spec           any     3.62
#     IO::Handle           any     1.31
#     IPC::Open3           any   1.0901
#     Test::Alien         0.05     1.36
#     Test::More           any 1.302122
#     blib                1.01     1.06
# 
# === Test Recommends ===
# 
#     Module         Want     Have
#     ---------- -------- --------
#     CPAN::Meta 2.120900 2.150010
# 
# === Runtime Requires ===
# 
#     Module        Want  Have
#     ------------ ----- -----
#     Alien::Base  0.038  1.36
#     Alien::Build  0.25  1.36
#     parent         any 0.236
#     strict         any  1.04
#     warnings       any  1.12
# 
t/00-report-prereqs.t .. ok

# Failed test 'xs'
# at t/init.t line 10.
#   ExtUtils::CBuilder->compile failed
#     error building testalienkksD7/test.o from 'testalienkksD7/test.c' at /usr/perl5.14.4p/lib/site_perl/5.14.4/ExtUtils/CBuilder/Base.pm line 184.
#     cc -I/usr/perl5.14.4p/lib/5.14.4/amd64-freebsd/CORE -DPIC -fPIC -c -DHAS_FPSETMASK -DHAS_FLOATINGPOINT_H -fno-strict-aliasing -pipe -fstack-protector -I/usr/local/include -O2 -pipe -o testalienkksD7/test.o testalienkksD7/test.c
#     testalienkksD7/test.xs:5:10: fatal error: 'hidapi.h' file not found
#     #include <hidapi.h>
#              ^~~~~~~~~~
#     1 error generated.
# Looks like you failed 1 test of 3.
t/init.t ............... 
Dubious, test returned 1 (wstat 256, 0x100)
Failed 1/3 subtests 

Test Summary Report
-------------------
t/init.t             (Wstat: 256 Tests: 3 Failed: 1)
  Failed test:  2
  Non-zero exit status: 1
Files=3, Tests=5,  1 wallclock secs ( 0.02 usr  0.03 sys +  0.77 cusr  0.20 csys =  1.02 CPU)
Result: FAIL
Failed 1/3 test programs. 1/5 subtests failed.
*** Error code 1

Stop.
make: stopped in /home/cpansand/.cpan/build/2018022821/Alien-HIDAPI-0.08-oLSrdc

------------------------------
PREREQUISITES
------------------------------

Prerequisite modules loaded:

requires:

    Module                                       Need  Have    
    -------------------------------------------- ----- --------
    Alien::Base                                  0.038 1.36    
    Alien::Build                                 0.25  1.36    
    parent                                       0     0.236   
    perl                                         5.008 5.014004
    strict                                       0     1.04    
    warnings                                     0     1.12    

build_requires:

    Module                                       Need  Have    
    -------------------------------------------- ----- --------
    Alien::autoconf                              0.03  0.14    
    Alien::automake                              0.05  0.14    
    Alien::Build                                 0.32  1.36    
    Alien::Build::MM                             0.32  1.36    
    Alien::Build::Plugin::Gather::IsolateDynamic 0.48  1.36    
    Alien::libtool                               0.02  0.11    
    Alien::m4                                    0.11  0.17    
    Archive::Tar                                 0     1.76    
    blib                                         1.01  1.06    
    Config                                       0     0       
    ExtUtils::MakeMaker                          6.52  7.30    
    File::Spec                                   0     3.62    
    HTTP::Tiny                                   0.044 0.070   
    IO::Handle                                   0     1.31    
    IO::Socket::SSL                              1.56  2.052   
    IO::Zlib                                     0     1.10    
    IPC::Open3                                   0     1.0901  
    Net::SSLeay                                  1.49  1.84    
    Test::Alien                                  0.05  1.36    
    Test::More                                   0     1.302122
    URI                                          0     1.72    

configure_requires:

    Module                                       Need  Have    
    -------------------------------------------- ----- --------
    Alien::Build                                 0.32  1.36    
    Alien::Build::MM                             0.32  1.36    
    ExtUtils::MakeMaker                          6.52  7.30    
    perl                                         5.006 5.014004


------------------------------
ENVIRONMENT AND OTHER CONTEXT
------------------------------

Environment variables:

    PATH = /usr/local/bin:/usr/bin:/bin:/usr/local/sbin:/usr/sbin:/sbin:/home/cpansand/bin/sh:/home/cpansand/bin:/usr/games:/home/cpansand/devel:/home/eserte/src/srezic-misc/scripts
    PERL5LIB = /home/cpansand/.cpan/build/2018022821/Alien-automake-0.14-_Qe9cz/blib/arch:/home/cpansand/.cpan/build/2018022821/Alien-automake-0.14-_Qe9cz/blib/lib:/home/cpansand/.cpan/build/2018022821/Alien-autoconf-0.14-DTLGsd/blib/arch:/home/cpansand/.cpan/build/2018022821/Alien-autoconf-0.14-DTLGsd/blib/lib
    PERL5OPT = 
    PERL5_CPANPLUS_IS_RUNNING = 98571
    PERL5_CPAN_IS_RUNNING = 98571
    PERL5_CPAN_IS_RUNNING_IN_RECURSION = 85431,98571
    PERL_BATCH = yes
    PERL_CANARY_STABILITY_NOPROMPT = 1
    PERL_CPAN_REPORTER_CONFIG = /var/tmp/cpansmoker-1023/2018022821/cpanreporter_000_config.ini
    PERL_EXTUTILS_AUTOINSTALL = --defaultdeps
    SHELL = /bin/sh
    TMPDIR = /var/tmp/cpansmoker-1023/2018022821

Perl special variables (and OS-specific diagnostics, for MSWin32):

    $^X = /usr/perl5.14.4p/bin/perl
    $UID/$EUID = 1023 / 1023
    $GID = 1023 1023
    $EGID = 1023 1023

Perl module toolchain versions installed:

    Module              Have     
    ------------------- ---------
    CPAN                1.9600_01
    CPAN::Meta          2.150010 
    Cwd                 3.62     
    ExtUtils::CBuilder  0.280230 
    ExtUtils::Command   7.30     
    ExtUtils::Install   2.06     
    ExtUtils::MakeMaker 7.30     
    ExtUtils::Manifest  1.70     
    ExtUtils::ParseXS   3.35     
    File::Spec          3.62     
    JSON                2.97001  
    JSON::PP            2.97001  
    Module::Build       0.4224   
    Module::Signature   0.81     
    Parse::CPAN::Meta   2.150010 
    Test::Harness       3.39     
    Test::More          1.302122 
    YAML                1.24     
    YAML::Syck          1.30     
    version             0.9918   


--

Summary of my perl5 (revision 5 version 14 subversion 4) configuration:
   
  Platform:
    osname=freebsd, osvers=12.0-current, archname=amd64-freebsd
    uname='freebsd ali1.bbbike.org 12.0-current freebsd 12.0-current #0 bd8385a990e(master)-dirty: fri nov 17 03:13:11 utc 2017 root@ali1.bbbike.org:usrobjhomeprojectsfreebsdamd64.amd64sysgeneric-nodebug amd64 '
    config_args='-ds -e -Dprefix=/usr/perl5.14.4p -Dcf_email=srezic@cpan.org -Doptimize=-O2 -pipe'
    hint=recommended, useposix=true, d_sigaction=define
    useithreads=undef, usemultiplicity=undef
    useperlio=define, d_sfio=undef, uselargefiles=define, usesocks=undef
    use64bitint=define, use64bitall=define, uselongdouble=undef
    usemymalloc=n, bincompat5005=undef
  Compiler:
    cc='cc', ccflags ='-DHAS_FPSETMASK -DHAS_FLOATINGPOINT_H -fno-strict-aliasing -pipe -fstack-protector -I/usr/local/include',
    optimize='-O2 -pipe',
    cppflags='-DHAS_FPSETMASK -DHAS_FLOATINGPOINT_H -fno-strict-aliasing -pipe -fstack-protector -I/usr/local/include'
    ccversion='', gccversion='4.2.1 Compatible FreeBSD Clang 5.0.0 (tags/RELEASE_500/final 312559)', gccosandvers=''
    intsize=4, longsize=8, ptrsize=8, doublesize=8, byteorder=12345678
    d_longlong=define, longlongsize=8, d_longdbl=define, longdblsize=16
    ivtype='long', ivsize=8, nvtype='double', nvsize=8, Off_t='off_t', lseeksize=8
    alignbytes=8, prototype=define
  Linker and Libraries:
    ld='cc', ldflags ='-pthread -Wl,-E  -fstack-protector -L/usr/local/lib'
    libpth=/usr/lib /usr/local/lib
    libs=-lgdbm -lm -lcrypt -lutil -lc
    perllibs=-lm -lcrypt -lutil -lc
    libc=, so=so, useshrplib=false, libperl=libperl.a
    gnulibc_version=''
  Dynamic Linking:
    dlsrc=dl_dlopen.xs, dlext=so, d_dlsymun=undef, ccdlflags=' '
    cccdlflags='-DPIC -fPIC', lddlflags='-shared  -L/usr/local/lib -fstack-protector'


Characteristics of this binary (from libperl): 
  Compile-time options: PERL_DONT_CREATE_GVSV PERL_MALLOC_WRAP
                        PERL_PRESERVE_IVUV USE_64_BIT_ALL USE_64_BIT_INT
                        USE_LARGE_FILES USE_PERLIO USE_PERL_ATOF
  Built under freebsd
  Compiled at Nov 17 2017 07:31:56
  %ENV:
    PERL5LIB="/home/cpansand/.cpan/build/2018022821/Alien-automake-0.14-_Qe9cz/blib/arch:/home/cpansand/.cpan/build/2018022821/Alien-automake-0.14-_Qe9cz/blib/lib:/home/cpansand/.cpan/build/2018022821/Alien-autoconf-0.14-DTLGsd/blib/arch:/home/cpansand/.cpan/build/2018022821/Alien-autoconf-0.14-DTLGsd/blib/lib"
    PERL5OPT=""
    PERL5_CPANPLUS_IS_RUNNING="98571"
    PERL5_CPAN_IS_RUNNING="98571"
    PERL5_CPAN_IS_RUNNING_IN_RECURSION="85431,98571"
    PERL_BATCH="yes"
    PERL_CANARY_STABILITY_NOPROMPT="1"
    PERL_CPAN_REPORTER_CONFIG="/var/tmp/cpansmoker-1023/2018022821/cpanreporter_000_config.ini"
    PERL_EXTUTILS_AUTOINSTALL="--defaultdeps"
  @INC:
    /home/cpansand/.cpan/build/2018022821/Alien-automake-0.14-_Qe9cz/blib/arch
    /home/cpansand/.cpan/build/2018022821/Alien-automake-0.14-_Qe9cz/blib/lib
    /home/cpansand/.cpan/build/2018022821/Alien-autoconf-0.14-DTLGsd/blib/arch
    /home/cpansand/.cpan/build/2018022821/Alien-autoconf-0.14-DTLGsd/blib/lib
    /usr/perl5.14.4p/lib/site_perl/5.14.4/amd64-freebsd
    /usr/perl5.14.4p/lib/site_perl/5.14.4
    /usr/perl5.14.4p/lib/5.14.4/amd64-freebsd
    /usr/perl5.14.4p/lib/5.14.4
    .