Report for W3C-SOAP-WADL-0.007

Back
From: metabase:user:314402c4-2aae-11df-837a-5e0a49663a4f
Subject: FAIL W3C-SOAP-WADL-0.007 v5.22.3 RC4 GNU/Linux
Date: 2016-10-26T07:55:39Z

This distribution has been tested as part of the CPAN Testers
project, supporting the Perl programming language.  See
http://wiki.cpantesters.org/ for more information or email
questions to cpan-testers-discuss@perl.org


--
Dear Ivan Wills,

This is a computer-generated report for W3C-SOAP-WADL-0.007
on perl 5.22.3, created by CPAN-Reporter-1.2018.

Thank you for uploading your work to CPAN.  However, there was a problem
testing your distribution.

If you think this report is invalid, please consult the CPAN Testers Wiki
for suggestions on how to avoid getting FAIL reports for missing library
or binary dependencies, unsupported operating systems, and so on:

http://wiki.cpantesters.org/wiki/CPANAuthorNotes

Sections of this report:

    * Tester comments
    * Program output
    * Prerequisites
    * Environment and other context

------------------------------
TESTER COMMENTS
------------------------------

Additional comments from tester:

none provided

------------------------------
PROGRAM OUTPUT
------------------------------

Output from './Build test':

# Testing W3C::SOAP::WADL 0.007, Perl 5.022003, /bbbike/perl-5.22.3-RC4/bin/perl
t/00-load.t ....... ok
Error GETing http://localhost:4001/wadl: Can't connect to localhost:4001 at t/app-static.t line 36.
t/app-static.t .... 
Dubious, test returned 111 (wstat 28416, 0x6f00)
No subtests run 
Error GETing http://localhost:4000/wadl: Can't connect to localhost:4000 at t/app.t line 33.
t/app.t ........... 
Dubious, test returned 111 (wstat 28416, 0x6f00)
No subtests run 
t/boilerplate.t ... ok
t/critic.t ........ skipped: Author test.  Set TEST_AUTHOR environment variable to a true value to run.
t/kwalitee.t ...... skipped: Author test.  Set TEST_AUTHOR environment variable to a true value to run.
t/pod-coverage.t .. skipped: Author test.  Set TEST_AUTHOR environment variable to a true value to run.
t/pod.t ........... ok
t/spelling.t ...... skipped: Author test.  Set TEST_AUTHOR environment variable to a true value to run.

Test Summary Report
-------------------
t/app-static.t  (Wstat: 28416 Tests: 0 Failed: 0)
  Non-zero exit status: 111
  Parse errors: No plan found in TAP output
t/app.t         (Wstat: 28416 Tests: 0 Failed: 0)
  Non-zero exit status: 111
  Parse errors: No plan found in TAP output
Files=9, Tests=66,  6 wallclock secs ( 0.03 usr  0.04 sys +  2.65 cusr  0.34 csys =  3.06 CPU)
Result: FAIL
Failed 2/9 test programs. 0/66 subtests failed.

------------------------------
PREREQUISITES
------------------------------

Prerequisite modules loaded:

requires:

    Module                       Need   Have    
    ---------------------------- ------ --------
    File::ShareDir               1.00   1.102   
    JSON                         0      2.90    
    List::Util                   0      1.46    
    Moose                        0      2.1806  
    Moose::Meta::Method          2.1206 2.1806  
    Moose::Role                  0      2.1806  
    Moose::Util::TypeConstraints 0      2.1806  
    MooseX::Types::Moose         0      0.46    
    namespace::autoclean         0      0.28    
    Path::Tiny                   0      0.098   
    perl                         5.006  5.022003
    Scalar::Util                 0      1.46    
    Template                     0      2.26    
    TryCatch                     0      1.003002
    version                      0      0.9917  
    W3C::SOAP::Client            0.08   0.14    
    W3C::SOAP::Parser            0.08   0.14    
    W3C::SOAP::Utils             0.08   0.14    
    W3C::SOAP::XSD               0.08   0.14    
    W3C::SOAP::XSD::Document     0.08   0.14    
    W3C::SOAP::XSD::Parser       0.08   0.14    
    XML::Rabbit                  0      0.4.1   
    XML::Rabbit::Root            0      0.4.1   

build_requires:

    Module                       Need   Have    
    ---------------------------- ------ --------
    Mojolicious                  5      7.08    
    Mojolicious::Lite            0      0       
    Test::More                   0.88   1.302059
    Test::Warnings               0      0.026   
    WWW::Mechanize               0      1.82    

configure_requires:

    Module                       Need   Have    
    ---------------------------- ------ --------
    Module::Build                0.38   0.4220  


------------------------------
ENVIRONMENT AND OTHER CONTEXT
------------------------------

Environment variables:

    LANG = C
    LC_ALL = de_DE.UTF-8
    PATH = /usr/local/bin:/usr/bin:/bin:/usr/local/sbin:/usr/sbin:/sbin:/home/cpansand/bin/linux-gnu:/home/cpansand/bin/sh:/home/cpansand/bin:/usr/games:/home/cpansand/devel:/home/eserte/src/srezic-misc/scripts
    PERL5LIB = 
    PERL5OPT = 
    PERL5_CPANPLUS_IS_RUNNING = 14491
    PERL5_CPAN_IS_RUNNING = 14491
    PERL5_CPAN_IS_RUNNING_IN_RECURSION = 15711,14491
    PERLDOC = -MPod::Perldoc::ToTextOverstrike
    PERL_BATCH = yes
    PERL_CANARY_STABILITY_NOPROMPT = 1
    PERL_CPAN_REPORTER_CONFIG = /run/user/1023/cpansmoker/2016102606/cpanreporter_001_config.ini
    PERL_EXTUTILS_AUTOINSTALL = --defaultdeps
    PERL_PARALLEL_SMOKER = yes
    PERL_USE_UNSAFE_INC = 1
    SHELL = /bin/zsh
    TERM = screen
    TMPDIR = /run/user/1023/cpansmoker/2016102606

Perl special variables (and OS-specific diagnostics, for MSWin32):

    $^X = /bbbike/perl-5.22.3-RC4/bin/perl
    $UID/$EUID = 1023 / 1023
    $GID = 1023 1023
    $EGID = 1023 1023

Perl module toolchain versions installed:

    Module              Have    
    ------------------- --------
    CPAN                2.11_01 
    CPAN::Meta          2.150010
    Cwd                 3.62    
    ExtUtils::CBuilder  0.280221
    ExtUtils::Command   7.24    
    ExtUtils::Install   2.04    
    ExtUtils::MakeMaker 7.24    
    ExtUtils::Manifest  1.70    
    ExtUtils::ParseXS   3.30    
    File::Spec          3.62    
    JSON                2.90    
    JSON::PP            2.27400 
    Module::Build       0.4220  
    Module::Signature   0.81    
    Parse::CPAN::Meta   2.150010
    Test::Harness       3.35_01 
    Test::More          1.302059
    YAML                1.18    
    YAML::Syck          1.29    
    version             0.9917  


--

Summary of my perl5 (revision 5 version 22 subversion 3) configuration:
   
  Platform:
    osname=linux, osvers=3.16.0-4-amd64, archname=x86_64-linux
    uname='linux eserte 3.16.0-4-amd64 #1 smp debian 3.16.36-1+deb8u1 (2016-09-03) x86_64 gnulinux '
    config_args='-ds -e -Dprefix=/opt/perl-5.22.3-RC4 -Dcf_email=srezic@cpan.org'
    hint=recommended, useposix=true, d_sigaction=define
    useithreads=undef, usemultiplicity=undef
    use64bitint=define, use64bitall=define, uselongdouble=undef
    usemymalloc=n, bincompat5005=undef
  Compiler:
    cc='cc', ccflags ='-fwrapv -fno-strict-aliasing -pipe -fstack-protector-strong -I/usr/local/include -D_LARGEFILE_SOURCE -D_FILE_OFFSET_BITS=64 -D_FORTIFY_SOURCE=2',
    optimize='-O2',
    cppflags='-fwrapv -fno-strict-aliasing -pipe -fstack-protector-strong -I/usr/local/include'
    ccversion='', gccversion='4.9.2', gccosandvers=''
    intsize=4, longsize=8, ptrsize=8, doublesize=8, byteorder=12345678, doublekind=3
    d_longlong=define, longlongsize=8, d_longdbl=define, longdblsize=16, longdblkind=3
    ivtype='long', ivsize=8, nvtype='double', nvsize=8, Off_t='off_t', lseeksize=8
    alignbytes=8, prototype=define
  Linker and Libraries:
    ld='cc', ldflags =' -fstack-protector-strong -L/usr/local/lib'
    libpth=/usr/local/lib /usr/lib/gcc/x86_64-linux-gnu/4.9/include-fixed /usr/include/x86_64-linux-gnu /usr/lib /lib/x86_64-linux-gnu /lib/../lib /usr/lib/x86_64-linux-gnu /usr/lib/../lib /lib
    libs=-lpthread -lnsl -lgdbm -ldb -ldl -lm -lcrypt -lutil -lc -lgdbm_compat
    perllibs=-lpthread -lnsl -ldl -lm -lcrypt -lutil -lc
    libc=libc-2.19.so, so=so, useshrplib=false, libperl=libperl.a
    gnulibc_version='2.19'
  Dynamic Linking:
    dlsrc=dl_dlopen.xs, dlext=so, d_dlsymun=undef, ccdlflags='-Wl,-E'
    cccdlflags='-fPIC', lddlflags='-shared -O2 -L/usr/local/lib -fstack-protector-strong'


Characteristics of this binary (from libperl): 
  Compile-time options: HAS_TIMES PERLIO_LAYERS PERL_DONT_CREATE_GVSV
                        PERL_HASH_FUNC_ONE_AT_A_TIME_HARD PERL_MALLOC_WRAP
                        PERL_NEW_COPY_ON_WRITE PERL_PRESERVE_IVUV
                        USE_64_BIT_ALL USE_64_BIT_INT USE_LARGE_FILES
                        USE_LOCALE USE_LOCALE_COLLATE USE_LOCALE_CTYPE
                        USE_LOCALE_NUMERIC USE_LOCALE_TIME USE_PERLIO
                        USE_PERL_ATOF
  Locally applied patches:
	RC4
  Built under linux
  Compiled at Oct 13 2016 07:24:55
  %ENV:
    PERL5LIB=""
    PERL5OPT=""
    PERL5_CPANPLUS_IS_RUNNING="14491"
    PERL5_CPAN_IS_RUNNING="14491"
    PERL5_CPAN_IS_RUNNING_IN_RECURSION="15711,14491"
    PERLDOC="-MPod::Perldoc::ToTextOverstrike"
    PERL_BATCH="yes"
    PERL_CANARY_STABILITY_NOPROMPT="1"
    PERL_CPAN_REPORTER_CONFIG="/run/user/1023/cpansmoker/2016102606/cpanreporter_001_config.ini"
    PERL_EXTUTILS_AUTOINSTALL="--defaultdeps"
    PERL_PARALLEL_SMOKER="yes"
    PERL_USE_UNSAFE_INC="1"
  @INC:
    /opt/perl-5.22.3-RC4/lib/site_perl/5.22.3/x86_64-linux
    /opt/perl-5.22.3-RC4/lib/site_perl/5.22.3
    /opt/perl-5.22.3-RC4/lib/5.22.3/x86_64-linux
    /opt/perl-5.22.3-RC4/lib/5.22.3
    .