Math-GSL v0.49 Perl 5 v5.34.3 i86pc-solaris-thread-multi-64

Status
Fail
From
Chris Williams (BINGOS)
Dist
Math-GSL v0.49
Platform
Perl 5 v5.34.3 i86pc-solaris-thread-multi-64
Date
2024-08-02 22:14:28
ID
95d34ee4-511c-11ef-98b0-b3c3213a625c
This distribution has been tested as part of the CPAN Testers
project, supporting the Perl programming language.  See
http://wiki.cpantesters.org/ for more information or email
questions to cpan-testers-discuss@perl.org


--

Dear HAKONH,

This is a computer-generated error report created automatically by
CPANPLUS, version 0.9914. Testers personal comments may appear
at the end of this report.


Thank you for uploading your work to CPAN.  However, it appears that
there were some problems testing your distribution.

TEST RESULTS:

Below is the error stack from stage 'make test':

Processing 2.8 XS files, GSL 2.8 (via gsl-config) at /home/cpan/pit/jail/11MOiOuphw/lib/perl5/i86pc-solaris-thread-multi-64/auto/share/dist/Math-GSL-Alien
Compiler        = gcc (OmniOS 151046/12.2.0-il-0) 12.2.0
Copyright (C) 2022 Free Software Foundation, Inc.
This is free software; see the source for copying conditions.  There is NO
warranty; not even for MERCHANTABILITY or FITNESS FOR A PARTICULAR PURPOSE.


ccflags         = -fPIC -I/home/cpan/pit/jail/11MOiOuphw/lib/perl5/i86pc-solaris-thread-multi-64/auto/share/dist/Math-GSL-Alien/include -D_REENTRANT -m64 -fwrapv -fno-strict-aliasing -pipe -fstack-protector-strong -D_LARGEFILE_SOURCE -D_FILE_OFFSET_BITS=64 -D_FORTIFY_SOURCE=2 -DPERL_USE_SAFE_PUTENV -Wall -Wno-sometimes-uninitialized -Wno-unused-function -Wno-unused-value -Wno-unused-function -Wno-unused-variable -Wno-gnu -g -I/home/cpan/pit/jail/11MOiOuphw/lib/perl5/i86pc-solaris-thread-multi-64/auto/share/dist/Math-GSL-Alien/include
ldflags         = -shared -L/home/cpan/pit/jail/11MOiOuphw/lib/perl5/i86pc-solaris-thread-multi-64/auto/share/dist/Math-GSL-Alien/lib -lgsl -lgslcblas -lm
PERL5LIB        = /home/cpan/pit/jail/11MOiOuphw/lib/perl5:/home/cpan/pit/thr/conf/perl-5.34.3/.cpanplus/5.34.3/build/9rOjvt3MMz/Math-GSL-0.49/blib/lib:/home/cpan/pit/thr/conf/perl-5.34.3/.cpanplus/5.34.3/build/9rOjvt3MMz/Math-GSL-0.49/blib/arch
LD_LIBRARY_PATH = 

#   Failed test 'use Math::GSL;'
#   at t/00-load.t line 11.
#     Tried to use 'Math::GSL'.
#     Error:  Can't load '/home/cpan/pit/thr/conf/perl-5.34.3/.cpanplus/5.34.3/build/9rOjvt3MMz/Math-GSL-0.49/blib/arch/auto/Math/GSL/Errno/Errno.so' for module Math::GSL::Errno: ld.so.1: perl: fatal: libgsl.so.28: open failed: No such file or directory at /home/cpan/pit/thr/perl-5.34.3/lib/5.34.3/i86pc-solaris-thread-multi-64/DynaLoader.pm line 193.
#  at /home/cpan/pit/thr/conf/perl-5.34.3/.cpanplus/5.34.3/build/9rOjvt3MMz/Math-GSL-0.49/blib/lib/Math/GSL/Errno.pm line 11.
# Compilation failed in require at /home/cpan/pit/thr/conf/perl-5.34.3/.cpanplus/5.34.3/build/9rOjvt3MMz/Math-GSL-0.49/blib/lib/Math/GSL/Test.pm line 7.
# BEGIN failed--compilation aborted at /home/cpan/pit/thr/conf/perl-5.34.3/.cpanplus/5.34.3/build/9rOjvt3MMz/Math-GSL-0.49/blib/lib/Math/GSL/Test.pm line 7.
# Compilation failed in require at /home/cpan/pit/thr/conf/perl-5.34.3/.cpanplus/5.34.3/build/9rOjvt3MMz/Math-GSL-0.49/blib/lib/Math/GSL.pm line 10.
# BEGIN failed--compilation aborted at /home/cpan/pit/thr/conf/perl-5.34.3/.cpanplus/5.34.3/build/9rOjvt3MMz/Math-GSL-0.49/blib/lib/Math/GSL.pm line 10.
# Compilation failed in require at t/00-load.t line 11.
# BEGIN failed--compilation aborted at t/00-load.t line 11.
Undefined subroutine &main::gsl_version called at t/00-load.t line 13.
BEGIN failed--compilation aborted at t/00-load.t line 15.
# Tests were run but no plan was declared and done_testing() was not seen.
# Looks like your test exited with 255 just after 1.
t/00-load.t ........ 
Dubious, test returned 255 (wstat 65280, 0xff00)
Failed 1/1 subtests 
Can't load '/home/cpan/pit/thr/conf/perl-5.34.3/.cpanplus/5.34.3/build/9rOjvt3MMz/Math-GSL-0.49/blib/arch/auto/Math/GSL/Errno/Errno.so' for module Math::GSL::Errno: ld.so.1: perl: fatal: libgsl.so.28: open failed: No such file or directory at /home/cpan/pit/thr/perl-5.34.3/lib/5.34.3/i86pc-solaris-thread-multi-64/DynaLoader.pm line 193.
 at /home/cpan/pit/thr/conf/perl-5.34.3/.cpanplus/5.34.3/build/9rOjvt3MMz/Math-GSL-0.49/blib/lib/Math/GSL/Errno.pm line 11.
Compilation failed in require at /home/cpan/pit/thr/conf/perl-5.34.3/.cpanplus/5.34.3/build/9rOjvt3MMz/Math-GSL-0.49/blib/lib/Math/GSL/Test.pm line 7.
BEGIN failed--compilation aborted at /home/cpan/pit/thr/conf/perl-5.34.3/.cpanplus/5.34.3/build/9rOjvt3MMz/Math-GSL-0.49/blib/lib/Math/GSL/Test.pm line 7.
Compilation failed in require at /home/cpan/pit/thr/conf/perl-5.34.3/.cpanplus/5.34.3/build/9rOjvt3MMz/Math-GSL-0.49/blib/lib/Math/GSL.pm line 10.
BEGIN failed--compilation aborted at /home/cpan/pit/thr/conf/perl-5.34.3/.cpanplus/5.34.3/build/9rOjvt3MMz/Math-GSL-0.49/blib/lib/Math/GSL.pm line 10.
Compilation failed in require at t/BLAS.t line 4.
BEGIN failed--compilation aborted at t/BLAS.t line 4.
# Looks like your test exited with 2 before it could output anything.
t/BLAS.t ........... 
Dubious, test returned 2 (wstat 512, 0x200)
Failed 109/109 subtests 
Can't load '/home/cpan/pit/thr/conf/perl-5.34.3/.cpanplus/5.34.3/build/9rOjvt3MMz/Math-GSL-0.49/blib/arch/auto/Math/GSL/Errno/Errno.so' for module Math::GSL::Errno: ld.so.1: perl: fatal: libgsl.so.28: open failed: No such file or directory at /home/cpan/pit/thr/perl-5.34.3/lib/5.34.3/i86pc-solaris-thread-multi-64/DynaLoader.pm line 193.
 at /home/cpan/pit/thr/conf/perl-5.34.3/.cpanplus/5.34.3/build/9rOjvt3MMz/Math-GSL-0.49/blib/lib/Math/GSL/Errno.pm line 11.
Compilation failed in require at /home/cpan/pit/thr/conf/perl-5.34.3/.cpanplus/5.34.3/build/9rOjvt3MMz/Math-GSL-0.49/blib/lib/Math/GSL/Test.pm line 7.
BEGIN failed--compilation aborted at /home/cpan/pit/thr/conf/perl-5.34.3/.cpanplus/5.34.3/build/9rOjvt3MMz/Math-GSL-0.49/blib/lib/Math/GSL/Test.pm line 7.
Compilation failed in require at t/BSpline.t line 2.
BEGIN failed--compilation aborted at t/BSpline.t line 2.
t/BSpline.t ........ 
Dubious, test returned 2 (wstat 512, 0x200)
No subtests run 
Can't load '/home/cpan/pit/thr/conf/perl-5.34.3/.cpanplus/5.34.3/build/9rOjvt3MMz/Math-GSL-0.49/blib/arch/auto/Math/GSL/Errno/Errno.so' for module Math::GSL::Errno: ld.so.1: perl: fatal: libgsl.so.28: open failed: No such file or directory at /home/cpan/pit/thr/perl-5.34.3/lib/5.34.3/i86pc-solaris-thread-multi-64/DynaLoader.pm line 193.
 at /home/cpan/pit/thr/conf/perl-5.34.3/.cpanplus/5.34.3/build/9rOjvt3MMz/Math-GSL-0.49/blib/lib/Math/GSL/Errno.pm line 11.
Compilation failed in require at /home/cpan/pit/thr/conf/perl-5.34.3/.cpanplus/5.34.3/build/9rOjvt3MMz/Math-GSL-0.49/blib/lib/Math/GSL/Test.pm line 7.
BEGIN failed--compilation aborted at /home/cpan/pit/thr/conf/perl-5.34.3/.cpanplus/5.34.3/build/9rOjvt3MMz/Math-GSL-0.49/blib/lib/Math/GSL/Test.pm line 7.
Compilation failed in require at t/CBLAS.t line 4.
BEGIN failed--compilation aborted at t/CBLAS.t line 4.
# Looks like your test exited with 2 before it could output anything.
t/CBLAS.t .......... 
Dubious, test returned 2 (wstat 512, 0x200)
Failed 3/3 subtests 
Can't load '/home/cpan/pit/thr/conf/perl-5.34.3/.cpanplus/5.34.3/build/9rOjvt3MMz/Math-GSL-0.49/blib/arch/auto/Math/GSL/Errno/Errno.so' for module Math::GSL::Errno: ld.so.1: perl: fatal: libgsl.so.28: open failed: No such file or directory at /home/cpan/pit/thr/perl-5.34.3/lib/5.34.3/i86pc-solaris-thread-multi-64/DynaLoader.pm line 193.
 at /home/cpan/pit/thr/conf/perl-5.34.3/.cpanplus/5.34.3/build/9rOjvt3MMz/Math-GSL-0.49/blib/lib/Math/GSL/Errno.pm line 11.
Compilation failed in require at /home/cpan/pit/thr/conf/perl-5.34.3/.cpanplus/5.34.3/build/9rOjvt3MMz/Math-GSL-0.49/blib/lib/Math/GSL/Test.pm line 7.
BEGIN failed--compilation aborted at /home/cpan/pit/thr/conf/perl-5.34.3/.cpanplus/5.34.3/build/9rOjvt3MMz/Math-GSL-0.49/blib/lib/Math/GSL/Test.pm line 7.
Compilation failed in require at /home/cpan/pit/thr/conf/perl-5.34.3/.cpanplus/5.34.3/build/9rOjvt3MMz/Math-GSL-0.49/blib/lib/Math/GSL.pm line 10.
BEGIN failed--compilation aborted at /home/cpan/pit/thr/conf/perl-5.34.3/.cpanplus/5.34.3/build/9rOjvt3MMz/Math-GSL-0.49/blib/lib/Math/GSL.pm line 10.
Compilation failed in require at t/CDF.t line 2.
BEGIN failed--compilation aborted at t/CDF.t line 2.
# Looks like your test exited with 2 before it could output anything.
t/CDF.t ............ 
Dubious, test returned 2 (wstat 512, 0x200)
Failed 794/794 subtests 
Can't load '/home/cpan/pit/thr/conf/perl-5.34.3/.cpanplus/5.34.3/build/9rOjvt3MMz/Math-GSL-0.49/blib/arch/auto/Math/GSL/Chebyshev/Chebyshev.so' for module Math::GSL::Chebyshev: ld.so.1: perl: fatal: libgsl.so.28: open failed: No such file or directory at /home/cpan/pit/thr/perl-5.34.3/lib/5.34.3/i86pc-solaris-thread-multi-64/DynaLoader.pm line 193.
 at /home/cpan/pit/thr/conf/perl-5.34.3/.cpanplus/5.34.3/build/9rOjvt3MMz/Math-GSL-0.49/blib/lib/Math/GSL/Chebyshev.pm line 11.
Compilation failed in require at t/Chebyshev.t line 5.
BEGIN failed--compilation aborted at t/Chebyshev.t line 5.
t/Chebyshev.t ...... 
Dubious, test returned 2 (wstat 512, 0x200)
No subtests run 
Can't load '/home/cpan/pit/thr/conf/perl-5.34.3/.cpanplus/5.34.3/build/9rOjvt3MMz/Math-GSL-0.49/blib/arch/auto/Math/GSL/Errno/Errno.so' for module Math::GSL::Errno: ld.so.1: perl: fatal: libgsl.so.28: open failed: No such file or directory at /home/cpan/pit/thr/perl-5.34.3/lib/5.34.3/i86pc-solaris-thread-multi-64/DynaLoader.pm line 193.
 at /home/cpan/pit/thr/conf/perl-5.34.3/.cpanplus/5.34.3/build/9rOjvt3MMz/Math-GSL-0.49/blib/lib/Math/GSL/Errno.pm line 11.
Compilation failed in require at /home/cpan/pit/thr/conf/perl-5.34.3/.cpanplus/5.34.3/build/9rOjvt3MMz/Math-GSL-0.49/blib/lib/Math/GSL/Test.pm line 7.
BEGIN failed--compilation aborted at /home/cpan/pit/thr/conf/perl-5.34.3/.cpanplus/5.34.3/build/9rOjvt3MMz/Math-GSL-0.49/blib/lib/Math/GSL/Test.pm line 7.
Compilation failed in require at t/Combination.t line 4.
BEGIN failed--compilation aborted at t/Combination.t line 4.
# Looks like your test exited with 2 before it could output anything.
t/Combination.t .... 
Dubious, test returned 2 (wstat 512, 0x200)
Failed 23/23 subtests 
Can't load '/home/cpan/pit/thr/conf/perl-5.34.3/.cpanplus/5.34.3/build/9rOjvt3MMz/Math-GSL-0.49/blib/arch/auto/Math/GSL/Errno/Errno.so' for module Math::GSL::Errno: ld.so.1: perl: fatal: libgsl.so.28: open failed: No such file or directory at /home/cpan/pit/thr/perl-5.34.3/lib/5.34.3/i86pc-solaris-thread-multi-64/DynaLoader.pm line 193.
 at /home/cpan/pit/thr/conf/perl-5.34.3/.cpanplus/5.34.3/build/9rOjvt3MMz/Math-GSL-0.49/blib/lib/Math/GSL/Errno.pm line 11.
Compilation failed in require at /home/cpan/pit/thr/conf/perl-5.34.3/.cpanplus/5.34.3/build/9rOjvt3MMz/Math-GSL-0.49/blib/lib/Math/GSL/Complex.pm line 286.
BEGIN failed--compilation aborted at /home/cpan/pit/thr/conf/perl-5.34.3/.cpanplus/5.34.3/build/9rOjvt3MMz/Math-GSL-0.49/blib/lib/Math/GSL/Complex.pm line 286.
Compilation failed in require at t/Complex.t line 6.
BEGIN failed--compilation aborted at t/Complex.t line 6.
t/Complex.t ........ 
Dubious, test returned 2 (wstat 512, 0x200)
No subtests run 
Can't load '/home/cpan/pit/thr/conf/perl-5.34.3/.cpanplus/5.34.3/build/9rOjvt3MMz/Math-GSL-0.49/blib/arch/auto/Math/GSL/Errno/Errno.so' for module Math::GSL::Errno: ld.so.1: perl: fatal: libgsl.so.28: open failed: No such file or directory at /home/cpan/pit/thr/perl-5.34.3/lib/5.34.3/i86pc-solaris-thread-multi-64/DynaLoader.pm line 193.
 at /home/cpan/pit/thr/conf/perl-5.34.3/.cpanplus/5.34.3/build/9rOjvt3MMz/Math-GSL-0.49/blib/lib/Math/GSL/Errno.pm line 11.
Compilation failed in require at /home/cpan/pit/thr/conf/perl-5.34.3/.cpanplus/5.34.3/build/9rOjvt3MMz/Math-GSL-0.49/blib/lib/Math/GSL/Test.pm line 7.
BEGIN failed--compilation aborted at /home/cpan/pit/thr/conf/perl-5.34.3/.cpanplus/5.34.3/build/9rOjvt3MMz/Math-GSL-0.49/blib/lib/Math/GSL/Test.pm line 7.
Compilation failed in require at /home/cpan/pit/thr/conf/perl-5.34.3/.cpanplus/5.34.3/build/9rOjvt3MMz/Math-GSL-0.49/blib/lib/Math/GSL.pm line 10.
BEGIN failed--compilation aborted at /home/cpan/pit/thr/conf/perl-5.34.3/.cpanplus/5.34.3/build/9rOjvt3MMz/Math-GSL-0.49/blib/lib/Math/GSL.pm line 10.
Compilation failed in require at t/Const.t line 4.
BEGIN failed--compilation aborted at t/Const.t line 4.
# Looks like your test exited with 2 before it could output anything.
t/Const.t .......... 
Dubious, test returned 2 (wstat 512, 0x200)
Failed 6/6 subtests 
Can't load '/home/cpan/pit/thr/conf/perl-5.34.3/.cpanplus/5.34.3/build/9rOjvt3MMz/Math-GSL-0.49/blib/arch/auto/Math/GSL/Errno/Errno.so' for module Math::GSL::Errno: ld.so.1: perl: fatal: libgsl.so.28: open failed: No such file or directory at /home/cpan/pit/thr/perl-5.34.3/lib/5.34.3/i86pc-solaris-thread-multi-64/DynaLoader.pm line 193.
 at /home/cpan/pit/thr/conf/perl-5.34.3/.cpanplus/5.34.3/build/9rOjvt3MMz/Math-GSL-0.49/blib/lib/Math/GSL/Errno.pm line 11.
Compilation failed in require at /home/cpan/pit/thr/conf/perl-5.34.3/.cpanplus/5.34.3/build/9rOjvt3MMz/Math-GSL-0.49/blib/lib/Math/GSL/Test.pm line 7.
BEGIN failed--compilation aborted at /home/cpan/pit/thr/conf/perl-5.34.3/.cpanplus/5.34.3/build/9rOjvt3MMz/Math-GSL-0.49/blib/lib/Math/GSL/Test.pm line 7.
Compilation failed in require at /home/cpan/pit/thr/conf/perl-5.34.3/.cpanplus/5.34.3/build/9rOjvt3MMz/Math-GSL-0.49/blib/lib/Math/GSL.pm line 10.
BEGIN failed--compilation aborted at /home/cpan/pit/thr/conf/perl-5.34.3/.cpanplus/5.34.3/build/9rOjvt3MMz/Math-GSL-0.49/blib/lib/Math/GSL.pm line 10.
Compilation failed in require at t/DHT.t line 4.
BEGIN failed--compilation aborted at t/DHT.t line 4.
t/DHT.t ............ 
Dubious, test returned 2 (wstat 512, 0x200)
No subtests run 
Can't load '/home/cpan/pit/thr/conf/perl-5.34.3/.cpanplus/5.34.3/build/9rOjvt3MMz/Math-GSL-0.49/blib/arch/auto/Math/GSL/Errno/Errno.so' for module Math::GSL::Errno: ld.so.1: perl: fatal: libgsl.so.28: open failed: No such file or directory at /home/cpan/pit/thr/perl-5.34.3/lib/5.34.3/i86pc-solaris-thread-multi-64/DynaLoader.pm line 193.
 at /home/cpan/pit/thr/conf/perl-5.34.3/.cpanplus/5.34.3/build/9rOjvt3MMz/Math-GSL-0.49/blib/lib/Math/GSL/Errno.pm line 11.
Compilation failed in require at /home/cpan/pit/thr/conf/perl-5.34.3/.cpanplus/5.34.3/build/9rOjvt3MMz/Math-GSL-0.49/blib/lib/Math/GSL/Test.pm line 7.
BEGIN failed--compilation aborted at /home/cpan/pit/thr/conf/perl-5.34.3/.cpanplus/5.34.3/build/9rOjvt3MMz/Math-GSL-0.49/blib/lib/Math/GSL/Test.pm line 7.
Compilation failed in require at /home/cpan/pit/thr/conf/perl-5.34.3/.cpanplus/5.34.3/build/9rOjvt3MMz/Math-GSL-0.49/blib/lib/Math/GSL.pm line 10.
BEGIN failed--compilation aborted at /home/cpan/pit/thr/conf/perl-5.34.3/.cpanplus/5.34.3/build/9rOjvt3MMz/Math-GSL-0.49/blib/lib/Math/GSL.pm line 10.
Compilation failed in require at t/Deriv.t line 4.
BEGIN failed--compilation aborted at t/Deriv.t line 4.
# Looks like your test exited with 2 before it could output anything.
t/Deriv.t .......... 
Dubious, test returned 2 (wstat 512, 0x200)
Failed 13/13 subtests 
Can't load '/home/cpan/pit/thr/conf/perl-5.34.3/.cpanplus/5.34.3/build/9rOjvt3MMz/Math-GSL-0.49/blib/arch/auto/Math/GSL/Errno/Errno.so' for module Math::GSL::Errno: ld.so.1: perl: fatal: libgsl.so.28: open failed: No such file or directory at /home/cpan/pit/thr/perl-5.34.3/lib/5.34.3/i86pc-solaris-thread-multi-64/DynaLoader.pm line 193.
 at /home/cpan/pit/thr/conf/perl-5.34.3/.cpanplus/5.34.3/build/9rOjvt3MMz/Math-GSL-0.49/blib/lib/Math/GSL/Errno.pm line 11.
Compilation failed in require at /home/cpan/pit/thr/conf/perl-5.34.3/.cpanplus/5.34.3/build/9rOjvt3MMz/Math-GSL-0.49/blib/lib/Math/GSL/Test.pm line 7.
BEGIN failed--compilation aborted at /home/cpan/pit/thr/conf/perl-5.34.3/.cpanplus/5.34.3/build/9rOjvt3MMz/Math-GSL-0.49/blib/lib/Math/GSL/Test.pm line 7.
Compilation failed in require at t/Diff.t line 4.
BEGIN failed--compilation aborted at t/Diff.t line 4.
t/Diff.t ........... 
Dubious, test returned 2 (wstat 512, 0x200)
No subtests run 
Can't load '/home/cpan/pit/thr/conf/perl-5.34.3/.cpanplus/5.34.3/build/9rOjvt3MMz/Math-GSL-0.49/blib/arch/auto/Math/GSL/Errno/Errno.so' for module Math::GSL::Errno: ld.so.1: perl: fatal: libgsl.so.28: open failed: No such file or directory at /home/cpan/pit/thr/perl-5.34.3/lib/5.34.3/i86pc-solaris-thread-multi-64/DynaLoader.pm line 193.
 at /home/cpan/pit/thr/conf/perl-5.34.3/.cpanplus/5.34.3/build/9rOjvt3MMz/Math-GSL-0.49/blib/lib/Math/GSL/Errno.pm line 11.
Compilation failed in require at /home/cpan/pit/thr/conf/perl-5.34.3/.cpanplus/5.34.3/build/9rOjvt3MMz/Math-GSL-0.49/blib/lib/Math/GSL/Test.pm line 7.
BEGIN failed--compilation aborted at /home/cpan/pit/thr/conf/perl-5.34.3/.cpanplus/5.34.3/build/9rOjvt3MMz/Math-GSL-0.49/blib/lib/Math/GSL/Test.pm line 7.
Compilation failed in require at /home/cpan/pit/thr/conf/perl-5.34.3/.cpanplus/5.34.3/build/9rOjvt3MMz/Math-GSL-0.49/blib/lib/Math/GSL.pm line 10.
BEGIN failed--compilation aborted at /home/cpan/pit/thr/conf/perl-5.34.3/.cpanplus/5.34.3/build/9rOjvt3MMz/Math-GSL-0.49/blib/lib/Math/GSL.pm line 10.
Compilation failed in require at t/Eigen.t line 4.
BEGIN failed--compilation aborted at t/Eigen.t line 4.
# Looks like your test exited with 2 before it could output anything.
t/Eigen.t .......... 
Dubious, test returned 2 (wstat 512, 0x200)
Failed 59/59 subtests 
Can't load '/home/cpan/pit/thr/conf/perl-5.34.3/.cpanplus/5.34.3/build/9rOjvt3MMz/Math-GSL-0.49/blib/arch/auto/Math/GSL/Errno/Errno.so' for module Math::GSL::Errno: ld.so.1: perl: fatal: libgsl.so.28: open failed: No such file or directory at /home/cpan/pit/thr/perl-5.34.3/lib/5.34.3/i86pc-solaris-thread-multi-64/DynaLoader.pm line 193.
 at /home/cpan/pit/thr/conf/perl-5.34.3/.cpanplus/5.34.3/build/9rOjvt3MMz/Math-GSL-0.49/blib/lib/Math/GSL/Errno.pm line 11.
Compilation failed in require at /home/cpan/pit/thr/conf/perl-5.34.3/.cpanplus/5.34.3/build/9rOjvt3MMz/Math-GSL-0.49/blib/lib/Math/GSL/Test.pm line 7.
BEGIN failed--compilation aborted at /home/cpan/pit/thr/conf/perl-5.34.3/.cpanplus/5.34.3/build/9rOjvt3MMz/Math-GSL-0.49/blib/lib/Math/GSL/Test.pm line 7.
Compilation failed in require at /home/cpan/pit/thr/conf/perl-5.34.3/.cpanplus/5.34.3/build/9rOjvt3MMz/Math-GSL-0.49/blib/lib/Math/GSL.pm line 10.
BEGIN failed--compilation aborted at /home/cpan/pit/thr/conf/perl-5.34.3/.cpanplus/5.34.3/build/9rOjvt3MMz/Math-GSL-0.49/blib/lib/Math/GSL.pm line 10.
Compilation failed in require at t/Errno.t line 4.
BEGIN failed--compilation aborted at t/Errno.t line 4.
t/Errno.t .......... 
Dubious, test returned 2 (wstat 512, 0x200)
No subtests run 
Can't load '/home/cpan/pit/thr/conf/perl-5.34.3/.cpanplus/5.34.3/build/9rOjvt3MMz/Math-GSL-0.49/blib/arch/auto/Math/GSL/Errno/Errno.so' for module Math::GSL::Errno: ld.so.1: perl: fatal: libgsl.so.28: open failed: No such file or directory at /home/cpan/pit/thr/perl-5.34.3/lib/5.34.3/i86pc-solaris-thread-multi-64/DynaLoader.pm line 193.
 at /home/cpan/pit/thr/conf/perl-5.34.3/.cpanplus/5.34.3/build/9rOjvt3MMz/Math-GSL-0.49/blib/lib/Math/GSL/Errno.pm line 11.
Compilation failed in require at /home/cpan/pit/thr/conf/perl-5.34.3/.cpanplus/5.34.3/build/9rOjvt3MMz/Math-GSL-0.49/blib/lib/Math/GSL/Test.pm line 7.
BEGIN failed--compilation aborted at /home/cpan/pit/thr/conf/perl-5.34.3/.cpanplus/5.34.3/build/9rOjvt3MMz/Math-GSL-0.49/blib/lib/Math/GSL/Test.pm line 7.
Compilation failed in require at t/FFT.t line 4.
BEGIN failed--compilation aborted at t/FFT.t line 4.
t/FFT.t ............ 
Dubious, test returned 2 (wstat 512, 0x200)
No subtests run 
Can't load '/home/cpan/pit/thr/conf/perl-5.34.3/.cpanplus/5.34.3/build/9rOjvt3MMz/Math-GSL-0.49/blib/arch/auto/Math/GSL/Errno/Errno.so' for module Math::GSL::Errno: ld.so.1: perl: fatal: libgsl.so.28: open failed: No such file or directory at /home/cpan/pit/thr/perl-5.34.3/lib/5.34.3/i86pc-solaris-thread-multi-64/DynaLoader.pm line 193.
 at /home/cpan/pit/thr/conf/perl-5.34.3/.cpanplus/5.34.3/build/9rOjvt3MMz/Math-GSL-0.49/blib/lib/Math/GSL/Errno.pm line 11.
Compilation failed in require at /home/cpan/pit/thr/conf/perl-5.34.3/.cpanplus/5.34.3/build/9rOjvt3MMz/Math-GSL-0.49/blib/lib/Math/GSL/Test.pm line 7.
BEGIN failed--compilation aborted at /home/cpan/pit/thr/conf/perl-5.34.3/.cpanplus/5.34.3/build/9rOjvt3MMz/Math-GSL-0.49/blib/lib/Math/GSL/Test.pm line 7.
Compilation failed in require at /home/cpan/pit/thr/conf/perl-5.34.3/.cpanplus/5.34.3/build/9rOjvt3MMz/Math-GSL-0.49/blib/lib/Math/GSL.pm line 10.
BEGIN failed--compilation aborted at /home/cpan/pit/thr/conf/perl-5.34.3/.cpanplus/5.34.3/build/9rOjvt3MMz/Math-GSL-0.49/blib/lib/Math/GSL.pm line 10.
Compilation failed in require at t/Fit.t line 5.
BEGIN failed--compilation aborted at t/Fit.t line 5.
# Looks like your test exited with 2 before it could output anything.
t/Fit.t ............ 
Dubious, test returned 2 (wstat 512, 0x200)
Failed 23/23 subtests 
Can't load '/home/cpan/pit/thr/conf/perl-5.34.3/.cpanplus/5.34.3/build/9rOjvt3MMz/Math-GSL-0.49/blib/arch/auto/Math/GSL/SF/SF.so' for module Math::GSL::SF: ld.so.1: perl: fatal: libgsl.so.28: open failed: No such file or directory at /home/cpan/pit/thr/perl-5.34.3/lib/5.34.3/i86pc-solaris-thread-multi-64/DynaLoader.pm line 193.
 at /home/cpan/pit/thr/conf/perl-5.34.3/.cpanplus/5.34.3/build/9rOjvt3MMz/Math-GSL-0.49/blib/lib/Math/GSL/SF.pm line 11.
Compilation failed in require at t/GSL.t line 11.
BEGIN failed--compilation aborted at t/GSL.t line 11.
t/GSL.t ............ 
Dubious, test returned 2 (wstat 512, 0x200)
No subtests run 
Can't load '/home/cpan/pit/thr/conf/perl-5.34.3/.cpanplus/5.34.3/build/9rOjvt3MMz/Math-GSL-0.49/blib/arch/auto/Math/GSL/Errno/Errno.so' for module Math::GSL::Errno: ld.so.1: perl: fatal: libgsl.so.28: open failed: No such file or directory at /home/cpan/pit/thr/perl-5.34.3/lib/5.34.3/i86pc-solaris-thread-multi-64/DynaLoader.pm line 193.
 at /home/cpan/pit/thr/conf/perl-5.34.3/.cpanplus/5.34.3/build/9rOjvt3MMz/Math-GSL-0.49/blib/lib/Math/GSL/Errno.pm line 11.
Compilation failed in require at /home/cpan/pit/thr/conf/perl-5.34.3/.cpanplus/5.34.3/build/9rOjvt3MMz/Math-GSL-0.49/blib/lib/Math/GSL/Test.pm line 7.
BEGIN failed--compilation aborted at /home/cpan/pit/thr/conf/perl-5.34.3/.cpanplus/5.34.3/build/9rOjvt3MMz/Math-GSL-0.49/blib/lib/Math/GSL/Test.pm line 7.
Compilation failed in require at /home/cpan/pit/thr/conf/perl-5.34.3/.cpanplus/5.34.3/build/9rOjvt3MMz/Math-GSL-0.49/blib/lib/Math/GSL.pm line 10.
BEGIN failed--compilation aborted at /home/cpan/pit/thr/conf/perl-5.34.3/.cpanplus/5.34.3/build/9rOjvt3MMz/Math-GSL-0.49/blib/lib/Math/GSL.pm line 10.
Compilation failed in require at t/Heapsort.t line 4.
BEGIN failed--compilation aborted at t/Heapsort.t line 4.
# Looks like your test exited with 2 before it could output anything.
t/Heapsort.t ....... 
Dubious, test returned 2 (wstat 512, 0x200)
Failed 1/1 subtests 
Can't load '/home/cpan/pit/thr/conf/perl-5.34.3/.cpanplus/5.34.3/build/9rOjvt3MMz/Math-GSL-0.49/blib/arch/auto/Math/GSL/Errno/Errno.so' for module Math::GSL::Errno: ld.so.1: perl: fatal: libgsl.so.28: open failed: No such file or directory at /home/cpan/pit/thr/perl-5.34.3/lib/5.34.3/i86pc-solaris-thread-multi-64/DynaLoader.pm line 193.
 at /home/cpan/pit/thr/conf/perl-5.34.3/.cpanplus/5.34.3/build/9rOjvt3MMz/Math-GSL-0.49/blib/lib/Math/GSL/Errno.pm line 11.
Compilation failed in require at /home/cpan/pit/thr/conf/perl-5.34.3/.cpanplus/5.34.3/build/9rOjvt3MMz/Math-GSL-0.49/blib/lib/Math/GSL/Test.pm line 7.
BEGIN failed--compilation aborted at /home/cpan/pit/thr/conf/perl-5.34.3/.cpanplus/5.34.3/build/9rOjvt3MMz/Math-GSL-0.49/blib/lib/Math/GSL/Test.pm line 7.
Compilation failed in require at /home/cpan/pit/thr/conf/perl-5.34.3/.cpanplus/5.34.3/build/9rOjvt3MMz/Math-GSL-0.49/blib/lib/Math/GSL.pm line 10.
BEGIN failed--compilation aborted at /home/cpan/pit/thr/conf/perl-5.34.3/.cpanplus/5.34.3/build/9rOjvt3MMz/Math-GSL-0.49/blib/lib/Math/GSL.pm line 10.
Compilation failed in require at t/Histogram.t line 4.
BEGIN failed--compilation aborted at t/Histogram.t line 4.
# Looks like your test exited with 2 before it could output anything.
t/Histogram.t ...... 
Dubious, test returned 2 (wstat 512, 0x200)
Failed 74/74 subtests 
Can't load '/home/cpan/pit/thr/conf/perl-5.34.3/.cpanplus/5.34.3/build/9rOjvt3MMz/Math-GSL-0.49/blib/arch/auto/Math/GSL/Errno/Errno.so' for module Math::GSL::Errno: ld.so.1: perl: fatal: libgsl.so.28: open failed: No such file or directory at /home/cpan/pit/thr/perl-5.34.3/lib/5.34.3/i86pc-solaris-thread-multi-64/DynaLoader.pm line 193.
 at /home/cpan/pit/thr/conf/perl-5.34.3/.cpanplus/5.34.3/build/9rOjvt3MMz/Math-GSL-0.49/blib/lib/Math/GSL/Errno.pm line 11.
Compilation failed in require at /home/cpan/pit/thr/conf/perl-5.34.3/.cpanplus/5.34.3/build/9rOjvt3MMz/Math-GSL-0.49/blib/lib/Math/GSL/Test.pm line 7.
BEGIN failed--compilation aborted at /home/cpan/pit/thr/conf/perl-5.34.3/.cpanplus/5.34.3/build/9rOjvt3MMz/Math-GSL-0.49/blib/lib/Math/GSL/Test.pm line 7.
Compilation failed in require at /home/cpan/pit/thr/conf/perl-5.34.3/.cpanplus/5.34.3/build/9rOjvt3MMz/Math-GSL-0.49/blib/lib/Math/GSL.pm line 10.
BEGIN failed--compilation aborted at /home/cpan/pit/thr/conf/perl-5.34.3/.cpanplus/5.34.3/build/9rOjvt3MMz/Math-GSL-0.49/blib/lib/Math/GSL.pm line 10.
Compilation failed in require at t/Histogram2D.t line 4.
BEGIN failed--compilation aborted at t/Histogram2D.t line 4.
# Looks like your test exited with 2 before it could output anything.
t/Histogram2D.t .... 
Dubious, test returned 2 (wstat 512, 0x200)
Failed 89/89 subtests 
Can't load '/home/cpan/pit/thr/conf/perl-5.34.3/.cpanplus/5.34.3/build/9rOjvt3MMz/Math-GSL-0.49/blib/arch/auto/Math/GSL/Errno/Errno.so' for module Math::GSL::Errno: ld.so.1: perl: fatal: libgsl.so.28: open failed: No such file or directory at /home/cpan/pit/thr/perl-5.34.3/lib/5.34.3/i86pc-solaris-thread-multi-64/DynaLoader.pm line 193.
 at /home/cpan/pit/thr/conf/perl-5.34.3/.cpanplus/5.34.3/build/9rOjvt3MMz/Math-GSL-0.49/blib/lib/Math/GSL/Errno.pm line 11.
Compilation failed in require at /home/cpan/pit/thr/conf/perl-5.34.3/.cpanplus/5.34.3/build/9rOjvt3MMz/Math-GSL-0.49/blib/lib/Math/GSL/Test.pm line 7.
BEGIN failed--compilation aborted at /home/cpan/pit/thr/conf/perl-5.34.3/.cpanplus/5.34.3/build/9rOjvt3MMz/Math-GSL-0.49/blib/lib/Math/GSL/Test.pm line 7.
Compilation failed in require at /home/cpan/pit/thr/conf/perl-5.34.3/.cpanplus/5.34.3/build/9rOjvt3MMz/Math-GSL-0.49/blib/lib/Math/GSL.pm line 10.
BEGIN failed--compilation aborted at /home/cpan/pit/thr/conf/perl-5.34.3/.cpanplus/5.34.3/build/9rOjvt3MMz/Math-GSL-0.49/blib/lib/Math/GSL.pm line 10.
Compilation failed in require at t/IEEEUtils.t line 4.
BEGIN failed--compilation aborted at t/IEEEUtils.t line 4.
# Looks like your test exited with 2 before it could output anything.
t/IEEEUtils.t ...... 
Dubious, test returned 2 (wstat 512, 0x200)
Failed 1/1 subtests 
Can't load '/home/cpan/pit/thr/conf/perl-5.34.3/.cpanplus/5.34.3/build/9rOjvt3MMz/Math-GSL-0.49/blib/arch/auto/Math/GSL/Errno/Errno.so' for module Math::GSL::Errno: ld.so.1: perl: fatal: libgsl.so.28: open failed: No such file or directory at /home/cpan/pit/thr/perl-5.34.3/lib/5.34.3/i86pc-solaris-thread-multi-64/DynaLoader.pm line 193.
 at /home/cpan/pit/thr/conf/perl-5.34.3/.cpanplus/5.34.3/build/9rOjvt3MMz/Math-GSL-0.49/blib/lib/Math/GSL/Errno.pm line 11.
Compilation failed in require at /home/cpan/pit/thr/conf/perl-5.34.3/.cpanplus/5.34.3/build/9rOjvt3MMz/Math-GSL-0.49/blib/lib/Math/GSL/Test.pm line 7.
BEGIN failed--compilation aborted at /home/cpan/pit/thr/conf/perl-5.34.3/.cpanplus/5.34.3/build/9rOjvt3MMz/Math-GSL-0.49/blib/lib/Math/GSL/Test.pm line 7.
Compilation failed in require at /home/cpan/pit/thr/conf/perl-5.34.3/.cpanplus/5.34.3/build/9rOjvt3MMz/Math-GSL-0.49/blib/lib/Math/GSL.pm line 10.
BEGIN failed--compilation aborted at /home/cpan/pit/thr/conf/perl-5.34.3/.cpanplus/5.34.3/build/9rOjvt3MMz/Math-GSL-0.49/blib/lib/Math/GSL.pm line 10.
Compilation failed in require at t/Integration.t line 5.
BEGIN failed--compilation aborted at t/Integration.t line 5.
# Looks like your test exited with 2 before it could output anything.
t/Integration.t .... 
Dubious, test returned 2 (wstat 512, 0x200)
Failed 29/29 subtests 
Can't load '/home/cpan/pit/thr/conf/perl-5.34.3/.cpanplus/5.34.3/build/9rOjvt3MMz/Math-GSL-0.49/blib/arch/auto/Math/GSL/Errno/Errno.so' for module Math::GSL::Errno: ld.so.1: perl: fatal: libgsl.so.28: open failed: No such file or directory at /home/cpan/pit/thr/perl-5.34.3/lib/5.34.3/i86pc-solaris-thread-multi-64/DynaLoader.pm line 193.
 at /home/cpan/pit/thr/conf/perl-5.34.3/.cpanplus/5.34.3/build/9rOjvt3MMz/Math-GSL-0.49/blib/lib/Math/GSL/Errno.pm line 11.
Compilation failed in require at /home/cpan/pit/thr/conf/perl-5.34.3/.cpanplus/5.34.3/build/9rOjvt3MMz/Math-GSL-0.49/blib/lib/Math/GSL/Test.pm line 7.
BEGIN failed--compilation aborted at /home/cpan/pit/thr/conf/perl-5.34.3/.cpanplus/5.34.3/build/9rOjvt3MMz/Math-GSL-0.49/blib/lib/Math/GSL/Test.pm line 7.
Compilation failed in require at /home/cpan/pit/thr/conf/perl-5.34.3/.cpanplus/5.34.3/build/9rOjvt3MMz/Math-GSL-0.49/blib/lib/Math/GSL.pm line 10.
BEGIN failed--compilation aborted at /home/cpan/pit/thr/conf/perl-5.34.3/.cpanplus/5.34.3/build/9rOjvt3MMz/Math-GSL-0.49/blib/lib/Math/GSL.pm line 10.
Compilation failed in require at t/Interp.t line 4.
BEGIN failed--compilation aborted at t/Interp.t line 4.
# Looks like your test exited with 2 before it could output anything.
t/Interp.t ......... 
Dubious, test returned 2 (wstat 512, 0x200)
Failed 35/35 subtests 
Can't load '/home/cpan/pit/thr/conf/perl-5.34.3/.cpanplus/5.34.3/build/9rOjvt3MMz/Math-GSL-0.49/blib/arch/auto/Math/GSL/Errno/Errno.so' for module Math::GSL::Errno: ld.so.1: perl: fatal: libgsl.so.28: open failed: No such file or directory at /home/cpan/pit/thr/perl-5.34.3/lib/5.34.3/i86pc-solaris-thread-multi-64/DynaLoader.pm line 193.
 at /home/cpan/pit/thr/conf/perl-5.34.3/.cpanplus/5.34.3/build/9rOjvt3MMz/Math-GSL-0.49/blib/lib/Math/GSL/Errno.pm line 11.
Compilation failed in require at /home/cpan/pit/thr/conf/perl-5.34.3/.cpanplus/5.34.3/build/9rOjvt3MMz/Math-GSL-0.49/blib/lib/Math/GSL/Test.pm line 7.
BEGIN failed--compilation aborted at /home/cpan/pit/thr/conf/perl-5.34.3/.cpanplus/5.34.3/build/9rOjvt3MMz/Math-GSL-0.49/blib/lib/Math/GSL/Test.pm line 7.
Compilation failed in require at /home/cpan/pit/thr/conf/perl-5.34.3/.cpanplus/5.34.3/build/9rOjvt3MMz/Math-GSL-0.49/blib/lib/Math/GSL.pm line 10.
BEGIN failed--compilation aborted at /home/cpan/pit/thr/conf/perl-5.34.3/.cpanplus/5.34.3/build/9rOjvt3MMz/Math-GSL-0.49/blib/lib/Math/GSL.pm line 10.
Compilation failed in require at t/Linalg.t line 4.
BEGIN failed--compilation aborted at t/Linalg.t line 4.
t/Linalg.t ......... 
Dubious, test returned 2 (wstat 512, 0x200)
No subtests run 
Can't load '/home/cpan/pit/thr/conf/perl-5.34.3/.cpanplus/5.34.3/build/9rOjvt3MMz/Math-GSL-0.49/blib/arch/auto/Math/GSL/Errno/Errno.so' for module Math::GSL::Errno: ld.so.1: perl: fatal: libgsl.so.28: open failed: No such file or directory at /home/cpan/pit/thr/perl-5.34.3/lib/5.34.3/i86pc-solaris-thread-multi-64/DynaLoader.pm line 193.
 at /home/cpan/pit/thr/conf/perl-5.34.3/.cpanplus/5.34.3/build/9rOjvt3MMz/Math-GSL-0.49/blib/lib/Math/GSL/Errno.pm line 11.
Compilation failed in require at /home/cpan/pit/thr/conf/perl-5.34.3/.cpanplus/5.34.3/build/9rOjvt3MMz/Math-GSL-0.49/blib/lib/Math/GSL/Test.pm line 7.
BEGIN failed--compilation aborted at /home/cpan/pit/thr/conf/perl-5.34.3/.cpanplus/5.34.3/build/9rOjvt3MMz/Math-GSL-0.49/blib/lib/Math/GSL/Test.pm line 7.
Compilation failed in require at /home/cpan/pit/thr/conf/perl-5.34.3/.cpanplus/5.34.3/build/9rOjvt3MMz/Math-GSL-0.49/blib/lib/Math/GSL.pm line 10.
BEGIN failed--compilation aborted at /home/cpan/pit/thr/conf/perl-5.34.3/.cpanplus/5.34.3/build/9rOjvt3MMz/Math-GSL-0.49/blib/lib/Math/GSL.pm line 10.
Compilation failed in require at t/Machine.t line 4.
BEGIN failed--compilation aborted at t/Machine.t line 4.
# Looks like your test exited with 2 before it could output anything.
t/Machine.t ........ 
Dubious, test returned 2 (wstat 512, 0x200)
Failed 2/2 subtests 
Can't load '/home/cpan/pit/thr/conf/perl-5.34.3/.cpanplus/5.34.3/build/9rOjvt3MMz/Math-GSL-0.49/blib/arch/auto/Math/GSL/Errno/Errno.so' for module Math::GSL::Errno: ld.so.1: perl: fatal: libgsl.so.28: open failed: No such file or directory at /home/cpan/pit/thr/perl-5.34.3/lib/5.34.3/i86pc-solaris-thread-multi-64/DynaLoader.pm line 193.
 at /home/cpan/pit/thr/conf/perl-5.34.3/.cpanplus/5.34.3/build/9rOjvt3MMz/Math-GSL-0.49/blib/lib/Math/GSL/Errno.pm line 11.
Compilation failed in require at /home/cpan/pit/thr/conf/perl-5.34.3/.cpanplus/5.34.3/build/9rOjvt3MMz/Math-GSL-0.49/blib/lib/Math/GSL/Test.pm line 7.
BEGIN failed--compilation aborted at /home/cpan/pit/thr/conf/perl-5.34.3/.cpanplus/5.34.3/build/9rOjvt3MMz/Math-GSL-0.49/blib/lib/Math/GSL/Test.pm line 7.
Compilation failed in require at /home/cpan/pit/thr/conf/perl-5.34.3/.cpanplus/5.34.3/build/9rOjvt3MMz/Math-GSL-0.49/blib/lib/Math/GSL.pm line 10.
BEGIN failed--compilation aborted at /home/cpan/pit/thr/conf/perl-5.34.3/.cpanplus/5.34.3/build/9rOjvt3MMz/Math-GSL-0.49/blib/lib/Math/GSL.pm line 10.
Compilation failed in require at t/Matrix.t line 9.
BEGIN failed--compilation aborted at t/Matrix.t line 9.
t/Matrix.t ......... 
Dubious, test returned 2 (wstat 512, 0x200)
No subtests run 
Can't load '/home/cpan/pit/thr/conf/perl-5.34.3/.cpanplus/5.34.3/build/9rOjvt3MMz/Math-GSL-0.49/blib/arch/auto/Math/GSL/Errno/Errno.so' for module Math::GSL::Errno: ld.so.1: perl: fatal: libgsl.so.28: open failed: No such file or directory at /home/cpan/pit/thr/perl-5.34.3/lib/5.34.3/i86pc-solaris-thread-multi-64/DynaLoader.pm line 193.
 at /home/cpan/pit/thr/conf/perl-5.34.3/.cpanplus/5.34.3/build/9rOjvt3MMz/Math-GSL-0.49/blib/lib/Math/GSL/Errno.pm line 11.
Compilation failed in require at /home/cpan/pit/thr/conf/perl-5.34.3/.cpanplus/5.34.3/build/9rOjvt3MMz/Math-GSL-0.49/blib/lib/Math/GSL/Test.pm line 7.
BEGIN failed--compilation aborted at /home/cpan/pit/thr/conf/perl-5.34.3/.cpanplus/5.34.3/build/9rOjvt3MMz/Math-GSL-0.49/blib/lib/Math/GSL/Test.pm line 7.
Compilation failed in require at /home/cpan/pit/thr/conf/perl-5.34.3/.cpanplus/5.34.3/build/9rOjvt3MMz/Math-GSL-0.49/blib/lib/Math/GSL.pm line 10.
BEGIN failed--compilation aborted at /home/cpan/pit/thr/conf/perl-5.34.3/.cpanplus/5.34.3/build/9rOjvt3MMz/Math-GSL-0.49/blib/lib/Math/GSL.pm line 10.
Compilation failed in require at t/MatrixComplex.t line 6.
BEGIN failed--compilation aborted at t/MatrixComplex.t line 6.
# Looks like your test exited with 2 before it could output anything.
t/MatrixComplex.t .. 
Dubious, test returned 2 (wstat 512, 0x200)
Failed 38/38 subtests 
Can't load '/home/cpan/pit/thr/conf/perl-5.34.3/.cpanplus/5.34.3/build/9rOjvt3MMz/Math-GSL-0.49/blib/arch/auto/Math/GSL/Errno/Errno.so' for module Math::GSL::Errno: ld.so.1: perl: fatal: libgsl.so.28: open failed: No such file or directory at /home/cpan/pit/thr/perl-5.34.3/lib/5.34.3/i86pc-solaris-thread-multi-64/DynaLoader.pm line 193.
 at /home/cpan/pit/thr/conf/perl-5.34.3/.cpanplus/5.34.3/build/9rOjvt3MMz/Math-GSL-0.49/blib/lib/Math/GSL/Errno.pm line 11.
Compilation failed in require at /home/cpan/pit/thr/conf/perl-5.34.3/.cpanplus/5.34.3/build/9rOjvt3MMz/Math-GSL-0.49/blib/lib/Math/GSL/Test.pm line 7.
BEGIN failed--compilation aborted at /home/cpan/pit/thr/conf/perl-5.34.3/.cpanplus/5.34.3/build/9rOjvt3MMz/Math-GSL-0.49/blib/lib/Math/GSL/Test.pm line 7.
Compilation failed in require at /home/cpan/pit/thr/conf/perl-5.34.3/.cpanplus/5.34.3/build/9rOjvt3MMz/Math-GSL-0.49/blib/lib/Math/GSL.pm line 10.
BEGIN failed--compilation aborted at /home/cpan/pit/thr/conf/perl-5.34.3/.cpanplus/5.34.3/build/9rOjvt3MMz/Math-GSL-0.49/blib/lib/Math/GSL.pm line 10.
Compilation failed in require at t/Min.t line 5.
BEGIN failed--compilation aborted at t/Min.t line 5.
t/Min.t ............ 
Dubious, test returned 2 (wstat 512, 0x200)
No subtests run 
Can't load '/home/cpan/pit/thr/conf/perl-5.34.3/.cpanplus/5.34.3/build/9rOjvt3MMz/Math-GSL-0.49/blib/arch/auto/Math/GSL/Monte/Monte.so' for module Math::GSL::Monte: ld.so.1: perl: fatal: libgsl.so.28: open failed: No such file or directory at /home/cpan/pit/thr/perl-5.34.3/lib/5.34.3/i86pc-solaris-thread-multi-64/DynaLoader.pm line 193.
 at /home/cpan/pit/thr/conf/perl-5.34.3/.cpanplus/5.34.3/build/9rOjvt3MMz/Math-GSL-0.49/blib/lib/Math/GSL/Monte.pm line 11.
Compilation failed in require at t/Monte.t line 4.
BEGIN failed--compilation aborted at t/Monte.t line 4.
# Looks like your test exited with 2 before it could output anything.
t/Monte.t .......... 
Dubious, test returned 2 (wstat 512, 0x200)
Failed 15/15 subtests 
Can't load '/home/cpan/pit/thr/conf/perl-5.34.3/.cpanplus/5.34.3/build/9rOjvt3MMz/Math-GSL-0.49/blib/arch/auto/Math/GSL/Errno/Errno.so' for module Math::GSL::Errno: ld.so.1: perl: fatal: libgsl.so.28: open failed: No such file or directory at /home/cpan/pit/thr/perl-5.34.3/lib/5.34.3/i86pc-solaris-thread-multi-64/DynaLoader.pm line 193.
 at /home/cpan/pit/thr/conf/perl-5.34.3/.cpanplus/5.34.3/build/9rOjvt3MMz/Math-GSL-0.49/blib/lib/Math/GSL/Errno.pm line 11.
Compilation failed in require at /home/cpan/pit/thr/conf/perl-5.34.3/.cpanplus/5.34.3/build/9rOjvt3MMz/Math-GSL-0.49/blib/lib/Math/GSL/Test.pm line 7.
BEGIN failed--compilation aborted at /home/cpan/pit/thr/conf/perl-5.34.3/.cpanplus/5.34.3/build/9rOjvt3MMz/Math-GSL-0.49/blib/lib/Math/GSL/Test.pm line 7.
Compilation failed in require at /home/cpan/pit/thr/conf/perl-5.34.3/.cpanplus/5.34.3/build/9rOjvt3MMz/Math-GSL-0.49/blib/lib/Math/GSL.pm line 10.
BEGIN failed--compilation aborted at /home/cpan/pit/thr/conf/perl-5.34.3/.cpanplus/5.34.3/build/9rOjvt3MMz/Math-GSL-0.49/blib/lib/Math/GSL.pm line 10.
Compilation failed in require at t/Multifit.t line 4.
BEGIN failed--compilation aborted at t/Multifit.t line 4.
t/Multifit.t ....... 
Dubious, test returned 2 (wstat 512, 0x200)
No subtests run 
Can't load '/home/cpan/pit/thr/conf/perl-5.34.3/.cpanplus/5.34.3/build/9rOjvt3MMz/Math-GSL-0.49/blib/arch/auto/Math/GSL/Errno/Errno.so' for module Math::GSL::Errno: ld.so.1: perl: fatal: libgsl.so.28: open failed: No such file or directory at /home/cpan/pit/thr/perl-5.34.3/lib/5.34.3/i86pc-solaris-thread-multi-64/DynaLoader.pm line 193.
 at /home/cpan/pit/thr/conf/perl-5.34.3/.cpanplus/5.34.3/build/9rOjvt3MMz/Math-GSL-0.49/blib/lib/Math/GSL/Errno.pm line 11.
Compilation failed in require at /home/cpan/pit/thr/conf/perl-5.34.3/.cpanplus/5.34.3/build/9rOjvt3MMz/Math-GSL-0.49/blib/lib/Math/GSL/Test.pm line 7.
BEGIN failed--compilation aborted at /home/cpan/pit/thr/conf/perl-5.34.3/.cpanplus/5.34.3/build/9rOjvt3MMz/Math-GSL-0.49/blib/lib/Math/GSL/Test.pm line 7.
Compilation failed in require at /home/cpan/pit/thr/conf/perl-5.34.3/.cpanplus/5.34.3/build/9rOjvt3MMz/Math-GSL-0.49/blib/lib/Math/GSL.pm line 10.
BEGIN failed--compilation aborted at /home/cpan/pit/thr/conf/perl-5.34.3/.cpanplus/5.34.3/build/9rOjvt3MMz/Math-GSL-0.49/blib/lib/Math/GSL.pm line 10.
Compilation failed in require at t/Multilarge.t line 4.
BEGIN failed--compilation aborted at t/Multilarge.t line 4.
t/Multilarge.t ..... 
Dubious, test returned 2 (wstat 512, 0x200)
No subtests run 
Can't load '/home/cpan/pit/thr/conf/perl-5.34.3/.cpanplus/5.34.3/build/9rOjvt3MMz/Math-GSL-0.49/blib/arch/auto/Math/GSL/Errno/Errno.so' for module Math::GSL::Errno: ld.so.1: perl: fatal: libgsl.so.28: open failed: No such file or directory at /home/cpan/pit/thr/perl-5.34.3/lib/5.34.3/i86pc-solaris-thread-multi-64/DynaLoader.pm line 193.
 at /home/cpan/pit/thr/conf/perl-5.34.3/.cpanplus/5.34.3/build/9rOjvt3MMz/Math-GSL-0.49/blib/lib/Math/GSL/Errno.pm line 11.
Compilation failed in require at /home/cpan/pit/thr/conf/perl-5.34.3/.cpanplus/5.34.3/build/9rOjvt3MMz/Math-GSL-0.49/blib/lib/Math/GSL/Test.pm line 7.
BEGIN failed--compilation aborted at /home/cpan/pit/thr/conf/perl-5.34.3/.cpanplus/5.34.3/build/9rOjvt3MMz/Math-GSL-0.49/blib/lib/Math/GSL/Test.pm line 7.
Compilation failed in require at /home/cpan/pit/thr/conf/perl-5.34.3/.cpanplus/5.34.3/build/9rOjvt3MMz/Math-GSL-0.49/blib/lib/Math/GSL.pm line 10.
BEGIN failed--compilation aborted at /home/cpan/pit/thr/conf/perl-5.34.3/.cpanplus/5.34.3/build/9rOjvt3MMz/Math-GSL-0.49/blib/lib/Math/GSL.pm line 10.
Compilation failed in require at t/Multimin.t line 4.
BEGIN failed--compilation aborted at t/Multimin.t line 4.
# Looks like your test exited with 2 before it could output anything.
t/Multimin.t ....... 
Dubious, test returned 2 (wstat 512, 0x200)
Failed 1/1 subtests 
Can't load '/home/cpan/pit/thr/conf/perl-5.34.3/.cpanplus/5.34.3/build/9rOjvt3MMz/Math-GSL-0.49/blib/arch/auto/Math/GSL/Errno/Errno.so' for module Math::GSL::Errno: ld.so.1: perl: fatal: libgsl.so.28: open failed: No such file or directory at /home/cpan/pit/thr/perl-5.34.3/lib/5.34.3/i86pc-solaris-thread-multi-64/DynaLoader.pm line 193.
 at /home/cpan/pit/thr/conf/perl-5.34.3/.cpanplus/5.34.3/build/9rOjvt3MMz/Math-GSL-0.49/blib/lib/Math/GSL/Errno.pm line 11.
Compilation failed in require at /home/cpan/pit/thr/conf/perl-5.34.3/.cpanplus/5.34.3/build/9rOjvt3MMz/Math-GSL-0.49/blib/lib/Math/GSL/Test.pm line 7.
BEGIN failed--compilation aborted at /home/cpan/pit/thr/conf/perl-5.34.3/.cpanplus/5.34.3/build/9rOjvt3MMz/Math-GSL-0.49/blib/lib/Math/GSL/Test.pm line 7.
Compilation failed in require at /home/cpan/pit/thr/conf/perl-5.34.3/.cpanplus/5.34.3/build/9rOjvt3MMz/Math-GSL-0.49/blib/lib/Math/GSL.pm line 10.
BEGIN failed--compilation aborted at /home/cpan/pit/thr/conf/perl-5.34.3/.cpanplus/5.34.3/build/9rOjvt3MMz/Math-GSL-0.49/blib/lib/Math/GSL.pm line 10.
Compilation failed in require at t/Multiroots.t line 4.
BEGIN failed--compilation aborted at t/Multiroots.t line 4.
# Looks like your test exited with 2 before it could output anything.
t/Multiroots.t ..... 
Dubious, test returned 2 (wstat 512, 0x200)
Failed 11/11 subtests 
Can't load '/home/cpan/pit/thr/conf/perl-5.34.3/.cpanplus/5.34.3/build/9rOjvt3MMz/Math-GSL-0.49/blib/arch/auto/Math/GSL/Errno/Errno.so' for module Math::GSL::Errno: ld.so.1: perl: fatal: libgsl.so.28: open failed: No such file or directory at /home/cpan/pit/thr/perl-5.34.3/lib/5.34.3/i86pc-solaris-thread-multi-64/DynaLoader.pm line 193.
 at /home/cpan/pit/thr/conf/perl-5.34.3/.cpanplus/5.34.3/build/9rOjvt3MMz/Math-GSL-0.49/blib/lib/Math/GSL/Errno.pm line 11.
Compilation failed in require at /home/cpan/pit/thr/conf/perl-5.34.3/.cpanplus/5.34.3/build/9rOjvt3MMz/Math-GSL-0.49/blib/lib/Math/GSL/Test.pm line 7.
BEGIN failed--compilation aborted at /home/cpan/pit/thr/conf/perl-5.34.3/.cpanplus/5.34.3/build/9rOjvt3MMz/Math-GSL-0.49/blib/lib/Math/GSL/Test.pm line 7.
Compilation failed in require at /home/cpan/pit/thr/conf/perl-5.34.3/.cpanplus/5.34.3/build/9rOjvt3MMz/Math-GSL-0.49/blib/lib/Math/GSL.pm line 10.
BEGIN failed--compilation aborted at /home/cpan/pit/thr/conf/perl-5.34.3/.cpanplus/5.34.3/build/9rOjvt3MMz/Math-GSL-0.49/blib/lib/Math/GSL.pm line 10.
Compilation failed in require at t/Multiset.t line 6.
BEGIN failed--compilation aborted at t/Multiset.t line 6.
t/Multiset.t ....... 
Dubious, test returned 2 (wstat 512, 0x200)
No subtests run 
Can't load '/home/cpan/pit/thr/conf/perl-5.34.3/.cpanplus/5.34.3/build/9rOjvt3MMz/Math-GSL-0.49/blib/arch/auto/Math/GSL/Errno/Errno.so' for module Math::GSL::Errno: ld.so.1: perl: fatal: libgsl.so.28: open failed: No such file or directory at /home/cpan/pit/thr/perl-5.34.3/lib/5.34.3/i86pc-solaris-thread-multi-64/DynaLoader.pm line 193.
 at /home/cpan/pit/thr/conf/perl-5.34.3/.cpanplus/5.34.3/build/9rOjvt3MMz/Math-GSL-0.49/blib/lib/Math/GSL/Errno.pm line 11.
Compilation failed in require at /home/cpan/pit/thr/conf/perl-5.34.3/.cpanplus/5.34.3/build/9rOjvt3MMz/Math-GSL-0.49/blib/lib/Math/GSL/NTuple.pm line 365.
BEGIN failed--compilation aborted at /home/cpan/pit/thr/conf/perl-5.34.3/.cpanplus/5.34.3/build/9rOjvt3MMz/Math-GSL-0.49/blib/lib/Math/GSL/NTuple.pm line 365.
Compilation failed in require at t/NTuple.t line 5.
BEGIN failed--compilation aborted at t/NTuple.t line 5.
t/NTuple.t ......... 
Dubious, test returned 2 (wstat 512, 0x200)
No subtests run 
Can't load '/home/cpan/pit/thr/conf/perl-5.34.3/.cpanplus/5.34.3/build/9rOjvt3MMz/Math-GSL-0.49/blib/arch/auto/Math/GSL/Errno/Errno.so' for module Math::GSL::Errno: ld.so.1: perl: fatal: libgsl.so.28: open failed: No such file or directory at /home/cpan/pit/thr/perl-5.34.3/lib/5.34.3/i86pc-solaris-thread-multi-64/DynaLoader.pm line 193.
 at /home/cpan/pit/thr/conf/perl-5.34.3/.cpanplus/5.34.3/build/9rOjvt3MMz/Math-GSL-0.49/blib/lib/Math/GSL/Errno.pm line 11.
Compilation failed in require at /home/cpan/pit/thr/conf/perl-5.34.3/.cpanplus/5.34.3/build/9rOjvt3MMz/Math-GSL-0.49/blib/lib/Math/GSL/Test.pm line 7.
BEGIN failed--compilation aborted at /home/cpan/pit/thr/conf/perl-5.34.3/.cpanplus/5.34.3/build/9rOjvt3MMz/Math-GSL-0.49/blib/lib/Math/GSL/Test.pm line 7.
Compilation failed in require at /home/cpan/pit/thr/conf/perl-5.34.3/.cpanplus/5.34.3/build/9rOjvt3MMz/Math-GSL-0.49/blib/lib/Math/GSL.pm line 10.
BEGIN failed--compilation aborted at /home/cpan/pit/thr/conf/perl-5.34.3/.cpanplus/5.34.3/build/9rOjvt3MMz/Math-GSL-0.49/blib/lib/Math/GSL.pm line 10.
Compilation failed in require at t/ODEIV.t line 5.
BEGIN failed--compilation aborted at t/ODEIV.t line 5.
# Looks like your test exited with 2 before it could output anything.
t/ODEIV.t .......... 
Dubious, test returned 2 (wstat 512, 0x200)
Failed 4/4 subtests 
Can't load '/home/cpan/pit/thr/conf/perl-5.34.3/.cpanplus/5.34.3/build/9rOjvt3MMz/Math-GSL-0.49/blib/arch/auto/Math/GSL/Errno/Errno.so' for module Math::GSL::Errno: ld.so.1: perl: fatal: libgsl.so.28: open failed: No such file or directory at /home/cpan/pit/thr/perl-5.34.3/lib/5.34.3/i86pc-solaris-thread-multi-64/DynaLoader.pm line 193.
 at /home/cpan/pit/thr/conf/perl-5.34.3/.cpanplus/5.34.3/build/9rOjvt3MMz/Math-GSL-0.49/blib/lib/Math/GSL/Errno.pm line 11.
Compilation failed in require at /home/cpan/pit/thr/conf/perl-5.34.3/.cpanplus/5.34.3/build/9rOjvt3MMz/Math-GSL-0.49/blib/lib/Math/GSL/Test.pm line 7.
BEGIN failed--compilation aborted at /home/cpan/pit/thr/conf/perl-5.34.3/.cpanplus/5.34.3/build/9rOjvt3MMz/Math-GSL-0.49/blib/lib/Math/GSL/Test.pm line 7.
Compilation failed in require at /home/cpan/pit/thr/conf/perl-5.34.3/.cpanplus/5.34.3/build/9rOjvt3MMz/Math-GSL-0.49/blib/lib/Math/GSL.pm line 10.
BEGIN failed--compilation aborted at /home/cpan/pit/thr/conf/perl-5.34.3/.cpanplus/5.34.3/build/9rOjvt3MMz/Math-GSL-0.49/blib/lib/Math/GSL.pm line 10.
Compilation failed in require at t/ODEIV_evolve.t line 6.
BEGIN failed--compilation aborted at t/ODEIV_evolve.t line 6.
t/ODEIV_evolve.t ... 
Dubious, test returned 2 (wstat 512, 0x200)
No subtests run 
Can't load '/home/cpan/pit/thr/conf/perl-5.34.3/.cpanplus/5.34.3/build/9rOjvt3MMz/Math-GSL-0.49/blib/arch/auto/Math/GSL/Errno/Errno.so' for module Math::GSL::Errno: ld.so.1: perl: fatal: libgsl.so.28: open failed: No such file or directory at /home/cpan/pit/thr/perl-5.34.3/lib/5.34.3/i86pc-solaris-thread-multi-64/DynaLoader.pm line 193.
 at /home/cpan/pit/thr/conf/perl-5.34.3/.cpanplus/5.34.3/build/9rOjvt3MMz/Math-GSL-0.49/blib/lib/Math/GSL/Errno.pm line 11.
Compilation failed in require at /home/cpan/pit/thr/conf/perl-5.34.3/.cpanplus/5.34.3/build/9rOjvt3MMz/Math-GSL-0.49/blib/lib/Math/GSL/Test.pm line 7.
BEGIN failed--compilation aborted at /home/cpan/pit/thr/conf/perl-5.34.3/.cpanplus/5.34.3/build/9rOjvt3MMz/Math-GSL-0.49/blib/lib/Math/GSL/Test.pm line 7.
Compilation failed in require at /home/cpan/pit/thr/conf/perl-5.34.3/.cpanplus/5.34.3/build/9rOjvt3MMz/Math-GSL-0.49/blib/lib/Math/GSL.pm line 10.
BEGIN failed--compilation aborted at /home/cpan/pit/thr/conf/perl-5.34.3/.cpanplus/5.34.3/build/9rOjvt3MMz/Math-GSL-0.49/blib/lib/Math/GSL.pm line 10.
Compilation failed in require at t/Permutation.t line 4.
BEGIN failed--compilation aborted at t/Permutation.t line 4.
# Looks like your test exited with 2 before it could output anything.
t/Permutation.t .... 
Dubious, test returned 2 (wstat 512, 0x200)
Failed 85/85 subtests 
Can't load '/home/cpan/pit/thr/conf/perl-5.34.3/.cpanplus/5.34.3/build/9rOjvt3MMz/Math-GSL-0.49/blib/arch/auto/Math/GSL/Errno/Errno.so' for module Math::GSL::Errno: ld.so.1: perl: fatal: libgsl.so.28: open failed: No such file or directory at /home/cpan/pit/thr/perl-5.34.3/lib/5.34.3/i86pc-solaris-thread-multi-64/DynaLoader.pm line 193.
 at /home/cpan/pit/thr/conf/perl-5.34.3/.cpanplus/5.34.3/build/9rOjvt3MMz/Math-GSL-0.49/blib/lib/Math/GSL/Errno.pm line 11.
Compilation failed in require at /home/cpan/pit/thr/conf/perl-5.34.3/.cpanplus/5.34.3/build/9rOjvt3MMz/Math-GSL-0.49/blib/lib/Math/GSL/Test.pm line 7.
BEGIN failed--compilation aborted at /home/cpan/pit/thr/conf/perl-5.34.3/.cpanplus/5.34.3/build/9rOjvt3MMz/Math-GSL-0.49/blib/lib/Math/GSL/Test.pm line 7.
Compilation failed in require at t/Poly.t line 4.
BEGIN failed--compilation aborted at t/Poly.t line 4.
# Looks like your test exited with 2 before it could output anything.
t/Poly.t ........... 
Dubious, test returned 2 (wstat 512, 0x200)
Failed 7/7 subtests 
Can't load '/home/cpan/pit/thr/conf/perl-5.34.3/.cpanplus/5.34.3/build/9rOjvt3MMz/Math-GSL-0.49/blib/arch/auto/Math/GSL/Sys/Sys.so' for module Math::GSL::Sys: ld.so.1: perl: fatal: libgsl.so.28: open failed: No such file or directory at /home/cpan/pit/thr/perl-5.34.3/lib/5.34.3/i86pc-solaris-thread-multi-64/DynaLoader.pm line 193.
 at /home/cpan/pit/thr/conf/perl-5.34.3/.cpanplus/5.34.3/build/9rOjvt3MMz/Math-GSL-0.49/blib/lib/Math/GSL/Sys.pm line 11.
Compilation failed in require at t/PowInt.t line 4.
BEGIN failed--compilation aborted at t/PowInt.t line 4.
# Looks like your test exited with 2 before it could output anything.
t/PowInt.t ......... 
Dubious, test returned 2 (wstat 512, 0x200)
Failed 14/14 subtests 
Can't load '/home/cpan/pit/thr/conf/perl-5.34.3/.cpanplus/5.34.3/build/9rOjvt3MMz/Math-GSL-0.49/blib/arch/auto/Math/GSL/Errno/Errno.so' for module Math::GSL::Errno: ld.so.1: perl: fatal: libgsl.so.28: open failed: No such file or directory at /home/cpan/pit/thr/perl-5.34.3/lib/5.34.3/i86pc-solaris-thread-multi-64/DynaLoader.pm line 193.
 at /home/cpan/pit/thr/conf/perl-5.34.3/.cpanplus/5.34.3/build/9rOjvt3MMz/Math-GSL-0.49/blib/lib/Math/GSL/Errno.pm line 11.
Compilation failed in require at /home/cpan/pit/thr/conf/perl-5.34.3/.cpanplus/5.34.3/build/9rOjvt3MMz/Math-GSL-0.49/blib/lib/Math/GSL/QRNG.pm line 230.
BEGIN failed--compilation aborted at /home/cpan/pit/thr/conf/perl-5.34.3/.cpanplus/5.34.3/build/9rOjvt3MMz/Math-GSL-0.49/blib/lib/Math/GSL/QRNG.pm line 230.
Compilation failed in require at t/QRNG.t line 4.
BEGIN failed--compilation aborted at t/QRNG.t line 4.
# Looks like your test exited with 2 before it could output anything.
t/QRNG.t ........... 
Dubious, test returned 2 (wstat 512, 0x200)
Failed 24/24 subtests 
Can't load '/home/cpan/pit/thr/conf/perl-5.34.3/.cpanplus/5.34.3/build/9rOjvt3MMz/Math-GSL-0.49/blib/arch/auto/Math/GSL/Errno/Errno.so' for module Math::GSL::Errno: ld.so.1: perl: fatal: libgsl.so.28: open failed: No such file or directory at /home/cpan/pit/thr/perl-5.34.3/lib/5.34.3/i86pc-solaris-thread-multi-64/DynaLoader.pm line 193.
 at /home/cpan/pit/thr/conf/perl-5.34.3/.cpanplus/5.34.3/build/9rOjvt3MMz/Math-GSL-0.49/blib/lib/Math/GSL/Errno.pm line 11.
Compilation failed in require at /home/cpan/pit/thr/conf/perl-5.34.3/.cpanplus/5.34.3/build/9rOjvt3MMz/Math-GSL-0.49/blib/lib/Math/GSL/Test.pm line 7.
BEGIN failed--compilation aborted at /home/cpan/pit/thr/conf/perl-5.34.3/.cpanplus/5.34.3/build/9rOjvt3MMz/Math-GSL-0.49/blib/lib/Math/GSL/Test.pm line 7.
Compilation failed in require at /home/cpan/pit/thr/conf/perl-5.34.3/.cpanplus/5.34.3/build/9rOjvt3MMz/Math-GSL-0.49/blib/lib/Math/GSL.pm line 10.
BEGIN failed--compilation aborted at /home/cpan/pit/thr/conf/perl-5.34.3/.cpanplus/5.34.3/build/9rOjvt3MMz/Math-GSL-0.49/blib/lib/Math/GSL.pm line 10.
Compilation failed in require at t/RNG.t line 4.
BEGIN failed--compilation aborted at t/RNG.t line 4.
# Looks like your test exited with 2 before it could output anything.
t/RNG.t ............ 
Dubious, test returned 2 (wstat 512, 0x200)
Failed 43/43 subtests 
Can't load '/home/cpan/pit/thr/conf/perl-5.34.3/.cpanplus/5.34.3/build/9rOjvt3MMz/Math-GSL-0.49/blib/arch/auto/Math/GSL/Errno/Errno.so' for module Math::GSL::Errno: ld.so.1: perl: fatal: libgsl.so.28: open failed: No such file or directory at /home/cpan/pit/thr/perl-5.34.3/lib/5.34.3/i86pc-solaris-thread-multi-64/DynaLoader.pm line 193.
 at /home/cpan/pit/thr/conf/perl-5.34.3/.cpanplus/5.34.3/build/9rOjvt3MMz/Math-GSL-0.49/blib/lib/Math/GSL/Errno.pm line 11.
Compilation failed in require at /home/cpan/pit/thr/conf/perl-5.34.3/.cpanplus/5.34.3/build/9rOjvt3MMz/Math-GSL-0.49/blib/lib/Math/GSL/Test.pm line 7.
BEGIN failed--compilation aborted at /home/cpan/pit/thr/conf/perl-5.34.3/.cpanplus/5.34.3/build/9rOjvt3MMz/Math-GSL-0.49/blib/lib/Math/GSL/Test.pm line 7.
Compilation failed in require at t/Randist.t line 4.
BEGIN failed--compilation aborted at t/Randist.t line 4.
# Looks like your test exited with 2 before it could output anything.
t/Randist.t ........ 
Dubious, test returned 2 (wstat 512, 0x200)
Failed 449/449 subtests 
Can't load '/home/cpan/pit/thr/conf/perl-5.34.3/.cpanplus/5.34.3/build/9rOjvt3MMz/Math-GSL-0.49/blib/arch/auto/Math/GSL/Errno/Errno.so' for module Math::GSL::Errno: ld.so.1: perl: fatal: libgsl.so.28: open failed: No such file or directory at /home/cpan/pit/thr/perl-5.34.3/lib/5.34.3/i86pc-solaris-thread-multi-64/DynaLoader.pm line 193.
 at /home/cpan/pit/thr/conf/perl-5.34.3/.cpanplus/5.34.3/build/9rOjvt3MMz/Math-GSL-0.49/blib/lib/Math/GSL/Errno.pm line 11.
Compilation failed in require at /home/cpan/pit/thr/conf/perl-5.34.3/.cpanplus/5.34.3/build/9rOjvt3MMz/Math-GSL-0.49/blib/lib/Math/GSL/Test.pm line 7.
BEGIN failed--compilation aborted at /home/cpan/pit/thr/conf/perl-5.34.3/.cpanplus/5.34.3/build/9rOjvt3MMz/Math-GSL-0.49/blib/lib/Math/GSL/Test.pm line 7.
Compilation failed in require at /home/cpan/pit/thr/conf/perl-5.34.3/.cpanplus/5.34.3/build/9rOjvt3MMz/Math-GSL-0.49/blib/lib/Math/GSL.pm line 10.
BEGIN failed--compilation aborted at /home/cpan/pit/thr/conf/perl-5.34.3/.cpanplus/5.34.3/build/9rOjvt3MMz/Math-GSL-0.49/blib/lib/Math/GSL.pm line 10.
Compilation failed in require at t/Roots.t line 6.
BEGIN failed--compilation aborted at t/Roots.t line 6.
# Looks like your test exited with 2 before it could output anything.
t/Roots.t .......... 
Dubious, test returned 2 (wstat 512, 0x200)
Failed 16/16 subtests 
Can't load '/home/cpan/pit/thr/conf/perl-5.34.3/.cpanplus/5.34.3/build/9rOjvt3MMz/Math-GSL-0.49/blib/arch/auto/Math/GSL/Errno/Errno.so' for module Math::GSL::Errno: ld.so.1: perl: fatal: libgsl.so.28: open failed: No such file or directory at /home/cpan/pit/thr/perl-5.34.3/lib/5.34.3/i86pc-solaris-thread-multi-64/DynaLoader.pm line 193.
 at /home/cpan/pit/thr/conf/perl-5.34.3/.cpanplus/5.34.3/build/9rOjvt3MMz/Math-GSL-0.49/blib/lib/Math/GSL/Errno.pm line 11.
Compilation failed in require at /home/cpan/pit/thr/conf/perl-5.34.3/.cpanplus/5.34.3/build/9rOjvt3MMz/Math-GSL-0.49/blib/lib/Math/GSL/Test.pm line 7.
BEGIN failed--compilation aborted at /home/cpan/pit/thr/conf/perl-5.34.3/.cpanplus/5.34.3/build/9rOjvt3MMz/Math-GSL-0.49/blib/lib/Math/GSL/Test.pm line 7.
Compilation failed in require at /home/cpan/pit/thr/conf/perl-5.34.3/.cpanplus/5.34.3/build/9rOjvt3MMz/Math-GSL-0.49/blib/lib/Math/GSL.pm line 10.
BEGIN failed--compilation aborted at /home/cpan/pit/thr/conf/perl-5.34.3/.cpanplus/5.34.3/build/9rOjvt3MMz/Math-GSL-0.49/blib/lib/Math/GSL.pm line 10.
Compilation failed in require at t/Rstat.t line 4.
BEGIN failed--compilation aborted at t/Rstat.t line 4.
t/Rstat.t .......... 
Dubious, test returned 2 (wstat 512, 0x200)
No subtests run 
Can't load '/home/cpan/pit/thr/conf/perl-5.34.3/.cpanplus/5.34.3/build/9rOjvt3MMz/Math-GSL-0.49/blib/arch/auto/Math/GSL/Errno/Errno.so' for module Math::GSL::Errno: ld.so.1: perl: fatal: libgsl.so.28: open failed: No such file or directory at /home/cpan/pit/thr/perl-5.34.3/lib/5.34.3/i86pc-solaris-thread-multi-64/DynaLoader.pm line 193.
 at /home/cpan/pit/thr/conf/perl-5.34.3/.cpanplus/5.34.3/build/9rOjvt3MMz/Math-GSL-0.49/blib/lib/Math/GSL/Errno.pm line 11.
Compilation failed in require at /home/cpan/pit/thr/conf/perl-5.34.3/.cpanplus/5.34.3/build/9rOjvt3MMz/Math-GSL-0.49/blib/lib/Math/GSL/Test.pm line 7.
BEGIN failed--compilation aborted at /home/cpan/pit/thr/conf/perl-5.34.3/.cpanplus/5.34.3/build/9rOjvt3MMz/Math-GSL-0.49/blib/lib/Math/GSL/Test.pm line 7.
Compilation failed in require at t/SF.t line 4.
BEGIN failed--compilation aborted at t/SF.t line 4.
t/SF.t ............. 
Dubious, test returned 2 (wstat 512, 0x200)
No subtests run 
Can't load '/home/cpan/pit/thr/conf/perl-5.34.3/.cpanplus/5.34.3/build/9rOjvt3MMz/Math-GSL-0.49/blib/arch/auto/Math/GSL/Errno/Errno.so' for module Math::GSL::Errno: ld.so.1: perl: fatal: libgsl.so.28: open failed: No such file or directory at /home/cpan/pit/thr/perl-5.34.3/lib/5.34.3/i86pc-solaris-thread-multi-64/DynaLoader.pm line 193.
 at /home/cpan/pit/thr/conf/perl-5.34.3/.cpanplus/5.34.3/build/9rOjvt3MMz/Math-GSL-0.49/blib/lib/Math/GSL/Errno.pm line 11.
Compilation failed in require at /home/cpan/pit/thr/conf/perl-5.34.3/.cpanplus/5.34.3/build/9rOjvt3MMz/Math-GSL-0.49/blib/lib/Math/GSL/Test.pm line 7.
BEGIN failed--compilation aborted at /home/cpan/pit/thr/conf/perl-5.34.3/.cpanplus/5.34.3/build/9rOjvt3MMz/Math-GSL-0.49/blib/lib/Math/GSL/Test.pm line 7.
Compilation failed in require at /home/cpan/pit/thr/conf/perl-5.34.3/.cpanplus/5.34.3/build/9rOjvt3MMz/Math-GSL-0.49/blib/lib/Math/GSL.pm line 10.
BEGIN failed--compilation aborted at /home/cpan/pit/thr/conf/perl-5.34.3/.cpanplus/5.34.3/build/9rOjvt3MMz/Math-GSL-0.49/blib/lib/Math/GSL.pm line 10.
Compilation failed in require at t/Siman.t line 4.
BEGIN failed--compilation aborted at t/Siman.t line 4.
# Looks like your test exited with 2 before it could output anything.
t/Siman.t .......... 
Dubious, test returned 2 (wstat 512, 0x200)
Failed 1/1 subtests 
Can't load '/home/cpan/pit/thr/conf/perl-5.34.3/.cpanplus/5.34.3/build/9rOjvt3MMz/Math-GSL-0.49/blib/arch/auto/Math/GSL/Errno/Errno.so' for module Math::GSL::Errno: ld.so.1: perl: fatal: libgsl.so.28: open failed: No such file or directory at /home/cpan/pit/thr/perl-5.34.3/lib/5.34.3/i86pc-solaris-thread-multi-64/DynaLoader.pm line 193.
 at /home/cpan/pit/thr/conf/perl-5.34.3/.cpanplus/5.34.3/build/9rOjvt3MMz/Math-GSL-0.49/blib/lib/Math/GSL/Errno.pm line 11.
Compilation failed in require at /home/cpan/pit/thr/conf/perl-5.34.3/.cpanplus/5.34.3/build/9rOjvt3MMz/Math-GSL-0.49/blib/lib/Math/GSL/Test.pm line 7.
BEGIN failed--compilation aborted at /home/cpan/pit/thr/conf/perl-5.34.3/.cpanplus/5.34.3/build/9rOjvt3MMz/Math-GSL-0.49/blib/lib/Math/GSL/Test.pm line 7.
Compilation failed in require at t/Sort.t line 2.
BEGIN failed--compilation aborted at t/Sort.t line 2.
t/Sort.t ........... 
Dubious, test returned 2 (wstat 512, 0x200)
No subtests run 
Can't load '/home/cpan/pit/thr/conf/perl-5.34.3/.cpanplus/5.34.3/build/9rOjvt3MMz/Math-GSL-0.49/blib/arch/auto/Math/GSL/Errno/Errno.so' for module Math::GSL::Errno: ld.so.1: perl: fatal: libgsl.so.28: open failed: No such file or directory at /home/cpan/pit/thr/perl-5.34.3/lib/5.34.3/i86pc-solaris-thread-multi-64/DynaLoader.pm line 193.
 at /home/cpan/pit/thr/conf/perl-5.34.3/.cpanplus/5.34.3/build/9rOjvt3MMz/Math-GSL-0.49/blib/lib/Math/GSL/Errno.pm line 11.
Compilation failed in require at /home/cpan/pit/thr/conf/perl-5.34.3/.cpanplus/5.34.3/build/9rOjvt3MMz/Math-GSL-0.49/blib/lib/Math/GSL/Test.pm line 7.
BEGIN failed--compilation aborted at /home/cpan/pit/thr/conf/perl-5.34.3/.cpanplus/5.34.3/build/9rOjvt3MMz/Math-GSL-0.49/blib/lib/Math/GSL/Test.pm line 7.
Compilation failed in require at /home/cpan/pit/thr/conf/perl-5.34.3/.cpanplus/5.34.3/build/9rOjvt3MMz/Math-GSL-0.49/blib/lib/Math/GSL.pm line 10.
BEGIN failed--compilation aborted at /home/cpan/pit/thr/conf/perl-5.34.3/.cpanplus/5.34.3/build/9rOjvt3MMz/Math-GSL-0.49/blib/lib/Math/GSL.pm line 10.
Compilation failed in require at t/SparseMatrix.t line 4.
BEGIN failed--compilation aborted at t/SparseMatrix.t line 4.
t/SparseMatrix.t ... 
Dubious, test returned 2 (wstat 512, 0x200)
No subtests run 
Can't load '/home/cpan/pit/thr/conf/perl-5.34.3/.cpanplus/5.34.3/build/9rOjvt3MMz/Math-GSL-0.49/blib/arch/auto/Math/GSL/Errno/Errno.so' for module Math::GSL::Errno: ld.so.1: perl: fatal: libgsl.so.28: open failed: No such file or directory at /home/cpan/pit/thr/perl-5.34.3/lib/5.34.3/i86pc-solaris-thread-multi-64/DynaLoader.pm line 193.
 at /home/cpan/pit/thr/conf/perl-5.34.3/.cpanplus/5.34.3/build/9rOjvt3MMz/Math-GSL-0.49/blib/lib/Math/GSL/Errno.pm line 11.
Compilation failed in require at t/Spline.t line 4.
BEGIN failed--compilation aborted at t/Spline.t line 4.
# Looks like your test exited with 2 before it could output anything.
t/Spline.t ......... 
Dubious, test returned 2 (wstat 512, 0x200)
Failed 38/38 subtests 
Can't load '/home/cpan/pit/thr/conf/perl-5.34.3/.cpanplus/5.34.3/build/9rOjvt3MMz/Math-GSL-0.49/blib/arch/auto/Math/GSL/Errno/Errno.so' for module Math::GSL::Errno: ld.so.1: perl: fatal: libgsl.so.28: open failed: No such file or directory at /home/cpan/pit/thr/perl-5.34.3/lib/5.34.3/i86pc-solaris-thread-multi-64/DynaLoader.pm line 193.
 at /home/cpan/pit/thr/conf/perl-5.34.3/.cpanplus/5.34.3/build/9rOjvt3MMz/Math-GSL-0.49/blib/lib/Math/GSL/Errno.pm line 11.
Compilation failed in require at /home/cpan/pit/thr/conf/perl-5.34.3/.cpanplus/5.34.3/build/9rOjvt3MMz/Math-GSL-0.49/blib/lib/Math/GSL/Test.pm line 7.
BEGIN failed--compilation aborted at /home/cpan/pit/thr/conf/perl-5.34.3/.cpanplus/5.34.3/build/9rOjvt3MMz/Math-GSL-0.49/blib/lib/Math/GSL/Test.pm line 7.
Compilation failed in require at t/Statistics.t line 4.
BEGIN failed--compilation aborted at t/Statistics.t line 4.
# Looks like your test exited with 2 before it could output anything.
t/Statistics.t ..... 
Dubious, test returned 2 (wstat 512, 0x200)
Failed 28/28 subtests 
Can't load '/home/cpan/pit/thr/conf/perl-5.34.3/.cpanplus/5.34.3/build/9rOjvt3MMz/Math-GSL-0.49/blib/arch/auto/Math/GSL/Sum/Sum.so' for module Math::GSL::Sum: ld.so.1: perl: fatal: libgsl.so.28: open failed: No such file or directory at /home/cpan/pit/thr/perl-5.34.3/lib/5.34.3/i86pc-solaris-thread-multi-64/DynaLoader.pm line 193.
 at /home/cpan/pit/thr/conf/perl-5.34.3/.cpanplus/5.34.3/build/9rOjvt3MMz/Math-GSL-0.49/blib/lib/Math/GSL/Sum.pm line 11.
Compilation failed in require at t/Sum.t line 4.
BEGIN failed--compilation aborted at t/Sum.t line 4.
# Looks like your test exited with 2 before it could output anything.
t/Sum.t ............ 
Dubious, test returned 2 (wstat 512, 0x200)
Failed 14/14 subtests 
Can't load '/home/cpan/pit/thr/conf/perl-5.34.3/.cpanplus/5.34.3/build/9rOjvt3MMz/Math-GSL-0.49/blib/arch/auto/Math/GSL/Sys/Sys.so' for module Math::GSL::Sys: ld.so.1: perl: fatal: libgsl.so.28: open failed: No such file or directory at /home/cpan/pit/thr/perl-5.34.3/lib/5.34.3/i86pc-solaris-thread-multi-64/DynaLoader.pm line 193.
 at /home/cpan/pit/thr/conf/perl-5.34.3/.cpanplus/5.34.3/build/9rOjvt3MMz/Math-GSL-0.49/blib/lib/Math/GSL/Sys.pm line 11.
Compilation failed in require at t/Sys.t line 4.
BEGIN failed--compilation aborted at t/Sys.t line 4.
# Looks like your test exited with 2 before it could output anything.
t/Sys.t ............ 
Dubious, test returned 2 (wstat 512, 0x200)
Failed 17/17 subtests 
Can't load '/home/cpan/pit/thr/conf/perl-5.34.3/.cpanplus/5.34.3/build/9rOjvt3MMz/Math-GSL-0.49/blib/arch/auto/Math/GSL/Errno/Errno.so' for module Math::GSL::Errno: ld.so.1: perl: fatal: libgsl.so.28: open failed: No such file or directory at /home/cpan/pit/thr/perl-5.34.3/lib/5.34.3/i86pc-solaris-thread-multi-64/DynaLoader.pm line 193.
 at /home/cpan/pit/thr/conf/perl-5.34.3/.cpanplus/5.34.3/build/9rOjvt3MMz/Math-GSL-0.49/blib/lib/Math/GSL/Errno.pm line 11.
Compilation failed in require at /home/cpan/pit/thr/conf/perl-5.34.3/.cpanplus/5.34.3/build/9rOjvt3MMz/Math-GSL-0.49/blib/lib/Math/GSL/Test.pm line 7.
BEGIN failed--compilation aborted at /home/cpan/pit/thr/conf/perl-5.34.3/.cpanplus/5.34.3/build/9rOjvt3MMz/Math-GSL-0.49/blib/lib/Math/GSL/Test.pm line 7.
Compilation failed in require at /home/cpan/pit/thr/conf/perl-5.34.3/.cpanplus/5.34.3/build/9rOjvt3MMz/Math-GSL-0.49/blib/lib/Math/GSL.pm line 10.
BEGIN failed--compilation aborted at /home/cpan/pit/thr/conf/perl-5.34.3/.cpanplus/5.34.3/build/9rOjvt3MMz/Math-GSL-0.49/blib/lib/Math/GSL.pm line 10.
Compilation failed in require at t/Vector.t line 4.
BEGIN failed--compilation aborted at t/Vector.t line 4.
# Looks like your test exited with 2 before it could output anything.
t/Vector.t ......... 
Dubious, test returned 2 (wstat 512, 0x200)
Failed 143/143 subtests 
Can't load '/home/cpan/pit/thr/conf/perl-5.34.3/.cpanplus/5.34.3/build/9rOjvt3MMz/Math-GSL-0.49/blib/arch/auto/Math/GSL/Errno/Errno.so' for module Math::GSL::Errno: ld.so.1: perl: fatal: libgsl.so.28: open failed: No such file or directory at /home/cpan/pit/thr/perl-5.34.3/lib/5.34.3/i86pc-solaris-thread-multi-64/DynaLoader.pm line 193.
 at /home/cpan/pit/thr/conf/perl-5.34.3/.cpanplus/5.34.3/build/9rOjvt3MMz/Math-GSL-0.49/blib/lib/Math/GSL/Errno.pm line 11.
Compilation failed in require at /home/cpan/pit/thr/conf/perl-5.34.3/.cpanplus/5.34.3/build/9rOjvt3MMz/Math-GSL-0.49/blib/lib/Math/GSL/Test.pm line 7.
BEGIN failed--compilation aborted at /home/cpan/pit/thr/conf/perl-5.34.3/.cpanplus/5.34.3/build/9rOjvt3MMz/Math-GSL-0.49/blib/lib/Math/GSL/Test.pm line 7.
Compilation failed in require at t/VectorComplex.t line 4.
BEGIN failed--compilation aborted at t/VectorComplex.t line 4.
# Looks like your test exited with 2 before it could output anything.
t/VectorComplex.t .. 
Dubious, test returned 2 (wstat 512, 0x200)
Failed 26/26 subtests 
Can't load '/home/cpan/pit/thr/conf/perl-5.34.3/.cpanplus/5.34.3/build/9rOjvt3MMz/Math-GSL-0.49/blib/arch/auto/Math/GSL/Errno/Errno.so' for module Math::GSL::Errno: ld.so.1: perl: fatal: libgsl.so.28: open failed: No such file or directory at /home/cpan/pit/thr/perl-5.34.3/lib/5.34.3/i86pc-solaris-thread-multi-64/DynaLoader.pm line 193.
 at /home/cpan/pit/thr/conf/perl-5.34.3/.cpanplus/5.34.3/build/9rOjvt3MMz/Math-GSL-0.49/blib/lib/Math/GSL/Errno.pm line 11.
Compilation failed in require at /home/cpan/pit/thr/conf/perl-5.34.3/.cpanplus/5.34.3/build/9rOjvt3MMz/Math-GSL-0.49/blib/lib/Math/GSL/Test.pm line 7.
BEGIN failed--compilation aborted at /home/cpan/pit/thr/conf/perl-5.34.3/.cpanplus/5.34.3/build/9rOjvt3MMz/Math-GSL-0.49/blib/lib/Math/GSL/Test.pm line 7.
Compilation failed in require at t/Wavelet.t line 4.
BEGIN failed--compilation aborted at t/Wavelet.t line 4.
# Looks like your test exited with 2 before it could output anything.
t/Wavelet.t ........ 
Dubious, test returned 2 (wstat 512, 0x200)
Failed 11/11 subtests 
Can't load '/home/cpan/pit/thr/conf/perl-5.34.3/.cpanplus/5.34.3/build/9rOjvt3MMz/Math-GSL-0.49/blib/arch/auto/Math/GSL/Errno/Errno.so' for module Math::GSL::Errno: ld.so.1: perl: fatal: libgsl.so.28: open failed: No such file or directory at /home/cpan/pit/thr/perl-5.34.3/lib/5.34.3/i86pc-solaris-thread-multi-64/DynaLoader.pm line 193.
 at /home/cpan/pit/thr/conf/perl-5.34.3/.cpanplus/5.34.3/build/9rOjvt3MMz/Math-GSL-0.49/blib/lib/Math/GSL/Errno.pm line 11.
Compilation failed in require at /home/cpan/pit/thr/conf/perl-5.34.3/.cpanplus/5.34.3/build/9rOjvt3MMz/Math-GSL-0.49/blib/lib/Math/GSL/Test.pm line 7.
BEGIN failed--compilation aborted at /home/cpan/pit/thr/conf/perl-5.34.3/.cpanplus/5.34.3/build/9rOjvt3MMz/Math-GSL-0.49/blib/lib/Math/GSL/Test.pm line 7.
Compilation failed in require at t/Wavelet2D.t line 4.
BEGIN failed--compilation aborted at t/Wavelet2D.t line 4.
# Looks like your test exited with 2 before it could output anything.
t/Wavelet2D.t ...... 
Dubious, test returned 2 (wstat 512, 0x200)
Failed 1/1 subtests 
# Testing Math::GSL with GSL 1.16.1 on i86pc-solaris-thread-multi-64, Perl (/home/cpan/pit/thr/perl-5.34.3/bin/perl) 5.034003
t/ver2func.t ....... ok

Test Summary Report
-------------------
t/00-load.t      (Wstat: 65280 (exited 255) Tests: 1 Failed: 1)
  Failed test:  1
  Non-zero exit status: 255
  Parse errors: No plan found in TAP output
t/BLAS.t         (Wstat: 512 (exited 2) Tests: 0 Failed: 0)
  Non-zero exit status: 2
  Parse errors: Bad plan.  You planned 109 tests but ran 0.
t/BSpline.t      (Wstat: 512 (exited 2) Tests: 0 Failed: 0)
  Non-zero exit status: 2
  Parse errors: No plan found in TAP output
t/CBLAS.t        (Wstat: 512 (exited 2) Tests: 0 Failed: 0)
  Non-zero exit status: 2
  Parse errors: Bad plan.  You planned 3 tests but ran 0.
t/CDF.t          (Wstat: 512 (exited 2) Tests: 0 Failed: 0)
  Non-zero exit status: 2
  Parse errors: Bad plan.  You planned 794 tests but ran 0.
t/Chebyshev.t    (Wstat: 512 (exited 2) Tests: 0 Failed: 0)
  Non-zero exit status: 2
  Parse errors: No plan found in TAP output
t/Combination.t  (Wstat: 512 (exited 2) Tests: 0 Failed: 0)
  Non-zero exit status: 2
  Parse errors: Bad plan.  You planned 23 tests but ran 0.
t/Complex.t      (Wstat: 512 (exited 2) Tests: 0 Failed: 0)
  Non-zero exit status: 2
  Parse errors: No plan found in TAP output
t/Const.t        (Wstat: 512 (exited 2) Tests: 0 Failed: 0)
  Non-zero exit status: 2
  Parse errors: Bad plan.  You planned 6 tests but ran 0.
t/DHT.t          (Wstat: 512 (exited 2) Tests: 0 Failed: 0)
  Non-zero exit status: 2
  Parse errors: No plan found in TAP output
t/Deriv.t        (Wstat: 512 (exited 2) Tests: 0 Failed: 0)
  Non-zero exit status: 2
  Parse errors: Bad plan.  You planned 13 tests but ran 0.
t/Diff.t         (Wstat: 512 (exited 2) Tests: 0 Failed: 0)
  Non-zero exit status: 2
  Parse errors: No plan found in TAP output
t/Eigen.t        (Wstat: 512 (exited 2) Tests: 0 Failed: 0)
  Non-zero exit status: 2
  Parse errors: Bad plan.  You planned 59 tests but ran 0.
t/Errno.t        (Wstat: 512 (exited 2) Tests: 0 Failed: 0)
  Non-zero exit status: 2
  Parse errors: No plan found in TAP output
t/FFT.t          (Wstat: 512 (exited 2) Tests: 0 Failed: 0)
  Non-zero exit status: 2
  Parse errors: No plan found in TAP output
t/Fit.t          (Wstat: 512 (exited 2) Tests: 0 Failed: 0)
  Non-zero exit status: 2
  Parse errors: Bad plan.  You planned 23 tests but ran 0.
t/GSL.t          (Wstat: 512 (exited 2) Tests: 0 Failed: 0)
  Non-zero exit status: 2
  Parse errors: No plan found in TAP output
t/Heapsort.t     (Wstat: 512 (exited 2) Tests: 0 Failed: 0)
  Non-zero exit status: 2
  Parse errors: Bad plan.  You planned 1 tests but ran 0.
t/Histogram.t    (Wstat: 512 (exited 2) Tests: 0 Failed: 0)
  Non-zero exit status: 2
  Parse errors: Bad plan.  You planned 74 tests but ran 0.
t/Histogram2D.t  (Wstat: 512 (exited 2) Tests: 0 Failed: 0)
  Non-zero exit status: 2
  Parse errors: Bad plan.  You planned 89 tests but ran 0.
t/IEEEUtils.t    (Wstat: 512 (exited 2) Tests: 0 Failed: 0)
  Non-zero exit status: 2
  Parse errors: Bad plan.  You planned 1 tests but ran 0.
t/Integration.t  (Wstat: 512 (exited 2) Tests: 0 Failed: 0)
  Non-zero exit status: 2
  Parse errors: Bad plan.  You planned 29 tests but ran 0.
t/Interp.t       (Wstat: 512 (exited 2) Tests: 0 Failed: 0)
  Non-zero exit status: 2
  Parse errors: Bad plan.  You planned 35 tests but ran 0.
t/Linalg.t       (Wstat: 512 (exited 2) Tests: 0 Failed: 0)
  Non-zero exit status: 2
  Parse errors: No plan found in TAP output
t/Machine.t      (Wstat: 512 (exited 2) Tests: 0 Failed: 0)
  Non-zero exit status: 2
  Parse errors: Bad plan.  You planned 2 tests but ran 0.
t/Matrix.t       (Wstat: 512 (exited 2) Tests: 0 Failed: 0)
  Non-zero exit status: 2
  Parse errors: No plan found in TAP output
t/MatrixComplex.t (Wstat: 512 (exited 2) Tests: 0 Failed: 0)
  Non-zero exit status: 2
  Parse errors: Bad plan.  You planned 38 tests but ran 0.
t/Min.t          (Wstat: 512 (exited 2) Tests: 0 Failed: 0)
  Non-zero exit status: 2
  Parse errors: No plan found in TAP output
t/Monte.t        (Wstat: 512 (exited 2) Tests: 0 Failed: 0)
  Non-zero exit status: 2
  Parse errors: Bad plan.  You planned 15 tests but ran 0.
t/Multifit.t     (Wstat: 512 (exited 2) Tests: 0 Failed: 0)
  Non-zero exit status: 2
  Parse errors: No plan found in TAP output
t/Multilarge.t   (Wstat: 512 (exited 2) Tests: 0 Failed: 0)
  Non-zero exit status: 2
  Parse errors: No plan found in TAP output
t/Multimin.t     (Wstat: 512 (exited 2) Tests: 0 Failed: 0)
  Non-zero exit status: 2
  Parse errors: Bad plan.  You planned 1 tests but ran 0.
t/Multiroots.t   (Wstat: 512 (exited 2) Tests: 0 Failed: 0)
  Non-zero exit status: 2
  Parse errors: Bad plan.  You planned 11 tests but ran 0.
t/Multiset.t     (Wstat: 512 (exited 2) Tests: 0 Failed: 0)
  Non-zero exit status: 2
  Parse errors: No plan found in TAP output
t/NTuple.t       (Wstat: 512 (exited 2) Tests: 0 Failed: 0)
  Non-zero exit status: 2
  Parse errors: No plan found in TAP output
t/ODEIV.t        (Wstat: 512 (exited 2) Tests: 0 Failed: 0)
  Non-zero exit status: 2
  Parse errors: Bad plan.  You planned 4 tests but ran 0.
t/ODEIV_evolve.t (Wstat: 512 (exited 2) Tests: 0 Failed: 0)
  Non-zero exit status: 2
  Parse errors: No plan found in TAP output
t/Permutation.t  (Wstat: 512 (exited 2) Tests: 0 Failed: 0)
  Non-zero exit status: 2
  Parse errors: Bad plan.  You planned 85 tests but ran 0.
t/Poly.t         (Wstat: 512 (exited 2) Tests: 0 Failed: 0)
  Non-zero exit status: 2
  Parse errors: Bad plan.  You planned 7 tests but ran 0.
t/PowInt.t       (Wstat: 512 (exited 2) Tests: 0 Failed: 0)
  Non-zero exit status: 2
  Parse errors: Bad plan.  You planned 14 tests but ran 0.
t/QRNG.t         (Wstat: 512 (exited 2) Tests: 0 Failed: 0)
  Non-zero exit status: 2
  Parse errors: Bad plan.  You planned 24 tests but ran 0.
t/RNG.t          (Wstat: 512 (exited 2) Tests: 0 Failed: 0)
  Non-zero exit status: 2
  Parse errors: Bad plan.  You planned 43 tests but ran 0.
t/Randist.t      (Wstat: 512 (exited 2) Tests: 0 Failed: 0)
  Non-zero exit status: 2
  Parse errors: Bad plan.  You planned 449 tests but ran 0.
t/Roots.t        (Wstat: 512 (exited 2) Tests: 0 Failed: 0)
  Non-zero exit status: 2
  Parse errors: Bad plan.  You planned 16 tests but ran 0.
t/Rstat.t        (Wstat: 512 (exited 2) Tests: 0 Failed: 0)
  Non-zero exit status: 2
  Parse errors: No plan found in TAP output
t/SF.t           (Wstat: 512 (exited 2) Tests: 0 Failed: 0)
  Non-zero exit status: 2
  Parse errors: No plan found in TAP output
t/Siman.t        (Wstat: 512 (exited 2) Tests: 0 Failed: 0)
  Non-zero exit status: 2
  Parse errors: Bad plan.  You planned 1 tests but ran 0.
t/Sort.t         (Wstat: 512 (exited 2) Tests: 0 Failed: 0)
  Non-zero exit status: 2
  Parse errors: No plan found in TAP output
t/SparseMatrix.t (Wstat: 512 (exited 2) Tests: 0 Failed: 0)
  Non-zero exit status: 2
  Parse errors: No plan found in TAP output
t/Spline.t       (Wstat: 512 (exited 2) Tests: 0 Failed: 0)
  Non-zero exit status: 2
  Parse errors: Bad plan.  You planned 38 tests but ran 0.
t/Statistics.t   (Wstat: 512 (exited 2) Tests: 0 Failed: 0)
  Non-zero exit status: 2
  Parse errors: Bad plan.  You planned 28 tests but ran 0.
t/Sum.t          (Wstat: 512 (exited 2) Tests: 0 Failed: 0)
  Non-zero exit status: 2
  Parse errors: Bad plan.  You planned 14 tests but ran 0.
t/Sys.t          (Wstat: 512 (exited 2) Tests: 0 Failed: 0)
  Non-zero exit status: 2
  Parse errors: Bad plan.  You planned 17 tests but ran 0.
t/Vector.t       (Wstat: 512 (exited 2) Tests: 0 Failed: 0)
  Non-zero exit status: 2
  Parse errors: Bad plan.  You planned 143 tests but ran 0.
t/VectorComplex.t (Wstat: 512 (exited 2) Tests: 0 Failed: 0)
  Non-zero exit status: 2
  Parse errors: Bad plan.  You planned 26 tests but ran 0.
t/Wavelet.t      (Wstat: 512 (exited 2) Tests: 0 Failed: 0)
  Non-zero exit status: 2
  Parse errors: Bad plan.  You planned 11 tests but ran 0.
t/Wavelet2D.t    (Wstat: 512 (exited 2) Tests: 0 Failed: 0)
  Non-zero exit status: 2
  Parse errors: Bad plan.  You planned 1 tests but ran 0.
Files=58, Tests=2, 15 wallclock secs ( 0.27 usr  0.24 sys + 11.22 cusr  2.51 csys = 14.24 CPU)
Result: FAIL
Failed 57/58 test programs. 1/2 subtests failed.


PREREQUISITES:

Here is a list of prerequisites you specified and versions we
managed to load:

	  Module Name                        Have     Want
	  Math::Complex                    1.5902        0
	  Scalar::Util                       1.55        0
	  Test::Class                        0.52     0.12
	  Test::Exception                    0.43     0.21
	  Test::More                     1.302199        0
	  Test::Most                         0.38     0.31
	  Test::Taint                        1.08     1.06
	  parent                            0.238        0
	  version                          0.9932     0.77

Perl module toolchain versions installed:
	Module Name                        Have
	CPANPLUS                         0.9914
	CPANPLUS::Dist::Build              0.90
	Cwd                                3.80
	ExtUtils::CBuilder             0.280236
	ExtUtils::Command                  7.70
	ExtUtils::Install                  2.22
	ExtUtils::MakeMaker                7.70
	ExtUtils::Manifest                 1.75
	ExtUtils::ParseXS                  3.51
	File::Spec                         3.80
	Module::Build                    0.4234
	Pod::Parser                           0
	Pod::Simple                        3.42
	Test2                          1.302199
	Test::Harness                      3.48
	Test::More                     1.302199
	version                          0.9932

******************************** NOTE ********************************
The comments above are created mechanically, possibly without manual
checking by the sender.  As there are many people performing automatic
tests on each upload to CPAN, it is likely that you will receive
identical messages about the same problem.

If you believe that the message is mistaken, please reply to the first
one with correction and/or additional informations, and do not take
it personally.  We appreciate your patience. :)
**********************************************************************

Additional comments:


This report was machine-generated by CPANPLUS::Dist::YACSmoke 1.08.
Powered by minismokebox version 0.68

CPANPLUS is prefering Build.PL

------------------------------
ENVIRONMENT AND OTHER CONTEXT
------------------------------

Environment variables:

    AUTOMATED_TESTING = 1
    LANG = en_GB.UTF-8
    NONINTERACTIVE_TESTING = 1
    PATH = /usr/bin:/usr/sbin:/sbin:/opt/ooce/bin:/usr/gnu/bin
    PERL5LIB = /home/cpan/pit/jail/11MOiOuphw/lib/perl5:/home/cpan/pit/thr/conf/perl-5.34.3/.cpanplus/5.34.3/build/9rOjvt3MMz/Math-GSL-0.49/blib/lib:/home/cpan/pit/thr/conf/perl-5.34.3/.cpanplus/5.34.3/build/9rOjvt3MMz/Math-GSL-0.49/blib/arch
    PERL5_CPANPLUS_IS_RUNNING = 4609
    PERL5_CPANPLUS_IS_VERSION = 0.9914
    PERL5_MINISMOKEBOX = 0.68
    PERL5_YACSMOKE_BASE = /home/cpan/pit/thr/conf/perl-5.34.3
    PERL_EXTUTILS_AUTOINSTALL = --defaultdeps
    PERL_LOCAL_LIB_ROOT = /home/cpan/pit/jail/11MOiOuphw
    PERL_MB_OPT = --install_base "/home/cpan/pit/jail/11MOiOuphw"
    PERL_MM_OPT = INSTALL_BASE=/home/cpan/pit/jail/11MOiOuphw
    PERL_MM_USE_DEFAULT = 1
    SHELL = /bin/bash
    TERM = screen.xterm-256color

Perl special variables (and OS-specific diagnostics, for MSWin32):

    Perl: $^X = /home/cpan/pit/thr/perl-5.34.3/bin/perl
    UID:  $<  = 101
    EUID: $>  = 101
    GID:  $(  = 101 101
    EGID: $)  = 101 101


-------------------------------


--

Summary of my perl5 (revision 5 version 34 subversion 3) configuration:
   
  Platform:
    osname=solaris
    osvers=2.11
    archname=i86pc-solaris-thread-multi-64
    uname='sunos ouzel 5.11 omnios-r151046-f51538a8df i86pc i386 i86pc '
    config_args='-des -Dprefix=/home/cpan/pit/thr/perl-5.34.3 -Dusethreads -Duse64bitall -Dcc=gcc'
    hint=recommended
    useposix=true
    d_sigaction=define
    useithreads=define
    usemultiplicity=define
    use64bitint=define
    use64bitall=define
    uselongdouble=undef
    usemymalloc=n
    default_inc_excludes_dot=define
  Compiler:
    cc='gcc'
    ccflags ='-D_REENTRANT -m64 -fwrapv -fno-strict-aliasing -pipe -fstack-protector-strong -D_LARGEFILE_SOURCE -D_FILE_OFFSET_BITS=64 -D_FORTIFY_SOURCE=2 -DPERL_USE_SAFE_PUTENV'
    optimize='-O'
    cppflags='-D_REENTRANT -m64 -fwrapv -fno-strict-aliasing -pipe -fstack-protector-strong'
    ccversion=''
    gccversion='12.2.0'
    gccosandvers=''
    intsize=4
    longsize=8
    ptrsize=8
    doublesize=8
    byteorder=12345678
    doublekind=3
    d_longlong=define
    longlongsize=8
    d_longdbl=define
    longdblsize=16
    longdblkind=3
    ivtype='long'
    ivsize=8
    nvtype='double'
    nvsize=8
    Off_t='off_t'
    lseeksize=8
    alignbytes=8
    prototype=define
  Linker and Libraries:
    ld='gcc'
    ldflags =' -m64 -fstack-protector-strong -L/usr/gnu/lib '
    libpth=/opt/gcc-12/lib /usr/lib /usr/gnu/lib /usr/ccs/lib
    libs=-lpthread -lsocket -lnsl -ldl -lm -lc
    perllibs=-lpthread -lsocket -lnsl -ldl -lm -lc
    libc=/lib/libc.so
    so=so
    useshrplib=true
    libperl=libperl.so
    gnulibc_version=''
  Dynamic Linking:
    dlsrc=dl_dlopen.xs
    dlext=so
    d_dlsymun=undef
    ccdlflags='  -R /home/cpan/pit/thr/perl-5.34.3/lib/5.34.3/i86pc-solaris-thread-multi-64/CORE'
    cccdlflags='-fPIC'
    lddlflags=' -shared -m64 -L/usr/gnu/lib -fstack-protector-strong'


Characteristics of this binary (from libperl): 
  Compile-time options:
    HAS_TIMES
    MULTIPLICITY
    PERLIO_LAYERS
    PERL_COPY_ON_WRITE
    PERL_DONT_CREATE_GVSV
    PERL_IMPLICIT_CONTEXT
    PERL_MALLOC_WRAP
    PERL_OP_PARENT
    PERL_PRESERVE_IVUV
    PERL_USE_SAFE_PUTENV
    USE_64_BIT_ALL
    USE_64_BIT_INT
    USE_ITHREADS
    USE_LARGE_FILES
    USE_LOCALE
    USE_LOCALE_COLLATE
    USE_LOCALE_CTYPE
    USE_LOCALE_NUMERIC
    USE_LOCALE_TIME
    USE_PERLIO
    USE_PERL_ATOF
    USE_REENTRANT_API
    USE_THREAD_SAFE_LOCALE
  Built under solaris
  Compiled at Dec 11 2023 01:25:24
  %ENV:
    PERL5LIB="/home/cpan/pit/jail/11MOiOuphw/lib/perl5:/home/cpan/pit/thr/conf/perl-5.34.3/.cpanplus/5.34.3/build/9rOjvt3MMz/Math-GSL-0.49/blib/lib:/home/cpan/pit/thr/conf/perl-5.34.3/.cpanplus/5.34.3/build/9rOjvt3MMz/Math-GSL-0.49/blib/arch"
    PERL5_CPANPLUS_IS_RUNNING="4609"
    PERL5_CPANPLUS_IS_VERSION="0.9914"
    PERL5_MINISMOKEBOX="0.68"
    PERL5_YACSMOKE_BASE="/home/cpan/pit/thr/conf/perl-5.34.3"
    PERL_EXTUTILS_AUTOINSTALL="--defaultdeps"
    PERL_LOCAL_LIB_ROOT="/home/cpan/pit/jail/11MOiOuphw"
    PERL_MB_OPT="--install_base "/home/cpan/pit/jail/11MOiOuphw""
    PERL_MM_OPT="INSTALL_BASE=/home/cpan/pit/jail/11MOiOuphw"
    PERL_MM_USE_DEFAULT="1"
  @INC:
    /home/cpan/pit/jail/11MOiOuphw/lib/perl5/5.34.3/i86pc-solaris-thread-multi-64
    /home/cpan/pit/jail/11MOiOuphw/lib/perl5/5.34.3
    /home/cpan/pit/jail/11MOiOuphw/lib/perl5/i86pc-solaris-thread-multi-64
    /home/cpan/pit/jail/11MOiOuphw/lib/perl5
    /home/cpan/pit/thr/conf/perl-5.34.3/.cpanplus/5.34.3/build/9rOjvt3MMz/Math-GSL-0.49/blib/lib
    /home/cpan/pit/thr/conf/perl-5.34.3/.cpanplus/5.34.3/build/9rOjvt3MMz/Math-GSL-0.49/blib/arch
    /home/cpan/pit/thr/perl-5.34.3/lib/site_perl/5.34.3/i86pc-solaris-thread-multi-64
    /home/cpan/pit/thr/perl-5.34.3/lib/site_perl/5.34.3
    /home/cpan/pit/thr/perl-5.34.3/lib/5.34.3/i86pc-solaris-thread-multi-64
    /home/cpan/pit/thr/perl-5.34.3/lib/5.34.3