DBI-Test v0.001 Perl 5 v5.24.3 RC1 x86_64-linux

Status
Fail
From
Slaven Rezić (SREZIC)
Dist
DBI-Test v0.001
Platform
Perl 5 v5.24.3 RC1 x86_64-linux
Date
2017-09-15 09:52:28
ID
95be49ac-99fb-11e7-bcf7-c8d78b0c2b2c
This distribution has been tested as part of the CPAN Testers
project, supporting the Perl programming language.  See
http://wiki.cpantesters.org/ for more information or email
questions to cpan-testers-discuss@perl.org


--
Dear Jens Rehsack,

This is a computer-generated report for DBI-Test-0.001
on perl 5.24.3, created by CPAN-Reporter-1.2018.

Thank you for uploading your work to CPAN.  However, there was a problem
testing your distribution.

If you think this report is invalid, please consult the CPAN Testers Wiki
for suggestions on how to avoid getting FAIL reports for missing library
or binary dependencies, unsupported operating systems, and so on:

http://wiki.cpantesters.org/wiki/CPANAuthorNotes

Sections of this report:

    * Tester comments
    * Program output
    * Prerequisites
    * Environment and other context

------------------------------
TESTER COMMENTS
------------------------------

Additional comments from tester:

none provided

------------------------------
PROGRAM OUTPUT
------------------------------

Output from '/usr/bin/make test':

PERL_DL_NONLAZY=1 "/opt/perl-5.24.3-RC1/bin/perl" "-MExtUtils::Command::MM" "-MTest::Harness" "-e" "undef *Test::Harness::Switches; test_harness(0, 'blib/lib', 'blib/arch')" xt/*.t t/basic/*.t
t/basic/dva_connect.t ......... ok
t/basic/dva_disconnect.t ...... ok
t/basic/dvb_connect.t ......... ok
t/basic/dvb_disconnect.t ...... ok
t/basic/dvc_connect.t ......... ok

#   Failed test 'Disconnect'
#   at /home/cpansand/.cpan/build/2017091509/DBI-Test-0.001-0/blib/lib/DBI/Test/Case/basic/disconnect.pm line 22.
# Looks like you failed 1 test of 19.
t/basic/dvc_disconnect.t ...... 
Dubious, test returned 1 (wstat 256, 0x100)
Failed 1/19 subtests 
	(less 1 skipped subtest: 17 okay)
	(7 TODO tests unexpectedly succeeded)
t/basic/dvd_connect.t ......... ok
t/basic/dvd_disconnect.t ...... ok
t/basic/dve_connect.t ......... ok
t/basic/dve_disconnect.t ...... ok
t/basic/dvf_connect.t ......... ok
t/basic/dvf_disconnect.t ...... ok
No such database ()! at /opt/perl-5.24.3-RC1/lib/site_perl/5.24.3/DBD/LDAP.pm line 401, <DATA> line 755.
DBI connect('','',...) failed: No such database ()! at /home/cpansand/.cpan/build/2017091509/DBI-Test-0.001-0/blib/lib/DBI/Test.pm line 31.

#   Failed test 'basic connect'
#   at /home/cpansand/.cpan/build/2017091509/DBI-Test-0.001-0/blib/lib/DBI/Test/Case/basic/connect.pm line 16.

#   Failed test 'dbh is active'
#   at /home/cpansand/.cpan/build/2017091509/DBI-Test-0.001-0/blib/lib/DBI/Test/Case/basic/connect.pm line 20.
No such database ()! at /opt/perl-5.24.3-RC1/lib/site_perl/5.24.3/DBD/LDAP.pm line 401, <DATA> line 755.
DBI connect('','',...) failed: No such database ()! at /home/cpansand/.cpan/build/2017091509/DBI-Test-0.001-0/blib/lib/DBI/Test.pm line 31.

#   Failed test 'basic connect'
#   at /home/cpansand/.cpan/build/2017091509/DBI-Test-0.001-0/blib/lib/DBI/Test/Case/basic/connect.pm line 29.
No such database ()! at /opt/perl-5.24.3-RC1/lib/site_perl/5.24.3/DBD/LDAP.pm line 401, <DATA> line 755.
DBI connect('','',...) failed: No such database ()! at /home/cpansand/.cpan/build/2017091509/DBI-Test-0.001-0/blib/lib/DBI/Test.pm line 31.

#   Failed test 'connect without attr'
#   at /home/cpansand/.cpan/build/2017091509/DBI-Test-0.001-0/blib/lib/DBI/Test/Case/basic/connect.pm line 46.
Use of uninitialized value $got in numeric eq (==) at (eval in cmp_ok) /home/cpansand/.cpan/build/2017091509/DBI-Test-0.001-0/blib/lib/DBI/Test/Case/basic/connect.pm line 50, <DATA> line 755.

#   Failed test 'AutoCommit == 1'
#   at /home/cpansand/.cpan/build/2017091509/DBI-Test-0.001-0/blib/lib/DBI/Test/Case/basic/connect.pm line 50.
Use of uninitialized value $val in addition (+) at /opt/perl-5.24.3-RC1/lib/site_perl/5.24.3/Test/Builder.pm line 748, <DATA> line 755.
#          got: undef
#     expected: 1
Can't call method "FETCH" on unblessed reference at /home/cpansand/.cpan/build/2017091509/DBI-Test-0.001-0/blib/lib/DBI/Test/Case/basic/connect.pm line 51, <DATA> line 755.
# Tests were run but no plan was declared and done_testing() was not seen.
# Looks like your test exited with 255 just after 5.
t/basic/dvl_connect.t ......... 
Dubious, test returned 255 (wstat 65280, 0xff00)
Failed 5/5 subtests 
No such database ()! at /opt/perl-5.24.3-RC1/lib/site_perl/5.24.3/DBD/LDAP.pm line 401, <DATA> line 755.
DBI connect('','',...) failed: No such database ()! at /home/cpansand/.cpan/build/2017091509/DBI-Test-0.001-0/blib/lib/DBI/Test.pm line 31.

#   Failed test 'basic connect'
#   at /home/cpansand/.cpan/build/2017091509/DBI-Test-0.001-0/blib/lib/DBI/Test/Case/basic/disconnect.pm line 20.
Can't call method "disconnect" on an undefined value at /home/cpansand/.cpan/build/2017091509/DBI-Test-0.001-0/blib/lib/DBI/Test/Case/basic/disconnect.pm line 22, <DATA> line 755.
# Tests were run but no plan was declared and done_testing() was not seen.
# Looks like your test exited with 255 just after 1.
t/basic/dvl_disconnect.t ...... 
Dubious, test returned 255 (wstat 65280, 0xff00)
Failed 1/1 subtests 

#   Failed test 'dbh is active'
#   at /home/cpansand/.cpan/build/2017091509/DBI-Test-0.001-0/blib/lib/DBI/Test/Case/basic/connect.pm line 20.
# Looks like you failed 1 test of 16.
t/basic/dvm_connect.t ......... 
Dubious, test returned 1 (wstat 256, 0x100)
Failed 1/16 subtests 
install_driver(mysql) failed: Attempt to reload DBD/mysql.pm aborted.
Compilation failed in require at (eval 156) line 3.

 at /home/cpansand/.cpan/build/2017091509/DBI-Test-0.001-0/blib/lib/DBI/Test.pm line 31.
t/basic/dvm_disconnect.t ...... 
Dubious, test returned 2 (wstat 512, 0x200)
No subtests run 
t/basic/dvn_connect.t ......... ok
t/basic/dvn_disconnect.t ...... ok
install_driver(ODBC) failed: Attempt to reload DBD/ODBC.pm aborted.
Compilation failed in require at (eval 156) line 3.

 at /home/cpansand/.cpan/build/2017091509/DBI-Test-0.001-0/blib/lib/DBI/Test.pm line 31.
t/basic/dvo_connect.t ......... 
Dubious, test returned 2 (wstat 512, 0x200)
No subtests run 
install_driver(ODBC) failed: Attempt to reload DBD/ODBC.pm aborted.
Compilation failed in require at (eval 156) line 3.

 at /home/cpansand/.cpan/build/2017091509/DBI-Test-0.001-0/blib/lib/DBI/Test.pm line 31.
t/basic/dvo_disconnect.t ...... 
Dubious, test returned 2 (wstat 512, 0x200)
No subtests run 
install_driver(Pg) failed: Attempt to reload DBD/Pg.pm aborted.
Compilation failed in require at (eval 157) line 3.

 at /home/cpansand/.cpan/build/2017091509/DBI-Test-0.001-0/blib/lib/DBI/Test.pm line 31.
t/basic/dvp_connect.t ......... 
Dubious, test returned 2 (wstat 512, 0x200)
No subtests run 
install_driver(Pg) failed: Attempt to reload DBD/Pg.pm aborted.
Compilation failed in require at (eval 157) line 3.

 at /home/cpansand/.cpan/build/2017091509/DBI-Test-0.001-0/blib/lib/DBI/Test.pm line 31.
t/basic/dvp_disconnect.t ...... 
Dubious, test returned 2 (wstat 512, 0x200)
No subtests run 
-1:No such database () (No such file or directory)! at /opt/perl-5.24.3-RC1/lib/site_perl/5.24.3/DBD/Sprite.pm line 725.
DBI connect('','',...) failed: -1:No such database () (No such file or directory)! at /home/cpansand/.cpan/build/2017091509/DBI-Test-0.001-0/blib/lib/DBI/Test.pm line 31.

#   Failed test 'basic connect'
#   at /home/cpansand/.cpan/build/2017091509/DBI-Test-0.001-0/blib/lib/DBI/Test/Case/basic/connect.pm line 16.

#   Failed test 'dbh is active'
#   at /home/cpansand/.cpan/build/2017091509/DBI-Test-0.001-0/blib/lib/DBI/Test/Case/basic/connect.pm line 20.
-1:No such database () (No such file or directory)! at /opt/perl-5.24.3-RC1/lib/site_perl/5.24.3/DBD/Sprite.pm line 725.
DBI connect('','',...) failed: -1:No such database () (No such file or directory)! at /home/cpansand/.cpan/build/2017091509/DBI-Test-0.001-0/blib/lib/DBI/Test.pm line 31.

#   Failed test 'basic connect'
#   at /home/cpansand/.cpan/build/2017091509/DBI-Test-0.001-0/blib/lib/DBI/Test/Case/basic/connect.pm line 29.
-1:No such database () (No such file or directory)! at /opt/perl-5.24.3-RC1/lib/site_perl/5.24.3/DBD/Sprite.pm line 725.
DBI connect('','',...) failed: -1:No such database () (No such file or directory)! at /home/cpansand/.cpan/build/2017091509/DBI-Test-0.001-0/blib/lib/DBI/Test.pm line 31.

#   Failed test 'connect without attr'
#   at /home/cpansand/.cpan/build/2017091509/DBI-Test-0.001-0/blib/lib/DBI/Test/Case/basic/connect.pm line 46.
Use of uninitialized value $got in numeric eq (==) at (eval in cmp_ok) /home/cpansand/.cpan/build/2017091509/DBI-Test-0.001-0/blib/lib/DBI/Test/Case/basic/connect.pm line 50.

#   Failed test 'AutoCommit == 1'
#   at /home/cpansand/.cpan/build/2017091509/DBI-Test-0.001-0/blib/lib/DBI/Test/Case/basic/connect.pm line 50.
Use of uninitialized value $val in addition (+) at /opt/perl-5.24.3-RC1/lib/site_perl/5.24.3/Test/Builder.pm line 748.
#          got: undef
#     expected: 1
Can't call method "FETCH" on unblessed reference at /home/cpansand/.cpan/build/2017091509/DBI-Test-0.001-0/blib/lib/DBI/Test/Case/basic/connect.pm line 51.
# Tests were run but no plan was declared and done_testing() was not seen.
# Looks like your test exited with 255 just after 5.
t/basic/dvs_connect.t ......... 
Dubious, test returned 255 (wstat 65280, 0xff00)
Failed 5/5 subtests 

#   Failed test 'Disconnect'
#   at /home/cpansand/.cpan/build/2017091509/DBI-Test-0.001-0/blib/lib/DBI/Test/Case/basic/disconnect.pm line 22.
# Looks like you failed 1 test of 19.
t/basic/dvs_disconnect.t ...... 
Dubious, test returned 1 (wstat 256, 0x100)
Failed 1/19 subtests 
	(less 1 skipped subtest: 17 okay)
	(7 TODO tests unexpectedly succeeded)

#   Failed test 'dbh is active'
#   at /home/cpansand/.cpan/build/2017091509/DBI-Test-0.001-0/blib/lib/DBI/Test/Case/basic/connect.pm line 20.
# Looks like you failed 1 test of 16.
t/basic/dvx_connect.t ......... 
Dubious, test returned 1 (wstat 256, 0x100)
Failed 1/16 subtests 
t/basic/dvx_disconnect.t ...... ok
t/basic/mvb_dvn_connect.t ..... ok
t/basic/mvb_dvn_disconnect.t .. ok

Test Summary Report
-------------------
t/basic/dva_disconnect.t    (Wstat: 0 Tests: 19 Failed: 0)
  TODO passed:   8-9, 14-15, 18
t/basic/dvb_disconnect.t    (Wstat: 0 Tests: 19 Failed: 0)
  TODO passed:   8-9, 14-15, 18
t/basic/dvc_disconnect.t    (Wstat: 256 Tests: 19 Failed: 1)
  Failed test:  3
  TODO passed:   8-10, 14-16, 18
  Non-zero exit status: 1
t/basic/dvd_disconnect.t    (Wstat: 0 Tests: 19 Failed: 0)
  TODO passed:   8-9, 14-15, 18
t/basic/dve_disconnect.t    (Wstat: 0 Tests: 19 Failed: 0)
  TODO passed:   8-9, 14-15, 18
t/basic/dvf_disconnect.t    (Wstat: 0 Tests: 19 Failed: 0)
  TODO passed:   8-9, 14-15, 18
t/basic/dvl_connect.t       (Wstat: 65280 Tests: 5 Failed: 5)
  Failed tests:  1-5
  Non-zero exit status: 255
  Parse errors: No plan found in TAP output
t/basic/dvl_disconnect.t    (Wstat: 65280 Tests: 1 Failed: 1)
  Failed test:  1
  Non-zero exit status: 255
  Parse errors: No plan found in TAP output
t/basic/dvm_connect.t       (Wstat: 256 Tests: 16 Failed: 1)
  Failed test:  3
  Non-zero exit status: 1
t/basic/dvm_disconnect.t    (Wstat: 512 Tests: 0 Failed: 0)
  Non-zero exit status: 2
  Parse errors: No plan found in TAP output
t/basic/dvn_disconnect.t    (Wstat: 0 Tests: 19 Failed: 0)
  TODO passed:   8-9, 14-15, 18
t/basic/dvo_connect.t       (Wstat: 512 Tests: 0 Failed: 0)
  Non-zero exit status: 2
  Parse errors: No plan found in TAP output
t/basic/dvo_disconnect.t    (Wstat: 512 Tests: 0 Failed: 0)
  Non-zero exit status: 2
  Parse errors: No plan found in TAP output
t/basic/dvp_connect.t       (Wstat: 512 Tests: 0 Failed: 0)
  Non-zero exit status: 2
  Parse errors: No plan found in TAP output
t/basic/dvp_disconnect.t    (Wstat: 512 Tests: 0 Failed: 0)
  Non-zero exit status: 2
  Parse errors: No plan found in TAP output
t/basic/dvs_connect.t       (Wstat: 65280 Tests: 5 Failed: 5)
  Failed tests:  1-5
  Non-zero exit status: 255
  Parse errors: No plan found in TAP output
t/basic/dvs_disconnect.t    (Wstat: 256 Tests: 19 Failed: 1)
  Failed test:  3
  TODO passed:   8-10, 14-16, 18
  Non-zero exit status: 1
t/basic/dvx_connect.t       (Wstat: 256 Tests: 16 Failed: 1)
  Failed test:  3
  Non-zero exit status: 1
t/basic/dvx_disconnect.t    (Wstat: 0 Tests: 19 Failed: 0)
  TODO passed:   8-9, 14-15, 18
t/basic/mvb_dvn_connect.t   (Wstat: 0 Tests: 16 Failed: 0)
  TODO passed:   12
t/basic/mvb_dvn_disconnect.t (Wstat: 0 Tests: 19 Failed: 0)
  TODO passed:   8-9, 14-15, 18
Files=28, Tests=367,  5 wallclock secs ( 0.06 usr  0.11 sys +  4.05 cusr  0.64 csys =  4.86 CPU)
Result: FAIL
Failed 12/28 test programs. 15/367 subtests failed.
Makefile:900: die Regel für Ziel „test_dynamic“ scheiterte
make: *** [test_dynamic] Fehler 255

------------------------------
PREREQUISITES
------------------------------

Prerequisite modules loaded:

requires:

    Module              Need     Have    
    ------------------- -------- --------
    perl                5.008001 5.024003

build_requires:

    Module              Need     Have    
    ------------------- -------- --------
    Test::Simple        0.90     1.302096

configure_requires:

    Module              Need     Have    
    ------------------- -------- --------
    ExtUtils::MakeMaker 0        7.30    


------------------------------
ENVIRONMENT AND OTHER CONTEXT
------------------------------

Environment variables:

    LANG = C
    LC_ALL = de_DE.UTF-8
    PATH = /usr/local/bin:/usr/bin:/bin:/usr/local/sbin:/usr/sbin:/sbin:/home/cpansand/bin/linux-gnu:/home/cpansand/bin/sh:/home/cpansand/bin:/usr/games:/home/cpansand/devel:/home/eserte/src/srezic-misc/scripts
    PERL5LIB = 
    PERL5OPT = 
    PERL5_CPANPLUS_IS_RUNNING = 16311
    PERL5_CPAN_IS_RUNNING = 16311
    PERL5_CPAN_IS_RUNNING_IN_RECURSION = 13867,16311
    PERLDOC = -MPod::Perldoc::ToTextOverstrike
    PERL_BATCH = yes
    PERL_CANARY_STABILITY_NOPROMPT = 1
    PERL_CPAN_REPORTER_CONFIG = /var/tmp/cpansmoker-1023/2017091415/cpanreporter_001_config.ini
    PERL_EXTUTILS_AUTOINSTALL = --defaultdeps
    PERL_PARALLEL_SMOKER = yes
    PERL_USE_UNSAFE_INC = 1
    SHELL = /usr/bin/zsh
    TERM = screen
    TMPDIR = /var/tmp/cpansmoker-1023/2017091415

Perl special variables (and OS-specific diagnostics, for MSWin32):

    $^X = /opt/perl-5.24.3-RC1/bin/perl
    $UID/$EUID = 1023 / 1023
    $GID = 1023 1023
    $EGID = 1023 1023

Perl module toolchain versions installed:

    Module              Have    
    ------------------- --------
    CPAN                2.16    
    CPAN::Meta          2.150010
    Cwd                 3.62    
    ExtUtils::CBuilder  0.280226
    ExtUtils::Command   7.30    
    ExtUtils::Install   2.14    
    ExtUtils::MakeMaker 7.30    
    ExtUtils::Manifest  1.70    
    ExtUtils::ParseXS   3.35    
    File::Spec          3.62    
    JSON                2.94    
    JSON::PP            2.94    
    Module::Build       0.4224  
    Module::Signature   0.81    
    Parse::CPAN::Meta   2.150010
    Test::Harness       3.39    
    Test::More          1.302096
    YAML                1.23    
    YAML::Syck          1.30    
    version             0.9918  


--

Summary of my perl5 (revision 5 version 24 subversion 3) configuration:
   
  Platform:
    osname=linux, osvers=4.9.0-3-amd64, archname=x86_64-linux
    uname='linux debian9 4.9.0-3-amd64 #1 smp debian 4.9.30-2+deb9u3 (2017-08-06) x86_64 gnulinux '
    config_args='-ds -e -Dprefix=/opt/perl-5.24.3-RC1 -Dcf_email=srezic@cpan.org'
    hint=recommended, useposix=true, d_sigaction=define
    useithreads=undef, usemultiplicity=undef
    use64bitint=define, use64bitall=define, uselongdouble=undef
    usemymalloc=n, bincompat5005=undef
  Compiler:
    cc='cc', ccflags ='-fwrapv -fno-strict-aliasing -pipe -fstack-protector-strong -I/usr/local/include -D_LARGEFILE_SOURCE -D_FILE_OFFSET_BITS=64',
    optimize='-O2',
    cppflags='-fwrapv -fno-strict-aliasing -pipe -fstack-protector-strong -I/usr/local/include'
    ccversion='', gccversion='6.3.0 20170516', gccosandvers=''
    intsize=4, longsize=8, ptrsize=8, doublesize=8, byteorder=12345678, doublekind=3
    d_longlong=define, longlongsize=8, d_longdbl=define, longdblsize=16, longdblkind=3
    ivtype='long', ivsize=8, nvtype='double', nvsize=8, Off_t='off_t', lseeksize=8
    alignbytes=8, prototype=define
  Linker and Libraries:
    ld='cc', ldflags =' -fstack-protector-strong -L/usr/local/lib'
    libpth=/usr/local/lib /usr/lib/gcc/x86_64-linux-gnu/6/include-fixed /usr/include/x86_64-linux-gnu /usr/lib /lib/x86_64-linux-gnu /lib/../lib /usr/lib/x86_64-linux-gnu /usr/lib/../lib /lib
    libs=-lpthread -lnsl -lgdbm -ldb -ldl -lm -lcrypt -lutil -lc -lgdbm_compat
    perllibs=-lpthread -lnsl -ldl -lm -lcrypt -lutil -lc
    libc=libc-2.24.so, so=so, useshrplib=false, libperl=libperl.a
    gnulibc_version='2.24'
  Dynamic Linking:
    dlsrc=dl_dlopen.xs, dlext=so, d_dlsymun=undef, ccdlflags='-Wl,-E'
    cccdlflags='-fPIC', lddlflags='-shared -O2 -L/usr/local/lib -fstack-protector-strong'


Characteristics of this binary (from libperl): 
  Compile-time options: HAS_TIMES PERLIO_LAYERS PERL_COPY_ON_WRITE
                        PERL_DONT_CREATE_GVSV
                        PERL_HASH_FUNC_ONE_AT_A_TIME_HARD PERL_MALLOC_WRAP
                        PERL_PRESERVE_IVUV USE_64_BIT_ALL USE_64_BIT_INT
                        USE_LARGE_FILES USE_LOCALE USE_LOCALE_COLLATE
                        USE_LOCALE_CTYPE USE_LOCALE_NUMERIC USE_LOCALE_TIME
                        USE_PERLIO USE_PERL_ATOF
  Locally applied patches:
	RC1
  Built under linux
  Compiled at Sep 10 2017 16:04:31
  %ENV:
    PERL5LIB=""
    PERL5OPT=""
    PERL5_CPANPLUS_IS_RUNNING="16311"
    PERL5_CPAN_IS_RUNNING="16311"
    PERL5_CPAN_IS_RUNNING_IN_RECURSION="13867,16311"
    PERLDOC="-MPod::Perldoc::ToTextOverstrike"
    PERL_BATCH="yes"
    PERL_CANARY_STABILITY_NOPROMPT="1"
    PERL_CPAN_REPORTER_CONFIG="/var/tmp/cpansmoker-1023/2017091415/cpanreporter_001_config.ini"
    PERL_EXTUTILS_AUTOINSTALL="--defaultdeps"
    PERL_PARALLEL_SMOKER="yes"
    PERL_USE_UNSAFE_INC="1"
  @INC:
    /opt/perl-5.24.3-RC1/lib/site_perl/5.24.3/x86_64-linux
    /opt/perl-5.24.3-RC1/lib/site_perl/5.24.3
    /opt/perl-5.24.3-RC1/lib/5.24.3/x86_64-linux
    /opt/perl-5.24.3-RC1/lib/5.24.3
    .