Lexical-Types v0.16 Perl 5 v5.8.9 i386-freebsd-thread-multi-64int

Status
Fail
From
Chris Williams (BINGOS)
Dist
Lexical-Types v0.16
Platform
Perl 5 v5.8.9 i386-freebsd-thread-multi-64int
Date
2017-11-05 05:24:23
ID
9575d5bc-c1e9-11e7-a1cf-bb670eaac09d
This distribution has been tested as part of the CPAN Testers
project, supporting the Perl programming language.  See
http://wiki.cpantesters.org/ for more information or email
questions to cpan-testers-discuss@perl.org


--

Dear VPIT,

This is a computer-generated error report created automatically by
CPANPLUS, version 0.9170. Testers personal comments may appear
at the end of this report.


Thank you for uploading your work to CPAN.  However, it appears that
there were some problems testing your distribution.

TEST RESULTS:

Below is the error stack from stage 'make test':

"/usr/home/cpan/pit/rel/perl-5.8.9/bin/perl" -MExtUtils::Command::MM -e 'cp_nonempty' -- Types.bs blib/arch/auto/Lexical/Types/Types.bs 644
PERL_DL_NONLAZY=1 "/usr/home/cpan/pit/rel/perl-5.8.9/bin/perl" "-MExtUtils::Command::MM" "-MTest::Harness" "-e" "undef *Test::Harness::Switches; test_harness(0, 'blib/lib', 'blib/arch')" t/*.t
# Testing Lexical::Types 0.16, Perl 5.008009, /usr/home/cpan/pit/rel/perl-5.8.9/bin/perl
t/00-load.t ............... ok
t/09-load-threads.t ....... skipped: perl 5.13.4 required to test thread safety
# This will throw two warnings
# This will throw two more warnings
t/10-args.t ............... ok
t/11-integrate.t .......... ok
# This will throw two warnings
# This will throw two warnings

#   Failed test '$_[1] in initializer is read only'
#   at t/12-ro.t line 48.
#                   'Can't use global @_ in "my" at (eval 7) line 2, near "{ $_"
# BEGIN not safe after errors--compilation aborted at (eval 7) line 2.
# '
#     doesn't match '(?-xism:^Modification of a read-only value attempted at \(eval \d+\) line 2)'

#   Failed test '$_[0] in initializer is read only'
#   at t/12-ro.t line 57.
#                   ''
#     doesn't match '(?-xism:^Modification of a read-only value attempted at t\/12\-ro\.t line 11)'
# Looks like you failed 2 tests of 4.
t/12-ro.t ................. 
Dubious, test returned 2 (wstat 512, 0x200)
Failed 2/4 subtests 
t/20-scalar-base.t ........ ok
t/21-scalar-padsv.t ....... ok
t/22-scalar-constants.t ... ok
t/23-scalar-object.t ...... ok
t/24-scalar-tie.t ......... ok
t/25-scalar-magic.t ....... skipped: Could not load Variable::Magic
t/26-scalar-magic-uvar.t .. skipped: Could not load Variable::Magic 0.35
t/29-scalar-stress.t ...... ok
t/70-scope.t .............. ok
t/71-peep.t ............... ok
t/72-hints.t .............. ok
t/80-threads.t ............ skipped: perl 5.13.4 required to test thread safety
t/81-threads-teardown.t ... skipped: perl 5.13.4 required to test thread safety

Test Summary Report
-------------------
t/12-ro.t               (Wstat: 512 Tests: 4 Failed: 2)
  Failed tests:  2-3
  Non-zero exit status: 2
Files=18, Tests=1179,  3 wallclock secs ( 0.28 usr  0.14 sys +  1.52 cusr  0.88 csys =  2.83 CPU)
Result: FAIL
Failed 1/18 test programs. 2/1179 subtests failed.
*** Error code 255

Stop.
make: stopped in /usr/home/cpan/pit/rel/conf/perl-5.8.9/.cpanplus/5.8.9/build/Y4CjJMbuPb/Lexical-Types-0.16


PREREQUISITES:

Here is a list of prerequisites you specified and versions we
managed to load:

	  Module Name                        Have     Want
	  Carp                               1.10        0
	  ExtUtils::MakeMaker                7.30        0
	  File::Spec                         3.62        0
	  Test::More                     1.302096        0
	  XSLoader                           0.10        0
	  constant                           1.17        0
	  lib                                0.61        0

Perl module toolchain versions installed:
	Module Name                        Have
	CPANPLUS                         0.9170
	CPANPLUS::Dist::Build              0.88
	Cwd                                3.62
	ExtUtils::CBuilder             0.280226
	ExtUtils::Command                  7.30
	ExtUtils::Install                  2.14
	ExtUtils::MakeMaker                7.30
	ExtUtils::Manifest                 1.70
	ExtUtils::ParseXS                  3.35
	File::Spec                         3.62
	Module::Build                    0.4224
	Pod::Parser                        1.35
	Pod::Simple                        3.35
	Test2                          1.302096
	Test::Harness                      3.39
	Test::More                     1.302096
	version                          0.9918

******************************** NOTE ********************************
The comments above are created mechanically, possibly without manual
checking by the sender.  As there are many people performing automatic
tests on each upload to CPAN, it is likely that you will receive
identical messages about the same problem.

If you believe that the message is mistaken, please reply to the first
one with correction and/or additional informations, and do not take
it personally.  We appreciate your patience. :)
**********************************************************************

Additional comments:


This report was machine-generated by CPANPLUS::Dist::YACSmoke 1.02.
Powered by minismokebox version 0.68

------------------------------
ENVIRONMENT AND OTHER CONTEXT
------------------------------

Environment variables:

    AUTOMATED_TESTING = 1
    NONINTERACTIVE_TESTING = 1
    PATH = /sbin:/bin:/usr/sbin:/usr/bin:/usr/local/sbin:/usr/local/bin:/home/cpan/bin
    PERL5LIB = :/usr/home/cpan/pit/rel/conf/perl-5.8.9/.cpanplus/5.8.9/build/Y4CjJMbuPb/Lexical-Types-0.16/blib/lib:/usr/home/cpan/pit/rel/conf/perl-5.8.9/.cpanplus/5.8.9/build/Y4CjJMbuPb/Lexical-Types-0.16/blib/arch
    PERL5_CPANPLUS_IS_RUNNING = 86248
    PERL5_CPANPLUS_IS_VERSION = 0.9170
    PERL5_MINISMOKEBOX = 0.68
    PERL5_YACSMOKE_BASE = /usr/home/cpan/pit/rel/conf/perl-5.8.9
    PERL_EXTUTILS_AUTOINSTALL = --defaultdeps
    PERL_MM_USE_DEFAULT = 1
    SHELL = /usr/local/bin/bash
    TERM = screen

Perl special variables (and OS-specific diagnostics, for MSWin32):

    Perl: $^X = /usr/home/cpan/pit/rel/perl-5.8.9/bin/perl
    UID:  $<  = 1002
    EUID: $>  = 1002
    GID:  $(  = 1002 1002
    EGID: $)  = 1002 1002


-------------------------------


--

Summary of my perl5 (revision 5 version 8 subversion 9) configuration:
  Platform:
    osname=freebsd, osvers=11.1-release, archname=i386-freebsd-thread-multi-64int
    uname='freebsd ffyrc 11.1-release freebsd 11.1-release #0 r321309: fri jul 21 04:10:47 utc 2017 root@releng2.nyi.freebsd.org:usrobjusrsrcsysgeneric i386 '
    config_args='-des -Dprefix=/usr/home/cpan/pit/rel/perl-5.8.9 -Dusethreads -Duse64bitint'
    hint=recommended, useposix=true, d_sigaction=define
    usethreads=define use5005threads=undef useithreads=define usemultiplicity=define
    useperlio=define d_sfio=undef uselargefiles=define usesocks=undef
    use64bitint=define use64bitall=undef uselongdouble=undef
    usemymalloc=n, bincompat5005=undef
  Compiler:
    cc='cc', ccflags ='-DHAS_FPSETMASK -DHAS_FLOATINGPOINT_H -fno-strict-aliasing -pipe -I/usr/local/include',
    optimize='-O',
    cppflags='-DHAS_FPSETMASK -DHAS_FLOATINGPOINT_H -fno-strict-aliasing -pipe -I/usr/local/include'
    ccversion='', gccversion='4.2.1 Compatible FreeBSD Clang 4.0.0 (tags/RELEASE_400/final 297347)', gccosandvers=''
    intsize=4, longsize=4, ptrsize=4, doublesize=8, byteorder=12345678
    d_longlong=define, longlongsize=8, d_longdbl=define, longdblsize=12
    ivtype='long long', ivsize=8, nvtype='double', nvsize=8, Off_t='off_t', lseeksize=8
    alignbytes=4, prototype=define
  Linker and Libraries:
    ld='cc', ldflags ='-pthread -Wl,-E  -L/usr/local/lib'
    libpth=/usr/lib /usr/local/lib
    libs=-lgdbm -lm -lcrypt -lutil
    perllibs=-lm -lcrypt -lutil
    libc=, so=so, useshrplib=false, libperl=libperl.a
    gnulibc_version=''
  Dynamic Linking:
    dlsrc=dl_dlopen.xs, dlext=so, d_dlsymun=undef, ccdlflags=' '
    cccdlflags='-DPIC -fPIC', lddlflags='-shared  -L/usr/local/lib'


Characteristics of this binary (from libperl): 
  Compile-time options: MULTIPLICITY PERL_IMPLICIT_CONTEXT PERL_MALLOC_WRAP
                        USE_64_BIT_INT USE_FAST_STDIO USE_ITHREADS
                        USE_LARGE_FILES USE_PERLIO USE_REENTRANT_API
  Locally applied patches:
	Devel::PatchPerl 1.48
  Built under freebsd
  Compiled at Jul 29 2017 12:49:43
  %ENV:
    PERL5LIB=":/usr/home/cpan/pit/rel/conf/perl-5.8.9/.cpanplus/5.8.9/build/Y4CjJMbuPb/Lexical-Types-0.16/blib/lib:/usr/home/cpan/pit/rel/conf/perl-5.8.9/.cpanplus/5.8.9/build/Y4CjJMbuPb/Lexical-Types-0.16/blib/arch"
    PERL5_CPANPLUS_IS_RUNNING="86248"
    PERL5_CPANPLUS_IS_VERSION="0.9170"
    PERL5_MINISMOKEBOX="0.68"
    PERL5_YACSMOKE_BASE="/usr/home/cpan/pit/rel/conf/perl-5.8.9"
    PERL_EXTUTILS_AUTOINSTALL="--defaultdeps"
    PERL_MM_USE_DEFAULT="1"
  @INC:
    /usr/home/cpan/pit/rel/conf/perl-5.8.9/.cpanplus/5.8.9/build/Y4CjJMbuPb/Lexical-Types-0.16/blib/lib
    /usr/home/cpan/pit/rel/conf/perl-5.8.9/.cpanplus/5.8.9/build/Y4CjJMbuPb/Lexical-Types-0.16/blib/arch
    /usr/home/cpan/pit/rel/perl-5.8.9/lib/5.8.9/i386-freebsd-thread-multi-64int
    /usr/home/cpan/pit/rel/perl-5.8.9/lib/5.8.9
    /usr/home/cpan/pit/rel/perl-5.8.9/lib/site_perl/5.8.9/i386-freebsd-thread-multi-64int
    /usr/home/cpan/pit/rel/perl-5.8.9/lib/site_perl/5.8.9
    .