Report for HTTP-Server-Simple-0.45_02

Back
From: metabase:user:30ae4450-2aae-11df-837a-5e0a49663a4f
Subject: FAIL HTTP-Server-Simple-0.45_02 v5.16.3 
Date: 2014-07-20T18:15:23Z

This distribution has been tested as part of the CPAN Testers
project, supporting the Perl programming language.  See
http://wiki.cpantesters.org/ for more information or email
questions to cpan-testers-discuss@perl.org


--
Dear Jesse Vincent,

This is a computer-generated report for HTTP-Server-Simple-0.45_02
on perl 5.16.3, created by CPAN-Reporter-1.2010_01.

Thank you for uploading your work to CPAN.  However, there was a problem
testing your distribution.

If you think this report is invalid, please consult the CPAN Testers Wiki
for suggestions on how to avoid getting FAIL reports for missing library
or binary dependencies, unsupported operating systems, and so on:

http://wiki.cpantesters.org/wiki/CPANAuthorNotes

Sections of this report:

    * Tester comments
    * Program output
    * Prerequisites
    * Environment and other context

------------------------------
TESTER COMMENTS
------------------------------

Additional comments from tester:

this report is from an automated smoke testing program
and was not reviewed by a human for accuracy

------------------------------
PROGRAM OUTPUT
------------------------------

Output from 'C:\strawberry163\c\bin\dmake.exe test':

C:\strawberry163\perl\bin\perl.exe "-MExtUtils::Command::MM" "-e" "test_harness(0, 'inc', 'blib\lib', 'blib\arch')" t/*.t
t/00signature.t .... ok
t/00smoke.t ........ ok
Socket::inet_ntop not implemented on this architecture at C:\strawberry163\cpan\build\HTTP-Server-Simple-0.45_02-6t6tTl\blib\lib/HTTP/Server/Simple.pm line 171, <DATA> line 16.

#   Failed test 'Returns a page'
#   at t/01live.t line 141.
#                   '[ERROR] sysread: Óäàëåííûé õîñò ïðèíóäèòåëüíî ðàçîðâàë ñóùåñòâóþùåå ïîäêëþ÷åíèå. at t/01live.t line 112, <DATA> line 16.
# '
#     doesn't match '/Congratulations/'
socket:  at t/01live.t line 134.

#   Failed test 'Returns a page'
#   at t/01live.t line 141.
#                   '[ERROR] socket:  at t/01live.t line 99, <DATA> line 16.
# '
#     doesn't match '/Congratulations/'
Socket::inet_ntop not implemented on this architecture at C:\strawberry163\cpan\build\HTTP-Server-Simple-0.45_02-6t6tTl\blib\lib/HTTP/Server/Simple.pm line 171, <DATA> line 16.

#   Failed test 'Returns a page'
#   at t/01live.t line 141.
#                   '[ERROR] sysread: Óäàëåííûé õîñò ïðèíóäèòåëüíî ðàçîðâàë ñóùåñòâóþùåå ïîäêëþ÷åíèå. at t/01live.t line 112, <DATA> line 16.
# '
#     doesn't match '/Congratulations/'
socket:  at t/01live.t line 134.

#   Failed test 'Returns a page'
#   at t/01live.t line 141.
#                   '[ERROR] socket:  at t/01live.t line 99, <DATA> line 16.
# '
#     doesn't match '/Congratulations/'
Socket::inet_ntop not implemented on this architecture at C:\strawberry163\cpan\build\HTTP-Server-Simple-0.45_02-6t6tTl\blib\lib/HTTP/Server/Simple.pm line 403, <DATA> line 16.

#   Failed test 'Returns a page'
#   at t/01live.t line 49.
#                   '[ERROR] sysread: Ïðîãðàììà íà âàøåì õîñò-êîìïüþòåðå ðàçîðâàëà óñòàíîâëåííîå ïîäêëþ÷åíèå. at t/01live.t line 112, <DATA> line 16.
# '
#     doesn't match '/Congratulations/'

#   Failed test 'knows what a request isn't'
#   at t/01live.t line 52.
#                   '[ERROR] connect: Ïîäêëþ÷åíèå íå óñòàíîâëåíî, ò.ê. êîíå÷íûé êîìïüþòåð îòâåðã çàïðîñ íà ïîäêëþ÷åíèå. at t/01live.t line 100, <DATA> line 16.
# '
#     doesn't match '/bad request/i'

#   Failed test 'HTTP/1.1 request'
#   at t/01live.t line 58.
#                   '[ERROR] connect: Ïîäêëþ÷åíèå íå óñòàíîâëåíî, ò.ê. êîíå÷íûé êîìïüþòåð îòâåðã çàïðîñ íà ïîäêëþ÷åíèå. at t/01live.t line 100, <DATA> line 16.
# '
#     doesn't match '/Congratulations/'

#   Failed test 'HTTP/0.9 request'
#   at t/01live.t line 61.
#                   '[ERROR] connect: Ïîäêëþ÷åíèå íå óñòàíîâëåíî, ò.ê. êîíå÷íûé êîìïüþòåð îòâåðã çàïðîñ íà ïîäêëþ÷åíèå. at t/01live.t line 100, <DATA> line 16.
# '
#     doesn't match '/Congratulations/'
socket:  at t/01live.t line 44.

#   Failed test 'Returns a page'
#   at t/01live.t line 49.
#                   '[ERROR] socket:  at t/01live.t line 99, <DATA> line 16.
# '
#     doesn't match '/Congratulations/'

#   Failed test 'knows what a request isn't'
#   at t/01live.t line 52.
#                   '[ERROR] socket:  at t/01live.t line 99, <DATA> line 16.
# '
#     doesn't match '/bad request/i'

#   Failed test 'HTTP/1.1 request'
#   at t/01live.t line 58.
#                   '[ERROR] socket:  at t/01live.t line 99, <DATA> line 16.
# '
#     doesn't match '/Congratulations/'

#   Failed test 'HTTP/0.9 request'
#   at t/01live.t line 61.
#                   '[ERROR] socket:  at t/01live.t line 99, <DATA> line 16.
# '
#     doesn't match '/Congratulations/'

#   Failed test 'Killed PID: -440'
#   at t/01live.t line 67.
#          got: '0'
#     expected: '1'

#   Failed test 'Killed PID: -1216'
#   at t/01live.t line 67.
#          got: '0'
#     expected: '1'
# Looks like you failed 14 tests of 34.
t/01live.t ......... 
Dubious, test returned 14 (wstat 3584, 0xe00)
Failed 14/34 subtests 
t/02pod.t .......... ok
t/03podcoverage.t .. ok
Socket::inet_ntop not implemented on this architecture at C:\strawberry163\cpan\build\HTTP-Server-Simple-0.45_02-6t6tTl\blib\lib/HTTP/Server/Simple.pm line 171, <DATA> line 16.

#   Failed test '[GET] no file'
#   at t/04cgi.t line 63.
#                   '[ERROR] sysread: Óäàëåííûé õîñò ïðèíóäèòåëüíî ðàçîðâàë ñóùåñòâóþùåå ïîäêëþ÷åíèå. at t/04cgi.t line 166, <DATA> line 16.
# '
#     doesn't match '/NOFILE/'

#   Failed test '[POST] no file'
#   at t/04cgi.t line 63.
#                   '[ERROR] connect: Ïîäêëþ÷åíèå íå óñòàíîâëåíî, ò.ê. êîíå÷íûé êîìïüþòåð îòâåðã çàïðîñ íà ïîäêëþ÷åíèå. at t/04cgi.t line 154, <DATA> line 16.
# '
#     doesn't match '/NOFILE/'

#   Failed test '[HEAD] no file'
#   at t/04cgi.t line 63.
#                   '[ERROR] connect: Ïîäêëþ÷åíèå íå óñòàíîâëåíî, ò.ê. êîíå÷íûé êîìïüþòåð îòâåðã çàïðîñ íà ïîäêëþ÷åíèå. at t/04cgi.t line 154, <DATA> line 16.
# '
#     doesn't match '/NOFILE/'

#   Failed test '[PUT] no file'
#   at t/04cgi.t line 63.
#                   '[ERROR] connect: Ïîäêëþ÷åíèå íå óñòàíîâëåíî, ò.ê. êîíå÷íûé êîìïüþòåð îòâåðã çàïðîñ íà ïîäêëþ÷åíèå. at t/04cgi.t line 154, <DATA> line 16.
# '
#     doesn't match '/NOFILE/'

#   Failed test '[DELETE] no file'
#   at t/04cgi.t line 63.
#                   '[ERROR] connect: Ïîäêëþ÷åíèå íå óñòàíîâëåíî, ò.ê. êîíå÷íûé êîìïüþòåð îòâåðã çàïðîñ íà ïîäêëþ÷åíèå. at t/04cgi.t line 154, <DATA> line 16.
# '
#     doesn't match '/NOFILE/'

#   Failed test '[PATCH] no file'
#   at t/04cgi.t line 63.
#                   '[ERROR] connect: Ïîäêëþ÷åíèå íå óñòàíîâëåíî, ò.ê. êîíå÷íûé êîìïüþòåð îòâåðã çàïðîñ íà ïîäêëþ÷åíèå. at t/04cgi.t line 154, <DATA> line 16.
# '
#     doesn't match '/NOFILE/'

#   Failed test 'method - server_software'
#   at t/04cgi.t line 69.
#                   '[ERROR] connect: Ïîäêëþ÷åíèå íå óñòàíîâëåíî, ò.ê. êîíå÷íûé êîìïüþòåð îòâåðã çàïðîñ íà ïîäêëþ÷åíèå. at t/04cgi.t line 154, <DATA> line 16.
# '
#     doesn't match '/server_software: HTTP::Server::Simple/\d+.\d+/'

#   Failed test 'method - request_method'
#   at t/04cgi.t line 69.
#                   '[ERROR] connect: Ïîäêëþ÷åíèå íå óñòàíîâëåíî, ò.ê. êîíå÷íûé êîìïüþòåð îòâåðã çàïðîñ íà ïîäêëþ÷åíèå. at t/04cgi.t line 154, <DATA> line 16.
# '
#     doesn't match '/request_method: GET/'

#   Failed test 'method - url'
#   at t/04cgi.t line 69.
#                   '[ERROR] connect: Ïîäêëþ÷åíèå íå óñòàíîâëåíî, ò.ê. êîíå÷íûé êîìïüþòåð îòâåðã çàïðîñ íà ïîäêëþ÷åíèå. at t/04cgi.t line 154, <DATA> line 16.
# '
#     doesn't match '/url: http://localhost:44981/'

#   Failed test 'method - server_port'
#   at t/04cgi.t line 69.
#                   '[ERROR] connect: Ïîäêëþ÷åíèå íå óñòàíîâëåíî, ò.ê. êîíå÷íûé êîìïüþòåð îòâåðã çàïðîñ íà ïîäêëþ÷åíèå. at t/04cgi.t line 154, <DATA> line 16.
# '
#     doesn't match '/server_port: 44981/'

#   Failed test 'method - path_info'
#   at t/04cgi.t line 69.
#                   '[ERROR] connect: Ïîäêëþ÷åíèå íå óñòàíîâëåíî, ò.ê. êîíå÷íûé êîìïüþòåð îòâåðã çàïðîñ íà ïîäêëþ÷åíèå. at t/04cgi.t line 154, <DATA> line 16.
# '
#     doesn't match '/path_info: /cgitest/path_info/'

#   Failed test 'method - server_name'
#   at t/04cgi.t line 69.
#                   '[ERROR] connect: Ïîäêëþ÷åíèå íå óñòàíîâëåíî, ò.ê. êîíå÷íûé êîìïüþòåð îòâåðã çàïðîñ íà ïîäêëþ÷åíèå. at t/04cgi.t line 154, <DATA> line 16.
# '
#     doesn't match '/server_name: localhost/'

#   Failed test 'Environment - SERVER_NAME'
#   at t/04cgi.t line 78.
#                   '[ERROR] connect: Ïîäêëþ÷åíèå íå óñòàíîâëåíî, ò.ê. êîíå÷íûé êîìïüþòåð îòâåðã çàïðîñ íà ïîäêëþ÷åíèå. at t/04cgi.t line 154, <DATA> line 16.
# '
#     doesn't match '/SERVER_NAME: localhost/'

#   Failed test 'Environment - REMOTE_ADDR'
#   at t/04cgi.t line 78.
#                   '[ERROR] connect: Ïîäêëþ÷åíèå íå óñòàíîâëåíî, ò.ê. êîíå÷íûé êîìïüþòåð îòâåðã çàïðîñ íà ïîäêëþ÷åíèå. at t/04cgi.t line 154, <DATA> line 16.
# '
#     doesn't match '/REMOTE_ADDR: 127.0.0.1/'

#   Failed test 'Environment - PATH_INFO'
#   at t/04cgi.t line 78.
#                   '[ERROR] connect: Ïîäêëþ÷åíèå íå óñòàíîâëåíî, ò.ê. êîíå÷íûé êîìïüþòåð îòâåðã çàïðîñ íà ïîäêëþ÷åíèå. at t/04cgi.t line 154, <DATA> line 16.
# '
#     doesn't match '/PATH_INFO: /cgitest/PATH_INFO/'

#   Failed test 'Environment - SERVER_PROTOCOL'
#   at t/04cgi.t line 78.
#                   '[ERROR] connect: Ïîäêëþ÷åíèå íå óñòàíîâëåíî, ò.ê. êîíå÷íûé êîìïüþòåð îòâåðã çàïðîñ íà ïîäêëþ÷åíèå. at t/04cgi.t line 154, <DATA> line 16.
# '
#     doesn't match '/SERVER_PROTOCOL: HTTP/1.1/'

#   Failed test 'Environment - REQUEST_METHOD'
#   at t/04cgi.t line 78.
#                   '[ERROR] connect: Ïîäêëþ÷åíèå íå óñòàíîâëåíî, ò.ê. êîíå÷íûé êîìïüþòåð îòâåðã çàïðîñ íà ïîäêëþ÷åíèå. at t/04cgi.t line 154, <DATA> line 16.
# '
#     doesn't match '/REQUEST_METHOD: GET/'

#   Failed test 'Environment - REQUEST_URI'
#   at t/04cgi.t line 78.
#                   '[ERROR] connect: Ïîäêëþ÷åíèå íå óñòàíîâëåíî, ò.ê. êîíå÷íûé êîìïüþòåð îòâåðã çàïðîñ íà ïîäêëþ÷åíèå. at t/04cgi.t line 154, <DATA> line 16.
# '
#     doesn't match '/REQUEST_URI: /cgitest/REQUEST_URI/'

#   Failed test 'Environment - SERVER_SOFTWARE'
#   at t/04cgi.t line 78.
#                   '[ERROR] connect: Ïîäêëþ÷åíèå íå óñòàíîâëåíî, ò.ê. êîíå÷íûé êîìïüþòåð îòâåðã çàïðîñ íà ïîäêëþ÷åíèå. at t/04cgi.t line 154, <DATA> line 16.
# '
#     doesn't match '/SERVER_SOFTWARE: HTTP::Server::Simple/\d+.\d+/'

#   Failed test 'Environment - QUERY_STRING'
#   at t/04cgi.t line 78.
#                   '[ERROR] connect: Ïîäêëþ÷åíèå íå óñòàíîâëåíî, ò.ê. êîíå÷íûé êîìïüþòåð îòâåðã çàïðîñ íà ïîäêëþ÷åíèå. at t/04cgi.t line 154, <DATA> line 16.
# '
#     doesn't match '/QUERY_STRING: /'

#   Failed test 'Environment - SERVER_URL'
#   at t/04cgi.t line 78.
#                   '[ERROR] connect: Ïîäêëþ÷åíèå íå óñòàíîâëåíî, ò.ê. êîíå÷íûé êîìïüþòåð îòâåðã çàïðîñ íà ïîäêëþ÷åíèå. at t/04cgi.t line 154, <DATA> line 16.
# '
#     doesn't match '/SERVER_URL: http://localhost:44981//'

#   Failed test 'Environment - SERVER_PORT'
#   at t/04cgi.t line 78.
#                   '[ERROR] connect: Ïîäêëþ÷åíèå íå óñòàíîâëåíî, ò.ê. êîíå÷íûé êîìïüþòåð îòâåðã çàïðîñ íà ïîäêëþ÷åíèå. at t/04cgi.t line 154, <DATA> line 16.
# '
#     doesn't match '/SERVER_PORT: 44981/'

#   Failed test 'method (absolute URL) - server_software'
#   at t/04cgi.t line 95.
#                   '[ERROR] connect: Ïîäêëþ÷åíèå íå óñòàíîâëåíî, ò.ê. êîíå÷íûé êîìïüþòåð îòâåðã çàïðîñ íà ïîäêëþ÷åíèå. at t/04cgi.t line 154, <DATA> line 16.
# '
#     doesn't match '/server_software: HTTP::Server::Simple/\d+.\d+/'

#   Failed test 'method (absolute URL) - request_method'
#   at t/04cgi.t line 95.
#                   '[ERROR] connect: Ïîäêëþ÷åíèå íå óñòàíîâëåíî, ò.ê. êîíå÷íûé êîìïüþòåð îòâåðã çàïðîñ íà ïîäêëþ÷åíèå. at t/04cgi.t line 154, <DATA> line 16.
# '
#     doesn't match '/request_method: GET/'

#   Failed test 'method (absolute URL) - url'
#   at t/04cgi.t line 95.
#                   '[ERROR] connect: Ïîäêëþ÷åíèå íå óñòàíîâëåíî, ò.ê. êîíå÷íûé êîìïüþòåð îòâåðã çàïðîñ íà ïîäêëþ÷åíèå. at t/04cgi.t line 154, <DATA> line 16.
# '
#     doesn't match '/url: http://localhost:44981/'

#   Failed test 'method (absolute URL) - server_port'
#   at t/04cgi.t line 95.
#                   '[ERROR] connect: Ïîäêëþ÷åíèå íå óñòàíîâëåíî, ò.ê. êîíå÷íûé êîìïüþòåð îòâåðã çàïðîñ íà ïîäêëþ÷åíèå. at t/04cgi.t line 154, <DATA> line 16.
# '
#     doesn't match '/server_port: 44981/'

#   Failed test 'method (absolute URL) - path_info'
#   at t/04cgi.t line 95.
#                   '[ERROR] connect: Ïîäêëþ÷åíèå íå óñòàíîâëåíî, ò.ê. êîíå÷íûé êîìïüþòåð îòâåðã çàïðîñ íà ïîäêëþ÷åíèå. at t/04cgi.t line 154, <DATA> line 16.
# '
#     doesn't match '/path_info: /cgitest/path_info/'

#   Failed test 'method (absolute URL) - server_name'
#   at t/04cgi.t line 95.
#                   '[ERROR] connect: Ïîäêëþ÷åíèå íå óñòàíîâëåíî, ò.ê. êîíå÷íûé êîìïüþòåð îòâåðã çàïðîñ íà ïîäêëþ÷åíèå. at t/04cgi.t line 154, <DATA> line 16.
# '
#     doesn't match '/server_name: localhost/'

#   Failed test 'Environment (absolute URL) - SERVER_NAME'
#   at t/04cgi.t line 107.
#                   '[ERROR] connect: Ïîäêëþ÷åíèå íå óñòàíîâëåíî, ò.ê. êîíå÷íûé êîìïüþòåð îòâåðã çàïðîñ íà ïîäêëþ÷åíèå. at t/04cgi.t line 154, <DATA> line 16.
# '
#     doesn't match '/SERVER_NAME: localhost/'

#   Failed test 'Environment (absolute URL) - REMOTE_ADDR'
#   at t/04cgi.t line 107.
#                   '[ERROR] connect: Ïîäêëþ÷åíèå íå óñòàíîâëåíî, ò.ê. êîíå÷íûé êîìïüþòåð îòâåðã çàïðîñ íà ïîäêëþ÷åíèå. at t/04cgi.t line 154, <DATA> line 16.
# '
#     doesn't match '/REMOTE_ADDR: 127.0.0.1/'

#   Failed test 'Environment (absolute URL) - PATH_INFO'
#   at t/04cgi.t line 107.
#                   '[ERROR] connect: Ïîäêëþ÷åíèå íå óñòàíîâëåíî, ò.ê. êîíå÷íûé êîìïüþòåð îòâåðã çàïðîñ íà ïîäêëþ÷åíèå. at t/04cgi.t line 154, <DATA> line 16.
# '
#     doesn't match '/PATH_INFO: /cgitest/PATH_INFO/'

#   Failed test 'Environment (absolute URL) - SERVER_PROTOCOL'
#   at t/04cgi.t line 107.
#                   '[ERROR] connect: Ïîäêëþ÷åíèå íå óñòàíîâëåíî, ò.ê. êîíå÷íûé êîìïüþòåð îòâåðã çàïðîñ íà ïîäêëþ÷åíèå. at t/04cgi.t line 154, <DATA> line 16.
# '
#     doesn't match '/SERVER_PROTOCOL: HTTP/1.1/'

#   Failed test 'Environment (absolute URL) - REQUEST_METHOD'
#   at t/04cgi.t line 107.
#                   '[ERROR] connect: Ïîäêëþ÷åíèå íå óñòàíîâëåíî, ò.ê. êîíå÷íûé êîìïüþòåð îòâåðã çàïðîñ íà ïîäêëþ÷åíèå. at t/04cgi.t line 154, <DATA> line 16.
# '
#     doesn't match '/REQUEST_METHOD: GET/'

#   Failed test 'Environment (absolute URL) - REQUEST_URI'
#   at t/04cgi.t line 107.
#                   '[ERROR] connect: Ïîäêëþ÷åíèå íå óñòàíîâëåíî, ò.ê. êîíå÷íûé êîìïüþòåð îòâåðã çàïðîñ íà ïîäêëþ÷åíèå. at t/04cgi.t line 154, <DATA> line 16.
# '
#     doesn't match '/REQUEST_URI: /cgitest/REQUEST_URI/'

#   Failed test 'Environment (absolute URL) - SERVER_SOFTWARE'
#   at t/04cgi.t line 107.
#                   '[ERROR] connect: Ïîäêëþ÷åíèå íå óñòàíîâëåíî, ò.ê. êîíå÷íûé êîìïüþòåð îòâåðã çàïðîñ íà ïîäêëþ÷åíèå. at t/04cgi.t line 154, <DATA> line 16.
# '
#     doesn't match '/SERVER_SOFTWARE: HTTP::Server::Simple/\d+.\d+/'

#   Failed test 'Environment (absolute URL) - QUERY_STRING'
#   at t/04cgi.t line 107.
#                   '[ERROR] connect: Ïîäêëþ÷åíèå íå óñòàíîâëåíî, ò.ê. êîíå÷íûé êîìïüþòåð îòâåðã çàïðîñ íà ïîäêëþ÷åíèå. at t/04cgi.t line 154, <DATA> line 16.
# '
#     doesn't match '/QUERY_STRING: /'

#   Failed test 'Environment (absolute URL) - SERVER_URL'
#   at t/04cgi.t line 107.
#                   '[ERROR] connect: Ïîäêëþ÷åíèå íå óñòàíîâëåíî, ò.ê. êîíå÷íûé êîìïüþòåð îòâåðã çàïðîñ íà ïîäêëþ÷åíèå. at t/04cgi.t line 154, <DATA> line 16.
# '
#     doesn't match '/SERVER_URL: http://localhost:44981//'

#   Failed test 'Environment (absolute URL) - SERVER_PORT'
#   at t/04cgi.t line 107.
#                   '[ERROR] connect: Ïîäêëþ÷åíèå íå óñòàíîâëåíî, ò.ê. êîíå÷íûé êîìïüþòåð îòâåðã çàïðîñ íà ïîäêëþ÷åíèå. at t/04cgi.t line 154, <DATA> line 16.
# '
#     doesn't match '/SERVER_PORT: 44981/'

#   Failed test 'method (absolute URL) - server_software'
#   at t/04cgi.t line 95.
#                   '[ERROR] connect: Ïîäêëþ÷åíèå íå óñòàíîâëåíî, ò.ê. êîíå÷íûé êîìïüþòåð îòâåðã çàïðîñ íà ïîäêëþ÷åíèå. at t/04cgi.t line 154, <DATA> line 16.
# '
#     doesn't match '/server_software: HTTP::Server::Simple/\d+.\d+/'

#   Failed test 'method (absolute URL) - request_method'
#   at t/04cgi.t line 95.
#                   '[ERROR] connect: Ïîäêëþ÷åíèå íå óñòàíîâëåíî, ò.ê. êîíå÷íûé êîìïüþòåð îòâåðã çàïðîñ íà ïîäêëþ÷åíèå. at t/04cgi.t line 154, <DATA> line 16.
# '
#     doesn't match '/request_method: HEAD/'

#   Failed test 'method (absolute URL) - url'
#   at t/04cgi.t line 95.
#                   '[ERROR] connect: Ïîäêëþ÷åíèå íå óñòàíîâëåíî, ò.ê. êîíå÷íûé êîìïüþòåð îòâåðã çàïðîñ íà ïîäêëþ÷åíèå. at t/04cgi.t line 154, <DATA> line 16.
# '
#     doesn't match '/url: http://localhost:44981/'

#   Failed test 'method (absolute URL) - server_port'
#   at t/04cgi.t line 95.
#                   '[ERROR] connect: Ïîäêëþ÷åíèå íå óñòàíîâëåíî, ò.ê. êîíå÷íûé êîìïüþòåð îòâåðã çàïðîñ íà ïîäêëþ÷åíèå. at t/04cgi.t line 154, <DATA> line 16.
# '
#     doesn't match '/server_port: 44981/'

#   Failed test 'method (absolute URL) - path_info'
#   at t/04cgi.t line 95.
#                   '[ERROR] connect: Ïîäêëþ÷åíèå íå óñòàíîâëåíî, ò.ê. êîíå÷íûé êîìïüþòåð îòâåðã çàïðîñ íà ïîäêëþ÷åíèå. at t/04cgi.t line 154, <DATA> line 16.
# '
#     doesn't match '/path_info: /cgitest/path_info/'

#   Failed test 'method (absolute URL) - server_name'
#   at t/04cgi.t line 95.
#                   '[ERROR] connect: Ïîäêëþ÷åíèå íå óñòàíîâëåíî, ò.ê. êîíå÷íûé êîìïüþòåð îòâåðã çàïðîñ íà ïîäêëþ÷åíèå. at t/04cgi.t line 154, <DATA> line 16.
# '
#     doesn't match '/server_name: localhost/'

#   Failed test 'Environment (absolute URL) - SERVER_NAME'
#   at t/04cgi.t line 107.
#                   '[ERROR] connect: Ïîäêëþ÷åíèå íå óñòàíîâëåíî, ò.ê. êîíå÷íûé êîìïüþòåð îòâåðã çàïðîñ íà ïîäêëþ÷åíèå. at t/04cgi.t line 154, <DATA> line 16.
# '
#     doesn't match '/SERVER_NAME: localhost/'

#   Failed test 'Environment (absolute URL) - REMOTE_ADDR'
#   at t/04cgi.t line 107.
#                   '[ERROR] connect: Ïîäêëþ÷åíèå íå óñòàíîâëåíî, ò.ê. êîíå÷íûé êîìïüþòåð îòâåðã çàïðîñ íà ïîäêëþ÷åíèå. at t/04cgi.t line 154, <DATA> line 16.
# '
#     doesn't match '/REMOTE_ADDR: 127.0.0.1/'

#   Failed test 'Environment (absolute URL) - PATH_INFO'
#   at t/04cgi.t line 107.
#                   '[ERROR] connect: Ïîäêëþ÷åíèå íå óñòàíîâëåíî, ò.ê. êîíå÷íûé êîìïüþòåð îòâåðã çàïðîñ íà ïîäêëþ÷åíèå. at t/04cgi.t line 154, <DATA> line 16.
# '
#     doesn't match '/PATH_INFO: /cgitest/PATH_INFO/'

#   Failed test 'Environment (absolute URL) - SERVER_PROTOCOL'
#   at t/04cgi.t line 107.
#                   '[ERROR] connect: Ïîäêëþ÷åíèå íå óñòàíîâëåíî, ò.ê. êîíå÷íûé êîìïüþòåð îòâåðã çàïðîñ íà ïîäêëþ÷åíèå. at t/04cgi.t line 154, <DATA> line 16.
# '
#     doesn't match '/SERVER_PROTOCOL: HTTP/1.1/'

#   Failed test 'Environment (absolute URL) - REQUEST_METHOD'
#   at t/04cgi.t line 107.
#                   '[ERROR] connect: Ïîäêëþ÷åíèå íå óñòàíîâëåíî, ò.ê. êîíå÷íûé êîìïüþòåð îòâåðã çàïðîñ íà ïîäêëþ÷åíèå. at t/04cgi.t line 154, <DATA> line 16.
# '
#     doesn't match '/REQUEST_METHOD: HEAD/'

#   Failed test 'Environment (absolute URL) - REQUEST_URI'
#   at t/04cgi.t line 107.
#                   '[ERROR] connect: Ïîäêëþ÷åíèå íå óñòàíîâëåíî, ò.ê. êîíå÷íûé êîìïüþòåð îòâåðã çàïðîñ íà ïîäêëþ÷åíèå. at t/04cgi.t line 154, <DATA> line 16.
# '
#     doesn't match '/REQUEST_URI: /cgitest/REQUEST_URI/'

#   Failed test 'Environment (absolute URL) - SERVER_SOFTWARE'
#   at t/04cgi.t line 107.
#                   '[ERROR] connect: Ïîäêëþ÷åíèå íå óñòàíîâëåíî, ò.ê. êîíå÷íûé êîìïüþòåð îòâåðã çàïðîñ íà ïîäêëþ÷åíèå. at t/04cgi.t line 154, <DATA> line 16.
# '
#     doesn't match '/SERVER_SOFTWARE: HTTP::Server::Simple/\d+.\d+/'

#   Failed test 'Environment (absolute URL) - QUERY_STRING'
#   at t/04cgi.t line 107.
#                   '[ERROR] connect: Ïîäêëþ÷åíèå íå óñòàíîâëåíî, ò.ê. êîíå÷íûé êîìïüþòåð îòâåðã çàïðîñ íà ïîäêëþ÷åíèå. at t/04cgi.t line 154, <DATA> line 16.
# '
#     doesn't match '/QUERY_STRING: /'

#   Failed test 'Environment (absolute URL) - SERVER_URL'
#   at t/04cgi.t line 107.
#                   '[ERROR] connect: Ïîäêëþ÷åíèå íå óñòàíîâëåíî, ò.ê. êîíå÷íûé êîìïüþòåð îòâåðã çàïðîñ íà ïîäêëþ÷åíèå. at t/04cgi.t line 154, <DATA> line 16.
# '
#     doesn't match '/SERVER_URL: http://localhost:44981//'

#   Failed test 'Environment (absolute URL) - SERVER_PORT'
#   at t/04cgi.t line 107.
#                   '[ERROR] connect: Ïîäêëþ÷åíèå íå óñòàíîâëåíî, ò.ê. êîíå÷íûé êîìïüþòåð îòâåðã çàïðîñ íà ïîäêëþ÷åíèå. at t/04cgi.t line 154, <DATA> line 16.
# '
#     doesn't match '/SERVER_PORT: 44981/'

#   Failed test 'Didn't decode already'
#   at t/04cgi.t line 117.
#                   '[ERROR] connect: Ïîäêëþ÷åíèå íå óñòàíîâëåíî, ò.ê. êîíå÷íûé êîìïüþòåð îòâåðã çàïðîñ íà ïîäêëþ÷åíèå. at t/04cgi.t line 154, <DATA> line 16.
# '
#     doesn't match '(?^:foo%3Fbar)'

#   Failed test 'Did decode already'
#   at t/04cgi.t line 122.
#                   '[ERROR] connect: Ïîäêëþ÷åíèå íå óñòàíîâëåíî, ò.ê. êîíå÷íûé êîìïüþòåð îòâåðã çàïðîñ íà ïîäêëþ÷åíèå. at t/04cgi.t line 154, <DATA> line 16.
# '
#     doesn't match '(?^:foo/bar)'

#   Failed test 'uses HTTP_COOKIE'
#   at t/04cgi.t line 128.
#                   '[ERROR] connect: Ïîäêëþ÷åíèå íå óñòàíîâëåíî, ò.ê. êîíå÷íûé êîìïüþòåð îòâåðã çàïðîñ íà ïîäêëþ÷åíèå. at t/04cgi.t line 154, <DATA> line 16.
# '
#     doesn't match '(?^:foo=bar)'
# Looks like you failed 57 tests of 60.
t/04cgi.t .......... 
Dubious, test returned 57 (wstat 14592, 0x3900)
Failed 57/60 subtests 

Test Summary Report
-------------------
t/01live.t       (Wstat: 3584 Tests: 34 Failed: 14)
  Failed tests:  4, 8, 12, 16, 19-22, 26-29, 32, 34
  Non-zero exit status: 14
t/04cgi.t        (Wstat: 14592 Tests: 60 Failed: 57)
  Failed tests:  3-59
  Non-zero exit status: 57
Files=6, Tests=109, 77 wallclock secs ( 0.04 usr +  0.06 sys =  0.10 CPU)
Result: FAIL
Failed 2/6 test programs. 71/109 subtests failed.
dmake.exe:  Error code 185, while making 'test_dynamic'

------------------------------
PREREQUISITES
------------------------------

Prerequisite modules loaded:

requires:

    Module              Need Have    
    ------------------- ---- --------
    CGI                 0    3.63    
    Socket              0    2.009   
    Test::More          0    1.001002

build_requires:

    Module              Need Have    
    ------------------- ---- --------
    ExtUtils::MakeMaker 6.36 6.64    

configure_requires:

    Module              Need Have    
    ------------------- ---- --------
    ExtUtils::MakeMaker 6.36 6.64    


------------------------------
ENVIRONMENT AND OTHER CONTEXT
------------------------------

Environment variables:

    AUTOMATED_TESTING = 1
    COMSPEC = C:\WINDOWS\system32\cmd.exe
    NUMBER_OF_PROCESSORS = 1
    PATH = C:\Program Files\Far Manager\;C:\WINDOWS\system32;C:\WINDOWS;C:\WINDOWS\System32\Wbem;C:\strawberry163\c\bin;C:\strawberry163\perl\site\bin;C:\strawberry163\perl\bin
    PERL5LIB = 
    PERL5OPT = 
    PERL5_CPANPLUS_IS_RUNNING = 1908
    PERL5_CPAN_IS_RUNNING = 1908
    PERL5_CPAN_IS_RUNNING_IN_RECURSION = 1692,1908
    PERL_CR_SMOKER_CURRENT = HTTP-Server-Simple-0.45_02
    PERL_EXTUTILS_AUTOINSTALL = --defaultdeps
    PERL_MM_USE_DEFAULT = 1
    PROCESSOR_IDENTIFIER = x86 Family 16 Model 5 Stepping 3, AuthenticAMD
    TEMP = C:\DOCUME~1\c\LOCALS~1\Temp
    TERM = dumb

Perl special variables (and OS-specific diagnostics, for MSWin32):

    $^X = C:\strawberry163\perl\bin\perl.exe
    $UID/$EUID = 0 / 0
    $GID = 0
    $EGID = 0
    Win32::GetOSName = WinXP/.Net
    Win32::GetOSVersion = Service Pack 3, 5, 1, 2600, 2, 3, 0, 256, 1
    Win32::FsType = NTFS
    Win32::IsAdminUser = 1

Perl module toolchain versions installed:

    Module              Have    
    ------------------- --------
    CPAN                2.00    
    CPAN::Meta          2.140640
    Cwd                 3.40    
    ExtUtils::CBuilder  0.280206
    ExtUtils::Command   1.17    
    ExtUtils::Install   1.58    
    ExtUtils::MakeMaker 6.64    
    ExtUtils::Manifest  1.61    
    ExtUtils::ParseXS   3.24    
    File::Spec          3.40    
    JSON                2.90    
    JSON::PP            2.27203 
    Module::Build       0.4205  
    Module::Signature   0.70    
    Parse::CPAN::Meta   1.4414  
    Test::Harness       3.30    
    Test::More          1.001002
    YAML                0.90    
    YAML::Syck          1.24    
    version             0.9902  


--

Summary of my perl5 (revision 5 version 16 subversion 3) configuration:
   
  Platform:
    osname=MSWin32, osvers=4.0, archname=MSWin32-x86-multi-thread
    uname='Win32 strawberry-perl 5.16.3.1 #1 Tue Mar 12 13:55:20 2013 i386'
    config_args='undef'
    hint=recommended, useposix=true, d_sigaction=undef
    useithreads=define, usemultiplicity=define
    useperlio=define, d_sfio=undef, uselargefiles=define, usesocks=undef
    use64bitint=undef, use64bitall=undef, uselongdouble=undef
    usemymalloc=n, bincompat5005=undef
  Compiler:
    cc='gcc', ccflags =' -s -O2 -DWIN32  -DPERL_TEXTMODE_SCRIPTS -DPERL_IMPLICIT_CONTEXT -DPERL_IMPLICIT_SYS -fno-strict-aliasing -mms-bitfields',
    optimize='-s -O2',
    cppflags='-DWIN32'
    ccversion='', gccversion='4.6.3', gccosandvers=''
    intsize=4, longsize=4, ptrsize=4, doublesize=8, byteorder=1234
    d_longlong=undef, longlongsize=8, d_longdbl=define, longdblsize=12
    ivtype='long', ivsize=4, nvtype='double', nvsize=8, Off_t='long long', lseeksize=8
    alignbytes=8, prototype=define
  Linker and Libraries:
    ld='g++', ldflags ='-s -L"C:\strawberry163\perl\lib\CORE" -L"C:\strawberry163\c\lib"'
    libpth=C:\strawberry163\c\lib C:\strawberry163\c\i686-w64-mingw32\lib
    libs=-lmoldname -lkernel32 -luser32 -lgdi32 -lwinspool -lcomdlg32 -ladvapi32 -lshell32 -lole32 -loleaut32 -lnetapi32 -luuid -lws2_32 -lmpr -lwinmm -lversion -lodbc32 -lodbccp32 -lcomctl32
    perllibs=-lmoldname -lkernel32 -luser32 -lgdi32 -lwinspool -lcomdlg32 -ladvapi32 -lshell32 -lole32 -loleaut32 -lnetapi32 -luuid -lws2_32 -lmpr -lwinmm -lversion -lodbc32 -lodbccp32 -lcomctl32
    libc=, so=dll, useshrplib=true, libperl=libperl516.a
    gnulibc_version=''
  Dynamic Linking:
    dlsrc=dl_win32.xs, dlext=dll, d_dlsymun=undef, ccdlflags=' '
    cccdlflags=' ', lddlflags='-mdll -s -L"C:\strawberry163\perl\lib\CORE" -L"C:\strawberry163\c\lib"'


Characteristics of this binary (from libperl): 
  Compile-time options: HAS_TIMES HAVE_INTERP_INTERN MULTIPLICITY
                        PERLIO_LAYERS PERL_DONT_CREATE_GVSV
                        PERL_IMPLICIT_CONTEXT PERL_IMPLICIT_SYS
                        PERL_MALLOC_WRAP PERL_PRESERVE_IVUV PL_OP_SLAB_ALLOC
                        USE_ITHREADS USE_LARGE_FILES USE_LOCALE
                        USE_LOCALE_COLLATE USE_LOCALE_CTYPE
                        USE_LOCALE_NUMERIC USE_PERLIO USE_PERL_ATOF
  Built under MSWin32
  Compiled at Mar 12 2013 14:01:07
  %ENV:
    PERL5_CPANPLUS_IS_RUNNING="1908"
    PERL5_CPAN_IS_RUNNING="1908"
    PERL5_CPAN_IS_RUNNING_IN_RECURSION="1692,1908"
    PERL_CR_SMOKER_CURRENT="HTTP-Server-Simple-0.45_02"
    PERL_EXTUTILS_AUTOINSTALL="--defaultdeps"
    PERL_MM_USE_DEFAULT="1"
  @INC:
    C:/strawberry163/perl/site/lib
    C:/strawberry163/perl/vendor/lib
    C:/strawberry163/perl/lib
    .