Astro-NED-Query v0.31 Perl 5 v5.20.3 x86_64-linux-ld

Status
Fail
From
Andreas J. König (ANDK)
Dist
Astro-NED-Query v0.31
Platform
Perl 5 v5.20.3 x86_64-linux-ld
Date
2017-09-26 06:18:58
ID
94e7f4bc-a282-11e7-81f2-e0276b005959
This distribution has been tested as part of the CPAN Testers
project, supporting the Perl programming language.  See
http://wiki.cpantesters.org/ for more information or email
questions to cpan-testers-discuss@perl.org


--
Dear Diab Jerius,

This is a computer-generated report for Astro-NED-Query-0.31
on perl 5.20.3, created by CPAN-Reporter-1.2018.

Thank you for uploading your work to CPAN.  However, there was a problem
testing your distribution.

If you think this report is invalid, please consult the CPAN Testers Wiki
for suggestions on how to avoid getting FAIL reports for missing library
or binary dependencies, unsupported operating systems, and so on:

http://wiki.cpantesters.org/wiki/CPANAuthorNotes

Sections of this report:

    * Tester comments
    * Program output
    * Prerequisites
    * Environment and other context

------------------------------
TESTER COMMENTS
------------------------------

Additional comments from tester:

this report is from an automated smoke testing program
and was not reviewed by a human for accuracy

------------------------------
PROGRAM OUTPUT
------------------------------

Output from '/usr/bin/make test':

PERL_DL_NONLAZY=1 "/home/sand/src/perl/repoperls/installed-perls/host/k93msid/v5.20.3/2d7c/bin/perl" "-MExtUtils::Command::MM" "-MTest::Harness" "-e" "undef *Test::Harness::Switches; test_harness(0, 'inc', 'blib/lib', 'blib/arch')" t/00-load.t t/backwards.t t/byname.t t/coordextinct.t t/nearname.t t/nearposn.t t/parse_object.t t/perlcritic.t t/pod-coverage.t t/pod.t
# Testing Astro::NED::Query 0.31, Perl 5.020003, /home/sand/src/perl/repoperls/installed-perls/host/k93msid/v5.20.3/2d7c/bin/perl
t/00-load.t ....... ok
t/backwards.t ..... ok
t/byname.t ........ ok

#   Failed test 'check query'
#   at t/coordextinct.t line 31.
# Looks like you failed 1 test of 7.
t/coordextinct.t .. 
Dubious, test returned 1 (wstat 256, 0x100)
Failed 1/7 subtests 
t/nearname.t ...... ok
t/nearposn.t ...... ok
t/parse_object.t .. ok
t/perlcritic.t .... ok
t/pod-coverage.t .. ok
t/pod.t ........... ok

Test Summary Report
-------------------
t/coordextinct.t (Wstat: 256 Tests: 7 Failed: 1)
  Failed test:  7
  Non-zero exit status: 1
Files=10, Tests=60, 31 wallclock secs ( 0.05 usr  0.05 sys +  5.40 cusr  0.76 csys =  6.26 CPU)
Result: FAIL
Failed 1/10 test programs. 1/60 subtests failed.
Makefile:815: recipe for target 'test_dynamic' failed
make: *** [test_dynamic] Error 255

------------------------------
PREREQUISITES
------------------------------

Prerequisite modules loaded:

requires:

    Module                 Need Have      
    ---------------------- ---- ----------
    Class::Accessor::Class 0.17 0.503     
    ExtUtils::MakeMaker    6.42 7.30      
    HTML::LinkExtor        1.31 3.69      
    HTML::Parser           0    3.72      
    HTML::TableParser      0.32 0.42      
    Regexp::Common         0    2017060201
    Test::More             0    1.302096  
    WWW::Mechanize         1.22 1.86      

build_requires:

    Module                 Need Have      
    ---------------------- ---- ----------
    ExtUtils::MakeMaker    0    7.30      

configure_requires:

    Module                 Need Have      
    ---------------------- ---- ----------
    ExtUtils::MakeMaker    6.42 7.30      


------------------------------
ENVIRONMENT AND OTHER CONTEXT
------------------------------

Environment variables:

    AUTOMATED_TESTING = 1
    LANG = en_US.UTF-8
    PATH = /home/sand/bin:/usr/local/bin:/usr/bin:/bin:/usr/games:/usr/local/perl/bin:/usr/X11/bin:/sbin:/usr/sbin
    PERL5LIB = /tmp/loop_over_bdir-28256-gyOrME/HTML-TableParser-0.42-0/blib/arch:/tmp/loop_over_bdir-28256-gyOrME/HTML-TableParser-0.42-0/blib/lib:/tmp/loop_over_bdir-28256-gyOrME/Class-Accessor-Class-0.503-0/blib/arch:/tmp/loop_over_bdir-28256-gyOrME/Class-Accessor-Class-0.503-0/blib/lib
    PERL5OPT = 
    PERL5_CPANPLUS_IS_RUNNING = 28265
    PERL5_CPAN_IS_RUNNING = 28265
    PERL5_CPAN_IS_RUNNING_IN_RECURSION = 5668,28265
    PERL_CANARY_STABILITY_NOPROMPT = 1
    PERL_MM_USE_DEFAULT = 1
    PERL_USE_UNSAFE_INC = 1
    SHELL = /usr/bin/zsh
    TERM = screen

Perl special variables (and OS-specific diagnostics, for MSWin32):

    $^X = /home/sand/src/perl/repoperls/installed-perls/host/k93msid/v5.20.3/2d7c/bin/perl
    $UID/$EUID = 1005 / 1005
    $GID = 1005 1005
    $EGID = 1005 1005

Perl module toolchain versions installed:

    Module              Have    
    ------------------- --------
    CPAN                2.18    
    CPAN::Meta          2.150010
    Cwd                 3.62    
    ExtUtils::CBuilder  0.280226
    ExtUtils::Command   7.30    
    ExtUtils::Install   2.06    
    ExtUtils::MakeMaker 7.30    
    ExtUtils::Manifest  1.70    
    ExtUtils::ParseXS   3.35    
    File::Spec          3.62    
    JSON                2.94    
    JSON::PP            2.94    
    Module::Build       0.4224  
    Module::Signature   0.81    
    Parse::CPAN::Meta   2.150010
    Test::Harness       3.39    
    Test::More          1.302096
    YAML                1.23    
    YAML::Syck          1.30    
    version             0.9909  


--

Summary of my perl5 (revision 5 version 20 subversion 3) configuration:
  Derived from: b67331aafd6eff33e3fd904c45e811f69cbfb0b2
  Platform:
    osname=linux, osvers=4.9.0-2-amd64, archname=x86_64-linux-ld
    uname='linux k93msid 4.9.0-2-amd64 #1 smp debian 4.9.18-1 (2017-03-30) x86_64 gnulinux '
    config_args='-Dprefix=/home/sand/src/perl/repoperls/installed-perls/host/k93msid/v5.20.3/2d7c -Dmyhostname=k93msid -Dinstallusrbinperl=n -Uversiononly -Dusedevel -des -Ui_db -Dlibswanted=cl pthread socket inet nsl gdbm dbm malloc dl ld sun m crypt sec util c cposix posix ucb BSD gdbm_compat -Uuseithreads -Duselongdouble -DDEBUGGING=-g'
    hint=recommended, useposix=true, d_sigaction=define
    useithreads=undef, usemultiplicity=undef
    use64bitint=define, use64bitall=define, uselongdouble=define
    usemymalloc=n, bincompat5005=undef
  Compiler:
    cc='cc', ccflags ='-fwrapv -fno-strict-aliasing -pipe -fstack-protector -I/usr/local/include -D_LARGEFILE_SOURCE -D_FILE_OFFSET_BITS=64',
    optimize='-O2 -g',
    cppflags='-fwrapv -fno-strict-aliasing -pipe -fstack-protector -I/usr/local/include'
    ccversion='', gccversion='6.3.0 20170406', gccosandvers=''
    intsize=4, longsize=8, ptrsize=8, doublesize=8, byteorder=12345678
    d_longlong=define, longlongsize=8, d_longdbl=define, longdblsize=16
    ivtype='long', ivsize=8, nvtype='long double', nvsize=16, Off_t='off_t', lseeksize=8
    alignbytes=16, prototype=define
  Linker and Libraries:
    ld='cc', ldflags =' -fstack-protector -L/usr/local/lib'
    libpth=/usr/local/lib /usr/lib/gcc/x86_64-linux-gnu/6/include-fixed /usr/include/x86_64-linux-gnu /usr/lib /lib/x86_64-linux-gnu /lib/../lib /usr/lib/x86_64-linux-gnu /usr/lib/../lib /lib
    libs=-lpthread -lnsl -ldl -lm -lcrypt -lutil -lc
    perllibs=-lpthread -lnsl -ldl -lm -lcrypt -lutil -lc
    libc=libc-2.24.so, so=so, useshrplib=false, libperl=libperl.a
    gnulibc_version='2.24'
  Dynamic Linking:
    dlsrc=dl_dlopen.xs, dlext=so, d_dlsymun=undef, ccdlflags='-Wl,-E'
    cccdlflags='-fPIC', lddlflags='-shared -O2 -g -L/usr/local/lib -fstack-protector'


Characteristics of this binary (from libperl): 
  Compile-time options: HAS_TIMES PERLIO_LAYERS PERL_DONT_CREATE_GVSV
                        PERL_HASH_FUNC_ONE_AT_A_TIME_HARD PERL_MALLOC_WRAP
                        PERL_NEW_COPY_ON_WRITE PERL_PRESERVE_IVUV
                        PERL_USE_DEVEL USE_64_BIT_ALL USE_64_BIT_INT
                        USE_LARGE_FILES USE_LOCALE USE_LOCALE_COLLATE
                        USE_LOCALE_CTYPE USE_LOCALE_NUMERIC USE_LONG_DOUBLE
                        USE_PERLIO USE_PERL_ATOF
  Locally applied patches:
	uncommitted-changes
  Built under linux
  Compiled at Aug 26 2017 02:29:08
  %ENV:
    PERL5LIB="/tmp/loop_over_bdir-28256-gyOrME/HTML-TableParser-0.42-0/blib/arch:/tmp/loop_over_bdir-28256-gyOrME/HTML-TableParser-0.42-0/blib/lib:/tmp/loop_over_bdir-28256-gyOrME/Class-Accessor-Class-0.503-0/blib/arch:/tmp/loop_over_bdir-28256-gyOrME/Class-Accessor-Class-0.503-0/blib/lib"
    PERL5OPT=""
    PERL5_CPANPLUS_IS_RUNNING="28265"
    PERL5_CPAN_IS_RUNNING="28265"
    PERL5_CPAN_IS_RUNNING_IN_RECURSION="5668,28265"
    PERL_CANARY_STABILITY_NOPROMPT="1"
    PERL_MM_USE_DEFAULT="1"
    PERL_USE_UNSAFE_INC="1"
  @INC:
    /tmp/loop_over_bdir-28256-gyOrME/HTML-TableParser-0.42-0/blib/arch
    /tmp/loop_over_bdir-28256-gyOrME/HTML-TableParser-0.42-0/blib/lib
    /tmp/loop_over_bdir-28256-gyOrME/Class-Accessor-Class-0.503-0/blib/arch
    /tmp/loop_over_bdir-28256-gyOrME/Class-Accessor-Class-0.503-0/blib/lib
    /home/sand/src/perl/repoperls/installed-perls/host/k93msid/v5.20.3/2d7c/lib/site_perl/5.20.3/x86_64-linux-ld
    /home/sand/src/perl/repoperls/installed-perls/host/k93msid/v5.20.3/2d7c/lib/site_perl/5.20.3
    /home/sand/src/perl/repoperls/installed-perls/host/k93msid/v5.20.3/2d7c/lib/5.20.3/x86_64-linux-ld
    /home/sand/src/perl/repoperls/installed-perls/host/k93msid/v5.20.3/2d7c/lib/5.20.3
    .