Ethereum-RPC-Client v0.05 Perl 5 v5.20.0 x86_64-linux

Status
Fail
From
Chris Williams (BINGOS)
Dist
Ethereum-RPC-Client v0.05
Platform
Perl 5 v5.20.0 x86_64-linux
Date
2023-03-08 04:20:38
ID
94b4934a-bd68-11ed-aba6-9a79f339625c
This distribution has been tested as part of the CPAN Testers
project, supporting the Perl programming language.  See
http://wiki.cpantesters.org/ for more information or email
questions to cpan-testers-discuss@perl.org


--

Dear BINARY,

This is a computer-generated error report created automatically by
CPANPLUS, version 0.9914. Testers personal comments may appear
at the end of this report.


Thank you for uploading your work to CPAN.  However, it appears that
there were some problems testing your distribution.

TEST RESULTS:

Below is the error stack from stage 'make test':

PERL_DL_NONLAZY=1 "/home/cpan/pit/bare/perl-5.20.0/bin/perl" "-MExtUtils::Command::MM" "-MTest::Harness" "-e" "undef *Test::Harness::Switches; test_harness(0, 'blib/lib', 'blib/arch')" t/*.t

#   Failed test 'Mojolicious satisfies '== 7.29''
#   at t/00-check-deps.t line 9.
# Installed version (9.31) of Mojolicious is not in range '== 7.29'
# Looks like you failed 1 test of 25.
t/00-check-deps.t .......... 
Dubious, test returned 1 (wstat 256, 0x100)
Failed 1/25 subtests 

#   Failed test 'Ethereum/RPC/Client.pm loaded ok'
#   at t/00-compile.t line 48.
#          got: '65280'
#     expected: '0'
Array found where operator expected at /home/cpan/pit/bare/conf/perl-5.20.0/.cpanplus/5.20.0/build/DvtOU4EY6I/Ethereum-RPC-Client-0.05/blib/lib/Ethereum/RPC/Contract.pm line 245, at end of line
	(Missing operator before ?)
Array found where operator expected at /home/cpan/pit/bare/conf/perl-5.20.0/.cpanplus/5.20.0/build/DvtOU4EY6I/Ethereum-RPC-Client-0.05/blib/lib/Ethereum/RPC/Contract.pm line 248, at end of line
	(Missing operator before ?)
Array found where operator expected at /home/cpan/pit/bare/conf/perl-5.20.0/.cpanplus/5.20.0/build/DvtOU4EY6I/Ethereum-RPC-Client-0.05/blib/lib/Ethereum/RPC/Contract.pm line 249, at end of line
	(Missing operator before ?)
Array found where operator expected at /home/cpan/pit/bare/conf/perl-5.20.0/.cpanplus/5.20.0/build/DvtOU4EY6I/Ethereum-RPC-Client-0.05/blib/lib/Ethereum/RPC/Contract.pm line 250, at end of line
	(Missing operator before ?)
Array found where operator expected at /home/cpan/pit/bare/conf/perl-5.20.0/.cpanplus/5.20.0/build/DvtOU4EY6I/Ethereum-RPC-Client-0.05/blib/lib/Ethereum/RPC/Contract.pm line 282, at end of line
	(Missing operator before ?)
syntax error at /home/cpan/pit/bare/conf/perl-5.20.0/.cpanplus/5.20.0/build/DvtOU4EY6I/Ethereum-RPC-Client-0.05/blib/lib/Ethereum/RPC/Contract.pm line 245, near "->@*"
Global symbol "@inputs" requires explicit package name at /home/cpan/pit/bare/conf/perl-5.20.0/.cpanplus/5.20.0/build/DvtOU4EY6I/Ethereum-RPC-Client-0.05/blib/lib/Ethereum/RPC/Contract.pm line 246.
Global symbol "@inputs" requires explicit package name at /home/cpan/pit/bare/conf/perl-5.20.0/.cpanplus/5.20.0/build/DvtOU4EY6I/Ethereum-RPC-Client-0.05/blib/lib/Ethereum/RPC/Contract.pm line 247.
syntax error at /home/cpan/pit/bare/conf/perl-5.20.0/.cpanplus/5.20.0/build/DvtOU4EY6I/Ethereum-RPC-Client-0.05/blib/lib/Ethereum/RPC/Contract.pm line 248, near "->@*"
syntax error at /home/cpan/pit/bare/conf/perl-5.20.0/.cpanplus/5.20.0/build/DvtOU4EY6I/Ethereum-RPC-Client-0.05/blib/lib/Ethereum/RPC/Contract.pm line 249, near "->@*"
syntax error at /home/cpan/pit/bare/conf/perl-5.20.0/.cpanplus/5.20.0/build/DvtOU4EY6I/Ethereum-RPC-Client-0.05/blib/lib/Ethereum/RPC/Contract.pm line 250, near "->@*"
syntax error at /home/cpan/pit/bare/conf/perl-5.20.0/.cpanplus/5.20.0/build/DvtOU4EY6I/Ethereum-RPC-Client-0.05/blib/lib/Ethereum/RPC/Contract.pm line 282, near "->@*"
Global symbol "$input" requires explicit package name at /home/cpan/pit/bare/conf/perl-5.20.0/.cpanplus/5.20.0/build/DvtOU4EY6I/Ethereum-RPC-Client-0.05/blib/lib/Ethereum/RPC/Contract.pm line 283.
Global symbol "$offset" requires explicit package name at /home/cpan/pit/bare/conf/perl-5.20.0/.cpanplus/5.20.0/build/DvtOU4EY6I/Ethereum-RPC-Client-0.05/blib/lib/Ethereum/RPC/Contract.pm line 288.
Global symbol "$offset" requires explicit package name at /home/cpan/pit/bare/conf/perl-5.20.0/.cpanplus/5.20.0/build/DvtOU4EY6I/Ethereum-RPC-Client-0.05/blib/lib/Ethereum/RPC/Contract.pm line 291.
syntax error at /home/cpan/pit/bare/conf/perl-5.20.0/.cpanplus/5.20.0/build/DvtOU4EY6I/Ethereum-RPC-Client-0.05/blib/lib/Ethereum/RPC/Contract.pm line 292, near "}"
/home/cpan/pit/bare/conf/perl-5.20.0/.cpanplus/5.20.0/build/DvtOU4EY6I/Ethereum-RPC-Client-0.05/blib/lib/Ethereum/RPC/Contract.pm has too many errors.
Compilation failed in require at /home/cpan/pit/bare/conf/perl-5.20.0/.cpanplus/5.20.0/build/DvtOU4EY6I/Ethereum-RPC-Client-0.05/blib/lib/Ethereum/RPC/Client.pm line 9.
BEGIN failed--compilation aborted at /home/cpan/pit/bare/conf/perl-5.20.0/.cpanplus/5.20.0/build/DvtOU4EY6I/Ethereum-RPC-Client-0.05/blib/lib/Ethereum/RPC/Client.pm line 9.
Compilation failed in require at -e line 1.

#   Failed test 'Ethereum/RPC/Contract.pm loaded ok'
#   at t/00-compile.t line 48.
#          got: '65280'
#     expected: '0'
Array found where operator expected at /home/cpan/pit/bare/conf/perl-5.20.0/.cpanplus/5.20.0/build/DvtOU4EY6I/Ethereum-RPC-Client-0.05/blib/lib/Ethereum/RPC/Contract.pm line 245, at end of line
	(Missing operator before ?)
Array found where operator expected at /home/cpan/pit/bare/conf/perl-5.20.0/.cpanplus/5.20.0/build/DvtOU4EY6I/Ethereum-RPC-Client-0.05/blib/lib/Ethereum/RPC/Contract.pm line 248, at end of line
	(Missing operator before ?)
Array found where operator expected at /home/cpan/pit/bare/conf/perl-5.20.0/.cpanplus/5.20.0/build/DvtOU4EY6I/Ethereum-RPC-Client-0.05/blib/lib/Ethereum/RPC/Contract.pm line 249, at end of line
	(Missing operator before ?)
Array found where operator expected at /home/cpan/pit/bare/conf/perl-5.20.0/.cpanplus/5.20.0/build/DvtOU4EY6I/Ethereum-RPC-Client-0.05/blib/lib/Ethereum/RPC/Contract.pm line 250, at end of line
	(Missing operator before ?)
Array found where operator expected at /home/cpan/pit/bare/conf/perl-5.20.0/.cpanplus/5.20.0/build/DvtOU4EY6I/Ethereum-RPC-Client-0.05/blib/lib/Ethereum/RPC/Contract.pm line 282, at end of line
	(Missing operator before ?)
syntax error at /home/cpan/pit/bare/conf/perl-5.20.0/.cpanplus/5.20.0/build/DvtOU4EY6I/Ethereum-RPC-Client-0.05/blib/lib/Ethereum/RPC/Contract.pm line 245, near "->@*"
Global symbol "@inputs" requires explicit package name at /home/cpan/pit/bare/conf/perl-5.20.0/.cpanplus/5.20.0/build/DvtOU4EY6I/Ethereum-RPC-Client-0.05/blib/lib/Ethereum/RPC/Contract.pm line 246.
Global symbol "@inputs" requires explicit package name at /home/cpan/pit/bare/conf/perl-5.20.0/.cpanplus/5.20.0/build/DvtOU4EY6I/Ethereum-RPC-Client-0.05/blib/lib/Ethereum/RPC/Contract.pm line 247.
syntax error at /home/cpan/pit/bare/conf/perl-5.20.0/.cpanplus/5.20.0/build/DvtOU4EY6I/Ethereum-RPC-Client-0.05/blib/lib/Ethereum/RPC/Contract.pm line 248, near "->@*"
syntax error at /home/cpan/pit/bare/conf/perl-5.20.0/.cpanplus/5.20.0/build/DvtOU4EY6I/Ethereum-RPC-Client-0.05/blib/lib/Ethereum/RPC/Contract.pm line 249, near "->@*"
syntax error at /home/cpan/pit/bare/conf/perl-5.20.0/.cpanplus/5.20.0/build/DvtOU4EY6I/Ethereum-RPC-Client-0.05/blib/lib/Ethereum/RPC/Contract.pm line 250, near "->@*"
syntax error at /home/cpan/pit/bare/conf/perl-5.20.0/.cpanplus/5.20.0/build/DvtOU4EY6I/Ethereum-RPC-Client-0.05/blib/lib/Ethereum/RPC/Contract.pm line 282, near "->@*"
Global symbol "$input" requires explicit package name at /home/cpan/pit/bare/conf/perl-5.20.0/.cpanplus/5.20.0/build/DvtOU4EY6I/Ethereum-RPC-Client-0.05/blib/lib/Ethereum/RPC/Contract.pm line 283.
Global symbol "$offset" requires explicit package name at /home/cpan/pit/bare/conf/perl-5.20.0/.cpanplus/5.20.0/build/DvtOU4EY6I/Ethereum-RPC-Client-0.05/blib/lib/Ethereum/RPC/Contract.pm line 288.
Global symbol "$offset" requires explicit package name at /home/cpan/pit/bare/conf/perl-5.20.0/.cpanplus/5.20.0/build/DvtOU4EY6I/Ethereum-RPC-Client-0.05/blib/lib/Ethereum/RPC/Contract.pm line 291.
syntax error at /home/cpan/pit/bare/conf/perl-5.20.0/.cpanplus/5.20.0/build/DvtOU4EY6I/Ethereum-RPC-Client-0.05/blib/lib/Ethereum/RPC/Contract.pm line 292, near "}"
/home/cpan/pit/bare/conf/perl-5.20.0/.cpanplus/5.20.0/build/DvtOU4EY6I/Ethereum-RPC-Client-0.05/blib/lib/Ethereum/RPC/Contract.pm has too many errors.
Compilation failed in require at -e line 1.
# Looks like you failed 2 tests of 6.
t/00-compile.t ............. 
Dubious, test returned 2 (wstat 512, 0x200)
Failed 2/6 subtests 
# 
# Versions for all modules listed in MYMETA.json (including optional ones):
# 
# === Configure Requires ===
# 
#     Module              Want Have
#     ------------------- ---- ----
#     ExtUtils::MakeMaker 7.64 7.64
# 
# === Build Requires ===
# 
#     Module              Want Have
#     ------------------- ---- ----
#     ExtUtils::MakeMaker  any 7.64
# 
# === Test Requires ===
# 
#     Module                 Want     Have
#     ------------------- ------- --------
#     ExtUtils::MakeMaker     any     7.64
#     File::Spec              any     3.75
#     IO::Handle              any     1.35
#     IPC::Open3              any     1.16
#     JSON                2.97001     4.10
#     Test::CheckDeps       0.010    0.010
#     Test::More             0.96 1.302191
# 
# === Test Recommends ===
# 
#     Module         Want     Have
#     ---------- -------- --------
#     CPAN::Meta 2.120900 2.150010
# 
# === Runtime Requires ===
# 
#     Module              Want     Have
#     --------------- -------- --------
#     Digest::Keccak      0.05     0.05
#     Encode               any     2.60
#     Future              0.37     0.49
#     JSON             2.97001     4.10
#     JSON::MaybeXS   1.003008 1.004004
#     List::Util           any     1.63
#     Math::BigFloat  1.999814 1.999837
#     Math::BigInt    1.999814 1.999837
#     Mojo::UserAgent      any    undef
#     Mojolicious      == 7.29     9.31
#     Moo                  any 2.005005
#     Path::Tiny           any    0.144
#     Scalar::Util         any     1.63
#     strict               any     1.08
#     warnings             any     1.23
# 
# 
# *** WARNING WARNING WARNING WARNING WARNING WARNING WARNING WARNING ***
# 
# The following REQUIRED prerequisites were not satisfied:
# 
# Mojolicious version '9.31' is not in required range '== 7.29'
# 
t/00-report-prereqs.t ...... ok
Array found where operator expected at /home/cpan/pit/bare/conf/perl-5.20.0/.cpanplus/5.20.0/build/DvtOU4EY6I/Ethereum-RPC-Client-0.05/blib/lib/Ethereum/RPC/Contract.pm line 245, at end of line
	(Missing operator before ?)
Array found where operator expected at /home/cpan/pit/bare/conf/perl-5.20.0/.cpanplus/5.20.0/build/DvtOU4EY6I/Ethereum-RPC-Client-0.05/blib/lib/Ethereum/RPC/Contract.pm line 248, at end of line
	(Missing operator before ?)
Array found where operator expected at /home/cpan/pit/bare/conf/perl-5.20.0/.cpanplus/5.20.0/build/DvtOU4EY6I/Ethereum-RPC-Client-0.05/blib/lib/Ethereum/RPC/Contract.pm line 249, at end of line
	(Missing operator before ?)
Array found where operator expected at /home/cpan/pit/bare/conf/perl-5.20.0/.cpanplus/5.20.0/build/DvtOU4EY6I/Ethereum-RPC-Client-0.05/blib/lib/Ethereum/RPC/Contract.pm line 250, at end of line
	(Missing operator before ?)
Array found where operator expected at /home/cpan/pit/bare/conf/perl-5.20.0/.cpanplus/5.20.0/build/DvtOU4EY6I/Ethereum-RPC-Client-0.05/blib/lib/Ethereum/RPC/Contract.pm line 282, at end of line
	(Missing operator before ?)
syntax error at /home/cpan/pit/bare/conf/perl-5.20.0/.cpanplus/5.20.0/build/DvtOU4EY6I/Ethereum-RPC-Client-0.05/blib/lib/Ethereum/RPC/Contract.pm line 245, near "->@*"
Global symbol "@inputs" requires explicit package name at /home/cpan/pit/bare/conf/perl-5.20.0/.cpanplus/5.20.0/build/DvtOU4EY6I/Ethereum-RPC-Client-0.05/blib/lib/Ethereum/RPC/Contract.pm line 246.
Global symbol "@inputs" requires explicit package name at /home/cpan/pit/bare/conf/perl-5.20.0/.cpanplus/5.20.0/build/DvtOU4EY6I/Ethereum-RPC-Client-0.05/blib/lib/Ethereum/RPC/Contract.pm line 247.
syntax error at /home/cpan/pit/bare/conf/perl-5.20.0/.cpanplus/5.20.0/build/DvtOU4EY6I/Ethereum-RPC-Client-0.05/blib/lib/Ethereum/RPC/Contract.pm line 248, near "->@*"
syntax error at /home/cpan/pit/bare/conf/perl-5.20.0/.cpanplus/5.20.0/build/DvtOU4EY6I/Ethereum-RPC-Client-0.05/blib/lib/Ethereum/RPC/Contract.pm line 249, near "->@*"
syntax error at /home/cpan/pit/bare/conf/perl-5.20.0/.cpanplus/5.20.0/build/DvtOU4EY6I/Ethereum-RPC-Client-0.05/blib/lib/Ethereum/RPC/Contract.pm line 250, near "->@*"
syntax error at /home/cpan/pit/bare/conf/perl-5.20.0/.cpanplus/5.20.0/build/DvtOU4EY6I/Ethereum-RPC-Client-0.05/blib/lib/Ethereum/RPC/Contract.pm line 282, near "->@*"
Global symbol "$input" requires explicit package name at /home/cpan/pit/bare/conf/perl-5.20.0/.cpanplus/5.20.0/build/DvtOU4EY6I/Ethereum-RPC-Client-0.05/blib/lib/Ethereum/RPC/Contract.pm line 283.
Global symbol "$offset" requires explicit package name at /home/cpan/pit/bare/conf/perl-5.20.0/.cpanplus/5.20.0/build/DvtOU4EY6I/Ethereum-RPC-Client-0.05/blib/lib/Ethereum/RPC/Contract.pm line 288.
Global symbol "$offset" requires explicit package name at /home/cpan/pit/bare/conf/perl-5.20.0/.cpanplus/5.20.0/build/DvtOU4EY6I/Ethereum-RPC-Client-0.05/blib/lib/Ethereum/RPC/Contract.pm line 291.
syntax error at /home/cpan/pit/bare/conf/perl-5.20.0/.cpanplus/5.20.0/build/DvtOU4EY6I/Ethereum-RPC-Client-0.05/blib/lib/Ethereum/RPC/Contract.pm line 292, near "}"
/home/cpan/pit/bare/conf/perl-5.20.0/.cpanplus/5.20.0/build/DvtOU4EY6I/Ethereum-RPC-Client-0.05/blib/lib/Ethereum/RPC/Contract.pm has too many errors.
Compilation failed in require at /home/cpan/pit/bare/conf/perl-5.20.0/.cpanplus/5.20.0/build/DvtOU4EY6I/Ethereum-RPC-Client-0.05/blib/lib/Ethereum/RPC/Client.pm line 9.
BEGIN failed--compilation aborted at /home/cpan/pit/bare/conf/perl-5.20.0/.cpanplus/5.20.0/build/DvtOU4EY6I/Ethereum-RPC-Client-0.05/blib/lib/Ethereum/RPC/Client.pm line 9.
Compilation failed in require at t/00_web3_clientVersion.t line 4.
BEGIN failed--compilation aborted at t/00_web3_clientVersion.t line 4.
t/00_web3_clientVersion.t .. 
Dubious, test returned 255 (wstat 65280, 0xff00)
No subtests run 
Array found where operator expected at /home/cpan/pit/bare/conf/perl-5.20.0/.cpanplus/5.20.0/build/DvtOU4EY6I/Ethereum-RPC-Client-0.05/blib/lib/Ethereum/RPC/Contract.pm line 245, at end of line
	(Missing operator before ?)
Array found where operator expected at /home/cpan/pit/bare/conf/perl-5.20.0/.cpanplus/5.20.0/build/DvtOU4EY6I/Ethereum-RPC-Client-0.05/blib/lib/Ethereum/RPC/Contract.pm line 248, at end of line
	(Missing operator before ?)
Array found where operator expected at /home/cpan/pit/bare/conf/perl-5.20.0/.cpanplus/5.20.0/build/DvtOU4EY6I/Ethereum-RPC-Client-0.05/blib/lib/Ethereum/RPC/Contract.pm line 249, at end of line
	(Missing operator before ?)
Array found where operator expected at /home/cpan/pit/bare/conf/perl-5.20.0/.cpanplus/5.20.0/build/DvtOU4EY6I/Ethereum-RPC-Client-0.05/blib/lib/Ethereum/RPC/Contract.pm line 250, at end of line
	(Missing operator before ?)
Array found where operator expected at /home/cpan/pit/bare/conf/perl-5.20.0/.cpanplus/5.20.0/build/DvtOU4EY6I/Ethereum-RPC-Client-0.05/blib/lib/Ethereum/RPC/Contract.pm line 282, at end of line
	(Missing operator before ?)
syntax error at /home/cpan/pit/bare/conf/perl-5.20.0/.cpanplus/5.20.0/build/DvtOU4EY6I/Ethereum-RPC-Client-0.05/blib/lib/Ethereum/RPC/Contract.pm line 245, near "->@*"
Global symbol "@inputs" requires explicit package name at /home/cpan/pit/bare/conf/perl-5.20.0/.cpanplus/5.20.0/build/DvtOU4EY6I/Ethereum-RPC-Client-0.05/blib/lib/Ethereum/RPC/Contract.pm line 246.
Global symbol "@inputs" requires explicit package name at /home/cpan/pit/bare/conf/perl-5.20.0/.cpanplus/5.20.0/build/DvtOU4EY6I/Ethereum-RPC-Client-0.05/blib/lib/Ethereum/RPC/Contract.pm line 247.
syntax error at /home/cpan/pit/bare/conf/perl-5.20.0/.cpanplus/5.20.0/build/DvtOU4EY6I/Ethereum-RPC-Client-0.05/blib/lib/Ethereum/RPC/Contract.pm line 248, near "->@*"
syntax error at /home/cpan/pit/bare/conf/perl-5.20.0/.cpanplus/5.20.0/build/DvtOU4EY6I/Ethereum-RPC-Client-0.05/blib/lib/Ethereum/RPC/Contract.pm line 249, near "->@*"
syntax error at /home/cpan/pit/bare/conf/perl-5.20.0/.cpanplus/5.20.0/build/DvtOU4EY6I/Ethereum-RPC-Client-0.05/blib/lib/Ethereum/RPC/Contract.pm line 250, near "->@*"
syntax error at /home/cpan/pit/bare/conf/perl-5.20.0/.cpanplus/5.20.0/build/DvtOU4EY6I/Ethereum-RPC-Client-0.05/blib/lib/Ethereum/RPC/Contract.pm line 282, near "->@*"
Global symbol "$input" requires explicit package name at /home/cpan/pit/bare/conf/perl-5.20.0/.cpanplus/5.20.0/build/DvtOU4EY6I/Ethereum-RPC-Client-0.05/blib/lib/Ethereum/RPC/Contract.pm line 283.
Global symbol "$offset" requires explicit package name at /home/cpan/pit/bare/conf/perl-5.20.0/.cpanplus/5.20.0/build/DvtOU4EY6I/Ethereum-RPC-Client-0.05/blib/lib/Ethereum/RPC/Contract.pm line 288.
Global symbol "$offset" requires explicit package name at /home/cpan/pit/bare/conf/perl-5.20.0/.cpanplus/5.20.0/build/DvtOU4EY6I/Ethereum-RPC-Client-0.05/blib/lib/Ethereum/RPC/Contract.pm line 291.
syntax error at /home/cpan/pit/bare/conf/perl-5.20.0/.cpanplus/5.20.0/build/DvtOU4EY6I/Ethereum-RPC-Client-0.05/blib/lib/Ethereum/RPC/Contract.pm line 292, near "}"
/home/cpan/pit/bare/conf/perl-5.20.0/.cpanplus/5.20.0/build/DvtOU4EY6I/Ethereum-RPC-Client-0.05/blib/lib/Ethereum/RPC/Contract.pm has too many errors.
Compilation failed in require at /home/cpan/pit/bare/conf/perl-5.20.0/.cpanplus/5.20.0/build/DvtOU4EY6I/Ethereum-RPC-Client-0.05/blib/lib/Ethereum/RPC/Client.pm line 9.
BEGIN failed--compilation aborted at /home/cpan/pit/bare/conf/perl-5.20.0/.cpanplus/5.20.0/build/DvtOU4EY6I/Ethereum-RPC-Client-0.05/blib/lib/Ethereum/RPC/Client.pm line 9.
Compilation failed in require at t/ABI_encoding.t line 10.
BEGIN failed--compilation aborted at t/ABI_encoding.t line 10.
t/ABI_encoding.t ........... 
Dubious, test returned 255 (wstat 65280, 0xff00)
No subtests run 
Array found where operator expected at /home/cpan/pit/bare/conf/perl-5.20.0/.cpanplus/5.20.0/build/DvtOU4EY6I/Ethereum-RPC-Client-0.05/blib/lib/Ethereum/RPC/Contract.pm line 245, at end of line
	(Missing operator before ?)
Array found where operator expected at /home/cpan/pit/bare/conf/perl-5.20.0/.cpanplus/5.20.0/build/DvtOU4EY6I/Ethereum-RPC-Client-0.05/blib/lib/Ethereum/RPC/Contract.pm line 248, at end of line
	(Missing operator before ?)
Array found where operator expected at /home/cpan/pit/bare/conf/perl-5.20.0/.cpanplus/5.20.0/build/DvtOU4EY6I/Ethereum-RPC-Client-0.05/blib/lib/Ethereum/RPC/Contract.pm line 249, at end of line
	(Missing operator before ?)
Array found where operator expected at /home/cpan/pit/bare/conf/perl-5.20.0/.cpanplus/5.20.0/build/DvtOU4EY6I/Ethereum-RPC-Client-0.05/blib/lib/Ethereum/RPC/Contract.pm line 250, at end of line
	(Missing operator before ?)
Array found where operator expected at /home/cpan/pit/bare/conf/perl-5.20.0/.cpanplus/5.20.0/build/DvtOU4EY6I/Ethereum-RPC-Client-0.05/blib/lib/Ethereum/RPC/Contract.pm line 282, at end of line
	(Missing operator before ?)
syntax error at /home/cpan/pit/bare/conf/perl-5.20.0/.cpanplus/5.20.0/build/DvtOU4EY6I/Ethereum-RPC-Client-0.05/blib/lib/Ethereum/RPC/Contract.pm line 245, near "->@*"
Global symbol "@inputs" requires explicit package name at /home/cpan/pit/bare/conf/perl-5.20.0/.cpanplus/5.20.0/build/DvtOU4EY6I/Ethereum-RPC-Client-0.05/blib/lib/Ethereum/RPC/Contract.pm line 246.
Global symbol "@inputs" requires explicit package name at /home/cpan/pit/bare/conf/perl-5.20.0/.cpanplus/5.20.0/build/DvtOU4EY6I/Ethereum-RPC-Client-0.05/blib/lib/Ethereum/RPC/Contract.pm line 247.
syntax error at /home/cpan/pit/bare/conf/perl-5.20.0/.cpanplus/5.20.0/build/DvtOU4EY6I/Ethereum-RPC-Client-0.05/blib/lib/Ethereum/RPC/Contract.pm line 248, near "->@*"
syntax error at /home/cpan/pit/bare/conf/perl-5.20.0/.cpanplus/5.20.0/build/DvtOU4EY6I/Ethereum-RPC-Client-0.05/blib/lib/Ethereum/RPC/Contract.pm line 249, near "->@*"
syntax error at /home/cpan/pit/bare/conf/perl-5.20.0/.cpanplus/5.20.0/build/DvtOU4EY6I/Ethereum-RPC-Client-0.05/blib/lib/Ethereum/RPC/Contract.pm line 250, near "->@*"
syntax error at /home/cpan/pit/bare/conf/perl-5.20.0/.cpanplus/5.20.0/build/DvtOU4EY6I/Ethereum-RPC-Client-0.05/blib/lib/Ethereum/RPC/Contract.pm line 282, near "->@*"
Global symbol "$input" requires explicit package name at /home/cpan/pit/bare/conf/perl-5.20.0/.cpanplus/5.20.0/build/DvtOU4EY6I/Ethereum-RPC-Client-0.05/blib/lib/Ethereum/RPC/Contract.pm line 283.
Global symbol "$offset" requires explicit package name at /home/cpan/pit/bare/conf/perl-5.20.0/.cpanplus/5.20.0/build/DvtOU4EY6I/Ethereum-RPC-Client-0.05/blib/lib/Ethereum/RPC/Contract.pm line 288.
Global symbol "$offset" requires explicit package name at /home/cpan/pit/bare/conf/perl-5.20.0/.cpanplus/5.20.0/build/DvtOU4EY6I/Ethereum-RPC-Client-0.05/blib/lib/Ethereum/RPC/Contract.pm line 291.
syntax error at /home/cpan/pit/bare/conf/perl-5.20.0/.cpanplus/5.20.0/build/DvtOU4EY6I/Ethereum-RPC-Client-0.05/blib/lib/Ethereum/RPC/Contract.pm line 292, near "}"
/home/cpan/pit/bare/conf/perl-5.20.0/.cpanplus/5.20.0/build/DvtOU4EY6I/Ethereum-RPC-Client-0.05/blib/lib/Ethereum/RPC/Contract.pm has too many errors.
Compilation failed in require at /home/cpan/pit/bare/conf/perl-5.20.0/.cpanplus/5.20.0/build/DvtOU4EY6I/Ethereum-RPC-Client-0.05/blib/lib/Ethereum/RPC/Client.pm line 9.
BEGIN failed--compilation aborted at /home/cpan/pit/bare/conf/perl-5.20.0/.cpanplus/5.20.0/build/DvtOU4EY6I/Ethereum-RPC-Client-0.05/blib/lib/Ethereum/RPC/Client.pm line 9.
Compilation failed in require at t/Crowdsale.t line 4.
BEGIN failed--compilation aborted at t/Crowdsale.t line 4.
t/Crowdsale.t .............. 
Dubious, test returned 255 (wstat 65280, 0xff00)
No subtests run 
Array found where operator expected at /home/cpan/pit/bare/conf/perl-5.20.0/.cpanplus/5.20.0/build/DvtOU4EY6I/Ethereum-RPC-Client-0.05/blib/lib/Ethereum/RPC/Contract.pm line 245, at end of line
	(Missing operator before ?)
Array found where operator expected at /home/cpan/pit/bare/conf/perl-5.20.0/.cpanplus/5.20.0/build/DvtOU4EY6I/Ethereum-RPC-Client-0.05/blib/lib/Ethereum/RPC/Contract.pm line 248, at end of line
	(Missing operator before ?)
Array found where operator expected at /home/cpan/pit/bare/conf/perl-5.20.0/.cpanplus/5.20.0/build/DvtOU4EY6I/Ethereum-RPC-Client-0.05/blib/lib/Ethereum/RPC/Contract.pm line 249, at end of line
	(Missing operator before ?)
Array found where operator expected at /home/cpan/pit/bare/conf/perl-5.20.0/.cpanplus/5.20.0/build/DvtOU4EY6I/Ethereum-RPC-Client-0.05/blib/lib/Ethereum/RPC/Contract.pm line 250, at end of line
	(Missing operator before ?)
Array found where operator expected at /home/cpan/pit/bare/conf/perl-5.20.0/.cpanplus/5.20.0/build/DvtOU4EY6I/Ethereum-RPC-Client-0.05/blib/lib/Ethereum/RPC/Contract.pm line 282, at end of line
	(Missing operator before ?)
syntax error at /home/cpan/pit/bare/conf/perl-5.20.0/.cpanplus/5.20.0/build/DvtOU4EY6I/Ethereum-RPC-Client-0.05/blib/lib/Ethereum/RPC/Contract.pm line 245, near "->@*"
Global symbol "@inputs" requires explicit package name at /home/cpan/pit/bare/conf/perl-5.20.0/.cpanplus/5.20.0/build/DvtOU4EY6I/Ethereum-RPC-Client-0.05/blib/lib/Ethereum/RPC/Contract.pm line 246.
Global symbol "@inputs" requires explicit package name at /home/cpan/pit/bare/conf/perl-5.20.0/.cpanplus/5.20.0/build/DvtOU4EY6I/Ethereum-RPC-Client-0.05/blib/lib/Ethereum/RPC/Contract.pm line 247.
syntax error at /home/cpan/pit/bare/conf/perl-5.20.0/.cpanplus/5.20.0/build/DvtOU4EY6I/Ethereum-RPC-Client-0.05/blib/lib/Ethereum/RPC/Contract.pm line 248, near "->@*"
syntax error at /home/cpan/pit/bare/conf/perl-5.20.0/.cpanplus/5.20.0/build/DvtOU4EY6I/Ethereum-RPC-Client-0.05/blib/lib/Ethereum/RPC/Contract.pm line 249, near "->@*"
syntax error at /home/cpan/pit/bare/conf/perl-5.20.0/.cpanplus/5.20.0/build/DvtOU4EY6I/Ethereum-RPC-Client-0.05/blib/lib/Ethereum/RPC/Contract.pm line 250, near "->@*"
syntax error at /home/cpan/pit/bare/conf/perl-5.20.0/.cpanplus/5.20.0/build/DvtOU4EY6I/Ethereum-RPC-Client-0.05/blib/lib/Ethereum/RPC/Contract.pm line 282, near "->@*"
Global symbol "$input" requires explicit package name at /home/cpan/pit/bare/conf/perl-5.20.0/.cpanplus/5.20.0/build/DvtOU4EY6I/Ethereum-RPC-Client-0.05/blib/lib/Ethereum/RPC/Contract.pm line 283.
Global symbol "$offset" requires explicit package name at /home/cpan/pit/bare/conf/perl-5.20.0/.cpanplus/5.20.0/build/DvtOU4EY6I/Ethereum-RPC-Client-0.05/blib/lib/Ethereum/RPC/Contract.pm line 288.
Global symbol "$offset" requires explicit package name at /home/cpan/pit/bare/conf/perl-5.20.0/.cpanplus/5.20.0/build/DvtOU4EY6I/Ethereum-RPC-Client-0.05/blib/lib/Ethereum/RPC/Contract.pm line 291.
syntax error at /home/cpan/pit/bare/conf/perl-5.20.0/.cpanplus/5.20.0/build/DvtOU4EY6I/Ethereum-RPC-Client-0.05/blib/lib/Ethereum/RPC/Contract.pm line 292, near "}"
/home/cpan/pit/bare/conf/perl-5.20.0/.cpanplus/5.20.0/build/DvtOU4EY6I/Ethereum-RPC-Client-0.05/blib/lib/Ethereum/RPC/Contract.pm has too many errors.
Compilation failed in require at /home/cpan/pit/bare/conf/perl-5.20.0/.cpanplus/5.20.0/build/DvtOU4EY6I/Ethereum-RPC-Client-0.05/blib/lib/Ethereum/RPC/Client.pm line 9.
BEGIN failed--compilation aborted at /home/cpan/pit/bare/conf/perl-5.20.0/.cpanplus/5.20.0/build/DvtOU4EY6I/Ethereum-RPC-Client-0.05/blib/lib/Ethereum/RPC/Client.pm line 9.
Compilation failed in require at t/ERC20.t line 7.
BEGIN failed--compilation aborted at t/ERC20.t line 7.
t/ERC20.t .................. 
Dubious, test returned 255 (wstat 65280, 0xff00)
No subtests run 

Test Summary Report
-------------------
t/00-check-deps.t        (Wstat: 256 (exited 1) Tests: 25 Failed: 1)
  Failed test:  19
  Non-zero exit status: 1
t/00-compile.t           (Wstat: 512 (exited 2) Tests: 6 Failed: 2)
  Failed tests:  1-2
  Non-zero exit status: 2
t/00_web3_clientVersion.t (Wstat: 65280 (exited 255) Tests: 0 Failed: 0)
  Non-zero exit status: 255
  Parse errors: No plan found in TAP output
t/ABI_encoding.t         (Wstat: 65280 (exited 255) Tests: 0 Failed: 0)
  Non-zero exit status: 255
  Parse errors: No plan found in TAP output
t/Crowdsale.t            (Wstat: 65280 (exited 255) Tests: 0 Failed: 0)
  Non-zero exit status: 255
  Parse errors: No plan found in TAP output
t/ERC20.t                (Wstat: 65280 (exited 255) Tests: 0 Failed: 0)
  Non-zero exit status: 255
  Parse errors: No plan found in TAP output
Files=7, Tests=32,  2 wallclock secs ( 0.02 usr  0.00 sys +  1.80 cusr  0.22 csys =  2.04 CPU)
Result: FAIL
Failed 6/7 test programs. 3/32 subtests failed.
make: *** [Makefile:927: test_dynamic] Error 255


PREREQUISITES:

Here is a list of prerequisites you specified and versions we
managed to load:

	  Module Name                        Have     Want
	  Digest::Keccak                     0.05     0.05
	  Encode                             2.60        0
	  ExtUtils::MakeMaker                7.64        0
	  File::Spec                         3.75        0
	  Future                             0.49     0.37
	  IO::Handle                         1.35        0
	  IPC::Open3                         1.16        0
	  JSON                               4.10  2.97001
	  JSON::MaybeXS                  1.004004 1.003008
	  List::Util                         1.63        0
	  Math::BigFloat                 1.999837 1.999814
	  Math::BigInt                   1.999837 1.999814
	  Mojo::UserAgent                       0        0
	! Mojolicious                        9.31  == 7.29
	  Moo                            2.005005        0
	  Path::Tiny                        0.144        0
	  Scalar::Util                       1.63        0
	  Test::CheckDeps                   0.010    0.010
	  Test::More                     1.302191     0.96
	  strict                             1.08        0
	  warnings                           1.23        0

Perl module toolchain versions installed:
	Module Name                        Have
	CPANPLUS                         0.9914
	CPANPLUS::Dist::Build              0.90
	Cwd                                3.75
	ExtUtils::CBuilder             0.280236
	ExtUtils::Command                  7.64
	ExtUtils::Install                  2.20
	ExtUtils::MakeMaker                7.64
	ExtUtils::Manifest                 1.73
	ExtUtils::ParseXS                  3.44
	File::Spec                         3.75
	Module::Build                    0.4231
	Pod::Parser                        1.62
	Pod::Simple                        3.28
	Test2                          1.302191
	Test::Harness                      3.44
	Test::More                     1.302191
	version                          0.9929

******************************** NOTE ********************************
The comments above are created mechanically, possibly without manual
checking by the sender.  As there are many people performing automatic
tests on each upload to CPAN, it is likely that you will receive
identical messages about the same problem.

If you believe that the message is mistaken, please reply to the first
one with correction and/or additional informations, and do not take
it personally.  We appreciate your patience. :)
**********************************************************************

Additional comments:


This report was machine-generated by CPANPLUS::Dist::YACSmoke 1.08.
Powered by minismokebox version 0.68

CPANPLUS is prefering Build.PL

------------------------------
ENVIRONMENT AND OTHER CONTEXT
------------------------------

Environment variables:

    AUTOMATED_TESTING = 1
    LANG = en_GB.UTF-8
    LANGUAGE = en_GB:en
    NONINTERACTIVE_TESTING = 1
    PATH = /usr/local/sbin:/usr/local/bin:/usr/sbin:/usr/bin:/sbin:/bin:/usr/games:/usr/local/games:/snap/bin
    PERL5LIB = /home/cpan/pit/jail/VIGc2UPHp5/lib/perl5:/home/cpan/pit/bare/conf/perl-5.20.0/.cpanplus/5.20.0/build/DvtOU4EY6I/Ethereum-RPC-Client-0.05/blib/lib:/home/cpan/pit/bare/conf/perl-5.20.0/.cpanplus/5.20.0/build/DvtOU4EY6I/Ethereum-RPC-Client-0.05/blib/arch
    PERL5_CPANPLUS_IS_RUNNING = 1301786
    PERL5_CPANPLUS_IS_VERSION = 0.9914
    PERL5_MINISMOKEBOX = 0.68
    PERL5_YACSMOKE_BASE = /home/cpan/pit/bare/conf/perl-5.20.0
    PERL_EXTUTILS_AUTOINSTALL = --defaultdeps
    PERL_LOCAL_LIB_ROOT = /home/cpan/pit/jail/VIGc2UPHp5
    PERL_MB_OPT = --install_base "/home/cpan/pit/jail/VIGc2UPHp5"
    PERL_MM_OPT = INSTALL_BASE=/home/cpan/pit/jail/VIGc2UPHp5
    PERL_MM_USE_DEFAULT = 1
    SHELL = /bin/bash
    TERM = screen.xterm-256color

Perl special variables (and OS-specific diagnostics, for MSWin32):

    Perl: $^X = /home/cpan/pit/bare/perl-5.20.0/bin/perl
    UID:  $<  = 1001
    EUID: $>  = 1001
    GID:  $(  = 1001 1001
    EGID: $)  = 1001 1001


-------------------------------


--

Summary of my perl5 (revision 5 version 20 subversion 0) configuration:
   
  Platform:
    osname=linux, osvers=5.4.0-26-generic, archname=x86_64-linux
    uname='linux uchder 5.4.0-26-generic #30-ubuntu smp mon apr 20 16:58:30 utc 2020 x86_64 x86_64 x86_64 gnulinux '
    config_args='-des -Dprefix=/home/cpan/pit/bare/perl-5.20.0'
    hint=recommended, useposix=true, d_sigaction=define
    useithreads=undef, usemultiplicity=undef
    use64bitint=define, use64bitall=define, uselongdouble=undef
    usemymalloc=n, bincompat5005=undef
  Compiler:
    cc='cc', ccflags ='-fwrapv -fno-strict-aliasing -pipe -fstack-protector -I/usr/local/include -D_LARGEFILE_SOURCE -D_FILE_OFFSET_BITS=64',
    optimize='-O2',
    cppflags='-fwrapv -fno-strict-aliasing -pipe -fstack-protector -I/usr/local/include'
    ccversion='', gccversion='9.3.0', gccosandvers=''
    intsize=4, longsize=8, ptrsize=8, doublesize=8, byteorder=12345678
    d_longlong=define, longlongsize=8, d_longdbl=define, longdblsize=16
    ivtype='long', ivsize=8, nvtype='double', nvsize=8, Off_t='off_t', lseeksize=8
    alignbytes=8, prototype=define
  Linker and Libraries:
    ld='cc', ldflags =' -fstack-protector -L/usr/local/lib'
    libpth=/usr/local/lib /usr/include/x86_64-linux-gnu /usr/lib /lib/x86_64-linux-gnu /lib/../lib /usr/lib/x86_64-linux-gnu /usr/lib/../lib /lib
    libs=-lnsl -lgdbm -ldl -lm -lcrypt -lutil -lc
    perllibs=-lnsl -ldl -lm -lcrypt -lutil -lc
    libc=libc-2.31.so, so=so, useshrplib=false, libperl=libperl.a
    gnulibc_version='2.31'
  Dynamic Linking:
    dlsrc=dl_dlopen.xs, dlext=so, d_dlsymun=undef, ccdlflags='-Wl,-E'
    cccdlflags='-fPIC', lddlflags='-shared -O2 -L/usr/local/lib -fstack-protector'


Characteristics of this binary (from libperl): 
  Compile-time options: HAS_TIMES PERLIO_LAYERS PERL_DONT_CREATE_GVSV
                        PERL_HASH_FUNC_ONE_AT_A_TIME_HARD PERL_MALLOC_WRAP
                        PERL_NEW_COPY_ON_WRITE PERL_PRESERVE_IVUV
                        USE_64_BIT_ALL USE_64_BIT_INT USE_LARGE_FILES
                        USE_LOCALE USE_LOCALE_COLLATE USE_LOCALE_CTYPE
                        USE_LOCALE_NUMERIC USE_PERLIO USE_PERL_ATOF
  Locally applied patches:
	Devel::PatchPerl 1.90
  Built under linux
  Compiled at Apr 26 2020 16:03:34
  %ENV:
    PERL5LIB="/home/cpan/pit/jail/VIGc2UPHp5/lib/perl5:/home/cpan/pit/bare/conf/perl-5.20.0/.cpanplus/5.20.0/build/DvtOU4EY6I/Ethereum-RPC-Client-0.05/blib/lib:/home/cpan/pit/bare/conf/perl-5.20.0/.cpanplus/5.20.0/build/DvtOU4EY6I/Ethereum-RPC-Client-0.05/blib/arch"
    PERL5_CPANPLUS_IS_RUNNING="1301786"
    PERL5_CPANPLUS_IS_VERSION="0.9914"
    PERL5_MINISMOKEBOX="0.68"
    PERL5_YACSMOKE_BASE="/home/cpan/pit/bare/conf/perl-5.20.0"
    PERL_EXTUTILS_AUTOINSTALL="--defaultdeps"
    PERL_LOCAL_LIB_ROOT="/home/cpan/pit/jail/VIGc2UPHp5"
    PERL_MB_OPT="--install_base "/home/cpan/pit/jail/VIGc2UPHp5""
    PERL_MM_OPT="INSTALL_BASE=/home/cpan/pit/jail/VIGc2UPHp5"
    PERL_MM_USE_DEFAULT="1"
  @INC:
    /home/cpan/pit/jail/VIGc2UPHp5/lib/perl5/5.20.0/x86_64-linux
    /home/cpan/pit/jail/VIGc2UPHp5/lib/perl5/5.20.0
    /home/cpan/pit/jail/VIGc2UPHp5/lib/perl5/x86_64-linux
    /home/cpan/pit/jail/VIGc2UPHp5/lib/perl5
    /home/cpan/pit/bare/conf/perl-5.20.0/.cpanplus/5.20.0/build/DvtOU4EY6I/Ethereum-RPC-Client-0.05/blib/lib
    /home/cpan/pit/bare/conf/perl-5.20.0/.cpanplus/5.20.0/build/DvtOU4EY6I/Ethereum-RPC-Client-0.05/blib/arch
    /home/cpan/pit/bare/perl-5.20.0/lib/site_perl/5.20.0/x86_64-linux
    /home/cpan/pit/bare/perl-5.20.0/lib/site_perl/5.20.0
    /home/cpan/pit/bare/perl-5.20.0/lib/5.20.0/x86_64-linux
    /home/cpan/pit/bare/perl-5.20.0/lib/5.20.0
    .