Back
From: metabase:user:320bfe00-2aae-11df-837a-5e0a49663a4f
Subject: FAIL WWW-Stickam-API-0.02 v5.15.1 GNU/Linux
Date: 2011-11-20T13:28:49Z
This distribution has been tested as part of the CPAN Testers
project, supporting the Perl programming language. See
http://wiki.cpantesters.org/ for more information or email
questions to cpan-testers-discuss@perl.org
--
Dear Tomohiro Teranishi,
This is a computer-generated report for WWW-Stickam-API-0.02
on perl 5.15.1, created by CPAN-Reporter-1.1902.
Thank you for uploading your work to CPAN. However, there was a problem
testing your distribution.
If you think this report is invalid, please consult the CPAN Testers Wiki
for suggestions on how to avoid getting FAIL reports for missing library
or binary dependencies, unsupported operating systems, and so on:
http://wiki.cpantesters.org/wiki/CPANAuthorNotes
Sections of this report:
* Tester comments
* Program output
* Prerequisites
* Environment and other context
------------------------------
TESTER COMMENTS
------------------------------
Additional comments from tester:
this report is from an automated smoke testing program
and was not reviewed by a human for accuracy
------------------------------
PROGRAM OUTPUT
------------------------------
Output from '/usr/bin/make test':
PERL_DL_NONLAZY=1 /home/sand/src/perl/repoperls/installed-perls/perl/v5.15.1/2b65/bin/perl "-MExtUtils::Command::MM" "-e" "test_harness(0, 'blib/lib', 'blib/arch')" t/*.t
# Testing WWW::Stickam::API 0.02, Perl 5.015001, /home/sand/src/perl/repoperls/installed-perls/perl/v5.15.1/2b65/bin/perl
t/00-load.t ............... ok
# Failed test 'user name test'
# at t/01_user_profile.t line 14.
# Failed test 'error message test'
# at t/01_user_profile.t line 24.
# '404 Not found'
# doesn't match '(?^:^I guess )'
# 2 tests of 3 failed.
t/01_user_profile.t .......
Dubious, test returned 2 (wstat 512, 0x200)
Failed 2/3 subtests
# Failed test 'user name test'
# at t/02_user_image.t line 14.
# Failed test 'error message test'
# at t/02_user_image.t line 24.
# '404 Not found'
# doesn't match '(?^:^I guess )'
# 2 tests of 3 failed.
t/02_user_image.t .........
Dubious, test returned 2 (wstat 512, 0x200)
Failed 2/3 subtests
# Failed test 'user name test'
# at t/03_user_video.t line 15.
# Failed test 'error message test'
# at t/03_user_video.t line 25.
# '404 Not found'
# doesn't match '(?^:^I guess )'
# 2 tests of 3 failed.
t/03_user_video.t .........
Dubious, test returned 2 (wstat 512, 0x200)
Failed 2/3 subtests
# Failed test 'user name test'
# at t/04_user_audio.t line 15.
# Failed test 'error message test'
# at t/04_user_audio.t line 25.
# '404 Not found'
# doesn't match '(?^:^I guess )'
# 2 tests of 3 failed.
t/04_user_audio.t .........
Dubious, test returned 2 (wstat 512, 0x200)
Failed 2/3 subtests
# Failed test 'media_id test'
# at t/05_media_information.t line 15.
# Failed test 'error message test'
# at t/05_media_information.t line 25.
# '404 Not found'
# doesn't match '(?^:^I guess )'
# 2 tests of 3 failed.
t/05_media_information.t ..
Dubious, test returned 2 (wstat 512, 0x200)
Failed 2/3 subtests
# Failed test 'media_id test'
# at t/06_search_user.t line 13.
# 1 test of 1 failed.
t/06_search_user.t ........
Dubious, test returned 1 (wstat 256, 0x100)
Failed 1/1 subtests
# Failed test 'media_id test'
# at t/07_search_media.t line 13.
# 1 test of 1 failed.
t/07_search_media.t .......
Dubious, test returned 1 (wstat 256, 0x100)
Failed 1/1 subtests
t/50_tv_interval.t ........ ok
t/boilerplate.t ........... ok
t/pod-coverage.t .......... ok
t/pod.t ................... ok
Test Summary Report
-------------------
t/01_user_profile.t (Wstat: 512 Tests: 3 Failed: 2)
Failed tests: 1, 3
Non-zero exit status: 2
t/02_user_image.t (Wstat: 512 Tests: 3 Failed: 2)
Failed tests: 1, 3
Non-zero exit status: 2
t/03_user_video.t (Wstat: 512 Tests: 3 Failed: 2)
Failed tests: 1, 3
Non-zero exit status: 2
t/04_user_audio.t (Wstat: 512 Tests: 3 Failed: 2)
Failed tests: 1, 3
Non-zero exit status: 2
t/05_media_information.t (Wstat: 512 Tests: 3 Failed: 2)
Failed tests: 1, 3
Non-zero exit status: 2
t/06_search_user.t (Wstat: 256 Tests: 1 Failed: 1)
Failed test: 1
Non-zero exit status: 1
t/07_search_media.t (Wstat: 256 Tests: 1 Failed: 1)
Failed test: 1
Non-zero exit status: 1
Files=12, Tests=40, 14 wallclock secs ( 0.08 usr 0.01 sys + 2.06 cusr 0.23 csys = 2.38 CPU)
Result: FAIL
Failed 7/12 test programs. 12/40 subtests failed.
make: *** [test_dynamic] Error 255
------------------------------
PREREQUISITES
------------------------------
Prerequisite modules loaded:
requires:
Module Need Have
--------------------- ---- ------------
Class::Accessor::Fast 0 0.34
JSON::XS 0 2.32
LWP::UserAgent 0 6.02
Test::More 0 1.005000_001
Time::HiRes 0 1.9724
UNIVERSAL::require 0 0.13
URI 0 1.59
XML::Simple 0 2.18
build_requires:
Module Need Have
--------------------- ---- ------------
ExtUtils::MakeMaker 0 6.63_02
------------------------------
ENVIRONMENT AND OTHER CONTEXT
------------------------------
Environment variables:
AUTOMATED_TESTING = 1
LANG = en_US.UTF-8
LANGUAGE = en_US:en
PATH = /home/sand/bin:/usr/local/bin:/usr/bin:/bin:/usr/bin/X11:/usr/games:/usr/local/perl/bin:/usr/X11/bin:/sbin:/usr/sbin
PERL5LIB =
PERL5OPT =
PERL5_CPANPLUS_IS_RUNNING = 6588
PERL5_CPAN_IS_RUNNING = 6588
PERL_MM_USE_DEFAULT = 1
SHELL = /usr/bin/zsh
TERM = screen
Perl special variables (and OS-specific diagnostics, for MSWin32):
$^X = /home/sand/src/perl/repoperls/installed-perls/perl/v5.15.1/2b65/bin/perl
$UID/$EUID = 1005 / 1005
$GID = 1005 1005
$EGID = 1005 1005
Perl module toolchain versions installed:
Module Have
------------------- ------------
CPAN 1.9800
Cwd 3.37
ExtUtils::CBuilder 0.280204
ExtUtils::Command 1.17
ExtUtils::Install 1.56
ExtUtils::MakeMaker 6.63_02
ExtUtils::Manifest 1.58
ExtUtils::ParseXS 3.05
File::Spec 3.33
Module::Build 0.3800
Module::Signature 0.68
Test::Harness 3.23
Test::More 1.005000_001
YAML 0.77
YAML::Syck 1.19
version 0.95
--
Summary of my perl5 (revision 5 version 15 subversion 1) configuration:
Commit id: ed4161079665cc0e28ebe176e4d8812a36448d20
Platform:
osname=linux, osvers=2.6.39-1-amd64, archname=x86_64-linux-ld
uname='linux k81 2.6.39-1-amd64 #1 smp tue may 24 14:34:19 utc 2011 x86_64 gnulinux '
config_args='-Dprefix=/home/src/perl/repoperls/installed-perls/perl/v5.15.1/2b65 -Dinstallusrbinperl=n -Uversiononly -Dusedevel -des -Ui_db -Uuseithreads -Duselongdouble -DDEBUGGING=-g'
hint=recommended, useposix=true, d_sigaction=define
useithreads=undef, usemultiplicity=undef
useperlio=define, d_sfio=undef, uselargefiles=define, usesocks=undef
use64bitint=define, use64bitall=define, uselongdouble=define
usemymalloc=n, bincompat5005=undef
Compiler:
cc='cc', ccflags ='-fno-strict-aliasing -pipe -fstack-protector -I/usr/local/include -D_LARGEFILE_SOURCE -D_FILE_OFFSET_BITS=64',
optimize='-O2 -g',
cppflags='-fno-strict-aliasing -pipe -fstack-protector -I/usr/local/include'
ccversion='', gccversion='4.6.1', gccosandvers=''
intsize=4, longsize=8, ptrsize=8, doublesize=8, byteorder=12345678
d_longlong=define, longlongsize=8, d_longdbl=define, longdblsize=16
ivtype='long', ivsize=8, nvtype='long double', nvsize=16, Off_t='off_t', lseeksize=8
alignbytes=16, prototype=define
Linker and Libraries:
ld='cc', ldflags =' -fstack-protector -L/usr/local/lib'
libpth=/usr/local/lib /lib/x86_64-linux-gnu /usr/lib/x86_64-linux-gnu /lib /usr/lib /lib64 /usr/lib64
libs=-lnsl -ldb -ldl -lm -lcrypt -lutil -lc
perllibs=-lnsl -ldl -lm -lcrypt -lutil -lc
libc=, so=so, useshrplib=false, libperl=libperl.a
gnulibc_version='2.13'
Dynamic Linking:
dlsrc=dl_dlopen.xs, dlext=so, d_dlsymun=undef, ccdlflags='-Wl,-E'
cccdlflags='-fPIC', lddlflags='-shared -O2 -g -L/usr/local/lib -fstack-protector'
Characteristics of this binary (from libperl):
Compile-time options: HAS_TIMES PERLIO_LAYERS PERL_DONT_CREATE_GVSV
PERL_MALLOC_WRAP PERL_PRESERVE_IVUV PERL_USE_DEVEL
USE_64_BIT_ALL USE_64_BIT_INT USE_LARGE_FILES
USE_LOCALE USE_LOCALE_COLLATE USE_LOCALE_CTYPE
USE_LOCALE_NUMERIC USE_LONG_DOUBLE USE_PERLIO
USE_PERL_ATOF
Built under linux
Compiled at Aug 11 2011 09:00:16
%ENV:
PERL5LIB=""
PERL5OPT=""
PERL5_CPANPLUS_IS_RUNNING="6588"
PERL5_CPAN_IS_RUNNING="6588"
PERL_MM_USE_DEFAULT="1"
@INC:
/home/src/perl/repoperls/installed-perls/perl/v5.15.1/2b65/lib/site_perl/5.15.1/x86_64-linux-ld
/home/src/perl/repoperls/installed-perls/perl/v5.15.1/2b65/lib/site_perl/5.15.1
/home/src/perl/repoperls/installed-perls/perl/v5.15.1/2b65/lib/5.15.1/x86_64-linux-ld
/home/src/perl/repoperls/installed-perls/perl/v5.15.1/2b65/lib/5.15.1
.