Report for WWW-Spotify-0.005

Back
From: metabase:user:30f4dfbe-2aae-11df-837a-5e0a49663a4f
Subject: FAIL WWW-Spotify-0.005 v5.8.4 GNU/Linux
Date: 2016-07-29T02:38:49Z

This distribution has been tested as part of the CPAN Testers
project, supporting the Perl programming language.  See
http://wiki.cpantesters.org/ for more information or email
questions to cpan-testers-discuss@perl.org


--
Dear Olaf Alders,

This is a computer-generated report for WWW-Spotify-0.005
on perl 5.8.4, created by CPAN-Reporter-1.2017.

Thank you for uploading your work to CPAN.  However, there was a problem
testing your distribution.

If you think this report is invalid, please consult the CPAN Testers Wiki
for suggestions on how to avoid getting FAIL reports for missing library
or binary dependencies, unsupported operating systems, and so on:

http://wiki.cpantesters.org/wiki/CPANAuthorNotes

Sections of this report:

    * Tester comments
    * Program output
    * Prerequisites
    * Environment and other context

------------------------------
TESTER COMMENTS
------------------------------

Additional comments from tester:

this report is from an automated smoke testing program
and was not reviewed by a human for accuracy

------------------------------
PROGRAM OUTPUT
------------------------------

Output from '/usr/bin/make test':

PERL_DL_NONLAZY=1 "/home/njh/perl5/perlbrew/perls/perl-5.8.4/bin/perl" "-MExtUtils::Command::MM" "-MTest::Harness" "-e" "undef *Test::Harness::Switches; test_harness(0, 'blib/lib', 'blib/arch')" t/*.t
t/author-pod-spell.t ...... skipped: these tests are for testing by the author
t/author-synopsis.t ....... skipped: these tests are for testing by the author
t/release-cpan-changes.t .. skipped: these tests are for release candidate testing
t/release-tidyall.t ....... skipped: these tests are for release candidate testing
t/02-test.t ............... skipped: No SPOTIFY_CLIENT_ID

#   Failed test 'search'
#   at t/01-test.t line 38.

#   Failed test 'album'
#   at t/01-test.t line 44.

#   Failed test 'albums (multiple ids)'
#   at t/01-test.t line 54.

#   Failed test 'albums (multiple ids) as array ref'
#   at t/01-test.t line 68.

#   Failed test 'albums_tracks'
#   at t/01-test.t line 86.

#   Failed test 'artist'
#   at t/01-test.t line 94.

#   Failed test 'artists ( 0oSGxfWSnnOXhD2fKuz2Gy,3dBVyJ7JuOMt4GE9607Qin )'
#   at t/01-test.t line 104.

#   Failed test 'artist_albums'
#   at t/01-test.t line 123.

#   Failed test 'track returned valid json'
#   at t/01-test.t line 131.

#   Failed test 'tracks returned valid json'
#   at t/01-test.t line 142.

#   Failed test 'artist_top_tracks call'
#   at t/01-test.t line 158.

#   Failed test 'artist_related_artists call'
#   at t/01-test.t line 169.

#   Failed test 'user (glennpmcdonald)'
#   at t/01-test.t line 180.
# Looks like you failed 13 tests of 15.
t/01-test.t ............... 
Dubious, test returned 13 (wstat 3328, 0xd00)
Failed 13/15 subtests 

Test Summary Report
-------------------
t/01-test.t             (Wstat: 3328 Tests: 15 Failed: 13)
  Failed tests:  3-15
  Non-zero exit status: 13
Files=6, Tests=15,  1 wallclock secs ( 0.02 usr  0.00 sys +  0.44 cusr  0.04 csys =  0.50 CPU)
Result: FAIL
Failed 1/6 test programs. 13/15 subtests failed.
Makefile:882: recipe for target 'test_dynamic' failed
make: *** [test_dynamic] Error 13

------------------------------
PREREQUISITES
------------------------------

Prerequisite modules loaded:

requires:

    Module                 Need  Have    
    ---------------------- ----- --------
    Data::Dumper           0     2.154   
    File::Basename         0     2.72    
    HTTP::Headers          0     6.11    
    IO::CaptureOutput      0     1.1104  
    JSON::Path             0     0.205   
    JSON::XS               0     3.01    
    MIME::Base64           0     3.15    
    Moose                  0     2.1404  
    perl                   5.006 5.008004
    Scalar::Util           0     1.41    
    strict                 0     1.03    
    URI                    0     1.67    
    URI::Escape            0     3.31    
    warnings               0     1.03    
    WWW::Mechanize         0     1.75    
    XML::Simple            0     2.22    

build_requires:

    Module                 Need  Have    
    ---------------------- ----- --------
    ExtUtils::MakeMaker    0     7.18    
    Test::More             0     1.302022
    Test::RequiresInternet 0     0.05    

configure_requires:

    Module                 Need  Have    
    ---------------------- ----- --------
    ExtUtils::MakeMaker    0     7.18    
    perl                   5.006 5.008004


------------------------------
ENVIRONMENT AND OTHER CONTEXT
------------------------------

Environment variables:

    AUTOMATED_TESTING = 1
    HARNESS_OPTIONS = j20
    LANG = en_US.UTF-8
    PATH = /home/njh/perl5/perlbrew/bin:/home/njh/perl5/perlbrew/perls/perl-5.8.4/bin:/home/njh/perl5/perlbrew/bin:/usr/bin:/bin
    PERL5LIB = /home/njh/.cpan/build/JSON-Path-0.205-9gPXJP/blib/arch:/home/njh/.cpan/build/JSON-Path-0.205-9gPXJP/blib/lib:/home/njh/.cpan/build/LV-0.006-VIlKiv/blib/arch:/home/njh/.cpan/build/LV-0.006-VIlKiv/blib/lib:/home/njh/.cpan/build/XML-Simple-2.22-IJo7CW/blib/arch:/home/njh/.cpan/build/XML-Simple-2.22-IJo7CW/blib/lib:/home/njh/.cpan/build/XML-SAX-Expat-0.51-nNVtvl/blib/arch:/home/njh/.cpan/build/XML-SAX-Expat-0.51-nNVtvl/blib/lib:/home/njh/.cpan/build/Test-RequiresInternet-0.05-pTScGT/blib/arch:/home/njh/.cpan/build/Test-RequiresInternet-0.05-pTScGT/blib/lib
    PERL5OPT = 
    PERL5_CPANPLUS_IS_RUNNING = 10519
    PERL5_CPAN_IS_RUNNING = 10519
    PERLBREW_BASHRC_VERSION = 0.76
    PERLBREW_HOME = /home/njh/.perlbrew
    PERLBREW_LIB = 
    PERLBREW_MANPATH = /home/njh/perl5/perlbrew/perls/perl-5.8.4/man
    PERLBREW_PATH = /home/njh/perl5/perlbrew/bin:/home/njh/perl5/perlbrew/perls/perl-5.8.4/bin
    PERLBREW_PERL = perl-5.8.4
    PERLBREW_ROOT = /home/njh/perl5/perlbrew
    PERLBREW_VERSION = 0.76
    PERL_LOCAL_LIB_ROOT = 
    SHELL = /bin/sh

Perl special variables (and OS-specific diagnostics, for MSWin32):

    $^X = /home/njh/perl5/perlbrew/perls/perl-5.8.4/bin/perl
    $UID/$EUID = 1000 / 1000
    $GID = 1000 1000 118 112 107 46 44 30 29 25 24 4
    $EGID = 1000 1000 118 112 107 46 44 30 29 25 24 4

Perl module toolchain versions installed:

    Module              Have    
    ------------------- --------
    CPAN                2.10    
    CPAN::Meta          2.150005
    Cwd                 3.47    
    ExtUtils::CBuilder  0.280224
    ExtUtils::Command   7.18    
    ExtUtils::Install   2.04    
    ExtUtils::MakeMaker 7.18    
    ExtUtils::Manifest  1.70    
    ExtUtils::ParseXS   3.30    
    File::Spec          3.47    
    JSON                2.90    
    JSON::PP            2.27300 
    Module::Build       0.4216  
    Module::Signature   n/a     
    Parse::CPAN::Meta   1.4417  
    Test::Harness       3.36    
    Test::More          1.302022
    YAML                1.15    
    YAML::Syck          1.29    
    version             0.9912  


--

Summary of my perl5 (revision 5 version 8 subversion 4) configuration:
  Platform:
    osname=linux, osvers=3.16-2-amd64, archname=x86_64-linux-thread-multi
    uname='linux cyberpower2 3.16-2-amd64 #1 smp debian 3.16.3-2 (2014-09-20) x86_64 gnulinux '
    config_args='-de -Dprefix=/home/njh/perl5/perlbrew/perls/perl-5.8.4 -Duseithreads -Dusemultiplicity -Dusedevel -Accflags=-O2 -W -Wformat=2 -Wswitch -Wshadow -Wwrite-strings -Wuninitialized -Wall -pipe -mtune=native -march=native -fomit-frame-pointer -msse2 -msse -mmmx -mfpmath=sse -pedantic -D_FORTIFY_SOURCE=2 -Wpointer-arith -Wstrict-prototypes -fstack-protector -Wstack-protector -Wextra -Wbad-function-cast -Wcast-align -Wcast-qual -Wdisabled-optimization -Wendif-labels -Wfloat-equal -Wformat-nonliteral -Winline -Wmissing-declarations -Wmissing-prototypes -Wnested-externs -Wpointer-arith -Wundef -Wformat-security -ftree-vectorize -fdiagnostics-color=auto -Aeval:scriptdir=/home/njh/perl5/perlbrew/perls/perl-5.8.4/bin'
    hint=recommended, useposix=true, d_sigaction=define
    usethreads=define use5005threads=undef useithreads=define usemultiplicity=define
    useperlio=define d_sfio=undef uselargefiles=define usesocks=undef
    use64bitint=define use64bitall=define uselongdouble=undef
    usemymalloc=n, bincompat5005=undef
  Compiler:
    cc='cc', ccflags ='-D_REENTRANT -D_GNU_SOURCE -O2 -W -Wformat=2 -Wswitch -Wshadow -Wwrite-strings -Wuninitialized -Wall -pipe -mtune=native -march=native -fomit-frame-pointer -msse2 -msse -mmmx -mfpmath=sse -pedantic -D_FORTIFY_SOURCE=2 -Wpointer-arith -Wstrict-prototypes -fstack-protector -Wstack-protector -Wextra -Wbad-function-cast -Wcast-align -Wcast-qual -Wdisabled-optimization -Wendif-labels -Wfloat-equal -Wformat-nonliteral -Winline -Wmissing-declarations -Wmissing-prototypes -Wnested-externs -Wpointer-arith -Wundef -Wformat-security -ftree-vectorize -fdiagnostics-color=auto -fno-strict-aliasing -I/usr/local/include -D_LARGEFILE_SOURCE -D_FILE_OFFSET_BITS=64',
    optimize='-O2',
    cppflags='-D_REENTRANT -D_GNU_SOURCE -O2 -W -Wformat=2 -Wswitch -Wshadow -Wwrite-strings -Wuninitialized -Wall -pipe -mtune=native -march=native -fomit-frame-pointer -msse2 -msse -mmmx -mfpmath=sse -pedantic -D_FORTIFY_SOURCE=2 -Wpointer-arith -Wstrict-prototypes -fstack-protector -Wstack-protector -Wextra -Wbad-function-cast -Wcast-align -Wcast-qual -Wdisabled-optimization -Wendif-labels -Wfloat-equal -Wformat-nonliteral -Winline -Wmissing-declarations -Wmissing-prototypes -Wnested-externs -Wpointer-arith -Wundef -Wformat-security -ftree-vectorize -fdiagnostics-color=auto -fno-strict-aliasing -I/usr/local/include'
    ccversion='', gccversion='4.9.1', gccosandvers=''
    intsize=4, longsize=8, ptrsize=8, doublesize=8, byteorder=12345678
    d_longlong=define, longlongsize=8, d_longdbl=define, longdblsize=16
    ivtype='long', ivsize=8, nvtype='double', nvsize=8, Off_t='off_t', lseeksize=8
    alignbytes=8, prototype=define
  Linker and Libraries:
    ld='cc', ldflags =' -L/usr/local/lib'
    libpth=/usr/local/lib /lib/x86_64-linux-gnu /lib/../lib /usr/lib/x86_64-linux-gnu /usr/lib/../lib /lib /usr/lib
    libs=-lnsl -lgdbm -ldb -ldl -lm -lcrypt -lutil -lpthread -lc -lgdbm_compat
    perllibs=-lnsl -ldl -lm -lcrypt -lutil -lpthread -lc -lgdbm_compat
    libc=libc-2.19.so, so=so, useshrplib=false, libperl=libperl.a
    gnulibc_version='2.19'
  Dynamic Linking:
    dlsrc=dl_dlopen.xs, dlext=so, d_dlsymun=undef, ccdlflags='-Wl,-E'
    cccdlflags='-fpic', lddlflags='-shared -L/usr/local/lib'


Characteristics of this binary (from libperl): 
  Compile-time options: MULTIPLICITY USE_ITHREADS USE_64_BIT_INT USE_64_BIT_ALL USE_LARGE_FILES PERL_IMPLICIT_CONTEXT
  Built under linux
  Compiled at Oct 15 2014 09:39:20
  %ENV:
    PERL5LIB="/home/njh/.cpan/build/JSON-Path-0.205-9gPXJP/blib/arch:/home/njh/.cpan/build/JSON-Path-0.205-9gPXJP/blib/lib:/home/njh/.cpan/build/LV-0.006-VIlKiv/blib/arch:/home/njh/.cpan/build/LV-0.006-VIlKiv/blib/lib:/home/njh/.cpan/build/XML-Simple-2.22-IJo7CW/blib/arch:/home/njh/.cpan/build/XML-Simple-2.22-IJo7CW/blib/lib:/home/njh/.cpan/build/XML-SAX-Expat-0.51-nNVtvl/blib/arch:/home/njh/.cpan/build/XML-SAX-Expat-0.51-nNVtvl/blib/lib:/home/njh/.cpan/build/Test-RequiresInternet-0.05-pTScGT/blib/arch:/home/njh/.cpan/build/Test-RequiresInternet-0.05-pTScGT/blib/lib"
    PERL5OPT=""
    PERL5_CPANPLUS_IS_RUNNING="10519"
    PERL5_CPAN_IS_RUNNING="10519"
    PERLBREW_BASHRC_VERSION="0.76"
    PERLBREW_HOME="/home/njh/.perlbrew"
    PERLBREW_LIB=""
    PERLBREW_MANPATH="/home/njh/perl5/perlbrew/perls/perl-5.8.4/man"
    PERLBREW_PATH="/home/njh/perl5/perlbrew/bin:/home/njh/perl5/perlbrew/perls/perl-5.8.4/bin"
    PERLBREW_PERL="perl-5.8.4"
    PERLBREW_ROOT="/home/njh/perl5/perlbrew"
    PERLBREW_VERSION="0.76"
    PERL_LOCAL_LIB_ROOT=""
  @INC:
    /home/njh/.cpan/build/JSON-Path-0.205-9gPXJP/blib/arch
    /home/njh/.cpan/build/JSON-Path-0.205-9gPXJP/blib/lib
    /home/njh/.cpan/build/LV-0.006-VIlKiv/blib/arch
    /home/njh/.cpan/build/LV-0.006-VIlKiv/blib/lib
    /home/njh/.cpan/build/XML-Simple-2.22-IJo7CW/blib/arch
    /home/njh/.cpan/build/XML-Simple-2.22-IJo7CW/blib/lib
    /home/njh/.cpan/build/XML-SAX-Expat-0.51-nNVtvl/blib/arch
    /home/njh/.cpan/build/XML-SAX-Expat-0.51-nNVtvl/blib/lib
    /home/njh/.cpan/build/Test-RequiresInternet-0.05-pTScGT/blib/arch
    /home/njh/.cpan/build/Test-RequiresInternet-0.05-pTScGT/blib/lib
    /home/njh/perl5/perlbrew/perls/perl-5.8.4/lib/5.8.4/x86_64-linux-thread-multi
    /home/njh/perl5/perlbrew/perls/perl-5.8.4/lib/5.8.4
    /home/njh/perl5/perlbrew/perls/perl-5.8.4/lib/site_perl/5.8.4/x86_64-linux-thread-multi
    /home/njh/perl5/perlbrew/perls/perl-5.8.4/lib/site_perl/5.8.4
    /home/njh/perl5/perlbrew/perls/perl-5.8.4/lib/site_perl
    .